08-23 13:22:35.870 1976 2323 D use-Rlog/RLOG-RIL-IPC: xmm626_sec_modem_fmt_recv: Received FMT message
08-23 13:22:35.870 1976 2323 D use-Rlog/RLOG-RIL-IPC: xmm626_sec_modem_fmt_recv: Message: aseq=0x0d, command=IPC_NET_PLMN_SEL, type=IPC_TYPE_RESP, size=1
08-23 13:22:35.870 1976 2323 D use-Rlog/RLOG-RIL-IPC: ================================= IPC FMT data =================================
08-23 13:22:35.870 1976 2323 D use-Rlog/RLOG-RIL-IPC: [0000] 02 .
08-23 13:22:35.870 1976 2323 D use-Rlog/RLOG-RIL-IPC: ================================================================================
08-23 13:22:35.870 1976 2323 D use-Rlog/RLOG-RIL: 0 RIL request in the queue (0 pending, 0 handled, 0 unhandled)
08-23 13:22:35.870 2883 2883 D PhoneProxy: [PhoneProxy] EVENT_REQUEST_VOICE_RADIO_TECH_DONE: newVoiceTech=3
08-23 13:22:35.870 2883 2883 D PhoneProxy: [PhoneProxy] phoneObjectUpdater: newVoiceRadioTech=3
08-23 13:22:35.870 2883 2883 D PhoneProxy: [PhoneProxy] phoneObjectUpdater: No change ignore, newVoiceRadioTech=3 mActivePhone=GSM
08-23 13:22:35.870 2883 2883 D SubscriptionController: [getSubId]- sSlotIdxToSubId.size == 0, return DummySubIds slotIdx=0
08-23 13:22:35.870 2883 2883 D PhoneBase: EVENT_GET_RADIO_CAPABILITY :phone rc : {mPhoneId = 0 mVersion=1 mSession=0 mPhase=0 mRadioAccessFamily=36366 mLogicModemId= mStatus=1}
08-23 13:22:35.870 2883 2883 D PhoneBase: config LCE service failed: com.android.internal.telephony.CommandException: REQUEST_NOT_SUPPORTED
08-23 13:22:35.870 2883 2883 D UiccController: Received EVENT_ICC_STATUS_CHANGED, calling getIccCardStatus
08-23 13:22:35.870 2883 2883 D RILJ : [3682]> GET_SIM_STATUS [SUB0]
08-23 13:22:35.870 2883 2969 D RILJ : [3681]< QUERY_NETWORK_SELECTION_MODE {0} [SUB0]
08-23 13:22:35.875 2883 2883 D UiccController: Received EVENT_ICC_STATUS_CHANGED, calling getIccCardStatus
08-23 13:22:35.875 2883 2883 D RILJ : [3683]> GET_SIM_STATUS [SUB0]
08-23 13:22:35.875 1976 2008 D use-Rlog/RLOG-RIL: 1 RIL request in the queue (1 pending, 0 handled, 0 unhandled)
08-23 13:22:35.875 1976 2328 D use-Rlog/RLOG-RIL-IPC:
08-23 13:22:35.875 1976 2328 D use-Rlog/RLOG-RIL-IPC: xmm626_sec_modem_fmt_send: Sent FMT message
08-23 13:22:35.875 1976 2328 D use-Rlog/RLOG-RIL-IPC: xmm626_sec_modem_fmt_send: Message: mseq=0x0e, command=IPC_SEC_PIN_STATUS, type=IPC_TYPE_GET, size=0
08-23 13:22:35.875 2883 2883 D RILJ : [3684]> OPERATOR [SUB0]
08-23 13:22:35.875 1976 2008 D use-Rlog/RLOG-RIL: 2 RIL requests in the queue (1 pending, 1 handled, 0 unhandled)
08-23 13:22:35.875 1976 2323 D use-Rlog/RLOG-RIL-IPC:
08-23 13:22:35.875 1976 2323 D use-Rlog/RLOG-RIL-IPC: xmm626_sec_modem_fmt_recv: Received FMT message
08-23 13:22:35.875 1976 2323 D use-Rlog/RLOG-RIL-IPC: xmm626_sec_modem_fmt_recv: Message: aseq=0x0e, command=IPC_SEC_PIN_STATUS, type=IPC_TYPE_RESP, size=2
08-23 13:22:35.875 1976 2323 D use-Rlog/RLOG-RIL-IPC: ================================= IPC FMT data =================================
08-23 13:22:35.875 1976 2323 D use-Rlog/RLOG-RIL-IPC: [0000] 80 00 ..
08-23 13:22:35.875 1976 2323 D use-Rlog/RLOG-RIL-IPC: ================================================================================
08-23 13:22:35.875 1976 2323 D use-Rlog/RLOG-RIL: ipc2ril_sec_pin_status_response: Selecting status application 0 on 10
08-23 13:22:35.875 1976 2323 D use-Rlog/RLOG-RIL: 1 RIL request in the queue (1 pending, 0 handled, 0 unhandled)
08-23 13:22:35.875 1976 2328 D use-Rlog/RLOG-RIL-IPC:
08-23 13:22:35.875 1976 2328 D use-Rlog/RLOG-RIL-IPC: xmm626_sec_modem_fmt_send: Sent FMT message
08-23 13:22:35.875 1976 2328 D use-Rlog/RLOG-RIL-IPC: xmm626_sec_modem_fmt_send: Message: mseq=0x0f, command=IPC_SEC_PIN_STATUS, type=IPC_TYPE_GET, size=0
08-23 13:22:35.875 2883 2883 D RILJ : [3685]> DATA_REGISTRATION_STATE [SUB0]
08-23 13:22:35.875 1976 2008 D use-Rlog/RLOG-RIL: 2 RIL requests in the queue (1 pending, 1 handled, 0 unhandled)
08-23 13:22:35.875 1976 2328 D use-Rlog/RLOG-RIL-IPC:
08-23 13:22:35.875 1976 2328 D use-Rlog/RLOG-RIL-IPC: xmm626_sec_modem_fmt_send: Sent FMT message
08-23 13:22:35.875 1976 2328 D use-Rlog/RLOG-RIL-IPC: xmm626_sec_modem_fmt_send: Message: mseq=0x10, command=IPC_NET_SERVING_NETWORK, type=IPC_TYPE_GET, size=0
08-23 13:22:35.875 2883 2883 D RILJ : [3686]> VOICE_REGISTRATION_STATE [SUB0]
08-23 13:22:35.875 1976 2323 D use-Rlog/RLOG-RIL-IPC:
08-23 13:22:35.875 1976 2323 D use-Rlog/RLOG-RIL-IPC: xmm626_sec_modem_fmt_recv: Received FMT message
08-23 13:22:35.875 1976 2323 D use-Rlog/RLOG-RIL-IPC: xmm626_sec_modem_fmt_recv: Message: aseq=0x0f, command=IPC_SEC_PIN_STATUS, type=IPC_TYPE_RESP, size=2
08-23 13:22:35.875 1976 2323 D use-Rlog/RLOG-RIL-IPC: ================================= IPC FMT data =================================
08-23 13:22:35.875 1976 2323 D use-Rlog/RLOG-RIL-IPC: [0000] 80 00 ..
08-23 13:22:35.875 1976 2323 D use-Rlog/RLOG-RIL-IPC: ================================================================================
08-23 13:22:35.875 1976 2323 D use-Rlog/RLOG-RIL: ipc2ril_sec_pin_status_response: Selecting status application 0 on 10
08-23 13:22:35.875 1976 2323 D use-Rlog/RLOG-RIL: 1 RIL request in the queue (0 pending, 1 handled, 0 unhandled)
08-23 13:22:35.880 2883 2883 D RILJ : [3687]> QUERY_NETWORK_SELECTION_MODE [SUB0]
08-23 13:22:35.880 1976 2323 D use-Rlog/RLOG-RIL-IPC:
08-23 13:22:35.880 1976 2323 D use-Rlog/RLOG-RIL-IPC: xmm626_sec_modem_fmt_recv: Received FMT message
08-23 13:22:35.880 1976 2323 D use-Rlog/RLOG-RIL-IPC: xmm626_sec_modem_fmt_recv: Message: aseq=0x10, command=IPC_NET_SERVING_NETWORK, type=IPC_TYPE_RESP, size=11
08-23 13:22:35.880 1976 2323 D use-Rlog/RLOG-RIL-IPC: ================================= IPC FMT data =================================
08-23 13:22:35.880 1976 2323 D use-Rlog/RLOG-RIL-IPC: [0000] 02 04 FF 32 32 32 31 30 23 00 00 ...22210 #..
08-23 13:22:35.880 1976 2323 D use-Rlog/RLOG-RIL-IPC: ================================================================================
08-23 13:22:35.880 1976 2323 D use-Rlog/RLOG-RIL: 0 RIL request in the queue (0 pending, 0 handled, 0 unhandled)
08-23 13:22:35.880 1976 2008 D use-Rlog/RLOG-RIL: 1 RIL request in the queue (1 pending, 0 handled, 0 unhandled)
08-23 13:22:35.880 1976 2008 D use-Rlog/RLOG-RIL: 2 RIL requests in the queue (2 pending, 0 handled, 0 unhandled)
08-23 13:22:35.880 1976 2328 D use-Rlog/RLOG-RIL-IPC:
08-23 13:22:35.880 1976 2328 D use-Rlog/RLOG-RIL-IPC: xmm626_sec_modem_fmt_send: Sent FMT message
08-23 13:22:35.880 1976 2328 D use-Rlog/RLOG-RIL-IPC: xmm626_sec_modem_fmt_send: Message: mseq=0x11, command=IPC_NET_REGIST, type=IPC_TYPE_GET, size=2
08-23 13:22:35.880 1976 2328 D use-Rlog/RLOG-RIL-IPC: ================================= IPC FMT data =================================
08-23 13:22:35.880 1976 2328 D use-Rlog/RLOG-RIL-IPC: [0000] FF 03 ..
08-23 13:22:35.880 1976 2328 D use-Rlog/RLOG-RIL-IPC: ================================================================================
08-23 13:22:35.880 1976 2328 D use-Rlog/RLOG-RIL-IPC:
08-23 13:22:35.880 1976 2328 D use-Rlog/RLOG-RIL-IPC: xmm626_sec_modem_fmt_send: Sent FMT message
08-23 13:22:35.880 1976 2328 D use-Rlog/RLOG-RIL-IPC: xmm626_sec_modem_fmt_send: Message: mseq=0x12, command=IPC_NET_REGIST, type=IPC_TYPE_GET, size=2
08-23 13:22:35.880 1976 2328 D use-Rlog/RLOG-RIL-IPC: ================================= IPC FMT data =================================
08-23 13:22:35.880 1976 2328 D use-Rlog/RLOG-RIL-IPC: [0000] FF 02 ..
08-23 13:22:35.880 1976 2328 D use-Rlog/RLOG-RIL-IPC: ================================================================================
08-23 13:22:35.880 2883 2883 D RILJ : [3688]> OPERATOR [SUB0]
08-23 13:22:35.880 1976 2323 D use-Rlog/RLOG-RIL-IPC:
08-23 13:22:35.880 1976 2323 D use-Rlog/RLOG-RIL-IPC: xmm626_sec_modem_fmt_recv: Received FMT message
08-23 13:22:35.880 1976 2323 D use-Rlog/RLOG-RIL-IPC: xmm626_sec_modem_fmt_recv: Message: aseq=0x11, command=IPC_NET_REGIST, type=IPC_TYPE_RESP, size=11
08-23 13:22:35.880 1976 2323 D use-Rlog/RLOG-RIL-IPC: ================================= IPC FMT data =================================
08-23 13:22:35.880 1976 2323 D use-Rlog/RLOG-RIL-IPC: [0000] FF 03 01 00 00 00 00 00 00 00 00 ........ ...
08-23 13:22:35.880 1976 2323 D use-Rlog/RLOG-RIL-IPC: ================================================================================
08-23 13:22:35.880 1976 2323 D use-Rlog/RLOG-RIL: 1 RIL request in the queue (0 pending, 1 handled, 0 unhandled)
08-23 13:22:35.880 1976 2323 D use-Rlog/RLOG-RIL-IPC:
08-23 13:22:35.880 1976 2323 D use-Rlog/RLOG-RIL-IPC: xmm626_sec_modem_fmt_recv: Received FMT message
08-23 13:22:35.880 1976 2323 D use-Rlog/RLOG-RIL-IPC: xmm626_sec_modem_fmt_recv: Message: aseq=0x12, command=IPC_NET_REGIST, type=IPC_TYPE_RESP, size=11
08-23 13:22:35.880 1976 2323 D use-Rlog/RLOG-RIL-IPC: ================================= IPC FMT data =================================
08-23 13:22:35.880 1976 2323 D use-Rlog/RLOG-RIL-IPC: [0000] FF 02 04 00 00 00 00 00 00 00 00 ........ ...
08-23 13:22:35.880 1976 2323 D use-Rlog/RLOG-RIL-IPC: ================================================================================
08-23 13:22:35.880 1976 2323 D use-Rlog/RLOG-RIL: 0 RIL request in the queue (0 pending, 0 handled, 0 unhandled)
08-23 13:22:35.880 2883 2883 D RILJ : [3689]> DATA_REGISTRATION_STATE [SUB0]
08-23 13:22:35.880 1976 2008 D use-Rlog/RLOG-RIL: 1 RIL request in the queue (1 pending, 0 handled, 0 unhandled)
08-23 13:22:35.880 1976 2328 D use-Rlog/RLOG-RIL-IPC:
08-23 13:22:35.880 1976 2328 D use-Rlog/RLOG-RIL-IPC: xmm626_sec_modem_fmt_send: Sent FMT message
08-23 13:22:35.880 1976 2328 D use-Rlog/RLOG-RIL-IPC: xmm626_sec_modem_fmt_send: Message: mseq=0x13, command=IPC_NET_PLMN_SEL, type=IPC_TYPE_GET, size=0
08-23 13:22:35.880 1976 2008 D use-Rlog/RLOG-RIL: 2 RIL requests in the queue (1 pending, 1 handled, 0 unhandled)
08-23 13:22:35.880 1976 2328 D use-Rlog/RLOG-RIL-IPC:
08-23 13:22:35.880 1976 2328 D use-Rlog/RLOG-RIL-IPC: xmm626_sec_modem_fmt_send: Sent FMT message
08-23 13:22:35.880 1976 2328 D use-Rlog/RLOG-RIL-IPC: xmm626_sec_modem_fmt_send: Message: mseq=0x14, command=IPC_NET_SERVING_NETWORK, type=IPC_TYPE_GET, size=0
08-23 13:22:35.885 1976 2323 D use-Rlog/RLOG-RIL-IPC:
08-23 13:22:35.885 1976 2323 D use-Rlog/RLOG-RIL-IPC: xmm626_sec_modem_fmt_recv: Received FMT message
08-23 13:22:35.885 1976 2323 D use-Rlog/RLOG-RIL-IPC: xmm626_sec_modem_fmt_recv: Message: aseq=0x13, command=IPC_NET_PLMN_SEL, type=IPC_TYPE_RESP, size=1
08-23 13:22:35.885 1976 2323 D use-Rlog/RLOG-RIL-IPC: ================================= IPC FMT data =================================
08-23 13:22:35.885 1976 2323 D use-Rlog/RLOG-RIL-IPC: [0000] 02 .
08-23 13:22:35.885 1976 2323 D use-Rlog/RLOG-RIL-IPC: ================================================================================
08-23 13:22:35.885 1976 2323 D use-Rlog/RLOG-RIL: 1 RIL request in the queue (0 pending, 1 handled, 0 unhandled)
08-23 13:22:35.885 1976 2323 D use-Rlog/RLOG-RIL-IPC:
08-23 13:22:35.885 1976 2323 D use-Rlog/RLOG-RIL-IPC: xmm626_sec_modem_fmt_recv: Received FMT message
08-23 13:22:35.885 1976 2323 D use-Rlog/RLOG-RIL-IPC: xmm626_sec_modem_fmt_recv: Message: aseq=0x14, command=IPC_NET_SERVING_NETWORK, type=IPC_TYPE_RESP, size=11
08-23 13:22:35.885 1976 2323 D use-Rlog/RLOG-RIL-IPC: ================================= IPC FMT data =================================
08-23 13:22:35.885 1976 2323 D use-Rlog/RLOG-RIL-IPC: [0000] 02 04 FF 32 32 32 31 30 23 00 00 ...22210 #..
08-23 13:22:35.885 1976 2323 D use-Rlog/RLOG-RIL-IPC: ================================================================================
08-23 13:22:35.885 1976 2323 D use-Rlog/RLOG-RIL: 0 RIL request in the queue (0 pending, 0 handled, 0 unhandled)
08-23 13:22:35.885 2883 2883 D RILJ : [3690]> VOICE_REGISTRATION_STATE [SUB0]
08-23 13:22:35.885 1976 2008 D use-Rlog/RLOG-RIL: 1 RIL request in the queue (1 pending, 0 handled, 0 unhandled)
08-23 13:22:35.885 1976 2328 D use-Rlog/RLOG-RIL-IPC:
08-23 13:22:35.885 1976 2328 D use-Rlog/RLOG-RIL-IPC: xmm626_sec_modem_fmt_send: Sent FMT message
08-23 13:22:35.885 1976 2328 D use-Rlog/RLOG-RIL-IPC: xmm626_sec_modem_fmt_send: Message: mseq=0x15, command=IPC_NET_REGIST, type=IPC_TYPE_GET, size=2
08-23 13:22:35.885 1976 2328 D use-Rlog/RLOG-RIL-IPC: ================================= IPC FMT data =================================
08-23 13:22:35.885 1976 2328 D use-Rlog/RLOG-RIL-IPC: [0000] FF 03 ..
08-23 13:22:35.885 1976 2328 D use-Rlog/RLOG-RIL-IPC: ================================================================================
08-23 13:22:35.885 2883 2883 D RILJ : [3691]> QUERY_NETWORK_SELECTION_MODE [SUB0]
08-23 13:22:35.885 1976 2008 D use-Rlog/RLOG-RIL: 2 RIL requests in the queue (1 pending, 1 handled, 0 unhandled)
08-23 13:22:35.885 1976 2328 D use-Rlog/RLOG-RIL-IPC:
08-23 13:22:35.885 1976 2328 D use-Rlog/RLOG-RIL-IPC: xmm626_sec_modem_fmt_send: Sent FMT message
08-23 13:22:35.885 1976 2328 D use-Rlog/RLOG-RIL-IPC: xmm626_sec_modem_fmt_send: Message: mseq=0x16, command=IPC_NET_REGIST, type=IPC_TYPE_GET, size=2
08-23 13:22:35.885 1976 2328 D use-Rlog/RLOG-RIL-IPC: ================================= IPC FMT data =================================
08-23 13:22:35.885 1976 2328 D use-Rlog/RLOG-RIL-IPC: [0000] FF 02 ..
08-23 13:22:35.885 1976 2328 D use-Rlog/RLOG-RIL-IPC: ================================================================================
08-23 13:22:35.890 1976 2323 D use-Rlog/RLOG-RIL-IPC:
08-23 13:22:35.890 1976 2323 D use-Rlog/RLOG-RIL-IPC: xmm626_sec_modem_fmt_recv: Received FMT message
08-23 13:22:35.890 1976 2323 D use-Rlog/RLOG-RIL-IPC: xmm626_sec_modem_fmt_recv: Message: aseq=0x15, command=IPC_NET_REGIST, type=IPC_TYPE_RESP, size=11
08-23 13:22:35.890 1976 2323 D use-Rlog/RLOG-RIL-IPC: ================================= IPC FMT data =================================
08-23 13:22:35.890 1976 2323 D use-Rlog/RLOG-RIL-IPC: [0000] FF 03 01 00 00 00 00 00 00 00 00 ........ ...
08-23 13:22:35.890 1976 2323 D use-Rlog/RLOG-RIL-IPC: ================================================================================
08-23 13:22:35.890 1976 2323 D use-Rlog/RLOG-RIL: 1 RIL request in the queue (0 pending, 1 handled, 0 unhandled)
08-23 13:22:35.890 2883 2883 D SubscriptionController: [getSubId]- sSlotIdxToSubId.size == 0, return DummySubIds slotIdx=0
08-23 13:22:35.890 2883 2883 D DefaultPhoneNotifier: notifySignalStrength: mRegistry=com.android.internal.telephony.ITelephonyRegistry$Stub$Proxy@c0c7c64 ss=SignalStrength: 1 99 -120 -160 -120 -1 -1 99 2147483647 2147483647 2147483647 -1 2147483647 gsm|lte sender=Handler (com.android.internal.telephony.gsm.GSMPhone) {7ffffcc}
08-23 13:22:35.890 2883 2969 D RILJ : [3682]< GET_SIM_STATUS IccCardState {CARDSTATE_ABSENT,PINSTATE_UNKNOWN,num_apps=1,gsm_id=0{APPTYPE_UNKNOWN,APPSTATE_UNKNOWN},cdma_id=-1,ims_id=-1} [SUB0]
08-23 13:22:35.890 2883 2969 D RILJ : [3683]< GET_SIM_STATUS IccCardState {CARDSTATE_ABSENT,PINSTATE_UNKNOWN,num_apps=1,gsm_id=0{APPTYPE_UNKNOWN,APPSTATE_UNKNOWN},cdma_id=-1,ims_id=-1} [SUB0]
08-23 13:22:35.890 2883 2969 D RILJ : [3684]< OPERATOR {Vodafone, Vodafone, 22210} [SUB0]
08-23 13:22:35.890 2883 2969 D RILJ : [3685]< DATA_REGISTRATION_STATE {0, 0, 0, 0, 3} [SUB0]
08-23 13:22:35.890 2348 2827 D TelephonyRegistry: notifySignalStrengthForSubscriber: invalid phoneId=-1
08-23 13:22:35.890 2883 2969 D RILJ : [3686]< VOICE_REGISTRATION_STATE {10, 0, 0, 0, null, null, null, null, null, null, null, null, null, null, null} [SUB0]
08-23 13:22:35.890 2883 2969 D RILJ : [3687]< QUERY_NETWORK_SELECTION_MODE {0} [SUB0]
08-23 13:22:35.890 2883 2969 D RILJ : [3688]< OPERATOR {Vodafone, Vodafone, 22210} [SUB0]
08-23 13:22:35.890 2883 2969 D RILJ : [3689]< DATA_REGISTRATION_STATE {0, 0, 0, 0, 3} [SUB0]
08-23 13:22:35.890 1976 2323 D use-Rlog/RLOG-RIL-IPC:
08-23 13:22:35.890 1976 2323 D use-Rlog/RLOG-RIL-IPC: xmm626_sec_modem_fmt_recv: Received FMT message
08-23 13:22:35.890 1976 2323 D use-Rlog/RLOG-RIL-IPC: xmm626_sec_modem_fmt_recv: Message: aseq=0x16, command=IPC_NET_REGIST, type=IPC_TYPE_RESP, size=11
08-23 13:22:35.890 1976 2323 D use-Rlog/RLOG-RIL-IPC: ================================= IPC FMT data =================================
08-23 13:22:35.890 1976 2323 D use-Rlog/RLOG-RIL-IPC: [0000] FF 02 04 00 00 00 00 00 00 00 00 ........ ...
08-23 13:22:35.890 1976 2323 D use-Rlog/RLOG-RIL-IPC: ================================================================================
08-23 13:22:35.890 1976 2323 D use-Rlog/RLOG-RIL: 0 RIL request in the queue (0 pending, 0 handled, 0 unhandled)
08-23 13:22:35.890 1976 2008 D use-Rlog/RLOG-RIL: 1 RIL request in the queue (1 pending, 0 handled, 0 unhandled)
08-23 13:22:35.890 1976 2328 D use-Rlog/RLOG-RIL-IPC:
08-23 13:22:35.890 1976 2328 D use-Rlog/RLOG-RIL-IPC: xmm626_sec_modem_fmt_send: Sent FMT message
08-23 13:22:35.890 1976 2328 D use-Rlog/RLOG-RIL-IPC: xmm626_sec_modem_fmt_send: Message: mseq=0x17, command=IPC_NET_PLMN_SEL, type=IPC_TYPE_GET, size=0
08-23 13:22:35.890 2883 2969 D RILJ : [3690]< VOICE_REGISTRATION_STATE {10, 0, 0, 0, null, null, null, null, null, null, null, null, null, null, null} [SUB0]
08-23 13:22:35.890 2883 2883 D RILJ : [3692]> OPERATOR [SUB0]
08-23 13:22:35.895 1976 2323 D use-Rlog/RLOG-RIL-IPC:
08-23 13:22:35.895 1976 2323 D use-Rlog/RLOG-RIL-IPC: xmm626_sec_modem_fmt_recv: Received FMT message
08-23 13:22:35.895 1976 2323 D use-Rlog/RLOG-RIL-IPC: xmm626_sec_modem_fmt_recv: Message: aseq=0x17, command=IPC_NET_PLMN_SEL, type=IPC_TYPE_RESP, size=1
08-23 13:22:35.895 1976 2323 D use-Rlog/RLOG-RIL-IPC: ================================= IPC FMT data =================================
08-23 13:22:35.895 1976 2323 D use-Rlog/RLOG-RIL-IPC: [0000] 02 .
08-23 13:22:35.895 1976 2323 D use-Rlog/RLOG-RIL-IPC: ================================================================================
08-23 13:22:35.895 1976 2323 D use-Rlog/RLOG-RIL: 0 RIL request in the queue (0 pending, 0 handled, 0 unhandled)
08-23 13:22:35.895 2883 2969 D RILJ : [3691]< QUERY_NETWORK_SELECTION_MODE {0} [SUB0]
08-23 13:22:35.895 2883 2883 D RILJ : [3693]> DATA_REGISTRATION_STATE [SUB0]
08-23 13:22:35.895 1976 2008 D use-Rlog/RLOG-RIL: 1 RIL request in the queue (1 pending, 0 handled, 0 unhandled)
08-23 13:22:35.895 1976 2328 D use-Rlog/RLOG-RIL-IPC:
08-23 13:22:35.895 1976 2328 D use-Rlog/RLOG-RIL-IPC: xmm626_sec_modem_fmt_send: Sent FMT message
08-23 13:22:35.895 1976 2328 D use-Rlog/RLOG-RIL-IPC: xmm626_sec_modem_fmt_send: Message: mseq=0x18, command=IPC_NET_SERVING_NETWORK, type=IPC_TYPE_GET, size=0
08-23 13:22:35.900 2883 2883 D RILJ : [3694]> VOICE_REGISTRATION_STATE [SUB0]
08-23 13:22:35.900 1976 2008 D use-Rlog/RLOG-RIL: 2 RIL requests in the queue (1 pending, 1 handled, 0 unhandled)
08-23 13:22:35.900 2883 2883 D RILJ : [3695]> QUERY_NETWORK_SELECTION_MODE [SUB0]
08-23 13:22:35.900 1976 2328 D use-Rlog/RLOG-RIL-IPC:
08-23 13:22:35.900 1976 2328 D use-Rlog/RLOG-RIL-IPC: xmm626_sec_modem_fmt_send: Sent FMT message
08-23 13:22:35.900 1976 2328 D use-Rlog/RLOG-RIL-IPC: xmm626_sec_modem_fmt_send: Message: mseq=0x19, command=IPC_NET_REGIST, type=IPC_TYPE_GET, size=2
08-23 13:22:35.900 1976 2328 D use-Rlog/RLOG-RIL-IPC: ================================= IPC FMT data =================================
08-23 13:22:35.900 1976 2328 D use-Rlog/RLOG-RIL-IPC: [0000] FF 03 ..
08-23 13:22:35.900 1976 2328 D use-Rlog/RLOG-RIL-IPC: ================================================================================
08-23 13:22:35.900 1976 2323 D use-Rlog/RLOG-RIL-IPC:
08-23 13:22:35.900 1976 2323 D use-Rlog/RLOG-RIL-IPC: xmm626_sec_modem_fmt_recv: Received FMT message
08-23 13:22:35.900 1976 2323 D use-Rlog/RLOG-RIL-IPC: xmm626_sec_modem_fmt_recv: Message: aseq=0x18, command=IPC_NET_SERVING_NETWORK, type=IPC_TYPE_RESP, size=11
08-23 13:22:35.900 1976 2323 D use-Rlog/RLOG-RIL-IPC: ================================= IPC FMT data =================================
08-23 13:22:35.900 1976 2323 D use-Rlog/RLOG-RIL-IPC: [0000] 02 04 FF 32 32 32 31 30 23 00 00 ...22210 #..
08-23 13:22:35.900 2883 2883 D RILJ : [3696]> OPERATOR [SUB0]
08-23 13:22:35.900 1976 2323 D use-Rlog/RLOG-RIL-IPC: ================================================================================
08-23 13:22:35.900 1976 2323 D use-Rlog/RLOG-RIL: 1 RIL request in the queue (0 pending, 1 handled, 0 unhandled)
08-23 13:22:35.900 1976 2008 D use-Rlog/RLOG-RIL: 2 RIL requests in the queue (1 pending, 1 handled, 0 unhandled)
08-23 13:22:35.900 1976 2008 D use-Rlog/RLOG-RIL: 3 RIL requests in the queue (2 pending, 1 handled, 0 unhandled)
08-23 13:22:35.900 2883 2883 D RILJ : [3697]> DATA_REGISTRATION_STATE [SUB0]
08-23 13:22:35.900 1976 2328 D use-Rlog/RLOG-RIL-IPC:
08-23 13:22:35.900 1976 2328 D use-Rlog/RLOG-RIL-IPC: xmm626_sec_modem_fmt_send: Sent FMT message
08-23 13:22:35.900 1976 2328 D use-Rlog/RLOG-RIL-IPC: xmm626_sec_modem_fmt_send: Message: mseq=0x1a, command=IPC_NET_REGIST, type=IPC_TYPE_GET, size=2
08-23 13:22:35.900 1976 2328 D use-Rlog/RLOG-RIL-IPC: ================================= IPC FMT data =================================
08-23 13:22:35.900 1976 2328 D use-Rlog/RLOG-RIL-IPC: [0000] FF 02 ..
08-23 13:22:35.900 1976 2328 D use-Rlog/RLOG-RIL-IPC: ================================================================================
08-23 13:22:35.900 1976 2328 D use-Rlog/RLOG-RIL-IPC:
08-23 13:22:35.900 1976 2328 D use-Rlog/RLOG-RIL-IPC: xmm626_sec_modem_fmt_send: Sent FMT message
08-23 13:22:35.900 1976 2328 D use-Rlog/RLOG-RIL-IPC: xmm626_sec_modem_fmt_send: Message: mseq=0x1b, command=IPC_NET_PLMN_SEL, type=IPC_TYPE_GET, size=0
08-23 13:22:35.900 1976 2008 D use-Rlog/RLOG-RIL: 4 RIL requests in the queue (1 pending, 3 handled, 0 unhandled)
08-23 13:22:35.900 1976 2328 D use-Rlog/RLOG-RIL-IPC:
08-23 13:22:35.900 1976 2328 D use-Rlog/RLOG-RIL-IPC: xmm626_sec_modem_fmt_send: Sent FMT message
08-23 13:22:35.900 1976 2328 D use-Rlog/RLOG-RIL-IPC: xmm626_sec_modem_fmt_send: Message: mseq=0x1c, command=IPC_NET_SERVING_NETWORK, type=IPC_TYPE_GET, size=0
08-23 13:22:35.900 1976 2323 D use-Rlog/RLOG-RIL-IPC:
08-23 13:22:35.900 1976 2323 D use-Rlog/RLOG-RIL-IPC: xmm626_sec_modem_fmt_recv: Received FMT message
08-23 13:22:35.900 1976 2323 D use-Rlog/RLOG-RIL-IPC: xmm626_sec_modem_fmt_recv: Message: aseq=0x19, command=IPC_NET_REGIST, type=IPC_TYPE_RESP, size=11
08-23 13:22:35.900 1976 2323 D use-Rlog/RLOG-RIL-IPC: ================================= IPC FMT data =================================
08-23 13:22:35.900 1976 2323 D use-Rlog/RLOG-RIL-IPC: [0000] FF 03 01 00 00 00 00 00 00 00 00 ........ ...
08-23 13:22:35.900 1976 2323 D use-Rlog/RLOG-RIL-IPC: ================================================================================
08-23 13:22:35.900 1976 2323 D use-Rlog/RLOG-RIL: 3 RIL requests in the queue (0 pending, 3 handled, 0 unhandled)
08-23 13:22:35.900 2883 2883 D RILJ : [3698]> VOICE_REGISTRATION_STATE [SUB0]
08-23 13:22:35.900 1976 2323 D use-Rlog/RLOG-RIL-IPC:
08-23 13:22:35.900 1976 2323 D use-Rlog/RLOG-RIL-IPC: xmm626_sec_modem_fmt_recv: Received FMT message
08-23 13:22:35.900 1976 2323 D use-Rlog/RLOG-RIL-IPC: xmm626_sec_modem_fmt_recv: Message: aseq=0x1a, command=IPC_NET_REGIST, type=IPC_TYPE_RESP, size=11
08-23 13:22:35.900 1976 2323 D use-Rlog/RLOG-RIL-IPC: ================================= IPC FMT data =================================
08-23 13:22:35.900 1976 2323 D use-Rlog/RLOG-RIL-IPC: [0000] FF 02 04 00 00 00 00 00 00 00 00 ........ ...
08-23 13:22:35.900 1976 2323 D use-Rlog/RLOG-RIL-IPC: ================================================================================
08-23 13:22:35.900 1976 2323 D use-Rlog/RLOG-RIL: 2 RIL requests in the queue (0 pending, 2 handled, 0 unhandled)
08-23 13:22:35.900 2883 2883 D RILJ : [3699]> QUERY_NETWORK_SELECTION_MODE [SUB0]
08-23 13:22:35.900 1976 2008 D use-Rlog/RLOG-RIL: 3 RIL requests in the queue (1 pending, 2 handled, 0 unhandled)
08-23 13:22:35.900 1976 2008 D use-Rlog/RLOG-RIL: 4 RIL requests in the queue (2 pending, 2 handled, 0 unhandled)
08-23 13:22:35.900 1976 2328 D use-Rlog/RLOG-RIL-IPC:
08-23 13:22:35.900 1976 2328 D use-Rlog/RLOG-RIL-IPC: xmm626_sec_modem_fmt_send: Sent FMT message
08-23 13:22:35.900 1976 2328 D use-Rlog/RLOG-RIL-IPC: xmm626_sec_modem_fmt_send: Message: mseq=0x1d, command=IPC_NET_REGIST, type=IPC_TYPE_GET, size=2
08-23 13:22:35.900 1976 2328 D use-Rlog/RLOG-RIL-IPC: ================================= IPC FMT data =================================
08-23 13:22:35.900 1976 2328 D use-Rlog/RLOG-RIL-IPC: [0000] FF 03 ..
08-23 13:22:35.900 1976 2328 D use-Rlog/RLOG-RIL-IPC: ================================================================================
08-23 13:22:35.900 1976 2328 D use-Rlog/RLOG-RIL-IPC:
08-23 13:22:35.900 1976 2328 D use-Rlog/RLOG-RIL-IPC: xmm626_sec_modem_fmt_send: Sent FMT message
08-23 13:22:35.900 1976 2328 D use-Rlog/RLOG-RIL-IPC: xmm626_sec_modem_fmt_send: Message: mseq=0x1e, command=IPC_NET_REGIST, type=IPC_TYPE_GET, size=2
08-23 13:22:35.900 1976 2328 D use-Rlog/RLOG-RIL-IPC: ================================= IPC FMT data =================================
08-23 13:22:35.900 1976 2328 D use-Rlog/RLOG-RIL-IPC: [0000] FF 02 ..
08-23 13:22:35.900 1976 2328 D use-Rlog/RLOG-RIL-IPC: ================================================================================
08-23 13:22:35.905 2883 2883 D RILJ : [3700]> OPERATOR [SUB0]
08-23 13:22:35.905 1976 2323 D use-Rlog/RLOG-RIL-IPC:
08-23 13:22:35.905 1976 2323 D use-Rlog/RLOG-RIL-IPC: xmm626_sec_modem_fmt_recv: Received FMT message
08-23 13:22:35.905 1976 2323 D use-Rlog/RLOG-RIL-IPC: xmm626_sec_modem_fmt_recv: Message: aseq=0x1b, command=IPC_NET_PLMN_SEL, type=IPC_TYPE_RESP, size=1
08-23 13:22:35.905 1976 2323 D use-Rlog/RLOG-RIL-IPC: ================================= IPC FMT data =================================
08-23 13:22:35.905 1976 2323 D use-Rlog/RLOG-RIL-IPC: [0000] 02 .
08-23 13:22:35.905 1976 2323 D use-Rlog/RLOG-RIL-IPC: ================================================================================
08-23 13:22:35.905 1976 2323 D use-Rlog/RLOG-RIL: 3 RIL requests in the queue (0 pending, 3 handled, 0 unhandled)
08-23 13:22:35.905 1976 2323 D use-Rlog/RLOG-RIL-IPC:
08-23 13:22:35.905 1976 2323 D use-Rlog/RLOG-RIL-IPC: xmm626_sec_modem_fmt_recv: Received FMT message
08-23 13:22:35.905 1976 2323 D use-Rlog/RLOG-RIL-IPC: xmm626_sec_modem_fmt_recv: Message: aseq=0x1c, command=IPC_NET_SERVING_NETWORK, type=IPC_TYPE_RESP, size=11
08-23 13:22:35.905 1976 2323 D use-Rlog/RLOG-RIL-IPC: ================================= IPC FMT data =================================
08-23 13:22:35.905 1976 2323 D use-Rlog/RLOG-RIL-IPC: [0000] 02 04 FF 32 32 32 31 30 23 00 00 ...22210 #..
08-23 13:22:35.905 1976 2323 D use-Rlog/RLOG-RIL-IPC: ================================================================================
08-23 13:22:35.905 2883 2883 D RILJ : [3701]> DATA_REGISTRATION_STATE [SUB0]
08-23 13:22:35.905 1976 2323 D use-Rlog/RLOG-RIL: 2 RIL requests in the queue (0 pending, 2 handled, 0 unhandled)
08-23 13:22:35.905 1976 2008 D use-Rlog/RLOG-RIL: 3 RIL requests in the queue (1 pending, 2 handled, 0 unhandled)
08-23 13:22:35.905 1976 2328 D use-Rlog/RLOG-RIL-IPC:
08-23 13:22:35.905 1976 2328 D use-Rlog/RLOG-RIL-IPC: xmm626_sec_modem_fmt_send: Sent FMT message
08-23 13:22:35.905 1976 2328 D use-Rlog/RLOG-RIL-IPC: xmm626_sec_modem_fmt_send: Message: mseq=0x1f, command=IPC_NET_PLMN_SEL, type=IPC_TYPE_GET, size=0
08-23 13:22:35.905 1976 2008 D use-Rlog/RLOG-RIL: 4 RIL requests in the queue (1 pending, 3 handled, 0 unhandled)
08-23 13:22:35.905 1976 2323 D use-Rlog/RLOG-RIL-IPC:
08-23 13:22:35.905 1976 2323 D use-Rlog/RLOG-RIL-IPC: xmm626_sec_modem_fmt_recv: Received FMT message
08-23 13:22:35.905 2883 2883 D RILJ : [3702]> VOICE_REGISTRATION_STATE [SUB0]
08-23 13:22:35.905 1976 2323 D use-Rlog/RLOG-RIL-IPC: xmm626_sec_modem_fmt_recv: Message: aseq=0x1d, command=IPC_NET_REGIST, type=IPC_TYPE_RESP, size=11
08-23 13:22:35.905 1976 2323 D use-Rlog/RLOG-RIL-IPC: ================================= IPC FMT data =================================
08-23 13:22:35.905 1976 2323 D use-Rlog/RLOG-RIL-IPC: [0000] FF 03 01 00 00 00 00 00 00 00 00 ........ ...
08-23 13:22:35.905 1976 2323 D use-Rlog/RLOG-RIL-IPC: ================================================================================
08-23 13:22:35.905 1976 2323 D use-Rlog/RLOG-RIL: 3 RIL requests in the queue (1 pending, 2 handled, 0 unhandled)
08-23 13:22:35.905 1976 2323 D use-Rlog/RLOG-RIL-IPC:
08-23 13:22:35.905 1976 2323 D use-Rlog/RLOG-RIL-IPC: xmm626_sec_modem_fmt_recv: Received FMT message
08-23 13:22:35.905 1976 2323 D use-Rlog/RLOG-RIL-IPC: xmm626_sec_modem_fmt_recv: Message: aseq=0x1e, command=IPC_NET_REGIST, type=IPC_TYPE_RESP, size=11
08-23 13:22:35.905 1976 2323 D use-Rlog/RLOG-RIL-IPC: ================================= IPC FMT data =================================
08-23 13:22:35.905 1976 2323 D use-Rlog/RLOG-RIL-IPC: [0000] FF 02 04 00 00 00 00 00 00 00 00 ........ ...
08-23 13:22:35.905 1976 2323 D use-Rlog/RLOG-RIL-IPC: ================================================================================
08-23 13:22:35.905 1976 2323 D use-Rlog/RLOG-RIL: 2 RIL requests in the queue (1 pending, 1 handled, 0 unhandled)
08-23 13:22:35.905 1976 2323 D use-Rlog/RLOG-RIL-IPC:
08-23 13:22:35.905 1976 2323 D use-Rlog/RLOG-RIL-IPC: xmm626_sec_modem_fmt_recv: Received FMT message
08-23 13:22:35.905 1976 2323 D use-Rlog/RLOG-RIL-IPC: xmm626_sec_modem_fmt_recv: Message: aseq=0x1f, command=IPC_NET_PLMN_SEL, type=IPC_TYPE_RESP, size=1
08-23 13:22:35.905 1976 2323 D use-Rlog/RLOG-RIL-IPC: ================================= IPC FMT data =================================
08-23 13:22:35.905 1976 2323 D use-Rlog/RLOG-RIL-IPC: [0000] 02 .
08-23 13:22:35.905 1976 2323 D use-Rlog/RLOG-RIL-IPC: ================================================================================
08-23 13:22:35.905 1976 2323 D use-Rlog/RLOG-RIL: 1 RIL request in the queue (1 pending, 0 handled, 0 unhandled)
08-23 13:22:35.905 1976 2328 D use-Rlog/RLOG-RIL-IPC:
08-23 13:22:35.905 1976 2328 D use-Rlog/RLOG-RIL-IPC: xmm626_sec_modem_fmt_send: Sent FMT message
08-23 13:22:35.905 1976 2328 D use-Rlog/RLOG-RIL-IPC: xmm626_sec_modem_fmt_send: Message: mseq=0x20, command=IPC_NET_SERVING_NETWORK, type=IPC_TYPE_GET, size=0
08-23 13:22:35.905 1976 2008 D use-Rlog/RLOG-RIL: 2 RIL requests in the queue (1 pending, 1 handled, 0 unhandled)
08-23 13:22:35.905 1976 2323 D use-Rlog/RLOG-RIL-IPC:
08-23 13:22:35.905 1976 2323 D use-Rlog/RLOG-RIL-IPC: xmm626_sec_modem_fmt_recv: Received FMT message
08-23 13:22:35.905 1976 2323 D use-Rlog/RLOG-RIL-IPC: xmm626_sec_modem_fmt_recv: Message: aseq=0x20, command=IPC_NET_SERVING_NETWORK, type=IPC_TYPE_RESP, size=11
08-23 13:22:35.905 1976 2323 D use-Rlog/RLOG-RIL-IPC: ================================= IPC FMT data =================================
08-23 13:22:35.905 1976 2323 D use-Rlog/RLOG-RIL-IPC: [0000] 02 04 FF 32 32 32 31 30 23 00 00 ...22210 #..
08-23 13:22:35.905 1976 2323 D use-Rlog/RLOG-RIL-IPC: ================================================================================
08-23 13:22:35.905 2883 2883 D RILJ : [3703]> QUERY_NETWORK_SELECTION_MODE [SUB0]
08-23 13:22:35.905 1976 2323 D use-Rlog/RLOG-RIL: 1 RIL request in the queue (1 pending, 0 handled, 0 unhandled)
08-23 13:22:35.905 1976 2328 D use-Rlog/RLOG-RIL-IPC:
08-23 13:22:35.905 1976 2328 D use-Rlog/RLOG-RIL-IPC: xmm626_sec_modem_fmt_send: Sent FMT message
08-23 13:22:35.905 1976 2328 D use-Rlog/RLOG-RIL-IPC: xmm626_sec_modem_fmt_send: Message: mseq=0x21, command=IPC_NET_REGIST, type=IPC_TYPE_GET, size=2
08-23 13:22:35.905 1976 2328 D use-Rlog/RLOG-RIL-IPC: ================================= IPC FMT data =================================
08-23 13:22:35.905 1976 2328 D use-Rlog/RLOG-RIL-IPC: [0000] FF 03 ..
08-23 13:22:35.905 1976 2328 D use-Rlog/RLOG-RIL-IPC: ================================================================================
08-23 13:22:35.905 1976 2008 D use-Rlog/RLOG-RIL: 2 RIL requests in the queue (1 pending, 1 handled, 0 unhandled)
08-23 13:22:35.905 1976 2328 D use-Rlog/RLOG-RIL-IPC:
08-23 13:22:35.905 1976 2328 D use-Rlog/RLOG-RIL-IPC: xmm626_sec_modem_fmt_send: Sent FMT message
08-23 13:22:35.905 1976 2328 D use-Rlog/RLOG-RIL-IPC: xmm626_sec_modem_fmt_send: Message: mseq=0x22, command=IPC_NET_REGIST, type=IPC_TYPE_GET, size=2
08-23 13:22:35.905 1976 2328 D use-Rlog/RLOG-RIL-IPC: ================================= IPC FMT data =================================
08-23 13:22:35.905 1976 2328 D use-Rlog/RLOG-RIL-IPC: [0000] FF 02 ..
08-23 13:22:35.905 1976 2328 D use-Rlog/RLOG-RIL-IPC: ================================================================================
08-23 13:22:35.910 2883 2969 D RILJ : [3692]< OPERATOR {Vodafone, Vodafone, 22210} [SUB0]
08-23 13:22:35.910 2883 2969 D RILJ : [3693]< DATA_REGISTRATION_STATE {0, 0, 0, 0, 3} [SUB0]
08-23 13:22:35.910 2883 2969 D RILJ : [3694]< VOICE_REGISTRATION_STATE {10, 0, 0, 0, null, null, null, null, null, null, null, null, null, null, null} [SUB0]
08-23 13:22:35.910 2883 2969 D RILJ : [3695]< QUERY_NETWORK_SELECTION_MODE {0} [SUB0]
08-23 13:22:35.910 2883 2969 D RILJ : [3696]< OPERATOR {Vodafone, Vodafone, 22210} [SUB0]
08-23 13:22:35.910 2883 2969 D RILJ : [3697]< DATA_REGISTRATION_STATE {0, 0, 0, 0, 3} [SUB0]
08-23 13:22:35.910 1976 2323 D use-Rlog/RLOG-RIL-IPC:
08-23 13:22:35.910 1976 2323 D use-Rlog/RLOG-RIL-IPC: xmm626_sec_modem_fmt_recv: Received FMT message
08-23 13:22:35.910 1976 2323 D use-Rlog/RLOG-RIL-IPC: xmm626_sec_modem_fmt_recv: Message: aseq=0x21, command=IPC_NET_REGIST, type=IPC_TYPE_RESP, size=11
08-23 13:22:35.910 1976 2323 D use-Rlog/RLOG-RIL-IPC: ================================= IPC FMT data =================================
08-23 13:22:35.910 1976 2323 D use-Rlog/RLOG-RIL-IPC: [0000] FF 03 01 00 00 00 00 00 00 00 00 ........ ...
08-23 13:22:35.910 1976 2323 D use-Rlog/RLOG-RIL-IPC: ================================================================================
08-23 13:22:35.910 1976 2323 D use-Rlog/RLOG-RIL: 1 RIL request in the queue (0 pending, 1 handled, 0 unhandled)
08-23 13:22:35.910 2883 2969 D RILJ : [3698]< VOICE_REGISTRATION_STATE {10, 0, 0, 0, null, null, null, null, null, null, null, null, null, null, null} [SUB0]
08-23 13:22:35.910 1976 2323 D use-Rlog/RLOG-RIL-IPC:
08-23 13:22:35.910 1976 2323 D use-Rlog/RLOG-RIL-IPC: xmm626_sec_modem_fmt_recv: Received FMT message
08-23 13:22:35.910 1976 2323 D use-Rlog/RLOG-RIL-IPC: xmm626_sec_modem_fmt_recv: Message: aseq=0x22, command=IPC_NET_REGIST, type=IPC_TYPE_RESP, size=11
08-23 13:22:35.910 1976 2323 D use-Rlog/RLOG-RIL-IPC: ================================= IPC FMT data =================================
08-23 13:22:35.910 1976 2323 D use-Rlog/RLOG-RIL-IPC: [0000] FF 02 04 00 00 00 00 00 00 00 00 ........ ...
08-23 13:22:35.910 1976 2323 D use-Rlog/RLOG-RIL-IPC: ================================================================================
08-23 13:22:35.910 1976 2323 D use-Rlog/RLOG-RIL: 0 RIL request in the queue (0 pending, 0 handled, 0 unhandled)
08-23 13:22:35.910 2883 2969 D RILJ : [3699]< QUERY_NETWORK_SELECTION_MODE {0} [SUB0]
08-23 13:22:35.910 2883 2969 D RILJ : [3700]< OPERATOR {Vodafone, Vodafone, 22210} [SUB0]
08-23 13:22:35.910 2883 2969 D RILJ : [3701]< DATA_REGISTRATION_STATE {0, 0, 0, 0, 3} [SUB0]
08-23 13:22:35.910 2883 2969 D RILJ : [3702]< VOICE_REGISTRATION_STATE {10, 0, 0, 0, null, null, null, null, null, null, null, null, null, null, null} [SUB0]
08-23 13:22:35.910 2883 2883 D SubscriptionController: [getSubId]- sSlotIdxToSubId.size == 0, return DummySubIds slotIdx=0
08-23 13:22:35.910 2883 2883 D DefaultPhoneNotifier: notifySignalStrength: mRegistry=com.android.internal.telephony.ITelephonyRegistry$Stub$Proxy@c0c7c64 ss=SignalStrength: 1 99 -120 -160 -120 -1 -1 99 2147483647 2147483647 2147483647 -1 2147483647 gsm|lte sender=Handler (com.android.internal.telephony.gsm.GSMPhone) {7ffffcc}
08-23 13:22:35.910 2348 2827 D TelephonyRegistry: notifySignalStrengthForSubscriber: invalid phoneId=-1
08-23 13:22:35.910 1976 2008 D use-Rlog/RLOG-RIL: 1 RIL request in the queue (1 pending, 0 handled, 0 unhandled)
08-23 13:22:35.910 1976 2328 D use-Rlog/RLOG-RIL-IPC:
08-23 13:22:35.910 1976 2328 D use-Rlog/RLOG-RIL-IPC: xmm626_sec_modem_fmt_send: Sent FMT message
08-23 13:22:35.910 1976 2328 D use-Rlog/RLOG-RIL-IPC: xmm626_sec_modem_fmt_send: Message: mseq=0x23, command=IPC_NET_PLMN_SEL, type=IPC_TYPE_GET, size=0
08-23 13:22:35.915 2883 2883 D GSMPhone: Baseband version: I9300XXUGNA8
08-23 13:22:35.915 1976 2323 D use-Rlog/RLOG-RIL-IPC:
08-23 13:22:35.915 1976 2323 D use-Rlog/RLOG-RIL-IPC: xmm626_sec_modem_fmt_recv: Received FMT message
08-23 13:22:35.915 1976 2323 D use-Rlog/RLOG-RIL-IPC: xmm626_sec_modem_fmt_recv: Message: aseq=0x23, command=IPC_NET_PLMN_SEL, type=IPC_TYPE_RESP, size=1
08-23 13:22:35.915 1976 2323 D use-Rlog/RLOG-RIL-IPC: ================================= IPC FMT data =================================
08-23 13:22:35.915 1976 2323 D use-Rlog/RLOG-RIL-IPC: [0000] 02 .
08-23 13:22:35.915 1976 2323 D use-Rlog/RLOG-RIL-IPC: ================================================================================
08-23 13:22:35.915 1976 2323 D use-Rlog/RLOG-RIL: 0 RIL request in the queue (0 pending, 0 handled, 0 unhandled)
08-23 13:22:35.915 2883 2883 D SubscriptionController: [getSubId]- sSlotIdxToSubId.size == 0, return DummySubIds slotIdx=0
08-23 13:22:35.915 2883 2969 D RILJ : [3703]< QUERY_NETWORK_SELECTION_MODE {0} [SUB0]
08-23 13:22:35.920 2883 2883 D DctController: handleMessage msg={ when=-75ms what=100 target=com.android.internal.telephony.dataconnection.DctController }
08-23 13:22:35.920 2883 2883 D DcSwitchAsyncChannel: [DcSwitchAsyncChannel-0]: rspIsIdle=true
08-23 13:22:35.920 2883 2883 D SubscriptionController: [getPhoneId]- invalid subId return=-1
08-23 13:22:35.920 2883 2883 D DcSwitchAsyncChannel: [DcSwitchAsyncChannel-0]: rspIsIdle=true
08-23 13:22:35.920 2883 2883 D DctController: onProcessRequest requestedPhoneId=-1, activePhoneId=-1
08-23 13:22:35.920 2883 2883 D UiccController: Received EVENT_GET_ICC_STATUS_DONE
08-23 13:22:35.925 2883 2883 D UiccCard: 1 applications
08-23 13:22:35.925 2883 2883 D UiccCardApplication: Creating UiccApp: {APPTYPE_UNKNOWN,APPSTATE_UNKNOWN}
08-23 13:22:35.925 2883 2883 D UiccCard: Before privilege rules: null : CARDSTATE_ABSENT
08-23 13:22:35.925 2883 2883 E UiccCard: App index 0 is invalid since it's not APPTYPE_SIM and not APPTYPE_USIM
08-23 13:22:35.925 2883 2883 D UiccCard: update: radioState=RADIO_ON mLastRadioState=RADIO_UNAVAILABLE
08-23 13:22:35.925 2883 2883 D UiccController: Notifying IccChangedRegistrants
08-23 13:22:35.925 2883 2883 D PhoneProxy: [PhoneProxy] EVENT_REQUEST_VOICE_RADIO_TECH_DONE: newVoiceTech=3
08-23 13:22:35.925 2883 2883 D PhoneProxy: [PhoneProxy] phoneObjectUpdater: newVoiceRadioTech=3
08-23 13:22:35.925 2883 2883 D PhoneProxy: [PhoneProxy] phoneObjectUpdater: No change ignore, newVoiceRadioTech=3 mActivePhone=GSM
08-23 13:22:35.925 2883 2883 E RIL_ImsSms: IMS State query failed with exp com.android.internal.telephony.CommandException: REQUEST_NOT_SUPPORTED
08-23 13:22:35.925 2883 2883 D CdmaSSM : CDMA_SUBSCRIPTION_SOURCE event = 2
08-23 13:22:35.925 2883 2883 D UiccController: Received EVENT_GET_ICC_STATUS_DONE
08-23 13:22:35.925 2883 2883 D UiccCard: 1 applications
08-23 13:22:35.925 2883 2883 D UiccCardApplication: APPTYPE_UNKNOWN update. New {APPTYPE_UNKNOWN,APPSTATE_UNKNOWN}
08-23 13:22:35.925 2883 2883 D UiccCard: Before privilege rules: null : CARDSTATE_ABSENT
08-23 13:22:35.925 2883 2883 E UiccCard: App index 0 is invalid since it's not APPTYPE_SIM and not APPTYPE_USIM
08-23 13:22:35.930 2883 2883 D UiccCard: update: radioState=RADIO_ON mLastRadioState=RADIO_ON
08-23 13:22:35.930 2883 2883 D UiccController: Notifying IccChangedRegistrants
08-23 13:22:35.930 2883 2883 D UiccController: Received EVENT_GET_ICC_STATUS_DONE
08-23 13:22:35.930 2883 2883 D UiccCard: 1 applications
08-23 13:22:35.930 2883 2883 D UiccCardApplication: APPTYPE_UNKNOWN update. New {APPTYPE_UNKNOWN,APPSTATE_UNKNOWN}
08-23 13:22:35.930 2883 2883 D UiccCard: Before privilege rules: null : CARDSTATE_ABSENT
08-23 13:22:35.930 2883 2883 E UiccCard: App index 0 is invalid since it's not APPTYPE_SIM and not APPTYPE_USIM
08-23 13:22:35.930 2883 2883 D UiccCard: update: radioState=RADIO_ON mLastRadioState=RADIO_ON
08-23 13:22:35.930 2883 2883 D UiccController: Notifying IccChangedRegistrants
08-23 13:22:35.930 2883 2883 D PHONE : [ServiceState] setDataRegState=1
08-23 13:22:35.930 2883 2883 D PHONE : [ServiceState] setDataRadioTechnology=0
08-23 13:22:35.930 2883 2883 D GsmSST : [GsmSST] handlPollStateResultMessage: GsmSST setDataRegState=1 regState=0 dataRadioTechnology=0
08-23 13:22:35.930 2883 2883 D PHONE : [ServiceState] setVoiceRegState=1
08-23 13:22:35.930 2883 2883 E PHONE : [ServiceState] setState deprecated use setVoiceRegState()
08-23 13:22:35.940 2883 2883 D SubscriptionController: [getSubId]- sSlotIdxToSubId.size == 0, return DummySubIds slotIdx=0
08-23 13:22:35.940 2883 2883 D GsmSST : [GsmSST] Poll ServiceState done: oldSS=[3 3 voice home data home null null null null null null Unknown Unknown CSS not supported -1 -1 RoamInd=-1 DefRoamInd=-1 EmergOnly=false IsDataRoamingFromRegistration=false] newSS=[1 1 voice home data home Vodafone Vodafone 22210 Vodafone Vodafone 22210 Unknown Unknown CSS not supported -1 -1 RoamInd=-1 DefRoamInd=-1 EmergOnly=true IsDataRoamingFromRegistration=false] oldMaxDataCalls=1 mNewMaxDataCalls=1 oldReasonDataDenied=-1 mNewReasonDataDenied=-1
08-23 13:22:35.940 2883 2883 D PHONE : [ServiceState] setNullState=1
08-23 13:22:35.940 2883 2883 D GsmSST : [GsmSST] updateSpnDisplay: radio is on but out of service, set plmn='Emergency calls only'
08-23 13:22:35.940 2883 2883 D SubscriptionController: [getSubId]- sSlotIdxToSubId.size == 0, return DummySubIds slotIdx=0
08-23 13:22:35.945 2883 2883 D GsmSST : [GsmSST] updateSpnDisplay: changed sending intent rule=0 showPlmn='true' plmn='Emergency calls only' showSpn='false' spn='' dataSpn='' subId='-2'
08-23 13:22:35.945 2883 2883 D SubscriptionController: [getSubId]- sSlotIdxToSubId.size == 0, return DummySubIds slotIdx=0
08-23 13:22:35.985 2883 2883 D SubscriptionController: [getSubId]- sSlotIdxToSubId.size == 0, return DummySubIds slotIdx=0
08-23 13:22:36.010 2883 2883 D SubscriptionController: [setPlmnSpn] No valid subscription to store info
08-23 13:22:36.010 2883 2883 D SubscriptionController: notifySubscriptionInfoChanged:
08-23 13:22:36.015 2883 2883 D TelephonyManager: setTelephonyProperty: success phoneId=0 property=gsm.operator.alpha value: Vodafone propVal=Vodafone
08-23 13:22:36.015 2883 2883 D TelephonyManager: setTelephonyProperty: success phoneId=0 property=gsm.operator.numeric value: 22210 propVal=22210
08-23 13:22:36.020 2883 2883 D GsmSST : [GsmSST] update mccmnc=22210 fromServiceState=true
08-23 13:22:36.070 2883 2915 D SubscriptionController: [getActiveSubInfoList]+
08-23 13:22:36.080 2883 2915 D SubscriptionController: selection:sim_id>=0 null
08-23 13:22:36.105 2883 2883 D TelephonyManager: setTelephonyProperty: success phoneId=0 property=gsm.operator.iso-country value: it propVal=it
08-23 13:22:36.115 2883 2883 D GsmSST : [GsmSST] pollStateDone: no nitz but one TZ for iso-cc=it with zone.getID=Europe/Rome testOneUniqueOffsetPath=false
08-23 13:22:36.115 2883 2883 D GsmSST : [GsmSST] setAndBroadcastNetworkSetTimeZone: setTimeZone=Europe/Rome
08-23 13:22:36.115 2883 2883 D GsmSST : [GsmSST] setAndBroadcastNetworkSetTimeZone: call alarm.setTimeZone and broadcast zoneId=Europe/Rome
08-23 13:22:36.115 2883 2883 D GsmSST : [GsmSST] shouldFixTimeZoneNow: retVal=false iccCardExist=false operatorNumeric=22210 mcc=222 prevOperatorNumeric= prevMcc=223 needToFixTimeZone=false ltod=08-23 13:22:36.123
08-23 13:22:36.115 2883 2883 D TelephonyManager: setTelephonyProperty: success phoneId=0 property=gsm.operator.isroaming value: false propVal=false
08-23 13:22:36.115 2883 2883 D GsmSST : [GsmSST] Broadcasting ServiceState : 1 1 voice home data home Vodafone Vodafone 22210 Vodafone Vodafone 22210 Unknown Unknown CSS not supported -1 -1 RoamInd=-1 DefRoamInd=-1 EmergOnly=true IsDataRoamingFromRegistration=false
08-23 13:22:36.115 2883 2883 D SubscriptionController: [getSubId]- sSlotIdxToSubId.size == 0, return DummySubIds slotIdx=0
08-23 13:22:36.120 2883 2883 D DefaultPhoneNotifier: nofityServiceState: mRegistry=com.android.internal.telephony.ITelephonyRegistry$Stub$Proxy@c0c7c64 ss=1 1 voice home data home Vodafone Vodafone 22210 Vodafone Vodafone 22210 Unknown Unknown CSS not supported -1 -1 RoamInd=-1 DefRoamInd=-1 EmergOnly=true IsDataRoamingFromRegistration=false sender=Handler (com.android.internal.telephony.gsm.GSMPhone) {7ffffcc} phondId=0 subId=-2
08-23 13:22:36.120 2883 2883 D SubscriptionController: [getSlotId]- subId invalid
08-23 13:22:36.120 2883 2883 D SubscriptionController: getSimStateForSlotIdx: simState=NOT_READY ordinal=6
08-23 13:22:36.120 2348 3158 D SubscriptionManager: getSimStateForSubscriber: simState=6 slotIdx=0
08-23 13:22:36.120 2348 3158 D TelephonyManager: getSimState: default sim:-1, sim state for slotIdx=0 is 6, return state as unknown
08-23 13:22:36.120 2883 2883 D GsmSST : [GsmSST] notifyDataRegStateRilRadioTechnologyChanged: drs=1 rat=0
08-23 13:22:36.120 2883 2883 D TelephonyManager: setTelephonyProperty: success phoneId=0 property=gsm.network.type value: Unknown propVal=Unknown
08-23 13:22:36.120 2883 2883 D DCT : [0]get all active apn types
08-23 13:22:36.120 2883 2883 D SubscriptionController: [getSubId]- sSlotIdxToSubId.size == 0, return DummySubIds slotIdx=0
08-23 13:22:36.120 2883 2883 D GsmSST : [GsmSST] getCellLocation(): X good mCellLoc=[0,0,-1]
08-23 13:22:36.120 2348 2519 D TelephonyRegistry: notifyCellLocationForSubscriber: subId=-2 cellLocation=Bundle[mParcelledData.dataSize=64]
08-23 13:22:36.125 2883 2883 D DCT : [0]handleMessage msg={ when=-199ms what=270369 obj=android.os.AsyncResult@59e3660 target=com.android.internal.telephony.dataconnection.DcTracker }
08-23 13:22:36.125 2883 2883 D DCT : [0]onUpdateIcc: newIccRecords null
08-23 13:22:36.125 2883 2883 D SubscriptionController: [getSubId]- sSlotIdxToSubId.size == 0, return DummySubIds slotIdx=0
08-23 13:22:36.125 2883 2883 D GsmSMSDispatcher: GsmSMSDispatcher: subId = -2 slotId = 0
08-23 13:22:36.125 2883 2883 D IccCardProxy: Icc changed. Reregestering.
08-23 13:22:36.125 2883 2883 E IccCardProxy: setExternalState: set mPhoneId=0 mExternalState=ABSENT
08-23 13:22:36.125 2883 2883 D TelephonyManager: setTelephonyProperty: success phoneId=0 property=gsm.sim.state value: ABSENT propVal=ABSENT
08-23 13:22:36.125 2883 2883 D SubscriptionController: [getSubId]- sSlotIdxToSubId.size == 0, return DummySubIds slotIdx=0
08-23 13:22:36.125 2883 2883 D IccCardProxy: broadcastIccStateChangedIntent intent ACTION_SIM_STATE_CHANGED value=ABSENT reason=null for mPhoneId=0
08-23 13:22:36.125 2883 2883 D DCT : [0]handleMessage msg={ when=-197ms what=270369 obj=android.os.AsyncResult@72e9719 target=com.android.internal.telephony.dataconnection.DcTracker }
08-23 13:22:36.125 2883 2883 D DCT : [0]onUpdateIcc: newIccRecords null
08-23 13:22:36.125 2883 2883 D SubscriptionController: [getSubId]- sSlotIdxToSubId.size == 0, return DummySubIds slotIdx=0
08-23 13:22:36.125 2883 2883 D GsmSMSDispatcher: GsmSMSDispatcher: subId = -2 slotId = 0
08-23 13:22:36.125 2883 2883 E IccCardProxy: setExternalState: !override and newstate unchanged from ABSENT
08-23 13:22:36.125 2883 2883 D DCT : [0]handleMessage msg={ when=-197ms what=270369 obj=android.os.AsyncResult@73623de target=com.android.internal.telephony.dataconnection.DcTracker }
08-23 13:22:36.125 2883 2883 D DCT : [0]onUpdateIcc: newIccRecords null
08-23 13:22:36.125 2883 2883 D SubscriptionController: [getSubId]- sSlotIdxToSubId.size == 0, return DummySubIds slotIdx=0
08-23 13:22:36.125 2883 2883 D GsmSMSDispatcher: GsmSMSDispatcher: subId = -2 slotId = 0
08-23 13:22:36.125 2883 2883 E IccCardProxy: setExternalState: !override and newstate unchanged from ABSENT
08-23 13:22:36.125 2883 2883 D GsmSST : [GsmSST] SubscriptionListener.onSubscriptionInfoChanged
08-23 13:22:36.125 2883 2883 D SubscriptionController: [getSubId]- sSlotIdxToSubId.size == 0, return DummySubIds slotIdx=0
08-23 13:22:36.125 2883 2883 D DCT : [0]SubscriptionListener.onSubscriptionInfoChanged
08-23 13:22:36.125 2883 2883 D SubscriptionController: [getSubId]- sSlotIdxToSubId.size == 0, return DummySubIds slotIdx=0
08-23 13:22:36.125 2883 2883 E PhoneBase: Error! unregisterForCallWaiting() in PhoneBase should not be called, CDMAPhone inactive.
08-23 13:22:36.135 2883 2883 D SubscriptionController: [getSubId]- sSlotIdxToSubId.size == 0, return DummySubIds slotIdx=0
08-23 13:22:36.135 2883 2883 D SubscriptionController: [getSubId]- sSlotIdxToSubId.size == 0, return DummySubIds slotIdx=0
08-23 13:22:36.140 2883 2883 D SubscriptionController: [getPhoneId]- invalid subId return=-1
08-23 13:22:36.145 2883 2883 D SubscriptionController: [getSubId]- sSlotIdxToSubId.size == 0, return DummySubIds slotIdx=0
08-23 13:22:36.145 2883 2883 D SubscriptionController: [getSubId]- sSlotIdxToSubId.size == 0, return DummySubIds slotIdx=0
08-23 13:22:36.145 2883 2883 D SubscriptionController: [getSubId]- sSlotIdxToSubId.size == 0, return DummySubIds slotIdx=0
08-23 13:22:36.150 2883 2915 D SubscriptionController: [getActiveSubInfoList]- no info return
08-23 13:22:36.165 2883 3133 D SubscriptionController: [getActiveSubInfoList]+
08-23 13:22:36.165 2883 3133 D SubscriptionController: selection:sim_id>=0 null
08-23 13:22:36.185 2883 3133 D SubscriptionController: [getActiveSubInfoList]- no info return
08-23 13:22:36.190 2883 2883 E PhoneBase: Error! registerForCallWaiting() in PhoneBase should not be called, CDMAPhone inactive.
08-23 13:22:36.200 2883 2883 D SubscriptionController: [getActiveSubInfoList]+
08-23 13:22:36.205 2883 2883 D SubscriptionController: selection:sim_id>=0 null
