08-23 13:22:14.130 1976 1976 D RILD : **RIL Daemon Started**
08-23 13:22:14.130 1976 1976 D RILD : **RILd param count=1**
08-23 13:22:14.185 1976 1976 W RILD : RIL_SAP_Init not defined or exported in /system/lib/libsamsung-ril.so: undefined symbol: RIL_SAP_Init
08-23 13:22:14.185 1976 1976 D RILD : RIL_Init argc = 5 clientId = 0
08-23 13:22:14.185 1976 1976 D use-Rlog/RLOG-RIL: Created IPC FMT client
08-23 13:22:14.185 1976 1976 D use-Rlog/RLOG-RIL: Created IPC RFS client
08-23 13:22:14.185 1976 1976 D use-Rlog/RLOG-RIL: Created SRS client
08-23 13:22:14.185 1976 1976 D use-Rlog/RLOG-RIL-IPC: Starting i9300 modem boot
08-23 13:22:14.185 1976 1976 D use-Rlog/RLOG-RIL-IPC: Opened modem image device
08-23 13:22:14.185 1976 1976 D use-Rlog/RLOG-RIL-IPC: Mapped modem image data to memory
08-23 13:22:14.190 1976 1976 D use-Rlog/RLOG-RIL-IPC: Opened modem boot device
08-23 13:22:14.190 1976 1976 D use-Rlog/RLOG-RIL-IPC: Opened modem link device
08-23 13:22:14.400 1976 1976 D use-Rlog/RLOG-RIL-IPC: Turned the modem off
08-23 13:22:14.850 1976 1976 D use-Rlog/RLOG-RIL-IPC: Turned the modem on
08-23 13:22:15.100 1976 1976 D use-Rlog/RLOG-RIL-IPC: Waited for link connected
08-23 13:22:15.100 1976 1976 D use-Rlog/RLOG-RIL-IPC: Wrote ATAT in ASCII
08-23 13:22:15.100 1976 1976 D use-Rlog/RLOG-RIL-IPC: Read chip id (0x16)
08-23 13:22:15.100 1976 1976 D use-Rlog/RLOG-RIL-IPC: Wrote PSI header
08-23 13:22:15.110 1976 1976 D use-Rlog/RLOG-RIL-IPC: Wrote PSI, CRC is 0xc8
08-23 13:22:15.110 1976 1976 D use-Rlog/RLOG-RIL-IPC: Wrote PSI CRC (0xc8)
08-23 13:22:15.140 1976 1976 D use-Rlog/RLOG-RIL-IPC: Read PSI CRC ACK
08-23 13:22:15.155 1976 1976 D use-Rlog/RLOG-RIL-IPC: Read PSI ACK
08-23 13:22:15.155 1976 1976 D use-Rlog/RLOG-RIL-IPC: Sent XMM626 HSIC PSI
08-23 13:22:15.155 1976 1976 D use-Rlog/RLOG-RIL-IPC: Wrote EBL size
08-23 13:22:15.155 1976 1976 D use-Rlog/RLOG-RIL-IPC: Wrote EBL, CRC is 0xb5
08-23 13:22:15.155 1976 1976 D use-Rlog/RLOG-RIL-IPC: Wrote EBL CRC (0xb5)
08-23 13:22:15.185 1976 1976 D use-Rlog/RLOG-RIL-IPC: Sent XMM626 HSIC EBL
08-23 13:22:15.210 1976 1976 D use-Rlog/RLOG-RIL-IPC: Read port config
08-23 13:22:15.210 1976 1976 D use-Rlog/RLOG-RIL-IPC: Sent XMM626 HSIC port config
08-23 13:22:15.220 1976 1976 D use-Rlog/RLOG-RIL-IPC: Sent XMM626 HSIC SEC start
08-23 13:22:15.635 1976 1976 D use-Rlog/RLOG-RIL-IPC: Sent XMM626 HSIC firmware
08-23 13:22:15.635 1976 1976 D use-Rlog/RLOG-RIL-IPC: Checked nv_data path
08-23 13:22:15.635 1976 1976 D use-Rlog/RLOG-RIL-IPC: Checked nv_data md5 path
08-23 13:22:15.710 1976 1976 D use-Rlog/RLOG-RIL-IPC: Calculated nv_data md5: 5a330cf1e8accaad449be56996689d4a
08-23 13:22:15.710 1976 1976 D use-Rlog/RLOG-RIL-IPC: Read nv_data md5: 5a330cf1e8accaad449be56996689d4a
08-23 13:22:15.710 1976 1976 D use-Rlog/RLOG-RIL-IPC: Checked nv_data backup path
08-23 13:22:15.725 1976 1976 D use-Rlog/RLOG-RIL-IPC: Loaded nv_data
08-23 13:22:15.925 1976 1976 D use-Rlog/RLOG-RIL-IPC: Sent XMM626 HSIC nv_data
08-23 13:22:16.035 1976 1976 D use-Rlog/RLOG-RIL-IPC: Sent XMM626 HSIC SEC end
08-23 13:22:16.035 1976 1976 D use-Rlog/RLOG-RIL-IPC: Sent XMM626 HSIC HW reset
08-23 13:22:16.840 1976 1976 D use-Rlog/RLOG-RIL-IPC: Waiting for host wake failed
08-23 13:22:17.145 1976 1976 D use-Rlog/RLOG-RIL-IPC: Waited for host wake
08-23 13:22:17.725 1976 1976 D use-Rlog/RLOG-RIL-IPC: Waited for link connected
08-23 13:22:17.930 1984 1984 D TelephonyManager: /proc/cmdline=console=ttySAC2,115200 consoleblank=0 androidboot.hardware=smdk4x12 console=ram loglevel=4 sec_debug.level=0 sec_watchdog.sec_pet=5 androidboot.debug_level=0x4f4c sec_log=0x100000@0x46000000 s3cfb.bootloaderfb=0x5ec00000 lcdtype=96 consoleblank=0 lpcharge=0 lpj=3981312 vmalloc=144m oops=panic pmic_info=65 cordon=6f79d8258bdefb6eb7ae4f0df9d66813 connie=GT-I9300_OPEN_EUR_35a8bf4c92d58fb38e4d9c4ec195bf89 androidboot.emmc_checksum=3 androidboot.odin_download=1 androidboot.bootloader=I9300XXUGNG3 androidboot.serialno=3230158f0c5c802d snd_soc_core.pmdown_time=1000
08-23 13:22:18.060 1976 1976 D use-Rlog/RLOG-RIL: Opened IPC FMT client
08-23 13:22:18.060 1976 1976 D use-Rlog/RLOG-RIL: Started IPC FMT client loop
08-23 13:22:18.070 1976 1976 D use-Rlog/RLOG-RIL: Opened IPC RFS client
08-23 13:22:18.070 1976 1976 D use-Rlog/RLOG-RIL: Started IPC RFS client loop
08-23 13:22:18.070 1976 1976 D use-Rlog/RLOG-RIL-SRS: Started SRS server loop
08-23 13:22:18.070 1976 1976 D use-Rlog/RLOG-RIL: Opened SRS client
08-23 13:22:18.070 1976 1976 D use-Rlog/RLOG-RIL: Started SRS client loop
08-23 13:22:18.070 1976 1976 D RILD : RIL_Init rilInit completed
08-23 13:22:18.070 1976 2323 D use-Rlog/RLOG-RIL-IPC:
08-23 13:22:18.070 1976 2323 D use-Rlog/RLOG-RIL-IPC: xmm626_sec_modem_fmt_recv: Received FMT message
08-23 13:22:18.070 1976 2323 D use-Rlog/RLOG-RIL-IPC: xmm626_sec_modem_fmt_recv: Message: aseq=0xff, command=IPC_PWR_PHONE_PWR_UP, type=IPC_TYPE_NOTI, size=0
08-23 13:22:18.070 1976 2323 D use-Rlog/RLOG-RIL: Updating RIL radio state to 0
08-23 13:22:18.070 1976 2323 W RILC : RIL_onUnsolicitedResponse called before RIL_register
08-23 13:22:18.070 1976 2323 W RILC : RIL_onUnsolicitedResponse called before RIL_register
08-23 13:22:18.070 1976 2323 W RILC : RIL_onUnsolicitedResponse called before RIL_register
08-23 13:22:18.070 1976 2323 W RILC : RIL_onUnsolicitedResponse called before RIL_register
08-23 13:22:18.070 1976 2323 W RILC : RIL_onUnsolicitedResponse called before RIL_register
08-23 13:22:18.070 1976 2323 D use-Rlog/RLOG-RIL-IPC:
08-23 13:22:18.070 1976 2323 D use-Rlog/RLOG-RIL-IPC: xmm626_sec_modem_fmt_recv: Received FMT message
08-23 13:22:18.070 1976 2323 D use-Rlog/RLOG-RIL-IPC: xmm626_sec_modem_fmt_recv: Message: aseq=0x00, command=IPC_MISC_ME_IMSI, type=IPC_TYPE_NOTI, size=16
08-23 13:22:18.070 1976 2323 D use-Rlog/RLOG-RIL-IPC: ================================= IPC FMT data =================================
08-23 13:22:18.070 1976 2323 D use-Rlog/RLOG-RIL-IPC: [0000] 0F 30 30 30 30 30 30 30 30 30 30 30 30 30 30 30 .0000000 00000000
08-23 13:22:18.070 1976 2323 D use-Rlog/RLOG-RIL-IPC: ================================================================================
08-23 13:22:18.070 1976 2323 D use-Rlog/RLOG-RIL-IPC:
08-23 13:22:18.070 1976 2323 D use-Rlog/RLOG-RIL-IPC: xmm626_sec_modem_fmt_recv: Received FMT message
08-23 13:22:18.070 1976 2323 D use-Rlog/RLOG-RIL-IPC: xmm626_sec_modem_fmt_recv: Message: aseq=0xff, command=IPC_SEC_SIM_ICC_TYPE, type=IPC_TYPE_NOTI, size=1
08-23 13:22:18.070 1976 2323 D use-Rlog/RLOG-RIL-IPC: ================================= IPC FMT data =================================
08-23 13:22:18.070 1976 2323 D use-Rlog/RLOG-RIL-IPC: [0000] 00 .
08-23 13:22:18.070 1976 2323 D use-Rlog/RLOG-RIL-IPC: ================================================================================
08-23 13:22:18.070 1976 2323 D use-Rlog/RLOG-RIL-IPC:
08-23 13:22:18.070 1976 2323 D use-Rlog/RLOG-RIL-IPC: xmm626_sec_modem_fmt_recv: Received FMT message
08-23 13:22:18.070 1976 2323 D use-Rlog/RLOG-RIL-IPC: xmm626_sec_modem_fmt_recv: Message: aseq=0x00, command=IPC_SEC_PIN_STATUS, type=IPC_TYPE_NOTI, size=2
08-23 13:22:18.070 1976 2323 D use-Rlog/RLOG-RIL-IPC: ================================= IPC FMT data =================================
08-23 13:22:18.070 1976 2323 D use-Rlog/RLOG-RIL-IPC: [0000] 80 00 ..
08-23 13:22:18.070 1976 2323 D use-Rlog/RLOG-RIL-IPC: ================================================================================
08-23 13:22:18.070 1976 2323 D use-Rlog/RLOG-RIL-IPC:
08-23 13:22:18.070 1976 2323 D use-Rlog/RLOG-RIL-IPC: xmm626_sec_modem_fmt_recv: Received FMT message
08-23 13:22:18.070 1976 2323 D use-Rlog/RLOG-RIL-IPC: xmm626_sec_modem_fmt_recv: Message: aseq=0xff, command=IPC_NET_REGIST, type=IPC_TYPE_NOTI, size=11
08-23 13:22:18.070 1976 2323 D use-Rlog/RLOG-RIL-IPC: ================================= IPC FMT data =================================
08-23 13:22:18.070 1976 2323 D use-Rlog/RLOG-RIL-IPC: [0000] FF 02 01 00 00 00 00 00 00 00 00 ........ ...
08-23 13:22:18.070 1976 2323 D use-Rlog/RLOG-RIL-IPC: ================================================================================
08-23 13:22:18.070 1976 2323 D use-Rlog/RLOG-RIL-IPC:
08-23 13:22:18.070 1976 2323 D use-Rlog/RLOG-RIL-IPC: xmm626_sec_modem_fmt_recv: Received FMT message
08-23 13:22:18.070 1976 2323 D use-Rlog/RLOG-RIL-IPC: xmm626_sec_modem_fmt_recv: Message: aseq=0xff, command=IPC_NET_REGIST, type=IPC_TYPE_NOTI, size=11
08-23 13:22:18.070 1976 2323 D use-Rlog/RLOG-RIL-IPC: ================================= IPC FMT data =================================
08-23 13:22:18.070 1976 2323 D use-Rlog/RLOG-RIL-IPC: [0000] FF 03 01 00 00 00 00 00 00 00 00 ........ ...
08-23 13:22:18.070 1976 2323 D use-Rlog/RLOG-RIL-IPC: ================================================================================
08-23 13:22:18.070 1976 2323 D use-Rlog/RLOG-RIL-IPC:
08-23 13:22:18.070 1976 2323 D use-Rlog/RLOG-RIL-IPC: xmm626_sec_modem_fmt_recv: Received FMT message
08-23 13:22:18.070 1976 2323 D use-Rlog/RLOG-RIL-IPC: xmm626_sec_modem_fmt_recv: Message: aseq=0x00, command=IPC_DISP_ICON_INFO, type=IPC_TYPE_NOTI, size=4
08-23 13:22:18.070 1976 2323 D use-Rlog/RLOG-RIL-IPC: ================================= IPC FMT data =================================
08-23 13:22:18.070 1976 2323 D use-Rlog/RLOG-RIL-IPC: [0000] FF 00 00 00 ....
08-23 13:22:18.070 1976 2323 D use-Rlog/RLOG-RIL-IPC: ================================================================================
08-23 13:22:18.070 1976 1976 I RILC : SIM_COUNT: 1
08-23 13:22:18.070 1976 1976 E RILC : RIL_register: RIL version 11
08-23 13:22:18.070 1976 1976 I RILC : s_registerCalled flag set, 1
08-23 13:22:18.070 1976 1976 I RILC : Start to listen RIL_SOCKET_1
08-23 13:22:18.070 1976 1976 D RILD : RIL_Init RIL_register completed
08-23 13:22:18.070 1976 1976 D RILD : RIL_register_socket completed
08-23 13:22:18.070 1976 1976 D RILD : RIL_Init starting sleep loop
08-23 13:22:31.570 2348 2360 D TelephonyRegistry: listen oscl: hasNotifySubscriptionInfoChangedOccurred==false no callback
08-23 13:22:33.170 2348 2348 D TelephonyRegistry: systemRunning register for intents
08-23 13:22:34.445 2883 2883 D TelephonyPluginDelegate: Extension = @/system/framework/
08-23 13:22:34.445 2883 2883 D TelephonyPluginDelegate: classLoader = dalvik.system.PathClassLoader[DexPathList[[directory "/system/framework"],nativeLibraryDirectories=[/vendor/lib, /system/lib]]]
08-23 13:22:34.445 2883 2883 D TelephonyPluginDelegate: No customized TelephonyPlugin available, fallback to default
08-23 13:22:34.445 2883 2883 D TelephonyPluginDelegate: cls = class com.android.internal.telephony.DefaultTelephonyPlugin
08-23 13:22:34.445 2883 2883 D TelephonyPluginDelegate: constructor method = public com.android.internal.telephony.DefaultTelephonyPlugin()
08-23 13:22:34.455 2883 2883 D TDC : updateOrInsert: inserting: Modem { uuid=modem, state=0, rilModel=0, rat={}, maxActiveVoiceCall=1, maxActiveDataCall=1, maxStandby=1 }
08-23 13:22:34.455 2883 2883 D TDC : updateOrInsert: inserting: Sim { uuid=sim, modemUuid=modem, state=0 }
08-23 13:22:34.465 2883 2883 D TelephonyManager: getLteOnCdmaMode=0 curVal=-1 product_type='' lteOnCdmaProductType=''
08-23 13:22:34.475 2883 2883 D CdmaSSM : subscriptionSource from settings: 0
08-23 13:22:34.475 2883 2883 I PhoneFactory: Cdma Subscription set to 0
08-23 13:22:34.485 2883 2883 I PhoneFactory: RILClassname is RIL
08-23 13:22:34.490 2883 2883 I PhoneFactory: Network Mode set to 0
08-23 13:22:34.495 2883 2883 D RILJ : RIL(context, preferredNetworkType=0 cdmaSubscription=0)
08-23 13:22:34.500 2883 2883 D RILJ : Starting RILReceiver0 [SUB0]
08-23 13:22:34.505 1976 2008 I RILC : libril: new connection to RIL_SOCKET_1
08-23 13:22:34.505 1976 2008 I RILC : RIL Daemon version: Samsung-RIL
08-23 13:22:34.505 2883 2969 I RILJ : (0) Connected to 'rild' socket
08-23 13:22:34.505 2883 2883 D RILJ : [3648]> GET_HARDWARE_CONFIG [SUB0]
08-23 13:22:34.505 2883 2969 D RILJ : [UNSL]< UNSOL_RIL_CONNECTED {11} [SUB0]
08-23 13:22:34.505 2883 2969 D RILJ : [3649]> RADIO_POWER off [SUB0]
08-23 13:22:34.525 2883 2883 I PhoneFactory: Creating SubscriptionController
08-23 13:22:34.525 1976 2008 D use-Rlog/RLOG-RIL: 1 RIL request in the queue (1 pending, 0 handled, 0 unhandled)
08-23 13:22:34.525 1976 2328 D use-Rlog/RLOG-RIL: Unhandled RIL request: 124
08-23 13:22:34.525 1976 2328 D use-Rlog/RLOG-RIL: 0 RIL request in the queue (0 pending, 0 handled, 0 unhandled)
08-23 13:22:34.525 2883 2969 D RILJ : [3650]> RIL_REQUEST_CDMA_SET_SUBSCRIPTION_SOURCE : 0 [SUB0]
08-23 13:22:34.525 1976 2008 D use-Rlog/RLOG-RIL: 1 RIL request in the queue (1 pending, 0 handled, 0 unhandled)
08-23 13:22:34.525 1976 2328 D use-Rlog/RLOG-RIL: Requesting low power mode power state
08-23 13:22:34.525 1976 2328 D use-Rlog/RLOG-RIL-IPC:
08-23 13:22:34.525 1976 2328 D use-Rlog/RLOG-RIL-IPC: xmm626_sec_modem_fmt_send: Sent FMT message
08-23 13:22:34.525 1976 2328 D use-Rlog/RLOG-RIL-IPC: xmm626_sec_modem_fmt_send: Message: mseq=0x01, command=IPC_PWR_PHONE_STATE, type=IPC_TYPE_EXEC, size=2
08-23 13:22:34.525 1976 2328 D use-Rlog/RLOG-RIL-IPC: ================================= IPC FMT data =================================
08-23 13:22:34.525 1976 2328 D use-Rlog/RLOG-RIL-IPC: [0000] 01 00 ..
08-23 13:22:34.525 1976 2328 D use-Rlog/RLOG-RIL-IPC: ================================================================================
08-23 13:22:34.525 2883 2883 D SubscriptionController: [SubscriptionController] init by Context
08-23 13:22:34.530 2883 2969 D RILJ : setCellInfoListRate: 2147483647 [SUB0]
08-23 13:22:34.530 2883 2969 D RILJ : [3651]> RIL_REQUEST_SET_CELL_INFO_LIST_RATE [SUB0]
08-23 13:22:34.530 1976 2008 D use-Rlog/RLOG-RIL: 2 RIL requests in the queue (1 pending, 1 handled, 0 unhandled)
08-23 13:22:34.530 1976 2328 D use-Rlog/RLOG-RIL: Unhandled RIL request: 77
08-23 13:22:34.530 1976 2328 D use-Rlog/RLOG-RIL: 1 RIL request in the queue (0 pending, 1 handled, 0 unhandled)
08-23 13:22:34.530 2883 2969 D RILJ : [UNSL]< UNSOL_RESPONSE_RADIO_STATE_CHANGED RADIO_OFF [SUB0]
08-23 13:22:34.530 2883 2969 D RILJ : [3652]> SCREEN_STATE: true [SUB0]
08-23 13:22:34.535 2883 2883 D UiccController: Creating UiccController
08-23 13:22:34.535 1976 2008 D use-Rlog/RLOG-RIL: 2 RIL requests in the queue (1 pending, 1 handled, 0 unhandled)
08-23 13:22:34.535 1976 2328 D use-Rlog/RLOG-RIL: Unhandled RIL request: 110
08-23 13:22:34.535 1976 2328 D use-Rlog/RLOG-RIL: 1 RIL request in the queue (0 pending, 1 handled, 0 unhandled)
08-23 13:22:34.535 2883 2969 D RilRequest: [3648]< GET_HARDWARE_CONFIG error: com.android.internal.telephony.CommandException: REQUEST_NOT_SUPPORTED ret=
08-23 13:22:34.535 2883 2969 D RilRequest: [3650]< RIL_REQUEST_CDMA_SET_SUBSCRIPTION_SOURCE error: com.android.internal.telephony.CommandException: REQUEST_NOT_SUPPORTED ret=
08-23 13:22:34.535 2883 2969 D RilRequest: [3651]< RIL_REQUEST_SET_CELL_INFO_LIST_RATE error: com.android.internal.telephony.CommandException: REQUEST_NOT_SUPPORTED ret=
08-23 13:22:34.535 1976 2008 D use-Rlog/RLOG-RIL: 2 RIL requests in the queue (1 pending, 1 handled, 0 unhandled)
08-23 13:22:34.570 2883 2883 D TelephonyTester: register for intent action=com.android.internal.telephony.gsm.action_detached
08-23 13:22:34.570 2883 2883 D TelephonyTester: register for intent action=com.android.internal.telephony.gsm.action_attached
08-23 13:22:34.590 2883 2883 D PhoneBase: mDoesRilSendMultipleCallRing=false
08-23 13:22:34.590 2883 2883 D PhoneBase: mCallRingDelay=3000
08-23 13:22:34.595 2883 2883 D RILJ : [3653]> RIL_REQUEST_START_LCE [SUB0]
08-23 13:22:34.595 2883 2883 D PhoneBase: mOosIsDisconnect=true
08-23 13:22:34.595 2883 2883 D RILJ : setPhoneType=1 old value=0 [SUB0]
08-23 13:22:34.595 1976 2008 D use-Rlog/RLOG-RIL: 3 RIL requests in the queue (1 pending, 1 handled, 1 unhandled)
08-23 13:22:34.595 1976 2328 D use-Rlog/RLOG-RIL: Unhandled RIL request: 132
08-23 13:22:34.600 1976 2328 D use-Rlog/RLOG-RIL: 2 RIL requests in the queue (0 pending, 1 handled, 1 unhandled)
08-23 13:22:34.600 2883 2969 D RilRequest: [3653]< RIL_REQUEST_START_LCE error: com.android.internal.telephony.CommandException: REQUEST_NOT_SUPPORTED ret=
08-23 13:22:34.610 2348 2934 D TelephonyRegistry: listen oscl: hasNotifySubscriptionInfoChangedOccurred==false no callback
08-23 13:22:34.610 2883 2883 D TelephonyManager: setTelephonyProperty: success phoneId=0 property=gsm.network.type value: Unknown propVal=Unknown
08-23 13:22:34.620 2883 2883 D RILJ : [3654]> SIGNAL_STRENGTH [SUB0]
08-23 13:22:34.620 1976 2008 D use-Rlog/RLOG-RIL: 3 RIL requests in the queue (1 pending, 1 handled, 1 unhandled)
08-23 13:22:34.625 1976 2323 D use-Rlog/RLOG-RIL-IPC:
08-23 13:22:34.625 1976 2323 D use-Rlog/RLOG-RIL-IPC: xmm626_sec_modem_fmt_recv: Received FMT message
08-23 13:22:34.625 1976 2323 D use-Rlog/RLOG-RIL-IPC: xmm626_sec_modem_fmt_recv: Message: aseq=0x01, command=IPC_GEN_PHONE_RES, type=IPC_TYPE_RESP, size=5
08-23 13:22:34.625 1976 2323 D use-Rlog/RLOG-RIL-IPC: ================================= IPC FMT data =================================
08-23 13:22:34.625 1976 2323 D use-Rlog/RLOG-RIL-IPC: [0000] 01 07 01 00 80 .....
08-23 13:22:34.625 1976 2323 D use-Rlog/RLOG-RIL-IPC: ================================================================================
08-23 13:22:34.625 1976 2323 D use-Rlog/RLOG-RIL: Generic response was expected
08-23 13:22:34.625 1976 2323 D use-Rlog/RLOG-RIL-IPC:
08-23 13:22:34.625 1976 2323 D use-Rlog/RLOG-RIL-IPC: xmm626_sec_modem_fmt_recv: Received FMT message
08-23 13:22:34.625 1976 2323 D use-Rlog/RLOG-RIL-IPC: xmm626_sec_modem_fmt_recv: Message: aseq=0x01, command=IPC_PWR_PHONE_STATE, type=IPC_TYPE_NOTI, size=1
08-23 13:22:34.625 1976 2323 D use-Rlog/RLOG-RIL-IPC: ================================= IPC FMT data =================================
08-23 13:22:34.625 1976 2323 D use-Rlog/RLOG-RIL-IPC: [0000] 01 .
08-23 13:22:34.625 1976 2323 D use-Rlog/RLOG-RIL-IPC: ================================================================================
08-23 13:22:34.625 1976 2323 D use-Rlog/RLOG-RIL: Power state is low power mode
08-23 13:22:34.625 1976 2323 D use-Rlog/RLOG-RIL: 2 RIL requests in the queue (0 pending, 0 handled, 2 unhandled)
08-23 13:22:34.625 2883 2969 D RILJ : [3649]< RADIO_POWER [SUB0]
08-23 13:22:34.635 2883 2883 D : [0]DCT.constructor
08-23 13:22:34.635 2883 2883 D SubscriptionController: [getSubId]- sSlotIdxToSubId.size == 0, return DummySubIds slotIdx=0
08-23 13:22:34.635 2883 2883 D : [0]getDataEnabled: getIntWithSubId retVal=false
08-23 13:22:34.665 2348 2805 D TelephonyRegistry: listen oscl: hasNotifySubscriptionInfoChangedOccurred==false no callback
08-23 13:22:34.670 2883 2883 D Dcc : E ctor
08-23 13:22:34.670 2883 2883 D Dcc : X ctor
08-23 13:22:34.675 2883 2883 D SubscriptionController: [getPhoneId] asked for default subId=-1
08-23 13:22:34.675 2883 2883 D SubscriptionController: [getPhoneId]- invalid subId return=-1
08-23 13:22:34.675 2883 3003 D DcTesterDeacativeAll: register for intent action=com.android.internal.telephony.dataconnection.action_deactivate_all
08-23 13:22:34.675 2883 3003 D DcTesterDeacativeAll: register for intent action=com.android.internal.telephony.gsm.action_detached
08-23 13:22:34.675 2883 3003 D Dcc : DccDefaultState: msg.what=EVENT_RIL_CONNECTED mRilVersion=11
08-23 13:22:34.675 2883 2883 D DcTesterFailBrinupAll: register for intent action=com.android.internal.telephony.dataconnection.action_fail_bringup
08-23 13:22:34.675 2883 2883 D DcTesterFailBrinupAll: register for intent action=com.android.internal.telephony.gsm.action_detached
08-23 13:22:34.675 2883 2883 D DcTesterFailBrinupAll: register for intent action=com.android.internal.telephony.gsm.action_attached
08-23 13:22:34.680 2883 2883 D DCT : [0]GsmDCT.constructor
08-23 13:22:34.680 2883 2883 D GsmSST : [GsmSST] notifyDataRegStateRilRadioTechnologyChanged: drs=1 rat=0
08-23 13:22:34.680 2883 2883 D TelephonyManager: setTelephonyProperty: success phoneId=0 property=gsm.network.type value: Unknown propVal=Unknown
08-23 13:22:34.680 2883 2883 D SubscriptionController: [getSubId]- sSlotIdxToSubId.size == 0, return DummySubIds slotIdx=0
08-23 13:22:34.680 2883 2883 D DCT : [0]update sub = -2
08-23 13:22:34.680 2883 2883 D DCT : [0]update(): Active DDS, register for all events now!
08-23 13:22:34.685 2883 2883 D DCT : [0]onUpdateIcc: newIccRecords null
08-23 13:22:34.685 2883 2883 D DCT : [0]getDataEnabled: getIntWithSubId retVal=false
08-23 13:22:34.690 2883 2883 D SubscriptionController: [getSubId]- sSlotIdxToSubId.size == 0, return DummySubIds slotIdx=0
08-23 13:22:34.690 2883 2883 D GSMPhone: [GSMPhone] updateCurrentCarrierInProvider: mSubId = -2 currentDds = -1 operatorNumeric = null
08-23 13:22:34.695 2883 2883 D DCT : [0]initApnContexts: E
08-23 13:22:34.695 2883 2883 D DCT : [0]initApnContexts: skipping unknown type=1
08-23 13:22:34.695 2883 2883 D DCT : [0]initApnContexts: apnContext={mApnType=default mState=IDLE mWaitingApns={null} mWaitingApnsPermanentFailureCountDown=0 mApnSetting={null} mReason=dataEnabled mDataEnabled=false mDependencyMet=true}
08-23 13:22:34.695 2883 2883 D DCT : [0]initApnContexts: apnContext={mApnType=mms mState=IDLE mWaitingApns={null} mWaitingApnsPermanentFailureCountDown=0 mApnSetting={null} mReason=dataEnabled mDataEnabled=false mDependencyMet=true}
08-23 13:22:34.695 2883 2883 D DCT : [0]initApnContexts: apnContext={mApnType=supl mState=IDLE mWaitingApns={null} mWaitingApnsPermanentFailureCountDown=0 mApnSetting={null} mReason=dataEnabled mDataEnabled=false mDependencyMet=true}
08-23 13:22:34.695 2883 2883 D DCT : [0]initApnContexts: apnContext={mApnType=dun mState=IDLE mWaitingApns={null} mWaitingApnsPermanentFailureCountDown=0 mApnSetting={null} mReason=dataEnabled mDataEnabled=false mDependencyMet=true}
08-23 13:22:34.695 2883 2883 D DCT : [0]initApnContexts: apnContext={mApnType=hipri mState=IDLE mWaitingApns={null} mWaitingApnsPermanentFailureCountDown=0 mApnSetting={null} mReason=dataEnabled mDataEnabled=false mDependencyMet=true}
08-23 13:22:34.695 2883 2883 D DCT : [0]initApnContexts: skipping unknown type=7
08-23 13:22:34.695 2883 2883 D DCT : [0]initApnContexts: skipping unknown type=13
08-23 13:22:34.695 2883 2883 D DCT : [0]initApnContexts: X mApnContexts={default={mApnType=default mState=IDLE mWaitingApns={null} mWaitingApnsPermanentFailureCountDown=0 mApnSetting={null} mReason=dataEnabled mDataEnabled=false mDependencyMet=true}, mms={mApnType=mms mState=IDLE mWaitingApns={null} mWaitingApnsPermanentFailureCountDown=0 mApnSetting={null} mReason=dataEnabled mDataEnabled=false mDependencyMet=true}, supl={mApnType=supl mState=IDLE mWaitingApns={null} mWaitingApnsPermanentFailureCountDown=0 mApnSetting={null} mReason=dataEnabled mDataEnabled=false mDependencyMet=true}, dun={mApnType=dun mState=IDLE mWaitingApns={null} mWaitingApnsPermanentFailureCountDown=0 mApnSetting={null} mReason=dataEnabled mDataEnabled=false mDependencyMet=true}, hipri={mApnType=hipri mState=IDLE mWaitingApns={null} mWaitingApnsPermanentFailureCountDown=0 mApnSetting={null} mReason=dataEnabled mDataEnabled=false mDependencyMet=true}}
08-23 13:22:34.755 2883 2883 D TelephonyManager: setTelephonyProperty: success phoneId=0 property=gsm.current.phone-type value: 1 propVal=1
08-23 13:22:34.760 2883 2883 D GSMPhone: [GSMPhone] GSMPhone: constructor: sub = 0
08-23 13:22:34.760 2883 2883 D TelephonyManager: setTelephonyProperty: success phoneId=0 property=gsm.current.phone-type value: 1 propVal=1
08-23 13:22:34.760 2883 2883 D SubscriptionController: [getSubId]- sSlotIdxToSubId.size == 0, return DummySubIds slotIdx=0
08-23 13:22:34.760 2883 2883 I PhoneFactory: Creating Phone with type = 1 sub = 0
08-23 13:22:34.770 2883 2883 E RIL_ImsSms: getFormat should never be called from here!
08-23 13:22:34.770 2883 2883 D SMSDispatcher: SMSDispatcher: ctor mSmsCapable=true format=unknown mSmsSendDisabled=false
08-23 13:22:34.770 2883 2883 D RIL_ImsSms: ImsSMSDispatcher created
08-23 13:22:34.770 2883 2883 D SMSDispatcher: SMSDispatcher: ctor mSmsCapable=true format=3gpp2 mSmsSendDisabled=false
08-23 13:22:34.770 2883 2883 D CdmaSMSDispatcher: CdmaSMSDispatcher created
08-23 13:22:34.860 2883 2883 D GsmInboundSmsHandler: created InboundSmsHandler
08-23 13:22:34.890 2883 2883 D CdmaInboundSmsHandler: created InboundSmsHandler
08-23 13:22:34.900 2883 2883 D SMSDispatcher: SMSDispatcher: ctor mSmsCapable=true format=3gpp mSmsSendDisabled=false
08-23 13:22:34.900 2883 2883 D GsmSMSDispatcher: GsmSMSDispatcher created
08-23 13:22:34.930 2883 3048 D SmsBroadcastUndelivered: scanning raw table for undelivered messages
08-23 13:22:34.935 2883 2883 D IccCardProxy: ctor: ci=com.android.internal.telephony.RIL@c608470 phoneId=0
08-23 13:22:34.935 2883 2883 D CdmaSSM : subscriptionSource from settings: 0
08-23 13:22:34.935 2883 2883 D CdmaSSM : cdmaSSM constructor: 0
08-23 13:22:34.935 2883 2883 D IccCardProxy: update icc_operator_numeric=
08-23 13:22:34.935 2883 2883 D TelephonyManager: setTelephonyProperty: success phoneId=0 property=gsm.sim.operator.numeric value: propVal=
08-23 13:22:34.935 2883 2883 D TelephonyManager: setTelephonyProperty: success phoneId=0 property=gsm.sim.operator.iso-country value: propVal=
08-23 13:22:34.935 2883 2883 D TelephonyManager: setTelephonyProperty: success phoneId=0 property=gsm.sim.operator.alpha value: propVal=
08-23 13:22:34.935 2883 2883 E IccCardProxy: setExternalState: set mPhoneId=0 mExternalState=NOT_READY
08-23 13:22:34.935 2883 2883 D TelephonyManager: setTelephonyProperty: success phoneId=0 property=gsm.sim.state value: NOT_READY propVal=NOT_READY
08-23 13:22:34.940 2883 2883 D SubscriptionController: [getSubId]- sSlotIdxToSubId.size == 0, return DummySubIds slotIdx=0
08-23 13:22:34.940 2883 2883 D IccCardProxy: broadcastIccStateChangedIntent intent ACTION_SIM_STATE_CHANGED value=NOT_READY reason=null for mPhoneId=0
08-23 13:22:34.945 2883 2883 D IccCardProxy: Setting radio tech UMTS
08-23 13:22:34.945 2883 2883 D IccCardProxy: updateQuietMode: 3GPP subscription -> newQuietMode=false
08-23 13:22:34.945 2883 2883 D IccCardProxy: updateQuietMode: no changes don't setExternalState
08-23 13:22:34.945 2883 2883 D IccCardProxy: updateQuietMode: QuietMode is false (app_type=1 cdmaSource=-1)
08-23 13:22:34.980 2883 2883 D ProxyController: Constructor - Enter
08-23 13:22:34.980 2883 2883 D DctController: makeDctController: new DctController phones.length=1
08-23 13:22:34.980 2883 2883 D DctController: DctController(): phones.length=1
08-23 13:22:35.000 2883 2883 D DcSwitchSM: [DcSwitchStateMachine-0] DcSwitchState constructor E
08-23 13:22:35.005 2883 2883 D DcSwitchSM: [DcSwitchStateMachine-0] DcSwitchState constructor X
08-23 13:22:35.005 2883 3062 D DcSwitchSM: [DcSwitchStateMachine-0] IdleState: enter
08-23 13:22:35.015 2883 2883 D DctController: DctController(phones): Connect success: 0
08-23 13:22:35.015 2883 2883 D DctController: updatePhoneBaseForIndex for phone index=0
08-23 13:22:35.015 2883 2883 D DctController: unregister TelephonyNetworkFactory for phone index=0
08-23 13:22:35.030 2883 2883 D SubscriptionController: [getSubId]- sSlotIdxToSubId.size == 0, return DummySubIds slotIdx=0
08-23 13:22:35.030 2883 2883 D DctController: [TNF -2]NetworkCapabilities: [ Transports: CELLULAR Capabilities: MMS&SUPL&DUN&FOTA&IMS&CBS&IA&RCS&XCAP&EIMS&INTERNET&NOT_RESTRICTED&TRUSTED&NOT_VPN]
08-23 13:22:35.030 2883 3048 D SmsBroadcastUndelivered: finished scanning raw table in 96 ms
08-23 13:22:35.030 2883 3015 D GsmInboundSmsHandler: StartupState.processMessage:6
08-23 13:22:35.030 2883 3015 D GsmInboundSmsHandler: entering Idle state
08-23 13:22:35.030 2883 3041 D CdmaInboundSmsHandler: StartupState.processMessage:6
08-23 13:22:35.030 2883 3041 D CdmaInboundSmsHandler: entering Idle state
08-23 13:22:35.030 2883 3015 D GsmInboundSmsHandler: IdleState.processMessage:5
08-23 13:22:35.030 2883 3015 D GsmInboundSmsHandler: Idle state processing message type 5
08-23 13:22:35.030 2883 3041 D CdmaInboundSmsHandler: IdleState.processMessage:5
08-23 13:22:35.030 2883 3041 D CdmaInboundSmsHandler: Idle state processing message type 5
08-23 13:22:35.035 2883 3041 D CdmaInboundSmsHandler: mWakeLock released wakelockcount = 0
08-23 13:22:35.035 2348 2827 D TelephonyRegistry: listen oscl: hasNotifySubscriptionInfoChangedOccurred==false no callback
08-23 13:22:35.035 2883 2883 D DctController: makeDctController: X sDctController=Handler (com.android.internal.telephony.dataconnection.DctController) {2bec1d2}
08-23 13:22:35.040 2883 3015 D GsmInboundSmsHandler: mWakeLock released wakelockcount = 0
08-23 13:22:35.040 2883 2883 D ProxyController: clearTransaction
08-23 13:22:35.040 2883 2883 D ProxyController: clearTransaction: phoneId=0 status=IDLE
08-23 13:22:35.040 2883 2883 D ProxyController: Constructor - Exit
08-23 13:22:35.050 2348 2917 D TelephonyRegistry: listen oscl: hasNotifySubscriptionInfoChangedOccurred==false no callback
08-23 13:22:35.085 2883 2883 I PhoneFactory: defaultSmsApplication: com.android.messaging
08-23 13:22:35.085 2883 2883 I PhoneFactory: Creating SubInfoRecordUpdater
08-23 13:22:35.085 2883 2883 D SubscriptionInfoUpdater: Constructor invoked
08-23 13:22:35.090 2883 2915 D SubscriptionController: [getActiveSubInfoList]+
08-23 13:22:35.090 2883 2915 D SubscriptionController: [getActiveSubInfoList] Sub Controller not ready
08-23 13:22:35.100 2883 2913 D SubscriptionController: [getActiveSubInfoList]+
08-23 13:22:35.100 2883 2913 D SubscriptionController: [getActiveSubInfoList] Sub Controller not ready
08-23 13:22:35.125 2883 2883 D SubscriptionController: [getSubId]- sSlotIdxToSubId.size == 0, return DummySubIds slotIdx=0
08-23 13:22:35.125 2883 2883 D SubscriptionController: [getActiveSubInfoList]+
08-23 13:22:35.130 2883 2883 D SubscriptionController: selection:sim_id>=0 null
08-23 13:22:35.135 2883 2883 D SubscriptionController: [getActiveSubInfoList]- no info return
08-23 13:22:35.135 2883 2883 D SubscriptionController: [getActiveSubInfoForSubscriber]- subId=-2 subList=null subInfo=null
08-23 13:22:35.135 2883 2883 E SubscriptionController: getUserNwMode: invalid subId = -2
08-23 13:22:35.135 2883 2883 D CallManager: registerPhone(GSM Handler (com.android.internal.telephony.PhoneProxy) {6b3d5ff})
08-23 13:22:35.140 2883 2883 D RILJ : [3655]> SET_SUPP_SVC_NOTIFICATION [SUB0]
08-23 13:22:35.140 1976 2008 D use-Rlog/RLOG-RIL: 3 RIL requests in the queue (1 pending, 0 handled, 2 unhandled)
08-23 13:22:35.140 1976 2328 D use-Rlog/RLOG-RIL: Unhandled RIL request: 62
08-23 13:22:35.140 1976 2328 D use-Rlog/RLOG-RIL: 2 RIL requests in the queue (0 pending, 0 handled, 2 unhandled)
08-23 13:22:35.140 2883 2969 D RilRequest: [3655]< SET_SUPP_SVC_NOTIFICATION error: com.android.internal.telephony.CommandException: REQUEST_NOT_SUPPORTED ret=
08-23 13:22:35.190 2348 2360 D TelephonyRegistry: listen oscl: hasNotifySubscriptionInfoChangedOccurred==false no callback
08-23 13:22:35.295 2348 2348 D TelephonyRegistry: notifyCellLocationForSubscriber: subId=0 cellLocation=Bundle[{}]
08-23 13:22:35.305 2883 2913 D SubscriptionController: [getPhoneId]- no sims, returning default phoneId=2147483647
08-23 13:22:35.440 2883 2883 D RILJ : [3656]> RIL_REQUEST_SET_TTY_MODE : 0 [SUB0]
08-23 13:22:35.440 1976 2008 D use-Rlog/RLOG-RIL: 3 RIL requests in the queue (1 pending, 0 handled, 2 unhandled)
08-23 13:22:35.440 1976 2328 D use-Rlog/RLOG-RIL: Unhandled RIL request: 80
08-23 13:22:35.440 1976 2328 D use-Rlog/RLOG-RIL: 2 RIL requests in the queue (0 pending, 0 handled, 2 unhandled)
08-23 13:22:35.440 2883 2969 D RilRequest: [3656]< RIL_REQUEST_SET_TTY_MODE error: com.android.internal.telephony.CommandException: REQUEST_NOT_SUPPORTED ret=
08-23 13:22:35.445 2348 2917 D TelephonyRegistry: listen oscl: hasNotifySubscriptionInfoChangedOccurred==false no callback
08-23 13:22:35.445 2883 2883 D SubscriptionController: [getPhoneId] asked for default subId=-1
08-23 13:22:35.445 2883 2883 D SubscriptionController: [getPhoneId]- invalid subId return=-1
08-23 13:22:35.445 2883 2883 D PhoneBase: config LCE service failed: com.android.internal.telephony.CommandException: REQUEST_NOT_SUPPORTED
08-23 13:22:35.445 2883 2883 D GsmSST : [GsmSST] mDeviceShuttingDown = false
08-23 13:22:35.445 2883 2883 D GsmSST : [GsmSST] mDesiredPowerState = true
08-23 13:22:35.445 2883 2883 D GsmSST : [GsmSST] getRadioState = RADIO_OFF
08-23 13:22:35.445 2883 2883 D GsmSST : [GsmSST] mPowerOffDelayNeed = true
08-23 13:22:35.445 2883 2883 D GsmSST : [GsmSST] mAlarmSwitch = false
08-23 13:22:35.445 2883 2883 D RILJ : [3657]> RADIO_POWER on [SUB0]
08-23 13:22:35.450 2883 2883 D PHONE : [ServiceState] setNullState=3
08-23 13:22:35.450 2883 2883 D GsmSST : [GsmSST] set service state as POWER_OFF
08-23 13:22:35.450 2883 2883 D PHONE : [ServiceState] setNullState=3
08-23 13:22:35.450 2883 2883 D GsmSST : [GsmSST] Poll ServiceState done: oldSS=[1 1 voice home data home null null null null null null Unknown Unknown CSS not supported 0 0 RoamInd=0 DefRoamInd=0 EmergOnly=false IsDataRoamingFromRegistration=false] newSS=[3 3 voice home data home null null null null null null Unknown Unknown CSS not supported -1 -1 RoamInd=-1 DefRoamInd=-1 EmergOnly=false IsDataRoamingFromRegistration=false] oldMaxDataCalls=1 mNewMaxDataCalls=1 oldReasonDataDenied=-1 mNewReasonDataDenied=-1
08-23 13:22:35.450 2883 2883 D PHONE : [ServiceState] setNullState=1
08-23 13:22:35.450 2883 2883 D GsmSST : [GsmSST] updateSpnDisplay: radio is off w/ showPlmn=true plmn=No service.
08-23 13:22:35.450 1976 2008 D use-Rlog/RLOG-RIL: 3 RIL requests in the queue (1 pending, 0 handled, 2 unhandled)
08-23 13:22:35.450 1976 2328 D use-Rlog/RLOG-RIL: Requesting normal power state
08-23 13:22:35.450 1976 2328 D use-Rlog/RLOG-RIL-IPC:
08-23 13:22:35.450 1976 2328 D use-Rlog/RLOG-RIL-IPC: xmm626_sec_modem_fmt_send: Sent FMT message
08-23 13:22:35.450 2883 2883 D SubscriptionController: [getSubId]- sSlotIdxToSubId.size == 0, return DummySubIds slotIdx=0
08-23 13:22:35.450 1976 2328 D use-Rlog/RLOG-RIL-IPC: xmm626_sec_modem_fmt_send: Message: mseq=0x02, command=IPC_PWR_PHONE_STATE, type=IPC_TYPE_EXEC, size=2
08-23 13:22:35.450 1976 2328 D use-Rlog/RLOG-RIL-IPC: ================================= IPC FMT data =================================
08-23 13:22:35.450 1976 2328 D use-Rlog/RLOG-RIL-IPC: [0000] 02 02 ..
08-23 13:22:35.450 1976 2328 D use-Rlog/RLOG-RIL-IPC: ================================================================================
08-23 13:22:35.450 2883 2883 D GsmSST : [GsmSST] updateSpnDisplay: changed sending intent rule=0 showPlmn='true' plmn='No service.' showSpn='false' spn='null' dataSpn='' subId='-2'
08-23 13:22:35.450 2883 2883 D SubscriptionController: [getSubId]- sSlotIdxToSubId.size == 0, return DummySubIds slotIdx=0
08-23 13:22:35.450 2883 2883 D SubscriptionController: [getSubId]- sSlotIdxToSubId.size == 0, return DummySubIds slotIdx=0
08-23 13:22:35.450 2883 2883 D SubscriptionController: [setPlmnSpn] No valid subscription to store info
08-23 13:22:35.450 2883 2883 D SubscriptionController: notifySubscriptionInfoChanged:
08-23 13:22:35.450 2348 2904 D TelephonyRegistry: notifySubscriptionInfoChanged: first invocation mRecords.size=13
08-23 13:22:35.455 2883 2883 D TelephonyManager: setTelephonyProperty: success phoneId=0 property=gsm.operator.alpha value: propVal=
08-23 13:22:35.455 2883 2883 D TelephonyManager: setTelephonyProperty: success phoneId=0 property=gsm.operator.numeric value: propVal=
08-23 13:22:35.455 2883 2883 D GsmSST : [GsmSST] operatorNumeric is null
08-23 13:22:35.455 2883 2883 D TelephonyManager: setTelephonyProperty: success phoneId=0 property=gsm.operator.iso-country value: propVal=
08-23 13:22:35.455 2883 2883 D TelephonyManager: setTelephonyProperty: success phoneId=0 property=gsm.operator.isroaming value: false propVal=false
08-23 13:22:35.455 2883 2883 D GsmSST : [GsmSST] Broadcasting ServiceState : 3 3 voice home data home null null null null null null Unknown Unknown CSS not supported -1 -1 RoamInd=-1 DefRoamInd=-1 EmergOnly=false IsDataRoamingFromRegistration=false
08-23 13:22:35.455 2883 2883 D SubscriptionController: [getSubId]- sSlotIdxToSubId.size == 0, return DummySubIds slotIdx=0
08-23 13:22:35.455 2883 2883 D DefaultPhoneNotifier: nofityServiceState: mRegistry=com.android.internal.telephony.ITelephonyRegistry$Stub$Proxy@c0c7c64 ss=3 3 voice home data home null null null null null null Unknown Unknown CSS not supported -1 -1 RoamInd=-1 DefRoamInd=-1 EmergOnly=false IsDataRoamingFromRegistration=false sender=Handler (com.android.internal.telephony.gsm.GSMPhone) {7ffffcc} phondId=0 subId=-2
08-23 13:22:35.460 2883 2883 D SubscriptionController: [getSlotId]- subId invalid
08-23 13:22:35.460 2883 2883 D SubscriptionController: getSimStateForSlotIdx: simState=NOT_READY ordinal=6
08-23 13:22:35.460 2348 2519 D SubscriptionManager: getSimStateForSubscriber: simState=6 slotIdx=0
08-23 13:22:35.460 2348 2519 D TelephonyManager: getSimState: default sim:-1, sim state for slotIdx=0 is 6, return state as unknown
08-23 13:22:35.460 2883 2883 D GsmSST : [GsmSST] notifyDataRegStateRilRadioTechnologyChanged: drs=3 rat=0
08-23 13:22:35.460 2883 2883 D TelephonyManager: setTelephonyProperty: success phoneId=0 property=gsm.network.type value: Unknown propVal=Unknown
08-23 13:22:35.460 2883 2883 D DCT : [0]get all active apn types
08-23 13:22:35.460 2883 2883 D RILJ : [3658]> OPERATOR [SUB0]
08-23 13:22:35.460 2883 2883 D RILJ : [3659]> DATA_REGISTRATION_STATE [SUB0]
08-23 13:22:35.460 1976 2008 D use-Rlog/RLOG-RIL: 4 RIL requests in the queue (1 pending, 1 handled, 2 unhandled)
08-23 13:22:35.460 2883 2883 D RILJ : [3660]> VOICE_REGISTRATION_STATE [SUB0]
08-23 13:22:35.460 1976 2008 D use-Rlog/RLOG-RIL: 5 RIL requests in the queue (1 pending, 1 handled, 3 unhandled)
08-23 13:22:35.465 2883 2883 D RILJ : [3661]> QUERY_NETWORK_SELECTION_MODE [SUB0]
08-23 13:22:35.465 1976 2008 D use-Rlog/RLOG-RIL: 6 RIL requests in the queue (1 pending, 1 handled, 4 unhandled)
08-23 13:22:35.465 2883 2913 D SubscriptionController: [getActiveSubInfoList]+
08-23 13:22:35.465 2883 2883 D DCT : [0]handleMessage msg={ when=-830ms what=270369 obj=android.os.AsyncResult@88f9ecd target=com.android.internal.telephony.dataconnection.DcTracker }
08-23 13:22:35.465 2883 2883 D DCT : [0]onUpdateIcc: newIccRecords null
08-23 13:22:35.465 2883 2883 D DCT : [0]handleMessage msg={ when=-784ms what=270337 obj=android.os.AsyncResult@7174382 target=com.android.internal.telephony.dataconnection.DcTracker }
08-23 13:22:35.465 2883 2883 D DCT : [0]onRadioAvailable
08-23 13:22:35.465 2883 2883 D DCT : [0]overall state is IDLE
08-23 13:22:35.465 2883 2883 D DCT : [0]handleMessage msg={ when=-785ms what=270342 obj=android.os.AsyncResult@4058a93 target=com.android.internal.telephony.dataconnection.DcTracker }
08-23 13:22:35.465 2883 2883 D DCT : [0]onRadioOffOrNotAvailable: is off and clean up all connections
08-23 13:22:35.465 2883 2883 D DCT : [0]cleanUpAllConnections: tearDown=false reason=radioTurnedOff
08-23 13:22:35.465 2883 2883 D DCT : [0]cleanUpConnection: tearDown=false reason=radioTurnedOff apnContext={mApnType=default mState=IDLE mWaitingApns={null} mWaitingApnsPermanentFailureCountDown=0 mApnSetting={null} mReason=radioTurnedOff mDataEnabled=false mDependencyMet=true}
08-23 13:22:35.465 2883 2883 D GSMPhone: getDataConnectionState: Data is Out of Service. ret = DISCONNECTED
08-23 13:22:35.465 2883 2883 D SubscriptionController: [getSubId]- sSlotIdxToSubId.size == 0, return DummySubIds slotIdx=0
08-23 13:22:35.465 1976 2008 D use-Rlog/RLOG-RIL: 7 RIL requests in the queue (1 pending, 1 handled, 5 unhandled)
08-23 13:22:35.475 2883 2883 D DCT : [0]isDataAllowed: not allowed due to - Attached= false - SIM not loaded - SIM not loaded and not NV subscription - defaultDataSelected= false
08-23 13:22:35.480 2883 2883 D SubscriptionController: [getPhoneId]- invalid subId return=-1
08-23 13:22:35.495 2883 2883 D DCT : [0]setupDataForSinglePdn: reason = radioTurnedOff isDisconnected = true
08-23 13:22:35.495 2883 2883 D DCT : [0]isOnlySingleDcAllowed(0): false
08-23 13:22:35.495 2883 2883 D DCT : [0]cleanUpConnection: X tearDown=false reason=radioTurnedOff apnContext={mApnType=default mState=IDLE mWaitingApns={null} mWaitingApnsPermanentFailureCountDown=0 mApnSetting={null} mReason=radioTurnedOff mDataEnabled=false mDependencyMet=true} dcac=null
08-23 13:22:35.495 2883 2883 D DCT : [0]cleanUpConnection: tearDown=false reason=radioTurnedOff apnContext={mApnType=mms mState=IDLE mWaitingApns={null} mWaitingApnsPermanentFailureCountDown=0 mApnSetting={null} mReason=radioTurnedOff mDataEnabled=false mDependencyMet=true}
08-23 13:22:35.495 2883 2883 D GSMPhone: getDataConnectionState: Data is Out of Service. ret = DISCONNECTED
08-23 13:22:35.495 2883 2883 D SubscriptionController: [getSubId]- sSlotIdxToSubId.size == 0, return DummySubIds slotIdx=0
08-23 13:22:35.495 2883 2883 D DCT : [0]isDataAllowed: not allowed due to - Attached= false - SIM not loaded - SIM not loaded and not NV subscription - defaultDataSelected= false
08-23 13:22:35.500 2883 2883 D SubscriptionController: [getPhoneId]- invalid subId return=-1
08-23 13:22:35.500 2883 2883 D DCT : [0]setupDataForSinglePdn: reason = radioTurnedOff isDisconnected = true
08-23 13:22:35.500 2883 2883 D DCT : [0]isOnlySingleDcAllowed(0): false
08-23 13:22:35.500 2883 2883 D DCT : [0]cleanUpConnection: X tearDown=false reason=radioTurnedOff apnContext={mApnType=mms mState=IDLE mWaitingApns={null} mWaitingApnsPermanentFailureCountDown=0 mApnSetting={null} mReason=radioTurnedOff mDataEnabled=false mDependencyMet=true} dcac=null
08-23 13:22:35.500 2883 2883 D DCT : [0]cleanUpConnection: tearDown=false reason=radioTurnedOff apnContext={mApnType=supl mState=IDLE mWaitingApns={null} mWaitingApnsPermanentFailureCountDown=0 mApnSetting={null} mReason=radioTurnedOff mDataEnabled=false mDependencyMet=true}
08-23 13:22:35.500 2883 2883 D GSMPhone: getDataConnectionState: Data is Out of Service. ret = DISCONNECTED
08-23 13:22:35.500 2883 2883 D SubscriptionController: [getSubId]- sSlotIdxToSubId.size == 0, return DummySubIds slotIdx=0
08-23 13:22:35.500 2883 2883 D DCT : [0]isDataAllowed: not allowed due to - Attached= false - SIM not loaded - SIM not loaded and not NV subscription - defaultDataSelected= false
08-23 13:22:35.500 2883 2883 D SubscriptionController: [getPhoneId]- invalid subId return=-1
08-23 13:22:35.505 2883 2883 D DCT : [0]setupDataForSinglePdn: reason = radioTurnedOff isDisconnected = true
08-23 13:22:35.505 2883 2883 D DCT : [0]isOnlySingleDcAllowed(0): false
08-23 13:22:35.505 2883 2883 D DCT : [0]cleanUpConnection: X tearDown=false reason=radioTurnedOff apnContext={mApnType=supl mState=IDLE mWaitingApns={null} mWaitingApnsPermanentFailureCountDown=0 mApnSetting={null} mReason=radioTurnedOff mDataEnabled=false mDependencyMet=true} dcac=null
08-23 13:22:35.505 2883 2883 D DCT : [0]cleanUpConnection: tearDown=false reason=radioTurnedOff apnContext={mApnType=dun mState=IDLE mWaitingApns={null} mWaitingApnsPermanentFailureCountDown=0 mApnSetting={null} mReason=radioTurnedOff mDataEnabled=false mDependencyMet=true}
08-23 13:22:35.505 2883 2883 D GSMPhone: getDataConnectionState: Data is Out of Service. ret = DISCONNECTED
08-23 13:22:35.505 2883 2883 D SubscriptionController: [getSubId]- sSlotIdxToSubId.size == 0, return DummySubIds slotIdx=0
08-23 13:22:35.505 2883 2883 D DCT : [0]isDataAllowed: not allowed due to - Attached= false - SIM not loaded - SIM not loaded and not NV subscription - defaultDataSelected= false
08-23 13:22:35.505 2883 2913 D SubscriptionController: selection:sim_id>=0 null
08-23 13:22:35.510 2883 2883 D SubscriptionController: [getPhoneId]- invalid subId return=-1
08-23 13:22:35.510 2883 2883 D DCT : [0]setupDataForSinglePdn: reason = radioTurnedOff isDisconnected = true
08-23 13:22:35.510 2883 2883 D DCT : [0]isOnlySingleDcAllowed(0): false
08-23 13:22:35.510 2883 2883 D DCT : [0]cleanUpConnection: X tearDown=false reason=radioTurnedOff apnContext={mApnType=dun mState=IDLE mWaitingApns={null} mWaitingApnsPermanentFailureCountDown=0 mApnSetting={null} mReason=radioTurnedOff mDataEnabled=false mDependencyMet=true} dcac=null
08-23 13:22:35.510 2883 2883 D DCT : [0]cleanUpConnection: tearDown=false reason=radioTurnedOff apnContext={mApnType=hipri mState=IDLE mWaitingApns={null} mWaitingApnsPermanentFailureCountDown=0 mApnSetting={null} mReason=radioTurnedOff mDataEnabled=false mDependencyMet=true}
08-23 13:22:35.510 2883 2883 D GSMPhone: getDataConnectionState: Data is Out of Service. ret = DISCONNECTED
08-23 13:22:35.510 2883 2883 D SubscriptionController: [getSubId]- sSlotIdxToSubId.size == 0, return DummySubIds slotIdx=0
08-23 13:22:35.510 2883 2883 D DCT : [0]isDataAllowed: not allowed due to - Attached= false - SIM not loaded - SIM not loaded and not NV subscription - defaultDataSelected= false
08-23 13:22:35.510 2883 2883 D SubscriptionController: [getPhoneId]- invalid subId return=-1
08-23 13:22:35.515 2883 2883 D DCT : [0]setupDataForSinglePdn: reason = radioTurnedOff isDisconnected = true
08-23 13:22:35.515 2883 2883 D DCT : [0]isOnlySingleDcAllowed(0): false
08-23 13:22:35.515 2883 2883 D DCT : [0]cleanUpConnection: X tearDown=false reason=radioTurnedOff apnContext={mApnType=hipri mState=IDLE mWaitingApns={null} mWaitingApnsPermanentFailureCountDown=0 mApnSetting={null} mReason=radioTurnedOff mDataEnabled=false mDependencyMet=true} dcac=null
08-23 13:22:35.515 2883 2883 D DCT : [0]stopNetStatPoll
08-23 13:22:35.515 2883 2883 D SubscriptionController: [getSubId]- sSlotIdxToSubId.size == 0, return DummySubIds slotIdx=0
08-23 13:22:35.515 2883 2883 D DCT : [0]cleanUpConnection: mDisconnectPendingCount = 0
08-23 13:22:35.515 2883 2883 D SubscriptionController: [getSubId]- sSlotIdxToSubId.size == 0, return DummySubIds slotIdx=0
08-23 13:22:35.520 2883 2883 D DCT : [0]isDataAllowed: not allowed due to - Attached= false - SIM not loaded - SIM not loaded and not NV subscription - defaultDataSelected= false
08-23 13:22:35.520 2883 2883 D SubscriptionController: [getPhoneId]- invalid subId return=-1
08-23 13:22:35.520 2883 2883 D SubscriptionController: [getSubId]- sSlotIdxToSubId.size == 0, return DummySubIds slotIdx=0
08-23 13:22:35.520 2883 2883 D DCT : [0]isDataAllowed: not allowed due to - Attached= false - SIM not loaded - SIM not loaded and not NV subscription - defaultDataSelected= false
08-23 13:22:35.525 2883 2883 D SubscriptionController: [getPhoneId]- invalid subId return=-1
08-23 13:22:35.525 2883 2883 D SubscriptionController: [getSubId]- sSlotIdxToSubId.size == 0, return DummySubIds slotIdx=0
08-23 13:22:35.525 2883 2883 D DCT : [0]isDataAllowed: not allowed due to - Attached= false - SIM not loaded - SIM not loaded and not NV subscription - defaultDataSelected= false
08-23 13:22:35.525 2883 2883 D SubscriptionController: [getPhoneId]- invalid subId return=-1
08-23 13:22:35.530 2883 2883 D SubscriptionController: [getSubId]- sSlotIdxToSubId.size == 0, return DummySubIds slotIdx=0
08-23 13:22:35.530 2883 2883 D DCT : [0]isDataAllowed: not allowed due to - Attached= false - SIM not loaded - SIM not loaded and not NV subscription - defaultDataSelected= false
08-23 13:22:35.530 2883 2883 D SubscriptionController: [getPhoneId]- invalid subId return=-1
08-23 13:22:35.530 2883 2883 D SubscriptionController: [getSubId]- sSlotIdxToSubId.size == 0, return DummySubIds slotIdx=0
08-23 13:22:35.530 2883 2883 D DCT : [0]isDataAllowed: not allowed due to - Attached= false - SIM not loaded - SIM not loaded and not NV subscription - defaultDataSelected= false
08-23 13:22:35.535 2883 2883 D SubscriptionController: [getPhoneId]- invalid subId return=-1
08-23 13:22:35.535 2883 2883 D DCT : [0]handleMessage msg={ when=-853ms what=270345 obj=android.os.AsyncResult@746fad0 target=com.android.internal.telephony.dataconnection.DcTracker }
08-23 13:22:35.535 2883 2883 D DCT : [0]onDataConnectionDetached: stop polling and notify detached
08-23 13:22:35.535 2883 2883 D DCT : [0]stopNetStatPoll
08-23 13:22:35.535 2883 2883 D SubscriptionController: [getSubId]- sSlotIdxToSubId.size == 0, return DummySubIds slotIdx=0
08-23 13:22:35.535 2883 2883 D DCT : [0]notifyDataConnection: reason=dataDetached
08-23 13:22:35.535 2883 2883 D SubscriptionController: [getSubId]- sSlotIdxToSubId.size == 0, return DummySubIds slotIdx=0
08-23 13:22:35.535 2883 2883 D DCT : [0]isDataAllowed: not allowed due to - Attached= false - SIM not loaded - SIM not loaded and not NV subscription - defaultDataSelected= false
08-23 13:22:35.535 2883 2883 D SubscriptionController: [getPhoneId]- invalid subId return=-1
08-23 13:22:35.540 2883 2913 D SubscriptionController: [getActiveSubInfoList]- no info return
08-23 13:22:35.540 2883 2883 D SubscriptionController: [getSubId]- sSlotIdxToSubId.size == 0, return DummySubIds slotIdx=0
08-23 13:22:35.540 2883 2883 D DCT : [0]isDataAllowed: not allowed due to - Attached= false - SIM not loaded - SIM not loaded and not NV subscription - defaultDataSelected= false
08-23 13:22:35.545 2883 2883 D SubscriptionController: [getPhoneId]- invalid subId return=-1
08-23 13:22:35.550 2883 2883 D SubscriptionController: [getSubId]- sSlotIdxToSubId.size == 0, return DummySubIds slotIdx=0
08-23 13:22:35.550 2883 2883 D DCT : [0]isDataAllowed: not allowed due to - Attached= false - SIM not loaded - SIM not loaded and not NV subscription - defaultDataSelected= false
08-23 13:22:35.550 2883 2883 D SubscriptionController: [getPhoneId]- invalid subId return=-1
08-23 13:22:35.555 1976 2325 D use-Rlog/RLOG-RIL-IPC:
08-23 13:22:35.555 1976 2325 D use-Rlog/RLOG-RIL-IPC: xmm626_sec_modem_rfs_recv: Received RFS message
08-23 13:22:35.555 1976 2325 D use-Rlog/RLOG-RIL-IPC: xmm626_sec_modem_rfs_recv: Message: aseq=0x01, command=IPC_RFS_NV_WRITE_ITEM, size=12
08-23 13:22:35.555 1976 2325 D use-Rlog/RLOG-RIL-IPC: ================================= IPC RFS data =================================
