08-23 13:22:36.210 2883 2883 D SubscriptionController: [getActiveSubInfoList]- no info return
08-23 13:22:36.210 2883 2883 D DCT : [0]handleMessage msg={ when=-86ms what=270377 obj=android.os.AsyncResult@6088bd5 target=com.android.internal.telephony.dataconnection.DcTracker }
08-23 13:22:36.210 2883 2883 D DCT : [0]onUpdateIcc: newIccRecords null
08-23 13:22:36.210 2883 2883 D DCT : [0]setupDataOnConnectableApns: nwTypeChanged
08-23 13:22:36.210 2883 2883 D DCT : [0]setupDataOnConnectableApns: apnContext {mApnType=dun mState=IDLE mWaitingApns={null} mWaitingApnsPermanentFailureCountDown=0 mApnSetting={null} mReason=radioTurnedOff mDataEnabled=false mDependencyMet=true}
08-23 13:22:36.210 2883 2883 D DCT : [0]setupDataOnConnectableApns: apnContext {mApnType=hipri mState=IDLE mWaitingApns={null} mWaitingApnsPermanentFailureCountDown=0 mApnSetting={null} mReason=radioTurnedOff mDataEnabled=false mDependencyMet=true}
08-23 13:22:36.210 2883 2883 D DCT : [0]setupDataOnConnectableApns: apnContext {mApnType=supl mState=IDLE mWaitingApns={null} mWaitingApnsPermanentFailureCountDown=0 mApnSetting={null} mReason=radioTurnedOff mDataEnabled=false mDependencyMet=true}
08-23 13:22:36.210 2883 2883 D DCT : [0]setupDataOnConnectableApns: apnContext {mApnType=default mState=IDLE mWaitingApns={null} mWaitingApnsPermanentFailureCountDown=0 mApnSetting={null} mReason=radioTurnedOff mDataEnabled=false mDependencyMet=true}
08-23 13:22:36.210 2883 2883 D DCT : [0]setupDataOnConnectableApns: apnContext {mApnType=mms mState=IDLE mWaitingApns={null} mWaitingApnsPermanentFailureCountDown=0 mApnSetting={null} mReason=radioTurnedOff mDataEnabled=false mDependencyMet=true}
08-23 13:22:36.210 2883 2883 D SubscriptionController: [getSubId]- sSlotIdxToSubId.size == 0, return DummySubIds slotIdx=0
08-23 13:22:36.210 2883 2883 E IccCardProxy: setExternalState: !override and newstate unchanged from ABSENT
08-23 13:22:36.210 2883 2883 D DctController: handleMessage msg={ when=-83ms what=107 target=com.android.internal.telephony.dataconnection.DctController }
08-23 13:22:36.210 2883 2883 D DctController: onSubInfoReady mPhoneNum=1
08-23 13:22:36.210 2883 2883 D SubscriptionController: [getSubId]- sSlotIdxToSubId.size == 0, return DummySubIds slotIdx=0
08-23 13:22:36.210 2883 2883 D DctController: onSubInfoReady handle pending requests subId=-2
08-23 13:22:36.210 2883 2883 D DctController: onSubInfoReady: SIM card absent on phoneId = 0
08-23 13:22:36.210 2883 2883 D SubscriptionController: [getSubId]- sSlotIdxToSubId.size == 0, return DummySubIds slotIdx=0
08-23 13:22:36.210 2883 2883 D DctController: [TNF -2]evalPendingRequest, pending request size is 1
08-23 13:22:36.210 2883 2883 D SubscriptionController: [getSubId]- sSlotIdxToSubId.size == 0, return DummySubIds slotIdx=0
08-23 13:22:36.210 2883 2883 D DctController: [TNF -2]evalPendingRequest: request = NetworkRequest [ id=1, legacyType=-1, [ Capabilities: INTERNET&NOT_RESTRICTED&TRUSTED&NOT_VPN] ]
08-23 13:22:36.210 2883 2883 D SubscriptionController: [getSubId]- sSlotIdxToSubId.size == 0, return DummySubIds slotIdx=0
08-23 13:22:36.210 2883 2883 D DctController: [TNF -2]Cellular needs Network for NetworkRequest [ id=1, legacyType=-1, [ Capabilities: INTERNET&NOT_RESTRICTED&TRUSTED&NOT_VPN] ]
08-23 13:22:36.210 2883 2883 D SubscriptionController: [getSubId]- sSlotIdxToSubId.size == 0, return DummySubIds slotIdx=0
08-23 13:22:36.210 2883 2883 D SubscriptionController: [getSubId]- sSlotIdxToSubId.size == 0, return DummySubIds slotIdx=0
08-23 13:22:36.210 2883 2883 D DctController: [TNF -2]Request not useable, pending request.
08-23 13:22:36.210 2883 2883 D DctController: processRequests
08-23 13:22:36.210 2883 2883 D SubscriptionInfoUpdater: [Receiver]+
08-23 13:22:36.210 2883 2883 D SubscriptionInfoUpdater: Action: android.intent.action.SIM_STATE_CHANGED
08-23 13:22:36.210 2883 2883 D SubscriptionInfoUpdater: slotId: 0
08-23 13:22:36.210 2883 2883 D SubscriptionInfoUpdater: simStatus: ABSENT
08-23 13:22:36.210 2883 2883 D SubscriptionInfoUpdater: Wait for SIM1 IccId
08-23 13:22:36.210 2883 2883 D SubscriptionInfoUpdater: [Receiver]-
08-23 13:22:36.210 2883 2883 D SubscriptionController: [getSubId]- sSlotIdxToSubId.size == 0, return DummySubIds slotIdx=0
08-23 13:22:36.210 2883 2883 D DctController: handleMessage msg={ when=-1ms what=100 target=com.android.internal.telephony.dataconnection.DctController }
08-23 13:22:36.215 2883 2883 D DcSwitchAsyncChannel: [DcSwitchAsyncChannel-0]: rspIsIdle=true
08-23 13:22:36.215 2883 2883 D SubscriptionController: [getPhoneId]- invalid subId return=-1
08-23 13:22:36.215 2883 2883 D DcSwitchAsyncChannel: [DcSwitchAsyncChannel-0]: rspIsIdle=true
08-23 13:22:36.215 2883 2883 D DctController: onProcessRequest requestedPhoneId=-1, activePhoneId=-1
08-23 13:22:36.215 2883 2883 D SubscriptionInfoUpdater: All IccIds query complete
08-23 13:22:36.215 2883 2883 D SubscriptionInfoUpdater: updateSubscriptionInfoByIccId:+ Start
08-23 13:22:36.215 2883 2883 D SubscriptionInfoUpdater: insertedSimCount = 0
08-23 13:22:36.215 2883 2883 D SubscriptionController: [getSubInfoUsingSlotIdWithCheck]+ slotId:0
08-23 13:22:36.235 2883 2883 D SubscriptionController: [getSubInfoUsingSlotId]- null info return
08-23 13:22:36.235 2883 2883 D SubscriptionInfoUpdater: updateSubscriptionInfoByIccId: No SIM in slot 0 last time
08-23 13:22:36.235 2883 2883 D SubscriptionInfoUpdater: updateSubscriptionInfoByIccId: oldIccId[0] = , sIccId[0] =
08-23 13:22:36.235 2883 2883 D SubscriptionInfoUpdater: updateSubscriptionInfoByIccId: No SIM inserted in slot 0 this time
08-23 13:22:36.235 2883 2883 D SubscriptionInfoUpdater: updateSubscriptionInfoByIccId: sInsertSimState[0] = -99
08-23 13:22:36.235 2883 2883 D SubscriptionController: [getActiveSubInfoList]+
08-23 13:22:36.235 2883 2883 D SubscriptionController: selection:sim_id>=0 null
08-23 13:22:36.255 2883 2883 D SubscriptionController: [getActiveSubInfoList]- no info return
08-23 13:22:36.255 2883 2883 D SubscriptionInfoUpdater: updateSubscriptionInfoByIccId: nSubCount = 0
08-23 13:22:36.255 2883 2883 D SubscriptionInfoUpdater: updateSubscriptionInfoByIccId:- SsubscriptionInfo update complete
08-23 13:22:36.565 2883 2883 D SubscriptionController: [getPhoneId]- invalid subId return=-1
08-23 13:22:36.570 2883 2883 D SubscriptionController: [getSubId]- sSlotIdxToSubId.size == 0, return DummySubIds slotIdx=0
08-23 13:22:36.720 2883 2883 D SubscriptionInfoUpdater: EVENT_UPDATE_INSERTED_SIM_COUNT: locked sims: 0
08-23 13:22:36.720 2883 2883 D SubscriptionInfoUpdater: All IccIds query complete
08-23 13:22:36.720 2883 2883 D SubscriptionInfoUpdater: updateSubscriptionInfoByIccId:+ Start
08-23 13:22:36.730 2883 2883 D SubscriptionController: [clearSubInfo]+
08-23 13:22:36.730 2883 2883 D SubscriptionController: [clearSubInfo]- no simInfo size=0
08-23 13:22:36.730 2883 2883 D SubscriptionInfoUpdater: insertedSimCount = 0
08-23 13:22:36.730 2883 2883 D SubscriptionController: [getSubInfoUsingSlotIdWithCheck]+ slotId:0
08-23 13:22:36.735 2883 2883 D SubscriptionController: [getSubInfoUsingSlotId]- null info return
08-23 13:22:36.735 2883 2883 D SubscriptionInfoUpdater: updateSubscriptionInfoByIccId: No SIM in slot 0 last time
08-23 13:22:36.735 2883 2883 D SubscriptionInfoUpdater: updateSubscriptionInfoByIccId: oldIccId[0] = , sIccId[0] =
08-23 13:22:36.735 2883 2883 D SubscriptionInfoUpdater: updateSubscriptionInfoByIccId: No SIM inserted in slot 0 this time
08-23 13:22:36.735 2883 2883 D SubscriptionInfoUpdater: updateSubscriptionInfoByIccId: sInsertSimState[0] = -99
08-23 13:22:36.735 2883 2883 D SubscriptionController: [getActiveSubInfoList]+
08-23 13:22:36.740 2883 2883 D SubscriptionController: selection:sim_id>=0 null
08-23 13:22:36.740 2883 2883 D SubscriptionController: [getActiveSubInfoList]- no info return
08-23 13:22:36.740 2883 2883 D SubscriptionInfoUpdater: updateSubscriptionInfoByIccId: nSubCount = 0
08-23 13:22:36.745 2883 2883 D SubscriptionController: [setDefaultDataSubId] subId=-1
08-23 13:22:36.745 2883 2883 D SubscriptionController: [setDefaultDataSubId] num phones=1 dds flex map = dds
08-23 13:22:36.745 2883 2883 D SubscriptionController: [updateAllDataConnectionTrackers] sProxyPhones.length=1
08-23 13:22:36.745 2883 2883 D SubscriptionController: [updateAllDataConnectionTrackers] phoneId=0
08-23 13:22:36.745 2883 2883 D PhoneProxy: [PhoneProxy] Updating Data Connection Tracker
08-23 13:22:36.745 2883 2883 D SubscriptionController: [getSubId]- sSlotIdxToSubId.size == 0, return DummySubIds slotIdx=0
08-23 13:22:36.745 2883 2883 D DCT : [0]update sub = -2
08-23 13:22:36.745 2883 2883 D DCT : [0]update(): Active DDS, register for all events now!
08-23 13:22:36.745 2883 2883 D DCT : [0]onUpdateIcc: newIccRecords null
08-23 13:22:36.745 2883 2883 D DCT : [0]getDataEnabled: getIntWithSubId retVal=false
08-23 13:22:36.745 2883 2883 D SubscriptionController: [getSubId]- sSlotIdxToSubId.size == 0, return DummySubIds slotIdx=0
08-23 13:22:36.745 2883 2883 D GSMPhone: [GSMPhone] updateCurrentCarrierInProvider: mSubId = -2 currentDds = -1 operatorNumeric = null
08-23 13:22:36.745 2883 2883 D SubscriptionController: [broadcastDefaultDataSubIdChanged] subId=-1
08-23 13:22:36.745 2883 2883 D SubscriptionController: notifySubscriptionInfoChanged:
08-23 13:22:36.750 2883 3119 D SubscriptionController: [getActiveSubInfoList]+
08-23 13:22:36.750 2883 2883 D SubscriptionInfoUpdater: updateSubscriptionInfoByIccId:- SsubscriptionInfo update complete
08-23 13:22:36.750 2883 2883 D SubscriptionInfoUpdater: update inserted sim count, current sim count: 0
08-23 13:22:36.750 2883 3119 D SubscriptionController: selection:sim_id>=0 null
08-23 13:22:36.755 2883 3119 D SubscriptionController: [getActiveSubInfoList]- no info return
08-23 13:22:36.770 2883 2883 D GsmSST : [GsmSST] SubscriptionListener.onSubscriptionInfoChanged
08-23 13:22:36.770 2883 2883 D SubscriptionController: [getSubId]- sSlotIdxToSubId.size == 0, return DummySubIds slotIdx=0
08-23 13:22:36.770 2883 2883 D DCT : [0]SubscriptionListener.onSubscriptionInfoChanged
08-23 13:22:36.770 2883 2883 D SubscriptionController: [getSubId]- sSlotIdxToSubId.size == 0, return DummySubIds slotIdx=0
08-23 13:22:36.770 2883 2883 D SubscriptionController: [getActiveSubInfoList]+
08-23 13:22:36.770 2883 2883 D SubscriptionController: selection:sim_id>=0 null
08-23 13:22:36.780 2883 2883 D SubscriptionController: [getActiveSubInfoList]- no info return
08-23 13:22:36.780 2883 2883 E PhoneBase: Error! unregisterForCallWaiting() in PhoneBase should not be called, CDMAPhone inactive.
08-23 13:22:36.780 2883 2883 D SubscriptionController: [getSubId]- sSlotIdxToSubId.size == 0, return DummySubIds slotIdx=0
08-23 13:22:36.780 2883 2883 D SubscriptionController: [getSubId]- sSlotIdxToSubId.size == 0, return DummySubIds slotIdx=0
08-23 13:22:36.780 2883 2883 D SubscriptionController: [getPhoneId]- invalid subId return=-1
08-23 13:22:36.785 2883 2883 D SubscriptionController: [getSubId]- sSlotIdxToSubId.size == 0, return DummySubIds slotIdx=0
08-23 13:22:36.785 2883 2883 D SubscriptionController: [getSubId]- sSlotIdxToSubId.size == 0, return DummySubIds slotIdx=0
08-23 13:22:36.785 2883 2883 D SubscriptionController: [getSubId]- sSlotIdxToSubId.size == 0, return DummySubIds slotIdx=0
08-23 13:22:36.815 2883 2883 E PhoneBase: Error! registerForCallWaiting() in PhoneBase should not be called, CDMAPhone inactive.
08-23 13:22:36.820 2883 2883 D DctController: handleMessage msg={ when=-50ms what=107 target=com.android.internal.telephony.dataconnection.DctController }
08-23 13:22:36.820 2883 2883 D DctController: onSubInfoReady mPhoneNum=1
08-23 13:22:36.820 2883 2883 D SubscriptionController: [getSubId]- sSlotIdxToSubId.size == 0, return DummySubIds slotIdx=0
08-23 13:22:36.820 2883 2883 D DctController: onSubInfoReady handle pending requests subId=-2
08-23 13:22:36.820 2883 2883 D DctController: onSubInfoReady: SIM card absent on phoneId = 0
08-23 13:22:36.820 2883 2883 D SubscriptionController: [getSubId]- sSlotIdxToSubId.size == 0, return DummySubIds slotIdx=0
08-23 13:22:36.820 2883 2883 D DctController: [TNF -2]evalPendingRequest, pending request size is 1
08-23 13:22:36.820 2883 2883 D SubscriptionController: [getSubId]- sSlotIdxToSubId.size == 0, return DummySubIds slotIdx=0
08-23 13:22:36.820 2883 2883 D DctController: [TNF -2]evalPendingRequest: request = NetworkRequest [ id=1, legacyType=-1, [ Capabilities: INTERNET&NOT_RESTRICTED&TRUSTED&NOT_VPN] ]
08-23 13:22:36.820 2883 2883 D SubscriptionController: [getSubId]- sSlotIdxToSubId.size == 0, return DummySubIds slotIdx=0
08-23 13:22:36.820 2883 2883 D DctController: [TNF -2]Cellular needs Network for NetworkRequest [ id=1, legacyType=-1, [ Capabilities: INTERNET&NOT_RESTRICTED&TRUSTED&NOT_VPN] ]
08-23 13:22:36.820 2883 2883 D SubscriptionController: [getSubId]- sSlotIdxToSubId.size == 0, return DummySubIds slotIdx=0
08-23 13:22:36.820 2883 2883 D SubscriptionController: [getSubId]- sSlotIdxToSubId.size == 0, return DummySubIds slotIdx=0
08-23 13:22:36.820 2883 2883 D DctController: [TNF -2]Request not useable, pending request.
08-23 13:22:36.820 2883 2883 D DctController: processRequests
08-23 13:22:36.820 2883 2883 D SubscriptionController: [getPhoneId]- invalid subId return=-1
08-23 13:22:36.820 2883 2883 D SubscriptionController: [getSubId]- sSlotIdxToSubId.size == 0, return DummySubIds slotIdx=0
08-23 13:22:36.820 2883 2883 D SubscriptionController: [getSubId]- sSlotIdxToSubId.size == 0, return DummySubIds slotIdx=0
08-23 13:22:36.825 2883 2883 D DctController: handleMessage msg={ when=-3ms what=100 target=com.android.internal.telephony.dataconnection.DctController }
08-23 13:22:36.825 2883 2883 D DcSwitchAsyncChannel: [DcSwitchAsyncChannel-0]: rspIsIdle=true
08-23 13:22:36.825 2883 2883 D SubscriptionController: [getPhoneId]- invalid subId return=-1
08-23 13:22:36.825 2883 2883 D DcSwitchAsyncChannel: [DcSwitchAsyncChannel-0]: rspIsIdle=true
08-23 13:22:36.825 2883 2883 D DctController: onProcessRequest requestedPhoneId=-1, activePhoneId=-1
08-23 13:22:37.785 2883 3014 D GsmCellBroadcastHandler: mWakeLock released
08-23 13:22:37.880 2883 3036 D CellBroadcastHandler: mWakeLock released
08-23 13:22:37.900 2883 3045 D CdmaServiceCategoryProgramHandler: mWakeLock released
08-23 13:22:38.325 1976 2323 D use-Rlog/RLOG-RIL-IPC:
08-23 13:22:38.325 1976 2323 D use-Rlog/RLOG-RIL-IPC: xmm626_sec_modem_fmt_recv: Received FMT message
08-23 13:22:38.325 1976 2323 D use-Rlog/RLOG-RIL-IPC: xmm626_sec_modem_fmt_recv: Message: aseq=0x23, command=IPC_GPRS_HSDPA_STATUS, type=IPC_TYPE_NOTI, size=1
08-23 13:22:38.325 1976 2323 D use-Rlog/RLOG-RIL-IPC: ================================= IPC FMT data =================================
08-23 13:22:38.325 1976 2323 D use-Rlog/RLOG-RIL-IPC: [0000] 01 .
08-23 13:22:38.325 1976 2323 D use-Rlog/RLOG-RIL-IPC: ================================================================================
08-23 13:22:38.325 1976 2323 D use-Rlog/RLOG-RIL-IPC:
08-23 13:22:38.325 1976 2323 D use-Rlog/RLOG-RIL-IPC: xmm626_sec_modem_fmt_recv: Received FMT message
08-23 13:22:38.325 1976 2323 D use-Rlog/RLOG-RIL-IPC: xmm626_sec_modem_fmt_recv: Message: aseq=0xff, command=IPC_NET_REGIST, type=IPC_TYPE_NOTI, size=11
08-23 13:22:38.325 1976 2323 D use-Rlog/RLOG-RIL-IPC: ================================= IPC FMT data =================================
08-23 13:22:38.325 1976 2323 D use-Rlog/RLOG-RIL-IPC: [0000] 04 02 04 00 A0 46 B2 34 DA 01 00 .....F.4 ...
08-23 13:22:38.325 1976 2323 D use-Rlog/RLOG-RIL-IPC: ================================================================================
08-23 13:22:38.325 1976 2323 D use-Rlog/RLOG-RIL-IPC:
08-23 13:22:38.325 1976 2323 D use-Rlog/RLOG-RIL-IPC: xmm626_sec_modem_fmt_recv: Received FMT message
08-23 13:22:38.325 1976 2323 D use-Rlog/RLOG-RIL-IPC: xmm626_sec_modem_fmt_recv: Message: aseq=0xff, command=IPC_NET_REGIST, type=IPC_TYPE_NOTI, size=11
08-23 13:22:38.325 1976 2323 D use-Rlog/RLOG-RIL-IPC: ================================= IPC FMT data =================================
08-23 13:22:38.325 1976 2323 D use-Rlog/RLOG-RIL-IPC: [0000] 04 03 01 00 A0 46 B2 34 DA 01 00 .....F.4 ...
08-23 13:22:38.325 1976 2323 D use-Rlog/RLOG-RIL-IPC: ================================================================================
08-23 13:22:38.325 1976 2323 D use-Rlog/RLOG-RIL-IPC:
08-23 13:22:38.325 1976 2323 D use-Rlog/RLOG-RIL-IPC: xmm626_sec_modem_fmt_recv: Received FMT message
08-23 13:22:38.325 1976 2323 D use-Rlog/RLOG-RIL-IPC: xmm626_sec_modem_fmt_recv: Message: aseq=0x00, command=IPC_NET_SERVING_NETWORK, type=IPC_TYPE_NOTI, size=11
08-23 13:22:38.325 1976 2323 D use-Rlog/RLOG-RIL-IPC: ================================= IPC FMT data =================================
08-23 13:22:38.325 1976 2323 D use-Rlog/RLOG-RIL-IPC: [0000] 02 04 04 32 32 32 38 38 23 A0 46 ...22288 #.F
08-23 13:22:38.325 1976 2323 D use-Rlog/RLOG-RIL-IPC: ================================================================================
08-23 13:22:38.325 2883 2969 D RILJ : [UNSL]< UNSOL_RESPONSE_VOICE_NETWORK_STATE_CHANGED [SUB0]
08-23 13:22:38.325 2883 2969 D RILJ : [UNSL]< UNSOL_RESPONSE_VOICE_NETWORK_STATE_CHANGED [SUB0]
08-23 13:22:38.325 2883 2883 D RILJ : [3704]> OPERATOR [SUB0]
08-23 13:22:38.325 2883 2969 D RILJ : [UNSL]< UNSOL_RESPONSE_VOICE_NETWORK_STATE_CHANGED [SUB0]
08-23 13:22:38.330 2883 2883 D RILJ : [3705]> DATA_REGISTRATION_STATE [SUB0]
08-23 13:22:38.330 1976 2008 D use-Rlog/RLOG-RIL: 1 RIL request in the queue (1 pending, 0 handled, 0 unhandled)
08-23 13:22:38.330 2883 2969 D RILJ : [UNSL]< UNSOL_RESPONSE_VOICE_NETWORK_STATE_CHANGED [SUB0]
08-23 13:22:38.330 1976 2008 D use-Rlog/RLOG-RIL: 3 RIL requests data in the queue
08-23 13:22:38.330 1976 2328 D use-Rlog/RLOG-RIL: 0 RIL request in the queue (0 pending, 0 handled, 0 unhandled)
08-23 13:22:38.330 1976 2328 D use-Rlog/RLOG-RIL: 2 RIL requests data in the queue
08-23 13:22:38.330 2883 2883 D RILJ : [3706]> VOICE_REGISTRATION_STATE [SUB0]
08-23 13:22:38.330 2883 2969 D RILJ : [3704]< OPERATOR {Wind, Wind, 22288} [SUB0]
08-23 13:22:38.330 1976 2008 D use-Rlog/RLOG-RIL: 1 RIL request in the queue (1 pending, 0 handled, 0 unhandled)
08-23 13:22:38.330 1976 2008 D use-Rlog/RLOG-RIL: 2 RIL requests data in the queue
08-23 13:22:38.330 1976 2328 D use-Rlog/RLOG-RIL: 0 RIL request in the queue (0 pending, 0 handled, 0 unhandled)
08-23 13:22:38.330 1976 2328 D use-Rlog/RLOG-RIL: 1 RIL request data in the queue
08-23 13:22:38.330 2883 2883 D RILJ : [3707]> QUERY_NETWORK_SELECTION_MODE [SUB0]
08-23 13:22:38.330 2883 2969 D RILJ : [3705]< DATA_REGISTRATION_STATE {0, 46a0, 1da34b2, 9, 3} [SUB0]
08-23 13:22:38.330 1976 2008 D use-Rlog/RLOG-RIL: 1 RIL request in the queue (1 pending, 0 handled, 0 unhandled)
08-23 13:22:38.330 1976 2008 D use-Rlog/RLOG-RIL: 1 RIL request data in the queue
08-23 13:22:38.330 1976 2328 D use-Rlog/RLOG-RIL: 0 RIL request in the queue (0 pending, 0 handled, 0 unhandled)
08-23 13:22:38.330 2883 2883 D RILJ : [3708]> OPERATOR [SUB0]
08-23 13:22:38.330 1976 2008 D use-Rlog/RLOG-RIL: 1 RIL request in the queue (1 pending, 0 handled, 0 unhandled)
08-23 13:22:38.330 2883 2969 D RILJ : [3706]< VOICE_REGISTRATION_STATE {10, 46a0, 1da34b2, 9, null, null, null, null, null, null, null, null, null, null, null} [SUB0]
08-23 13:22:38.330 1976 2328 D use-Rlog/RLOG-RIL-IPC:
08-23 13:22:38.330 1976 2328 D use-Rlog/RLOG-RIL-IPC: xmm626_sec_modem_fmt_send: Sent FMT message
08-23 13:22:38.330 1976 2328 D use-Rlog/RLOG-RIL-IPC: xmm626_sec_modem_fmt_send: Message: mseq=0x24, command=IPC_NET_PLMN_SEL, type=IPC_TYPE_GET, size=0
08-23 13:22:38.335 2883 2883 D RILJ : [3709]> DATA_REGISTRATION_STATE [SUB0]
08-23 13:22:38.335 1976 2008 D use-Rlog/RLOG-RIL: 2 RIL requests in the queue (1 pending, 1 handled, 0 unhandled)
08-23 13:22:38.335 1976 2328 D use-Rlog/RLOG-RIL-IPC:
08-23 13:22:38.335 1976 2328 D use-Rlog/RLOG-RIL-IPC: xmm626_sec_modem_fmt_send: Sent FMT message
08-23 13:22:38.335 1976 2328 D use-Rlog/RLOG-RIL-IPC: xmm626_sec_modem_fmt_send: Message: mseq=0x25, command=IPC_NET_SERVING_NETWORK, type=IPC_TYPE_GET, size=0
08-23 13:22:38.335 2883 2883 D RILJ : [3710]> VOICE_REGISTRATION_STATE [SUB0]
08-23 13:22:38.335 1976 2008 D use-Rlog/RLOG-RIL: 3 RIL requests in the queue (1 pending, 2 handled, 0 unhandled)
08-23 13:22:38.335 1976 2328 D use-Rlog/RLOG-RIL-IPC:
08-23 13:22:38.335 1976 2328 D use-Rlog/RLOG-RIL-IPC: xmm626_sec_modem_fmt_send: Sent FMT message
08-23 13:22:38.335 1976 2328 D use-Rlog/RLOG-RIL-IPC: xmm626_sec_modem_fmt_send: Message: mseq=0x26, command=IPC_NET_REGIST, type=IPC_TYPE_GET, size=2
08-23 13:22:38.335 1976 2328 D use-Rlog/RLOG-RIL-IPC: ================================= IPC FMT data =================================
08-23 13:22:38.335 1976 2328 D use-Rlog/RLOG-RIL-IPC: [0000] FF 03 ..
08-23 13:22:38.335 2883 2883 D RILJ : [3711]> QUERY_NETWORK_SELECTION_MODE [SUB0]
08-23 13:22:38.335 1976 2328 D use-Rlog/RLOG-RIL-IPC: ================================================================================
08-23 13:22:38.335 1976 2323 D use-Rlog/RLOG-RIL-IPC:
08-23 13:22:38.335 1976 2323 D use-Rlog/RLOG-RIL-IPC: xmm626_sec_modem_fmt_recv: Received FMT message
08-23 13:22:38.335 1976 2323 D use-Rlog/RLOG-RIL-IPC: xmm626_sec_modem_fmt_recv: Message: aseq=0x24, command=IPC_NET_PLMN_SEL, type=IPC_TYPE_RESP, size=1
08-23 13:22:38.335 1976 2323 D use-Rlog/RLOG-RIL-IPC: ================================= IPC FMT data =================================
08-23 13:22:38.335 1976 2323 D use-Rlog/RLOG-RIL-IPC: [0000] 02 .
08-23 13:22:38.335 1976 2323 D use-Rlog/RLOG-RIL-IPC: ================================================================================
08-23 13:22:38.335 1976 2323 D use-Rlog/RLOG-RIL: 2 RIL requests in the queue (0 pending, 2 handled, 0 unhandled)
08-23 13:22:38.335 1976 2323 D use-Rlog/RLOG-RIL-IPC:
08-23 13:22:38.335 1976 2323 D use-Rlog/RLOG-RIL-IPC: xmm626_sec_modem_fmt_recv: Received FMT message
08-23 13:22:38.335 1976 2323 D use-Rlog/RLOG-RIL-IPC: xmm626_sec_modem_fmt_recv: Message: aseq=0x25, command=IPC_NET_SERVING_NETWORK, type=IPC_TYPE_RESP, size=11
08-23 13:22:38.335 1976 2323 D use-Rlog/RLOG-RIL-IPC: ================================= IPC FMT data =================================
08-23 13:22:38.335 1976 2323 D use-Rlog/RLOG-RIL-IPC: [0000] 02 04 04 32 32 32 38 38 23 A0 46 ...22288 #.F
08-23 13:22:38.335 2883 2969 D RILJ : [3707]< QUERY_NETWORK_SELECTION_MODE {0} [SUB0]
08-23 13:22:38.335 1976 2323 D use-Rlog/RLOG-RIL-IPC: ================================================================================
08-23 13:22:38.335 1976 2323 D use-Rlog/RLOG-RIL: 1 RIL request in the queue (0 pending, 1 handled, 0 unhandled)
08-23 13:22:38.335 2883 2883 D RILJ : [3712]> OPERATOR [SUB0]
08-23 13:22:38.335 2883 2969 D RILJ : [3708]< OPERATOR {Wind, Wind, 22288} [SUB0]
08-23 13:22:38.335 1976 2008 D use-Rlog/RLOG-RIL: 2 RIL requests in the queue (1 pending, 1 handled, 0 unhandled)
08-23 13:22:38.335 1976 2008 D use-Rlog/RLOG-RIL: 3 RIL requests in the queue (2 pending, 1 handled, 0 unhandled)
08-23 13:22:38.335 1976 2328 D use-Rlog/RLOG-RIL-IPC:
08-23 13:22:38.335 1976 2328 D use-Rlog/RLOG-RIL-IPC: xmm626_sec_modem_fmt_send: Sent FMT message
08-23 13:22:38.335 1976 2328 D use-Rlog/RLOG-RIL-IPC: xmm626_sec_modem_fmt_send: Message: mseq=0x27, command=IPC_NET_REGIST, type=IPC_TYPE_GET, size=2
08-23 13:22:38.335 1976 2328 D use-Rlog/RLOG-RIL-IPC: ================================= IPC FMT data =================================
08-23 13:22:38.335 1976 2328 D use-Rlog/RLOG-RIL-IPC: [0000] FF 02 ..
08-23 13:22:38.335 1976 2328 D use-Rlog/RLOG-RIL-IPC: ================================================================================
08-23 13:22:38.335 1976 2328 D use-Rlog/RLOG-RIL-IPC:
08-23 13:22:38.335 1976 2328 D use-Rlog/RLOG-RIL-IPC: xmm626_sec_modem_fmt_send: Sent FMT message
08-23 13:22:38.335 1976 2328 D use-Rlog/RLOG-RIL-IPC: xmm626_sec_modem_fmt_send: Message: mseq=0x28, command=IPC_NET_PLMN_SEL, type=IPC_TYPE_GET, size=0
08-23 13:22:38.340 1976 2323 D use-Rlog/RLOG-RIL-IPC:
08-23 13:22:38.340 1976 2323 D use-Rlog/RLOG-RIL-IPC: xmm626_sec_modem_fmt_recv: Received FMT message
08-23 13:22:38.340 1976 2323 D use-Rlog/RLOG-RIL-IPC: xmm626_sec_modem_fmt_recv: Message: aseq=0x26, command=IPC_NET_REGIST, type=IPC_TYPE_RESP, size=11
08-23 13:22:38.340 1976 2323 D use-Rlog/RLOG-RIL-IPC: ================================= IPC FMT data =================================
08-23 13:22:38.340 2883 2883 D RILJ : [3713]> DATA_REGISTRATION_STATE [SUB0]
08-23 13:22:38.340 1976 2323 D use-Rlog/RLOG-RIL-IPC: [0000] 04 03 01 00 A0 46 B2 34 DA 01 00 .....F.4 ...
08-23 13:22:38.340 1976 2323 D use-Rlog/RLOG-RIL-IPC: ================================================================================
08-23 13:22:38.340 1976 2323 D use-Rlog/RLOG-RIL: 2 RIL requests in the queue (0 pending, 2 handled, 0 unhandled)
08-23 13:22:38.340 2883 2969 D RILJ : [3709]< DATA_REGISTRATION_STATE {0, 46a0, 1da34b2, 9, 3} [SUB0]
08-23 13:22:38.340 1976 2008 D use-Rlog/RLOG-RIL: 3 RIL requests in the queue (1 pending, 2 handled, 0 unhandled)
08-23 13:22:38.340 1976 2328 D use-Rlog/RLOG-RIL-IPC:
08-23 13:22:38.340 1976 2328 D use-Rlog/RLOG-RIL-IPC: xmm626_sec_modem_fmt_send: Sent FMT message
08-23 13:22:38.340 1976 2328 D use-Rlog/RLOG-RIL-IPC: xmm626_sec_modem_fmt_send: Message: mseq=0x29, command=IPC_NET_SERVING_NETWORK, type=IPC_TYPE_GET, size=0
08-23 13:22:38.340 1976 2323 D use-Rlog/RLOG-RIL-IPC:
08-23 13:22:38.340 1976 2323 D use-Rlog/RLOG-RIL-IPC: xmm626_sec_modem_fmt_recv: Received FMT message
08-23 13:22:38.340 1976 2323 D use-Rlog/RLOG-RIL-IPC: xmm626_sec_modem_fmt_recv: Message: aseq=0x27, command=IPC_NET_REGIST, type=IPC_TYPE_RESP, size=11
08-23 13:22:38.340 1976 2323 D use-Rlog/RLOG-RIL-IPC: ================================= IPC FMT data =================================
08-23 13:22:38.340 1976 2323 D use-Rlog/RLOG-RIL-IPC: [0000] 04 02 04 00 A0 46 B2 34 DA 01 00 .....F.4 ...
08-23 13:22:38.340 1976 2323 D use-Rlog/RLOG-RIL-IPC: ================================================================================
08-23 13:22:38.340 2883 2883 D RILJ : [3714]> VOICE_REGISTRATION_STATE [SUB0]
08-23 13:22:38.340 1976 2323 D use-Rlog/RLOG-RIL: 2 RIL requests in the queue (0 pending, 2 handled, 0 unhandled)
08-23 13:22:38.340 1976 2008 D use-Rlog/RLOG-RIL: 3 RIL requests in the queue (1 pending, 2 handled, 0 unhandled)
08-23 13:22:38.340 1976 2328 D use-Rlog/RLOG-RIL-IPC:
08-23 13:22:38.340 1976 2328 D use-Rlog/RLOG-RIL-IPC: xmm626_sec_modem_fmt_send: Sent FMT message
08-23 13:22:38.340 1976 2328 D use-Rlog/RLOG-RIL-IPC: xmm626_sec_modem_fmt_send: Message: mseq=0x2a, command=IPC_NET_REGIST, type=IPC_TYPE_GET, size=2
08-23 13:22:38.340 1976 2328 D use-Rlog/RLOG-RIL-IPC: ================================= IPC FMT data =================================
08-23 13:22:38.340 1976 2328 D use-Rlog/RLOG-RIL-IPC: [0000] FF 03 ..
08-23 13:22:38.340 1976 2328 D use-Rlog/RLOG-RIL-IPC: ================================================================================
08-23 13:22:38.340 1976 2323 D use-Rlog/RLOG-RIL-IPC:
08-23 13:22:38.340 1976 2323 D use-Rlog/RLOG-RIL-IPC: xmm626_sec_modem_fmt_recv: Received FMT message
08-23 13:22:38.340 1976 2323 D use-Rlog/RLOG-RIL-IPC: xmm626_sec_modem_fmt_recv: Message: aseq=0x28, command=IPC_NET_PLMN_SEL, type=IPC_TYPE_RESP, size=1
08-23 13:22:38.340 1976 2323 D use-Rlog/RLOG-RIL-IPC: ================================= IPC FMT data =================================
08-23 13:22:38.340 2883 2883 D RILJ : [3715]> QUERY_NETWORK_SELECTION_MODE [SUB0]
08-23 13:22:38.340 1976 2323 D use-Rlog/RLOG-RIL-IPC: [0000] 02 .
08-23 13:22:38.340 1976 2323 D use-Rlog/RLOG-RIL-IPC: ================================================================================
08-23 13:22:38.340 1976 2323 D use-Rlog/RLOG-RIL: 2 RIL requests in the queue (0 pending, 2 handled, 0 unhandled)
08-23 13:22:38.340 1976 2008 D use-Rlog/RLOG-RIL: 3 RIL requests in the queue (1 pending, 2 handled, 0 unhandled)
08-23 13:22:38.340 1976 2328 D use-Rlog/RLOG-RIL-IPC:
08-23 13:22:38.340 1976 2328 D use-Rlog/RLOG-RIL-IPC: xmm626_sec_modem_fmt_send: Sent FMT message
08-23 13:22:38.340 1976 2328 D use-Rlog/RLOG-RIL-IPC: xmm626_sec_modem_fmt_send: Message: mseq=0x2b, command=IPC_NET_REGIST, type=IPC_TYPE_GET, size=2
08-23 13:22:38.340 1976 2328 D use-Rlog/RLOG-RIL-IPC: ================================= IPC FMT data =================================
08-23 13:22:38.340 1976 2328 D use-Rlog/RLOG-RIL-IPC: [0000] FF 02 ..
08-23 13:22:38.340 1976 2328 D use-Rlog/RLOG-RIL-IPC: ================================================================================
08-23 13:22:38.340 1976 2323 D use-Rlog/RLOG-RIL-IPC:
08-23 13:22:38.340 1976 2323 D use-Rlog/RLOG-RIL-IPC: xmm626_sec_modem_fmt_recv: Received FMT message
08-23 13:22:38.340 1976 2323 D use-Rlog/RLOG-RIL-IPC: xmm626_sec_modem_fmt_recv: Message: aseq=0x29, command=IPC_NET_SERVING_NETWORK, type=IPC_TYPE_RESP, size=11
08-23 13:22:38.340 1976 2323 D use-Rlog/RLOG-RIL-IPC: ================================= IPC FMT data =================================
08-23 13:22:38.340 1976 2323 D use-Rlog/RLOG-RIL-IPC: [0000] 02 04 04 32 32 32 38 38 23 A0 46 ...22288 #.F
08-23 13:22:38.340 1976 2323 D use-Rlog/RLOG-RIL-IPC: ================================================================================
08-23 13:22:38.340 1976 2323 D use-Rlog/RLOG-RIL: 2 RIL requests in the queue (0 pending, 2 handled, 0 unhandled)
08-23 13:22:38.340 2883 2883 D RILJ : [3716]> OPERATOR [SUB0]
08-23 13:22:38.345 1976 2323 D use-Rlog/RLOG-RIL-IPC:
08-23 13:22:38.345 1976 2323 D use-Rlog/RLOG-RIL-IPC: xmm626_sec_modem_fmt_recv: Received FMT message
08-23 13:22:38.345 1976 2323 D use-Rlog/RLOG-RIL-IPC: xmm626_sec_modem_fmt_recv: Message: aseq=0x2a, command=IPC_NET_REGIST, type=IPC_TYPE_RESP, size=11
08-23 13:22:38.345 1976 2323 D use-Rlog/RLOG-RIL-IPC: ================================= IPC FMT data =================================
08-23 13:22:38.345 1976 2323 D use-Rlog/RLOG-RIL-IPC: [0000] 04 03 01 00 A0 46 B2 34 DA 01 00 .....F.4 ...
08-23 13:22:38.345 1976 2323 D use-Rlog/RLOG-RIL-IPC: ================================================================================
08-23 13:22:38.345 1976 2323 D use-Rlog/RLOG-RIL: 1 RIL request in the queue (0 pending, 1 handled, 0 unhandled)
08-23 13:22:38.345 1976 2323 D use-Rlog/RLOG-RIL-IPC:
08-23 13:22:38.345 1976 2323 D use-Rlog/RLOG-RIL-IPC: xmm626_sec_modem_fmt_recv: Received FMT message
08-23 13:22:38.345 1976 2323 D use-Rlog/RLOG-RIL-IPC: xmm626_sec_modem_fmt_recv: Message: aseq=0x2b, command=IPC_NET_REGIST, type=IPC_TYPE_RESP, size=11
08-23 13:22:38.345 1976 2323 D use-Rlog/RLOG-RIL-IPC: ================================= IPC FMT data =================================
08-23 13:22:38.345 1976 2323 D use-Rlog/RLOG-RIL-IPC: [0000] 04 02 04 00 A0 46 B2 34 DA 01 00 .....F.4 ...
08-23 13:22:38.345 1976 2323 D use-Rlog/RLOG-RIL-IPC: ================================================================================
08-23 13:22:38.345 1976 2323 D use-Rlog/RLOG-RIL: 0 RIL request in the queue (0 pending, 0 handled, 0 unhandled)
08-23 13:22:38.345 1976 2008 D use-Rlog/RLOG-RIL: 1 RIL request in the queue (1 pending, 0 handled, 0 unhandled)
08-23 13:22:38.345 2883 2883 D RILJ : [3717]> DATA_REGISTRATION_STATE [SUB0]
08-23 13:22:38.345 2883 2969 D RILJ : [3710]< VOICE_REGISTRATION_STATE {10, 46a0, 1da34b2, 9, null, null, null, null, null, null, null, null, null, null, null} [SUB0]
08-23 13:22:38.345 1976 2008 D use-Rlog/RLOG-RIL: 2 RIL requests in the queue (2 pending, 0 handled, 0 unhandled)
08-23 13:22:38.345 1976 2328 D use-Rlog/RLOG-RIL-IPC:
08-23 13:22:38.345 1976 2328 D use-Rlog/RLOG-RIL-IPC: xmm626_sec_modem_fmt_send: Sent FMT message
08-23 13:22:38.345 1976 2328 D use-Rlog/RLOG-RIL-IPC: xmm626_sec_modem_fmt_send: Message: mseq=0x2c, command=IPC_NET_PLMN_SEL, type=IPC_TYPE_GET, size=0
08-23 13:22:38.345 1976 2328 D use-Rlog/RLOG-RIL-IPC:
08-23 13:22:38.345 1976 2328 D use-Rlog/RLOG-RIL-IPC: xmm626_sec_modem_fmt_send: Sent FMT message
08-23 13:22:38.345 1976 2328 D use-Rlog/RLOG-RIL-IPC: xmm626_sec_modem_fmt_send: Message: mseq=0x2d, command=IPC_NET_SERVING_NETWORK, type=IPC_TYPE_GET, size=0
08-23 13:22:38.345 2883 2883 D RILJ : [3718]> VOICE_REGISTRATION_STATE [SUB0]
08-23 13:22:38.345 2883 2969 D RILJ : [3711]< QUERY_NETWORK_SELECTION_MODE {0} [SUB0]
08-23 13:22:38.345 1976 2008 D use-Rlog/RLOG-RIL: 3 RIL requests in the queue (1 pending, 2 handled, 0 unhandled)
08-23 13:22:38.345 1976 2328 D use-Rlog/RLOG-RIL-IPC:
08-23 13:22:38.345 1976 2328 D use-Rlog/RLOG-RIL-IPC: xmm626_sec_modem_fmt_send: Sent FMT message
08-23 13:22:38.345 1976 2328 D use-Rlog/RLOG-RIL-IPC: xmm626_sec_modem_fmt_send: Message: mseq=0x2e, command=IPC_NET_REGIST, type=IPC_TYPE_GET, size=2
08-23 13:22:38.345 1976 2328 D use-Rlog/RLOG-RIL-IPC: ================================= IPC FMT data =================================
08-23 13:22:38.345 1976 2328 D use-Rlog/RLOG-RIL-IPC: [0000] FF 03 ..
08-23 13:22:38.345 1976 2328 D use-Rlog/RLOG-RIL-IPC: ================================================================================
08-23 13:22:38.345 1976 2323 D use-Rlog/RLOG-RIL-IPC:
08-23 13:22:38.345 1976 2323 D use-Rlog/RLOG-RIL-IPC: xmm626_sec_modem_fmt_recv: Received FMT message
08-23 13:22:38.345 1976 2323 D use-Rlog/RLOG-RIL-IPC: xmm626_sec_modem_fmt_recv: Message: aseq=0x2c, command=IPC_NET_PLMN_SEL, type=IPC_TYPE_RESP, size=1
08-23 13:22:38.350 1976 2323 D use-Rlog/RLOG-RIL-IPC: ================================= IPC FMT data =================================
08-23 13:22:38.350 1976 2323 D use-Rlog/RLOG-RIL-IPC: [0000] 02 .
08-23 13:22:38.350 1976 2323 D use-Rlog/RLOG-RIL-IPC: ================================================================================
08-23 13:22:38.350 1976 2323 D use-Rlog/RLOG-RIL: 2 RIL requests in the queue (0 pending, 2 handled, 0 unhandled)
08-23 13:22:38.350 1976 2323 D use-Rlog/RLOG-RIL-IPC:
08-23 13:22:38.350 1976 2323 D use-Rlog/RLOG-RIL-IPC: xmm626_sec_modem_fmt_recv: Received FMT message
08-23 13:22:38.350 1976 2323 D use-Rlog/RLOG-RIL-IPC: xmm626_sec_modem_fmt_recv: Message: aseq=0x2d, command=IPC_NET_SERVING_NETWORK, type=IPC_TYPE_RESP, size=11
08-23 13:22:38.350 1976 2323 D use-Rlog/RLOG-RIL-IPC: ================================= IPC FMT data =================================
08-23 13:22:38.350 2883 2883 D RILJ : [3719]> QUERY_NETWORK_SELECTION_MODE [SUB0]
08-23 13:22:38.350 1976 2323 D use-Rlog/RLOG-RIL-IPC: [0000] 02 04 04 32 32 32 38 38 23 A0 46 ...22288 #.F
08-23 13:22:38.350 1976 2323 D use-Rlog/RLOG-RIL-IPC: ================================================================================
08-23 13:22:38.350 1976 2323 D use-Rlog/RLOG-RIL: 1 RIL request in the queue (0 pending, 1 handled, 0 unhandled)
08-23 13:22:38.350 1976 2323 D use-Rlog/RLOG-RIL-IPC:
08-23 13:22:38.350 1976 2323 D use-Rlog/RLOG-RIL-IPC: xmm626_sec_modem_fmt_recv: Received FMT message
08-23 13:22:38.350 1976 2323 D use-Rlog/RLOG-RIL-IPC: xmm626_sec_modem_fmt_recv: Message: aseq=0x2e, command=IPC_NET_REGIST, type=IPC_TYPE_RESP, size=11
08-23 13:22:38.350 1976 2323 D use-Rlog/RLOG-RIL-IPC: ================================= IPC FMT data =================================
08-23 13:22:38.350 1976 2323 D use-Rlog/RLOG-RIL-IPC: [0000] 04 03 01 00 A0 46 B2 34 DA 01 00 .....F.4 ...
08-23 13:22:38.350 1976 2323 D use-Rlog/RLOG-RIL-IPC: ================================================================================
08-23 13:22:38.350 1976 2323 D use-Rlog/RLOG-RIL: 0 RIL request in the queue (0 pending, 0 handled, 0 unhandled)
08-23 13:22:38.350 1976 2008 D use-Rlog/RLOG-RIL: 1 RIL request in the queue (1 pending, 0 handled, 0 unhandled)
08-23 13:22:38.350 1976 2008 D use-Rlog/RLOG-RIL: 2 RIL requests in the queue (2 pending, 0 handled, 0 unhandled)
08-23 13:22:38.350 1976 2328 D use-Rlog/RLOG-RIL-IPC:
08-23 13:22:38.350 1976 2328 D use-Rlog/RLOG-RIL-IPC: xmm626_sec_modem_fmt_send: Sent FMT message
08-23 13:22:38.350 1976 2328 D use-Rlog/RLOG-RIL-IPC: xmm626_sec_modem_fmt_send: Message: mseq=0x2f, command=IPC_NET_REGIST, type=IPC_TYPE_GET, size=2
08-23 13:22:38.350 2883 2969 D RILJ : [3712]< OPERATOR {Wind, Wind, 22288} [SUB0]
08-23 13:22:38.350 1976 2328 D use-Rlog/RLOG-RIL-IPC: ================================= IPC FMT data =================================
08-23 13:22:38.350 1976 2328 D use-Rlog/RLOG-RIL-IPC: [0000] FF 02 ..
08-23 13:22:38.350 1976 2328 D use-Rlog/RLOG-RIL-IPC: ================================================================================
08-23 13:22:38.350 1976 2328 D use-Rlog/RLOG-RIL-IPC:
08-23 13:22:38.350 1976 2328 D use-Rlog/RLOG-RIL-IPC: xmm626_sec_modem_fmt_send: Sent FMT message
08-23 13:22:38.350 1976 2328 D use-Rlog/RLOG-RIL-IPC: xmm626_sec_modem_fmt_send: Message: mseq=0x30, command=IPC_NET_PLMN_SEL, type=IPC_TYPE_GET, size=0
08-23 13:22:38.350 2883 2969 D RILJ : [3713]< DATA_REGISTRATION_STATE {0, 46a0, 1da34b2, 9, 3} [SUB0]
08-23 13:22:38.350 2883 2969 D RILJ : [3714]< VOICE_REGISTRATION_STATE {10, 46a0, 1da34b2, 9, null, null, null, null, null, null, null, null, null, null, null} [SUB0]
08-23 13:22:38.350 2883 2969 D RILJ : [3715]< QUERY_NETWORK_SELECTION_MODE {0} [SUB0]
08-23 13:22:38.350 2883 2969 D RILJ : [3716]< OPERATOR {Wind, Wind, 22288} [SUB0]
08-23 13:22:38.350 1976 2323 D use-Rlog/RLOG-RIL-IPC:
08-23 13:22:38.350 2883 2969 D RILJ : [3717]< DATA_REGISTRATION_STATE {0, 46a0, 1da34b2, 9, 3} [SUB0]
08-23 13:22:38.355 2883 2883 D PHONE : [ServiceState] setDataRegState=1
08-23 13:22:38.355 2883 2883 D PHONE : [ServiceState] setDataRadioTechnology=9
08-23 13:22:38.355 1976 2323 D use-Rlog/RLOG-RIL-IPC: xmm626_sec_modem_fmt_recv: Received FMT message
08-23 13:22:38.355 1976 2323 D use-Rlog/RLOG-RIL-IPC: xmm626_sec_modem_fmt_recv: Message: aseq=0x2f, command=IPC_NET_REGIST, type=IPC_TYPE_RESP, size=11
08-23 13:22:38.355 2883 2883 D GsmSST : [GsmSST] handlPollStateResultMessage: GsmSST setDataRegState=1 regState=0 dataRadioTechnology=9
08-23 13:22:38.355 1976 2323 D use-Rlog/RLOG-RIL-IPC: ================================= IPC FMT data =================================
08-23 13:22:38.355 1976 2323 D use-Rlog/RLOG-RIL-IPC: [0000] 04 02 04 00 A0 46 B2 34 DA 01 00 .....F.4 ...
08-23 13:22:38.355 1976 2323 D use-Rlog/RLOG-RIL-IPC: ================================================================================
08-23 13:22:38.355 1976 2323 D use-Rlog/RLOG-RIL: 1 RIL request in the queue (0 pending, 1 handled, 0 unhandled)
08-23 13:22:38.355 2883 2969 D RILJ : [3718]< VOICE_REGISTRATION_STATE {10, 46a0, 1da34b2, 9, null, null, null, null, null, null, null, null, null, null, null} [SUB0]
08-23 13:22:38.355 2883 2883 D PHONE : [ServiceState] setVoiceRegState=1
08-23 13:22:38.355 2883 2883 E PHONE : [ServiceState] setState deprecated use setVoiceRegState()
08-23 13:22:38.355 1976 2323 D use-Rlog/RLOG-RIL-IPC:
08-23 13:22:38.355 1976 2323 D use-Rlog/RLOG-RIL-IPC: xmm626_sec_modem_fmt_recv: Received FMT message
08-23 13:22:38.355 1976 2323 D use-Rlog/RLOG-RIL-IPC: xmm626_sec_modem_fmt_recv: Message: aseq=0x30, command=IPC_NET_PLMN_SEL, type=IPC_TYPE_RESP, size=1
08-23 13:22:38.355 1976 2323 D use-Rlog/RLOG-RIL-IPC: ================================= IPC FMT data =================================
08-23 13:22:38.355 1976 2323 D use-Rlog/RLOG-RIL-IPC: [0000] 02 .
08-23 13:22:38.355 1976 2323 D use-Rlog/RLOG-RIL-IPC: ================================================================================
08-23 13:22:38.355 1976 2323 D use-Rlog/RLOG-RIL: 0 RIL request in the queue (0 pending, 0 handled, 0 unhandled)
08-23 13:22:38.355 2883 2969 D RILJ : [3719]< QUERY_NETWORK_SELECTION_MODE {0} [SUB0]
08-23 13:22:38.355 2883 2883 D SubscriptionController: [getSubId]- sSlotIdxToSubId.size == 0, return DummySubIds slotIdx=0
08-23 13:22:38.355 2883 2883 D GsmSST : [GsmSST] Poll ServiceState done: oldSS=[1 1 voice home data home Vodafone Vodafone 22210 Vodafone Vodafone 22210 Unknown Unknown CSS not supported -1 -1 RoamInd=-1 DefRoamInd=-1 EmergOnly=true IsDataRoamingFromRegistration=false] newSS=[1 1 voice home data home Wind Wind 22288 Wind Wind 22288 HSDPA HSDPA CSS not supported -1 -1 RoamInd=-1 DefRoamInd=-1 EmergOnly=true IsDataRoamingFromRegistration=false] oldMaxDataCalls=1 mNewMaxDataCalls=1 oldReasonDataDenied=-1 mNewReasonDataDenied=-1
08-23 13:22:38.355 2883 2883 D GsmSST : [GsmSST] RAT switched Unknown -> HSDPA at cell 31077554
08-23 13:22:38.355 2883 2883 D PHONE : [ServiceState] setNullState=1
08-23 13:22:38.355 2883 2883 D SST : updatePhoneObject: Ignore update
08-23 13:22:38.355 2883 2883 D TelephonyManager: setTelephonyProperty: success phoneId=0 property=gsm.network.type value: HSDPA propVal=HSDPA
08-23 13:22:38.360 2883 2883 D GsmSST : [GsmSST] updateSpnDisplay: radio is on but out of service, set plmn='Emergency calls only'
08-23 13:22:38.360 2883 2883 D SubscriptionController: [getSubId]- sSlotIdxToSubId.size == 0, return DummySubIds slotIdx=0
08-23 13:22:38.360 2883 2883 D TelephonyManager: setTelephonyProperty: success phoneId=0 property=gsm.operator.alpha value: Wind propVal=Wind
08-23 13:22:38.360 2883 2883 D TelephonyManager: setTelephonyProperty: success phoneId=0 property=gsm.operator.numeric value: 22288 propVal=22288
08-23 13:22:38.365 2883 2883 D GsmSST : [GsmSST] update mccmnc=22288 fromServiceState=true
08-23 13:22:38.365 2883 2883 D TelephonyManager: setTelephonyProperty: success phoneId=0 property=gsm.operator.iso-country value: it propVal=it
08-23 13:22:38.370 2883 2883 D GsmSST : [GsmSST] pollStateDone: no nitz but one TZ for iso-cc=it with zone.getID=Europe/Rome testOneUniqueOffsetPath=false
08-23 13:22:38.370 2883 2883 D GsmSST : [GsmSST] setAndBroadcastNetworkSetTimeZone: setTimeZone=Europe/Rome
08-23 13:22:38.370 2883 2883 D GsmSST : [GsmSST] setAndBroadcastNetworkSetTimeZone: call alarm.setTimeZone and broadcast zoneId=Europe/Rome
08-23 13:22:38.370 2883 2883 D GsmSST : [GsmSST] shouldFixTimeZoneNow: retVal=false iccCardExist=false operatorNumeric=22288 mcc=222 prevOperatorNumeric=22210 prevMcc=222 needToFixTimeZone=false ltod=08-23 13:22:38.377
08-23 13:22:38.370 2883 2883 D TelephonyManager: setTelephonyProperty: success phoneId=0 property=gsm.operator.isroaming value: false propVal=false
08-23 13:22:38.370 2883 2883 D GsmSST : [GsmSST] Broadcasting ServiceState : 1 1 voice home data home Wind Wind 22288 Wind Wind 22288 HSDPA HSDPA CSS not supported -1 -1 RoamInd=-1 DefRoamInd=-1 EmergOnly=true IsDataRoamingFromRegistration=false
08-23 13:22:38.370 2883 2883 D SubscriptionController: [getSubId]- sSlotIdxToSubId.size == 0, return DummySubIds slotIdx=0
08-23 13:22:38.375 2883 2883 D DefaultPhoneNotifier: nofityServiceState: mRegistry=com.android.internal.telephony.ITelephonyRegistry$Stub$Proxy@c0c7c64 ss=1 1 voice home data home Wind Wind 22288 Wind Wind 22288 HSDPA HSDPA CSS not supported -1 -1 RoamInd=-1 DefRoamInd=-1 EmergOnly=true IsDataRoamingFromRegistration=false sender=Handler (com.android.internal.telephony.gsm.GSMPhone) {7ffffcc} phondId=0 subId=-2
08-23 13:22:38.375 2883 2883 D SubscriptionController: [getSlotId]- subId invalid
08-23 13:22:38.375 2883 2883 D SubscriptionController: getSimStateForSlotIdx: simState=ABSENT ordinal=1
08-23 13:22:38.375 2348 2535 D SubscriptionManager: getSimStateForSubscriber: simState=1 slotIdx=0
08-23 13:22:38.375 2348 2535 D TelephonyManager: getSimState: default sim:-1, all SIMs absent, return state as absent
08-23 13:22:38.380 2883 2883 D GsmSST : [GsmSST] notifyDataRegStateRilRadioTechnologyChanged: drs=1 rat=9
08-23 13:22:38.380 2883 2883 D TelephonyManager: setTelephonyProperty: success phoneId=0 property=gsm.network.type value: HSDPA propVal=HSDPA
08-23 13:22:38.380 2883 2883 D DCT : [0]get all active apn types
08-23 13:22:38.380 2883 2883 D SubscriptionController: [getSubId]- sSlotIdxToSubId.size == 0, return DummySubIds slotIdx=0
08-23 13:22:38.380 2883 2883 D GsmSST : [GsmSST] getCellLocation(): X good mCellLoc=[18080,31077554,-1]
08-23 13:22:38.380 2348 2360 D TelephonyRegistry: notifyCellLocationForSubscriber: subId=-2 cellLocation=Bundle[mParcelledData.dataSize=64]
08-23 13:22:38.380 2883 2883 D SubscriptionController: [getSubId]- sSlotIdxToSubId.size == 0, return DummySubIds slotIdx=0
08-23 13:22:38.380 2883 2883 D DCT : [0]handleMessage msg={ when=-1ms what=270377 obj=android.os.AsyncResult@8c07178 target=com.android.internal.telephony.dataconnection.DcTracker }
08-23 13:22:38.380 2883 2883 D DCT : [0]onUpdateIcc: newIccRecords null
08-23 13:22:38.380 2883 2883 D DCT : [0]setupDataOnConnectableApns: nwTypeChanged
08-23 13:22:38.380 2883 2883 D DCT : [0]setupDataOnConnectableApns: apnContext {mApnType=dun mState=IDLE mWaitingApns={null} mWaitingApnsPermanentFailureCountDown=0 mApnSetting={null} mReason=radioTurnedOff mDataEnabled=false mDependencyMet=true}
08-23 13:22:38.380 2883 2883 D DCT : [0]setupDataOnConnectableApns: apnContext {mApnType=hipri mState=IDLE mWaitingApns={null} mWaitingApnsPermanentFailureCountDown=0 mApnSetting={null} mReason=radioTurnedOff mDataEnabled=false mDependencyMet=true}
08-23 13:22:38.380 2883 2883 D DCT : [0]setupDataOnConnectableApns: apnContext {mApnType=supl mState=IDLE mWaitingApns={null} mWaitingApnsPermanentFailureCountDown=0 mApnSetting={null} mReason=radioTurnedOff mDataEnabled=false mDependencyMet=true}
08-23 13:22:38.380 2883 2883 D DCT : [0]setupDataOnConnectableApns: apnContext {mApnType=default mState=IDLE mWaitingApns={null} mWaitingApnsPermanentFailureCountDown=0 mApnSetting={null} mReason=radioTurnedOff mDataEnabled=false mDependencyMet=true}
08-23 13:22:38.380 2883 2883 D DCT : [0]setupDataOnConnectableApns: apnContext {mApnType=mms mState=IDLE mWaitingApns={null} mWaitingApnsPermanentFailureCountDown=0 mApnSetting={null} mReason=radioTurnedOff mDataEnabled=false mDependencyMet=true}
08-23 13:22:38.390 1976 2323 D use-Rlog/RLOG-RIL-IPC:
08-23 13:22:38.390 1976 2323 D use-Rlog/RLOG-RIL-IPC: xmm626_sec_modem_fmt_recv: Received FMT message
08-23 13:22:38.390 1976 2323 D use-Rlog/RLOG-RIL-IPC: xmm626_sec_modem_fmt_recv: Message: aseq=0x30, command=IPC_DISP_ICON_INFO, type=IPC_TYPE_NOTI, size=4
08-23 13:22:38.390 1976 2323 D use-Rlog/RLOG-RIL-IPC: ================================= IPC FMT data =================================
08-23 13:22:38.390 1976 2323 D use-Rlog/RLOG-RIL-IPC: [0000] FF 04 00 05 ....
08-23 13:22:38.390 1976 2323 D use-Rlog/RLOG-RIL-IPC: ================================================================================
08-23 13:22:38.390 1976 2323 D use-Rlog/RLOG-RIL: Signal strength is 12
08-23 13:22:38.390 1976 2323 D use-Rlog/RLOG-RIL-IPC:
08-23 13:22:38.390 2883 2883 D SubscriptionController: [getSubId]- sSlotIdxToSubId.size == 0, return DummySubIds slotIdx=0
08-23 13:22:38.390 1976 2323 D use-Rlog/RLOG-RIL-IPC: xmm626_sec_modem_fmt_recv: Received FMT message
08-23 13:22:38.390 1976 2323 D use-Rlog/RLOG-RIL-IPC: xmm626_sec_modem_fmt_recv: Message: aseq=0x30, command=IPC_DISP_RSSI_INFO, type=IPC_TYPE_NOTI, size=1
08-23 13:22:38.390 1976 2323 D use-Rlog/RLOG-RIL-IPC: ================================= IPC FMT data =================================
08-23 13:22:38.390 1976 2323 D use-Rlog/RLOG-RIL-IPC: [0000] 52 R
08-23 13:22:38.390 2883 2883 D DefaultPhoneNotifier: notifySignalStrength: mRegistry=com.android.internal.telephony.ITelephonyRegistry$Stub$Proxy@c0c7c64 ss=SignalStrength: 12 99 -120 -160 -120 -1 -1 99 2147483647 2147483647 2147483647 -1 2147483647 gsm|lte sender=Handler (com.android.internal.telephony.gsm.GSMPhone) {7ffffcc}
08-23 13:22:38.390 1976 2323 D use-Rlog/RLOG-RIL-IPC: ================================================================================
08-23 13:22:38.390 1976 2323 D use-Rlog/RLOG-RIL: Signal strength is 15
08-23 13:22:38.395 2348 3158 D TelephonyRegistry: notifySignalStrengthForSubscriber: invalid phoneId=-1
08-23 13:22:38.395 2883 2883 D SubscriptionController: [getSubId]- sSlotIdxToSubId.size == 0, return DummySubIds slotIdx=0
08-23 13:22:38.395 2883 2883 D DefaultPhoneNotifier: notifySignalStrength: mRegistry=com.android.internal.telephony.ITelephonyRegistry$Stub$Proxy@c0c7c64 ss=SignalStrength: 15 99 -120 -160 -120 -1 -1 99 2147483647 2147483647 2147483647 -1 2147483647 gsm|lte sender=Handler (com.android.internal.telephony.gsm.GSMPhone) {7ffffcc}
08-23 13:22:38.395 2348 2904 D TelephonyRegistry: notifySignalStrengthForSubscriber: invalid phoneId=-1
08-23 13:22:39.320 2883 3119 D SubscriptionController: [getSlotId]- subId invalid
08-23 13:22:39.325 2883 2913 D SubscriptionController: getSimStateForSlotIdx: simState=ABSENT ordinal=1
08-23 13:22:39.325 2476 3261 D SubscriptionManager: getSimStateForSubscriber: simState=1 slotIdx=0
08-23 13:22:39.325 2476 3261 D TelephonyManager: getSimState: default sim:-1, all SIMs absent, return state as absent
08-23 13:22:39.325 2883 3203 D SubscriptionController: [getSlotId]- subId invalid
08-23 13:22:39.325 2883 2915 D SubscriptionController: getSimStateForSlotIdx: simState=ABSENT ordinal=1
08-23 13:22:39.325 2476 3261 D SubscriptionManager: getSimStateForSubscriber: simState=1 slotIdx=0
08-23 13:22:39.325 2476 3261 D TelephonyManager: getSimState: default sim:-1, all SIMs absent, return state as absent
08-23 13:22:39.335 2883 3119 D DCT : [0]hasMatchedTetherApnSetting: APN=null
08-23 13:22:39.335 2883 2913 D DCT : [0]hasMatchedTetherApnSetting: APN=null
08-23 13:22:39.340 2883 3203 D SubscriptionController: [getSlotId]- subId invalid
08-23 13:22:39.340 2883 2915 D SubscriptionController: getSimStateForSlotIdx: simState=ABSENT ordinal=1
08-23 13:22:39.340 2476 3261 D SubscriptionManager: getSimStateForSubscriber: simState=1 slotIdx=0
08-23 13:22:39.340 2476 3261 D TelephonyManager: getSimState: default sim:-1, all SIMs absent, return state as absent
08-23 13:22:39.345 2883 3119 D DCT : [0]hasMatchedTetherApnSetting: APN=null
08-23 13:22:39.530 2883 2913 D SubscriptionController: [getSubId]- sSlotIdxToSubId.size == 0, return DummySubIds slotIdx=0
08-23 13:22:39.750 2883 3203 D SubscriptionController: [getSlotId]- subId invalid
