08-23 13:22:39.755 2883 2915 D SubscriptionController: getSimStateForSlotIdx: simState=ABSENT ordinal=1
08-23 13:22:39.755 2476 3261 D SubscriptionManager: getSimStateForSubscriber: simState=1 slotIdx=0
08-23 13:22:39.755 2476 3261 D TelephonyManager: getSimState: default sim:-1, all SIMs absent, return state as absent
08-23 13:22:39.770 2883 3119 D DCT : [0]hasMatchedTetherApnSetting: APN=null
08-23 13:22:39.805 2883 3133 D SubscriptionController: [getSlotId]- subId invalid
08-23 13:22:39.810 2883 3203 D SubscriptionController: getSimStateForSlotIdx: simState=ABSENT ordinal=1
08-23 13:22:39.815 2476 3261 D SubscriptionManager: getSimStateForSubscriber: simState=1 slotIdx=0
08-23 13:22:39.815 2476 3261 D TelephonyManager: getSimState: default sim:-1, all SIMs absent, return state as absent
08-23 13:22:39.825 2883 2915 D DCT : [0]hasMatchedTetherApnSetting: APN=null
08-23 13:22:41.025 2883 3119 D SubscriptionController: [getActiveSubInfoList]+
08-23 13:22:41.025 2883 3119 D SubscriptionController: selection:sim_id>=0 null
08-23 13:22:41.030 2883 3119 D SubscriptionController: [getActiveSubInfoList]- no info return
08-23 13:22:41.035 2883 2913 D SubscriptionController: [getSubId]- sSlotIdxToSubId.size == 0, return DummySubIds slotIdx=0
08-23 13:22:41.040 2883 3203 D SubscriptionController: [getSlotId]- subId invalid
08-23 13:22:41.040 2883 2915 D SubscriptionController: getSimStateForSlotIdx: simState=ABSENT ordinal=1
08-23 13:22:41.040 2476 2476 D SubscriptionManager: getSimStateForSubscriber: simState=1 slotIdx=0
08-23 13:22:41.040 2476 2476 D TelephonyManager: getSimState: default sim:-1, all SIMs absent, return state as absent
08-23 13:22:41.045 2883 3119 D SubscriptionController: [getActiveSubInfoList]+
08-23 13:22:41.050 2883 3119 D SubscriptionController: selection:sim_id>=0 null
08-23 13:22:41.050 2883 3119 D SubscriptionController: [getActiveSubInfoList]- no info return
08-23 13:22:41.055 2883 2913 D SubscriptionController: [getSubId]- sSlotIdxToSubId.size == 0, return DummySubIds slotIdx=0
08-23 13:22:41.055 2883 3133 D SubscriptionController: [getActiveSubInfoList]+
08-23 13:22:41.055 2883 3133 D SubscriptionController: selection:sim_id>=0 null
08-23 13:22:41.060 2883 3133 D SubscriptionController: [getActiveSubInfoList]- no info return
08-23 13:22:41.060 2883 3203 D SubscriptionController: [getSubId]- sSlotIdxToSubId.size == 0, return DummySubIds slotIdx=0
08-23 13:22:41.075 2883 2915 D DCT : [0]hasMatchedTetherApnSetting: APN=null
08-23 13:22:41.085 2883 3119 D DCT : [0]hasMatchedTetherApnSetting: APN=null
08-23 13:22:41.090 2883 2913 D DCT : [0]hasMatchedTetherApnSetting: APN=null
08-23 13:22:42.070 2883 3133 D DCT : [0]hasMatchedTetherApnSetting: APN=null
08-23 13:22:42.370 2883 2883 D SubscriptionController: [getPhoneId] asked for default subId=-1
08-23 13:22:42.370 2883 2883 D SubscriptionController: [getPhoneId]- invalid subId return=-1
08-23 13:22:42.695 2883 2915 D SubscriptionController: [getPhoneId] asked for default subId=-1
08-23 13:22:42.695 2883 2915 D SubscriptionController: [getPhoneId]- invalid subId return=-1
08-23 13:22:44.940 2883 2883 D CAT : com.android.stk.BootCompletedReceiver: [ACTION_BOOT_COMPLETED]
08-23 13:22:44.940 2883 2883 D CAT : com.android.stk.StkAppService: onCreate()+
08-23 13:22:44.940 2883 2883 D CAT : com.android.stk.StkAppService: simCount: 1
08-23 13:22:44.945 2883 2883 D CAT : com.android.stk.StkAppService: slotId: 0
08-23 13:22:44.945 2883 2883 D CAT : com.android.stk.StkAppService: onStart sim id: 0, op: 5, *****
08-23 13:22:44.945 2883 2883 D CAT : com.android.stk.StkAppService: mStkService is: -1
08-23 13:22:44.950 2883 2883 D CAT : StkAppInstaller: [setAppState]+
08-23 13:22:44.950 2883 2883 D CAT : StkAppInstaller: Need not change app state!!
08-23 13:22:44.950 2883 2883 D CAT : StkAppInstaller: [setAppState]-
08-23 13:22:44.950 2883 2883 D CAT : com.android.stk.StkAppService: onDestroy()
08-23 13:22:45.510 2883 3119 D SubscriptionController: [getActiveSubInfoList]+
08-23 13:22:45.510 2883 3119 D SubscriptionController: selection:sim_id>=0 null
08-23 13:22:45.520 2883 3119 D SubscriptionController: [getActiveSubInfoList]- no info return
08-23 13:22:45.525 2883 2913 D SubscriptionController: [getPhoneId] asked for default subId=-1
08-23 13:22:45.525 2883 2913 D SubscriptionController: [getPhoneId]- invalid subId return=-1
08-23 13:22:45.530 2883 3203 D SubscriptionController: [getActiveSubInfoList]+
08-23 13:22:45.530 2883 3203 D SubscriptionController: selection:sim_id>=0 null
08-23 13:22:45.540 2883 3203 D SubscriptionController: [getActiveSubInfoList]- no info return
08-23 13:22:45.570 2883 2915 D SubscriptionController: [getActiveSubInfoList]+
08-23 13:22:45.570 2883 2915 D SubscriptionController: selection:sim_id>=0 null
08-23 13:22:45.575 2883 2915 D SubscriptionController: [getActiveSubInfoList]- no info return
08-23 13:22:45.605 2883 3133 D SubscriptionController: [getActiveSubInfoList]+
08-23 13:22:45.605 2883 3133 D SubscriptionController: selection:sim_id>=0 null
08-23 13:22:45.610 2883 3133 D SubscriptionController: [getActiveSubInfoList]- no info return
08-23 13:22:45.785 2883 2913 D SubscriptionController: [getPhoneId] asked for default subId=-1
08-23 13:22:45.785 2883 2913 D SubscriptionController: [getPhoneId]- invalid subId return=-1
08-23 13:22:51.960 2883 2883 D DCT : [0]onReceive: action=android.intent.action.SCREEN_ON
08-23 13:22:51.960 2883 2883 D DCT : [0]stopNetStatPoll
08-23 13:22:51.960 2883 2883 D SubscriptionController: [getSubId]- sSlotIdxToSubId.size == 0, return DummySubIds slotIdx=0
08-23 13:22:51.960 2883 2883 D DCT : [0]overall state is IDLE
08-23 13:22:51.960 2883 2883 D SubscriptionController: [getSubId]- sSlotIdxToSubId.size == 0, return DummySubIds slotIdx=0
08-23 13:22:51.970 2883 2883 D DCT : [0]onReceive: action=android.intent.action.SCREEN_OFF
08-23 13:22:51.970 2883 2883 D DCT : [0]stopNetStatPoll
08-23 13:22:51.970 2883 2883 D SubscriptionController: [getSubId]- sSlotIdxToSubId.size == 0, return DummySubIds slotIdx=0
08-23 13:22:51.970 2883 2883 D DCT : [0]overall state is IDLE
08-23 13:22:51.970 2883 2883 D SubscriptionController: [getSubId]- sSlotIdxToSubId.size == 0, return DummySubIds slotIdx=0
08-23 13:22:55.025 1976 2323 D use-Rlog/RLOG-RIL-IPC:
08-23 13:22:55.025 1976 2323 D use-Rlog/RLOG-RIL-IPC: xmm626_sec_modem_fmt_recv: Received FMT message
08-23 13:22:55.025 1976 2323 D use-Rlog/RLOG-RIL-IPC: xmm626_sec_modem_fmt_recv: Message: aseq=0x30, command=IPC_DISP_RSSI_INFO, type=IPC_TYPE_NOTI, size=1
08-23 13:22:55.025 1976 2323 D use-Rlog/RLOG-RIL-IPC: ================================= IPC FMT data =================================
08-23 13:22:55.025 1976 2323 D use-Rlog/RLOG-RIL-IPC: [0000] 54 T
08-23 13:22:55.025 1976 2323 D use-Rlog/RLOG-RIL-IPC: ================================================================================
08-23 13:22:55.025 1976 2323 D use-Rlog/RLOG-RIL: Signal strength is 14
08-23 13:22:55.030 2883 2883 D SubscriptionController: [getSubId]- sSlotIdxToSubId.size == 0, return DummySubIds slotIdx=0
08-23 13:22:55.030 2883 2883 D DefaultPhoneNotifier: notifySignalStrength: mRegistry=com.android.internal.telephony.ITelephonyRegistry$Stub$Proxy@c0c7c64 ss=SignalStrength: 14 99 -120 -160 -120 -1 -1 99 2147483647 2147483647 2147483647 -1 2147483647 gsm|lte sender=Handler (com.android.internal.telephony.gsm.GSMPhone) {7ffffcc}
08-23 13:22:55.030 2348 3158 D TelephonyRegistry: notifySignalStrengthForSubscriber: invalid phoneId=-1
08-23 13:23:00.145 1976 2323 D use-Rlog/RLOG-RIL-IPC:
08-23 13:23:00.145 1976 2323 D use-Rlog/RLOG-RIL-IPC: xmm626_sec_modem_fmt_recv: Received FMT message
08-23 13:23:00.145 1976 2323 D use-Rlog/RLOG-RIL-IPC: xmm626_sec_modem_fmt_recv: Message: aseq=0x30, command=IPC_DISP_RSSI_INFO, type=IPC_TYPE_NOTI, size=1
08-23 13:23:00.145 1976 2323 D use-Rlog/RLOG-RIL-IPC: ================================= IPC FMT data =================================
08-23 13:23:00.145 1976 2323 D use-Rlog/RLOG-RIL-IPC: [0000] 56 V
08-23 13:23:00.145 1976 2323 D use-Rlog/RLOG-RIL-IPC: ================================================================================
08-23 13:23:00.145 1976 2323 D use-Rlog/RLOG-RIL: Signal strength is 13
08-23 13:23:00.145 2883 2883 D SubscriptionController: [getSubId]- sSlotIdxToSubId.size == 0, return DummySubIds slotIdx=0
08-23 13:23:00.145 2883 2883 D DefaultPhoneNotifier: notifySignalStrength: mRegistry=com.android.internal.telephony.ITelephonyRegistry$Stub$Proxy@c0c7c64 ss=SignalStrength: 13 99 -120 -160 -120 -1 -1 99 2147483647 2147483647 2147483647 -1 2147483647 gsm|lte sender=Handler (com.android.internal.telephony.gsm.GSMPhone) {7ffffcc}
08-23 13:23:00.150 2348 2359 D TelephonyRegistry: notifySignalStrengthForSubscriber: invalid phoneId=-1
08-23 13:23:06.240 2883 2883 D DCT : [0]onReceive: action=android.intent.action.SCREEN_ON
08-23 13:23:06.240 2883 2883 D DCT : [0]stopNetStatPoll
08-23 13:23:06.240 2883 2883 D SubscriptionController: [getSubId]- sSlotIdxToSubId.size == 0, return DummySubIds slotIdx=0
08-23 13:23:06.240 2883 2883 D DCT : [0]overall state is IDLE
08-23 13:23:06.240 2883 2883 D SubscriptionController: [getSubId]- sSlotIdxToSubId.size == 0, return DummySubIds slotIdx=0
08-23 13:23:08.015 2883 3119 D DCT : [0]hasMatchedTetherApnSetting: APN=null