08-23 13:22:35.555 1976 2325 D use-Rlog/RLOG-RIL-IPC: [0000] 09 00 1A 00 04 00 00 00 0F 00 93 40 ........ ...@
08-23 13:22:35.555 1976 2325 D use-Rlog/RLOG-RIL-IPC: ================================================================================
08-23 13:22:35.555 1976 2325 D use-Rlog/RLOG-RIL-IPC: Checked nv_data path
08-23 13:22:35.560 2883 2883 D SubscriptionController: [getSubId]- sSlotIdxToSubId.size == 0, return DummySubIds slotIdx=0
08-23 13:22:35.560 2883 2883 D DCT : [0]isDataAllowed: not allowed due to - Attached= false - SIM not loaded - SIM not loaded and not NV subscription - defaultDataSelected= false
08-23 13:22:35.560 2883 2883 D SubscriptionController: [getPhoneId]- invalid subId return=-1
08-23 13:22:35.565 2883 2883 D SubscriptionController: [getSubId]- sSlotIdxToSubId.size == 0, return DummySubIds slotIdx=0
08-23 13:22:35.565 2883 2883 D DCT : [0]isDataAllowed: not allowed due to - Attached= false - SIM not loaded - SIM not loaded and not NV subscription - defaultDataSelected= false
08-23 13:22:35.575 2883 2883 D SubscriptionController: [getPhoneId]- invalid subId return=-1
08-23 13:22:35.580 2883 2883 D DCT : [0]handleMessage msg={ when=-898ms what=270348 obj=android.os.AsyncResult@6845ac9 target=com.android.internal.telephony.dataconnection.DcTracker }
08-23 13:22:35.580 2883 2883 D DCT : [0]onRoamingOff
08-23 13:22:35.580 2883 2883 D DCT : [0]handleMessage msg={ when=-897ms what=270377 obj=android.os.AsyncResult@a7a15ce target=com.android.internal.telephony.dataconnection.DcTracker }
08-23 13:22:35.580 2883 2883 D DCT : [0]onUpdateIcc: newIccRecords null
08-23 13:22:35.580 2883 2883 D DCT : [0]setupDataOnConnectableApns: nwTypeChanged
08-23 13:22:35.580 2883 2883 D DCT : [0]setupDataOnConnectableApns: apnContext {mApnType=dun mState=IDLE mWaitingApns={null} mWaitingApnsPermanentFailureCountDown=0 mApnSetting={null} mReason=radioTurnedOff mDataEnabled=false mDependencyMet=true}
08-23 13:22:35.580 2883 2883 D DCT : [0]setupDataOnConnectableApns: apnContext {mApnType=hipri mState=IDLE mWaitingApns={null} mWaitingApnsPermanentFailureCountDown=0 mApnSetting={null} mReason=radioTurnedOff mDataEnabled=false mDependencyMet=true}
08-23 13:22:35.580 2883 2883 D DCT : [0]setupDataOnConnectableApns: apnContext {mApnType=supl mState=IDLE mWaitingApns={null} mWaitingApnsPermanentFailureCountDown=0 mApnSetting={null} mReason=radioTurnedOff mDataEnabled=false mDependencyMet=true}
08-23 13:22:35.580 2883 2883 D DCT : [0]setupDataOnConnectableApns: apnContext {mApnType=default mState=IDLE mWaitingApns={null} mWaitingApnsPermanentFailureCountDown=0 mApnSetting={null} mReason=radioTurnedOff mDataEnabled=false mDependencyMet=true}
08-23 13:22:35.580 2883 2883 D DCT : [0]setupDataOnConnectableApns: apnContext {mApnType=mms mState=IDLE mWaitingApns={null} mWaitingApnsPermanentFailureCountDown=0 mApnSetting={null} mReason=radioTurnedOff mDataEnabled=false mDependencyMet=true}
08-23 13:22:35.580 2883 2883 D RILJ : [3662]> BASEBAND_VERSION [SUB0]
08-23 13:22:35.580 2883 2883 D RILJ : [3663]> GET_IMEI [SUB0]
08-23 13:22:35.585 2883 2883 D RILJ : [3664]> GET_IMEISV [SUB0]
08-23 13:22:35.585 2883 2883 D RILJ : [3665]> RIL_REQUEST_GET_RADIO_CAPABILITY [SUB0]
08-23 13:22:35.585 2883 2883 D RILJ : [3666]> RIL_REQUEST_START_LCE [SUB0]
08-23 13:22:35.585 2883 2883 D RILJ : [3667]> RIL_REQUEST_VOICE_RADIO_TECH [SUB0]
08-23 13:22:35.585 2883 2883 D SubscriptionController: [getSubId]- sSlotIdxToSubId.size == 0, return DummySubIds slotIdx=0
08-23 13:22:35.585 2883 2883 D GsmSMSDispatcher: GsmSMSDispatcher: subId = -2 slotId = 0
08-23 13:22:35.590 2883 2883 E IccCardProxy: setExternalState: !override and newstate unchanged from NOT_READY
08-23 13:22:35.590 2883 2883 E IccCardProxy: setExternalState: !override and newstate unchanged from NOT_READY
08-23 13:22:35.590 2883 2883 D DctController: EVENT_PHONE1_DATA_DETACH.
08-23 13:22:35.590 2883 3062 D DcSwitchSM: [DcSwitchStateMachine-0] DefaultState: shouldn't happen but ignore msg.what=0x44008
08-23 13:22:35.590 2883 2883 D SubscriptionController: [getSubId]- sSlotIdxToSubId.size == 0, return DummySubIds slotIdx=0
08-23 13:22:35.590 2883 2883 D DctController: [TNF -2]got request NetworkRequest [ id=1, legacyType=-1, [ Capabilities: INTERNET&NOT_RESTRICTED&TRUSTED&NOT_VPN] ] with score 0
08-23 13:22:35.590 2883 2883 D SubscriptionController: [getSubId]- sSlotIdxToSubId.size == 0, return DummySubIds slotIdx=0
08-23 13:22:35.590 2883 2883 D DctController: [TNF -2]Cellular needs Network for NetworkRequest [ id=1, legacyType=-1, [ Capabilities: INTERNET&NOT_RESTRICTED&TRUSTED&NOT_VPN] ]
08-23 13:22:35.590 2883 2883 D SubscriptionController: [getSubId]- sSlotIdxToSubId.size == 0, return DummySubIds slotIdx=0
08-23 13:22:35.590 2883 2883 D SubscriptionController: [getSubId]- sSlotIdxToSubId.size == 0, return DummySubIds slotIdx=0
08-23 13:22:35.590 2883 2883 D DctController: [TNF -2]Request not useable, pending request.
08-23 13:22:35.590 2883 2883 D SubscriptionInfoUpdater: [Receiver]+
08-23 13:22:35.590 2883 2883 D SubscriptionInfoUpdater: Action: android.intent.action.SIM_STATE_CHANGED
08-23 13:22:35.590 2883 2883 D SubscriptionInfoUpdater: slotId: 0
08-23 13:22:35.590 2883 2883 D SubscriptionInfoUpdater: simStatus: NOT_READY
08-23 13:22:35.590 2883 2883 D SubscriptionInfoUpdater: Ignoring simStatus: NOT_READY
08-23 13:22:35.590 2883 2883 D SubscriptionInfoUpdater: Wait for SIM1 IccId
08-23 13:22:35.590 2883 2883 D SubscriptionInfoUpdater: [Receiver]-
08-23 13:22:35.590 2883 2883 D DebugService: DebugService DebugService:
08-23 13:22:35.600 2883 2883 D SipService: SipService: started!
08-23 13:22:35.610 2883 2883 D SipService: start:
08-23 13:22:35.615 2883 2883 D RILJ : [3668]> RIL_REQUEST_QUERY_TTY_MODE [SUB0]
08-23 13:22:35.615 2883 2883 D GsmSST : [GsmSST] SubscriptionListener.onSubscriptionInfoChanged
08-23 13:22:35.615 2883 2883 D SubscriptionController: [getSubId]- sSlotIdxToSubId.size == 0, return DummySubIds slotIdx=0
08-23 13:22:35.615 2883 2883 D DCT : [0]SubscriptionListener.onSubscriptionInfoChanged
08-23 13:22:35.615 2883 2883 D SubscriptionController: [getSubId]- sSlotIdxToSubId.size == 0, return DummySubIds slotIdx=0
08-23 13:22:35.615 2883 2883 D SubscriptionController: [getActiveSubInfoList]+
08-23 13:22:35.620 2883 2883 D SubscriptionController: selection:sim_id>=0 null
08-23 13:22:35.645 2883 2883 D SubscriptionController: [getActiveSubInfoList]- no info return
08-23 13:22:35.650 2883 2883 D SubscriptionController: [getSubId]- sSlotIdxToSubId.size == 0, return DummySubIds slotIdx=0
08-23 13:22:35.650 2883 2883 D SubscriptionController: [getSubId]- sSlotIdxToSubId.size == 0, return DummySubIds slotIdx=0
08-23 13:22:35.650 2883 2883 D SubscriptionController: [getPhoneId]- invalid subId return=-1
08-23 13:22:35.655 2883 2883 D SubscriptionController: [getSubId]- sSlotIdxToSubId.size == 0, return DummySubIds slotIdx=0
08-23 13:22:35.665 1976 2325 D use-Rlog/RLOG-RIL-RFS: Wrote 4 nv_data byte(s) at offset 0x1a0009
08-23 13:22:35.665 1976 2325 D use-Rlog/RLOG-RIL-IPC:
08-23 13:22:35.665 1976 2325 D use-Rlog/RLOG-RIL-IPC: xmm626_sec_modem_rfs_send: Sent RFS message
08-23 13:22:35.665 1976 2325 D use-Rlog/RLOG-RIL-IPC: xmm626_sec_modem_rfs_send: Message: mseq=0x01, command=IPC_RFS_NV_WRITE_ITEM, size=9
08-23 13:22:35.665 1976 2325 D use-Rlog/RLOG-RIL-IPC: ================================= IPC RFS data =================================
08-23 13:22:35.665 1976 2325 D use-Rlog/RLOG-RIL-IPC: [0000] 01 09 00 1A 00 04 00 00 00 ........ .
08-23 13:22:35.665 1976 2325 D use-Rlog/RLOG-RIL-IPC: ================================================================================
08-23 13:22:35.665 1976 2323 D use-Rlog/RLOG-RIL-IPC:
08-23 13:22:35.665 1976 2323 D use-Rlog/RLOG-RIL-IPC: xmm626_sec_modem_fmt_recv: Received FMT message
08-23 13:22:35.665 1976 2323 D use-Rlog/RLOG-RIL-IPC: xmm626_sec_modem_fmt_recv: Message: aseq=0x02, command=IPC_GEN_PHONE_RES, type=IPC_TYPE_RESP, size=5
08-23 13:22:35.665 1976 2323 D use-Rlog/RLOG-RIL-IPC: ================================= IPC FMT data =================================
08-23 13:22:35.665 1976 2323 D use-Rlog/RLOG-RIL-IPC: [0000] 01 07 01 00 80 .....
08-23 13:22:35.665 1976 2323 D use-Rlog/RLOG-RIL-IPC: ================================================================================
08-23 13:22:35.665 1976 2323 D use-Rlog/RLOG-RIL: Generic response was expected
08-23 13:22:35.665 1976 2323 D use-Rlog/RLOG-RIL-IPC:
08-23 13:22:35.665 1976 2323 D use-Rlog/RLOG-RIL-IPC: xmm626_sec_modem_fmt_recv: Received FMT message
08-23 13:22:35.665 1976 2323 D use-Rlog/RLOG-RIL-IPC: xmm626_sec_modem_fmt_recv: Message: aseq=0x02, command=IPC_PWR_PHONE_STATE, type=IPC_TYPE_NOTI, size=1
08-23 13:22:35.665 1976 2323 D use-Rlog/RLOG-RIL-IPC: ================================= IPC FMT data =================================
08-23 13:22:35.665 1976 2323 D use-Rlog/RLOG-RIL-IPC: [0000] 02 .
08-23 13:22:35.665 1976 2323 D use-Rlog/RLOG-RIL-IPC: ================================================================================
08-23 13:22:35.665 1976 2323 D use-Rlog/RLOG-RIL: Power state is normal
08-23 13:22:35.665 1976 2323 D use-Rlog/RLOG-RIL: 6 RIL requests in the queue (0 pending, 0 handled, 6 unhandled)
08-23 13:22:35.665 1976 2323 D use-Rlog/RLOG-RIL: Updating RIL radio state to 2
08-23 13:22:35.665 1976 2328 D use-Rlog/RLOG-RIL: 5 RIL requests in the queue (5 pending, 0 handled, 0 unhandled)
08-23 13:22:35.665 1976 2328 D use-Rlog/RLOG-RIL-IPC:
08-23 13:22:35.665 1976 2328 D use-Rlog/RLOG-RIL-IPC: xmm626_sec_modem_fmt_send: Sent FMT message
08-23 13:22:35.665 1976 2328 D use-Rlog/RLOG-RIL-IPC: xmm626_sec_modem_fmt_send: Message: mseq=0x03, command=IPC_DISP_ICON_INFO, type=IPC_TYPE_GET, size=1
08-23 13:22:35.665 1976 2328 D use-Rlog/RLOG-RIL-IPC: ================================= IPC FMT data =================================
08-23 13:22:35.665 2883 2969 D RILJ : [3657]< RADIO_POWER [SUB0]
08-23 13:22:35.665 1976 2328 D use-Rlog/RLOG-RIL-IPC: [0000] 01 .
08-23 13:22:35.665 1976 2328 D use-Rlog/RLOG-RIL-IPC: ================================================================================
08-23 13:22:35.665 1976 2328 D use-Rlog/RLOG-RIL-IPC:
08-23 13:22:35.665 1976 2328 D use-Rlog/RLOG-RIL-IPC: xmm626_sec_modem_fmt_send: Sent FMT message
08-23 13:22:35.665 2883 2969 D RILJ : [UNSL]< UNSOL_VOICE_RADIO_TECH_CHANGED {3} [SUB0]
08-23 13:22:35.665 1976 2328 D use-Rlog/RLOG-RIL-IPC: xmm626_sec_modem_fmt_send: Message: mseq=0x04, command=IPC_NET_SERVING_NETWORK, type=IPC_TYPE_GET, size=0
08-23 13:22:35.665 1976 2328 D use-Rlog/RLOG-RIL-IPC:
08-23 13:22:35.665 1976 2328 D use-Rlog/RLOG-RIL-IPC: xmm626_sec_modem_fmt_send: Sent FMT message
08-23 13:22:35.665 1976 2328 D use-Rlog/RLOG-RIL-IPC: xmm626_sec_modem_fmt_send: Message: mseq=0x05, command=IPC_NET_REGIST, type=IPC_TYPE_GET, size=2
08-23 13:22:35.665 1976 2328 D use-Rlog/RLOG-RIL-IPC: ================================= IPC FMT data =================================
08-23 13:22:35.665 1976 2328 D use-Rlog/RLOG-RIL-IPC: [0000] FF 03 ..
08-23 13:22:35.665 2883 2969 D RILJ : [UNSL]< UNSOL_RESPONSE_RADIO_STATE_CHANGED RADIO_ON [SUB0]
08-23 13:22:35.665 1976 2328 D use-Rlog/RLOG-RIL-IPC: ================================================================================
08-23 13:22:35.665 1976 2328 D use-Rlog/RLOG-RIL-IPC:
08-23 13:22:35.665 1976 2328 D use-Rlog/RLOG-RIL-IPC: xmm626_sec_modem_fmt_send: Sent FMT message
08-23 13:22:35.665 1976 2328 D use-Rlog/RLOG-RIL-IPC: xmm626_sec_modem_fmt_send: Message: mseq=0x06, command=IPC_NET_REGIST, type=IPC_TYPE_GET, size=2
08-23 13:22:35.665 1976 2328 D use-Rlog/RLOG-RIL-IPC: ================================= IPC FMT data =================================
08-23 13:22:35.665 1976 2328 D use-Rlog/RLOG-RIL-IPC: [0000] FF 02 ..
08-23 13:22:35.665 2883 2969 D RILJ : [UNSL]< UNSOL_RESPONSE_VOICE_NETWORK_STATE_CHANGED [SUB0]
08-23 13:22:35.665 1976 2328 D use-Rlog/RLOG-RIL-IPC: ================================================================================
08-23 13:22:35.665 1976 2328 D use-Rlog/RLOG-RIL-IPC:
08-23 13:22:35.665 1976 2328 D use-Rlog/RLOG-RIL-IPC: xmm626_sec_modem_fmt_send: Sent FMT message
08-23 13:22:35.665 1976 2328 D use-Rlog/RLOG-RIL-IPC: xmm626_sec_modem_fmt_send: Message: mseq=0x07, command=IPC_NET_PLMN_SEL, type=IPC_TYPE_GET, size=0
08-23 13:22:35.665 2883 2969 D RILJ : [3652]< SCREEN_STATE [SUB0]
08-23 13:22:35.665 1976 2325 D use-Rlog/RLOG-RIL-IPC:
08-23 13:22:35.665 1976 2325 D use-Rlog/RLOG-RIL-IPC: xmm626_sec_modem_rfs_recv: Received RFS message
08-23 13:22:35.665 1976 2325 D use-Rlog/RLOG-RIL-IPC: xmm626_sec_modem_rfs_recv: Message: aseq=0x01, command=IPC_RFS_NV_WRITE_ITEM, size=9
08-23 13:22:35.665 1976 2325 D use-Rlog/RLOG-RIL-IPC: ================================= IPC RFS data =================================
08-23 13:22:35.665 1976 2325 D use-Rlog/RLOG-RIL-IPC: [0000] 10 00 1A 00 01 00 00 00 02 ........ .
08-23 13:22:35.665 1976 2325 D use-Rlog/RLOG-RIL-IPC: ================================================================================
08-23 13:22:35.665 1976 2325 D use-Rlog/RLOG-RIL-IPC: Checked nv_data path
08-23 13:22:35.695 2883 2883 D SubscriptionController: [getSubId]- sSlotIdxToSubId.size == 0, return DummySubIds slotIdx=0
08-23 13:22:35.695 2883 2883 D SubscriptionController: [getSubId]- sSlotIdxToSubId.size == 0, return DummySubIds slotIdx=0
08-23 13:22:35.745 1976 2325 D use-Rlog/RLOG-RIL-RFS: Wrote 1 nv_data byte(s) at offset 0x1a0010
08-23 13:22:35.745 1976 2325 D use-Rlog/RLOG-RIL-IPC:
08-23 13:22:35.745 1976 2325 D use-Rlog/RLOG-RIL-IPC: xmm626_sec_modem_rfs_send: Sent RFS message
08-23 13:22:35.745 1976 2325 D use-Rlog/RLOG-RIL-IPC: xmm626_sec_modem_rfs_send: Message: mseq=0x01, command=IPC_RFS_NV_WRITE_ITEM, size=9
08-23 13:22:35.745 1976 2325 D use-Rlog/RLOG-RIL-IPC: ================================= IPC RFS data =================================
08-23 13:22:35.745 1976 2325 D use-Rlog/RLOG-RIL-IPC: [0000] 01 10 00 1A 00 01 00 00 00 ........ .
08-23 13:22:35.745 1976 2325 D use-Rlog/RLOG-RIL-IPC: ================================================================================
08-23 13:22:35.745 1976 2323 D use-Rlog/RLOG-RIL-IPC:
08-23 13:22:35.745 1976 2323 D use-Rlog/RLOG-RIL-IPC: xmm626_sec_modem_fmt_recv: Received FMT message
08-23 13:22:35.745 1976 2323 D use-Rlog/RLOG-RIL-IPC: xmm626_sec_modem_fmt_recv: Message: aseq=0x02, command=IPC_SEC_SIM_ICC_TYPE, type=IPC_TYPE_NOTI, size=1
08-23 13:22:35.745 1976 2323 D use-Rlog/RLOG-RIL-IPC: ================================= IPC FMT data =================================
08-23 13:22:35.745 1976 2323 D use-Rlog/RLOG-RIL-IPC: [0000] 00 .
08-23 13:22:35.745 1976 2323 D use-Rlog/RLOG-RIL-IPC: ================================================================================
08-23 13:22:35.745 1976 2008 D use-Rlog/RLOG-RIL: 6 RIL requests in the queue (1 pending, 5 handled, 0 unhandled)
08-23 13:22:35.745 1976 2328 D use-Rlog/RLOG-RIL-IPC:
08-23 13:22:35.745 1976 2328 D use-Rlog/RLOG-RIL-IPC: xmm626_sec_modem_fmt_send: Sent FMT message
08-23 13:22:35.745 1976 2328 D use-Rlog/RLOG-RIL-IPC: xmm626_sec_modem_fmt_send: Message: mseq=0x08, command=IPC_MISC_ME_VERSION, type=IPC_TYPE_GET, size=1
08-23 13:22:35.745 1976 2328 D use-Rlog/RLOG-RIL-IPC: ================================= IPC FMT data =================================
08-23 13:22:35.745 1976 2328 D use-Rlog/RLOG-RIL-IPC: [0000] FF .
08-23 13:22:35.745 1976 2328 D use-Rlog/RLOG-RIL-IPC: ================================================================================
08-23 13:22:35.745 1976 2008 D use-Rlog/RLOG-RIL: 7 RIL requests in the queue (1 pending, 6 handled, 0 unhandled)
08-23 13:22:35.745 1976 2008 D use-Rlog/RLOG-RIL: 8 RIL requests in the queue (2 pending, 6 handled, 0 unhandled)
08-23 13:22:35.745 1976 2008 D use-Rlog/RLOG-RIL: 9 RIL requests in the queue (3 pending, 6 handled, 0 unhandled)
08-23 13:22:35.745 1976 2008 D use-Rlog/RLOG-RIL: 10 RIL requests in the queue (4 pending, 6 handled, 0 unhandled)
08-23 13:22:35.745 1976 2328 D use-Rlog/RLOG-RIL-IPC:
08-23 13:22:35.745 1976 2328 D use-Rlog/RLOG-RIL-IPC: xmm626_sec_modem_fmt_send: Sent FMT message
08-23 13:22:35.745 1976 2328 D use-Rlog/RLOG-RIL-IPC: xmm626_sec_modem_fmt_send: Message: mseq=0x09, command=IPC_MISC_ME_SN, type=IPC_TYPE_GET, size=1
08-23 13:22:35.745 1976 2328 D use-Rlog/RLOG-RIL-IPC: ================================= IPC FMT data =================================
08-23 13:22:35.745 1976 2328 D use-Rlog/RLOG-RIL-IPC: [0000] 01 .
08-23 13:22:35.745 1976 2328 D use-Rlog/RLOG-RIL-IPC: ================================================================================
08-23 13:22:35.745 1976 2328 D use-Rlog/RLOG-RIL: Unhandled RIL request: 130
08-23 13:22:35.745 1976 2328 D use-Rlog/RLOG-RIL: 9 RIL requests in the queue (1 pending, 8 handled, 0 unhandled)
08-23 13:22:35.745 1976 2328 D use-Rlog/RLOG-RIL: Unhandled RIL request: 132
08-23 13:22:35.745 1976 2328 D use-Rlog/RLOG-RIL: 8 RIL requests in the queue (0 pending, 8 handled, 0 unhandled)
08-23 13:22:35.745 2883 2969 D RILJ : [3667]< RIL_REQUEST_VOICE_RADIO_TECH {3} [SUB0]
08-23 13:22:35.750 2883 2969 D RILJ : Faking RIL_REQUEST_GET_RADIO_CAPABILITY response using 36366 [SUB0]
08-23 13:22:35.750 2883 2969 D RILJ : [3665]< RIL_REQUEST_GET_RADIO_CAPABILITY {mPhoneId = 0 mVersion=1 mSession=0 mPhase=0 mRadioAccessFamily=36366 mLogicModemId= mStatus=1} [SUB0]
08-23 13:22:35.750 2883 2969 D RilRequest: [3666]< RIL_REQUEST_START_LCE error: com.android.internal.telephony.CommandException: REQUEST_NOT_SUPPORTED ret=
08-23 13:22:35.750 1976 2008 D use-Rlog/RLOG-RIL: 9 RIL requests in the queue (1 pending, 8 handled, 0 unhandled)
08-23 13:22:35.750 1976 2323 D use-Rlog/RLOG-RIL-IPC:
08-23 13:22:35.750 1976 2323 D use-Rlog/RLOG-RIL-IPC: xmm626_sec_modem_fmt_recv: Received FMT message
08-23 13:22:35.750 1976 2323 D use-Rlog/RLOG-RIL-IPC: xmm626_sec_modem_fmt_recv: Message: aseq=0x02, command=IPC_SEC_PIN_STATUS, type=IPC_TYPE_NOTI, size=2
08-23 13:22:35.750 1976 2323 D use-Rlog/RLOG-RIL-IPC: ================================= IPC FMT data =================================
08-23 13:22:35.750 1976 2323 D use-Rlog/RLOG-RIL-IPC: [0000] 80 00 ..
08-23 13:22:35.750 1976 2323 D use-Rlog/RLOG-RIL-IPC: ================================================================================
08-23 13:22:35.750 1976 2323 D use-Rlog/RLOG-RIL: ipc2ril_sec_pin_status_response: Selecting status application 0 on 10
08-23 13:22:35.750 1976 2323 D use-Rlog/RLOG-RIL: Updating RIL radio state to 3
08-23 13:22:35.750 1976 2323 D use-Rlog/RLOG-RIL-IPC:
08-23 13:22:35.750 1976 2323 D use-Rlog/RLOG-RIL-IPC: xmm626_sec_modem_fmt_recv: Received FMT message
08-23 13:22:35.750 1976 2323 D use-Rlog/RLOG-RIL-IPC: xmm626_sec_modem_fmt_recv: Message: aseq=0xff, command=IPC_NET_REGIST, type=IPC_TYPE_NOTI, size=11
08-23 13:22:35.750 1976 2323 D use-Rlog/RLOG-RIL-IPC: ================================= IPC FMT data =================================
08-23 13:22:35.750 1976 2323 D use-Rlog/RLOG-RIL-IPC: [0000] FF 02 01 00 00 00 00 00 00 00 00 ........ ...
08-23 13:22:35.750 1976 2323 D use-Rlog/RLOG-RIL-IPC: ================================================================================
08-23 13:22:35.750 1976 2323 D use-Rlog/RLOG-RIL-IPC:
08-23 13:22:35.750 1976 2323 D use-Rlog/RLOG-RIL-IPC: xmm626_sec_modem_fmt_recv: Received FMT message
08-23 13:22:35.750 1976 2323 D use-Rlog/RLOG-RIL-IPC: xmm626_sec_modem_fmt_recv: Message: aseq=0xff, command=IPC_NET_REGIST, type=IPC_TYPE_NOTI, size=11
08-23 13:22:35.750 1976 2323 D use-Rlog/RLOG-RIL-IPC: ================================= IPC FMT data =================================
08-23 13:22:35.750 1976 2323 D use-Rlog/RLOG-RIL-IPC: [0000] FF 03 01 00 00 00 00 00 00 00 00 ........ ...
08-23 13:22:35.750 1976 2323 D use-Rlog/RLOG-RIL-IPC: ================================================================================
08-23 13:22:35.750 1976 2328 D use-Rlog/RLOG-RIL: Unhandled RIL request: 81
08-23 13:22:35.750 1976 2328 D use-Rlog/RLOG-RIL: 8 RIL requests in the queue (0 pending, 8 handled, 0 unhandled)
08-23 13:22:35.750 1976 2328 D use-Rlog/RLOG-RIL: 3 RIL requests data in the queue
08-23 13:22:35.750 2883 2969 D RILJ : [UNSL]< UNSOL_RESPONSE_SIM_STATUS_CHANGED [SUB0]
08-23 13:22:35.750 2883 2969 D RILJ : [UNSL]< UNSOL_RESPONSE_RADIO_STATE_CHANGED RADIO_ON [SUB0]
08-23 13:22:35.750 2883 2969 D RILJ : [UNSL]< UNSOL_RESPONSE_SIM_STATUS_CHANGED [SUB0]
08-23 13:22:35.750 2883 2969 D RILJ : [UNSL]< UNSOL_RESPONSE_VOICE_NETWORK_STATE_CHANGED [SUB0]
08-23 13:22:35.750 2883 2969 D RILJ : [UNSL]< UNSOL_RESPONSE_VOICE_NETWORK_STATE_CHANGED [SUB0]
08-23 13:22:35.750 2883 2969 D RilRequest: [3668]< RIL_REQUEST_QUERY_TTY_MODE error: com.android.internal.telephony.CommandException: REQUEST_NOT_SUPPORTED ret=
08-23 13:22:35.750 1976 2323 D use-Rlog/RLOG-RIL-IPC:
08-23 13:22:35.750 1976 2323 D use-Rlog/RLOG-RIL-IPC: xmm626_sec_modem_fmt_recv: Received FMT message
08-23 13:22:35.750 1976 2323 D use-Rlog/RLOG-RIL-IPC: xmm626_sec_modem_fmt_recv: Message: aseq=0xff, command=IPC_DISP_ICON_INFO, type=IPC_TYPE_NOTI, size=4
08-23 13:22:35.750 1976 2323 D use-Rlog/RLOG-RIL-IPC: ================================= IPC FMT data =================================
08-23 13:22:35.750 1976 2323 D use-Rlog/RLOG-RIL-IPC: [0000] FF 00 00 05 ....
08-23 13:22:35.750 1976 2323 D use-Rlog/RLOG-RIL-IPC: ================================================================================
08-23 13:22:35.750 1976 2323 D use-Rlog/RLOG-RIL: Signal strength is 1
08-23 13:22:35.750 1976 2323 D use-Rlog/RLOG-RIL-IPC:
08-23 13:22:35.750 1976 2323 D use-Rlog/RLOG-RIL-IPC: xmm626_sec_modem_fmt_recv: Received FMT message
08-23 13:22:35.750 1976 2323 D use-Rlog/RLOG-RIL-IPC: xmm626_sec_modem_fmt_recv: Message: aseq=0xff, command=IPC_NET_REGIST, type=IPC_TYPE_NOTI, size=11
08-23 13:22:35.750 1976 2323 D use-Rlog/RLOG-RIL-IPC: ================================= IPC FMT data =================================
08-23 13:22:35.750 1976 2323 D use-Rlog/RLOG-RIL-IPC: [0000] FF 02 04 00 00 00 00 00 00 00 00 ........ ...
08-23 13:22:35.750 1976 2323 D use-Rlog/RLOG-RIL-IPC: ================================================================================
08-23 13:22:35.750 1976 2323 D use-Rlog/RLOG-RIL-IPC:
08-23 13:22:35.750 1976 2323 D use-Rlog/RLOG-RIL-IPC: xmm626_sec_modem_fmt_recv: Received FMT message
08-23 13:22:35.750 1976 2323 D use-Rlog/RLOG-RIL-IPC: xmm626_sec_modem_fmt_recv: Message: aseq=0xff, command=IPC_NET_REGIST, type=IPC_TYPE_NOTI, size=11
08-23 13:22:35.750 1976 2323 D use-Rlog/RLOG-RIL-IPC: ================================= IPC FMT data =================================
08-23 13:22:35.750 1976 2323 D use-Rlog/RLOG-RIL-IPC: [0000] FF 03 01 00 00 00 00 00 00 00 00 ........ ...
08-23 13:22:35.750 1976 2323 D use-Rlog/RLOG-RIL-IPC: ================================================================================
08-23 13:22:35.750 1976 2323 D use-Rlog/RLOG-RIL-IPC:
08-23 13:22:35.750 1976 2323 D use-Rlog/RLOG-RIL-IPC: xmm626_sec_modem_fmt_recv: Received FMT message
08-23 13:22:35.750 1976 2323 D use-Rlog/RLOG-RIL-IPC: xmm626_sec_modem_fmt_recv: Message: aseq=0x00, command=IPC_NET_SERVING_NETWORK, type=IPC_TYPE_NOTI, size=11
08-23 13:22:35.750 1976 2323 D use-Rlog/RLOG-RIL-IPC: ================================= IPC FMT data =================================
08-23 13:22:35.750 1976 2323 D use-Rlog/RLOG-RIL-IPC: [0000] 02 04 FF 32 32 32 31 30 23 00 00 ...22210 #..
08-23 13:22:35.750 1976 2323 D use-Rlog/RLOG-RIL-IPC: ================================================================================
08-23 13:22:35.750 1976 2323 D use-Rlog/RLOG-RIL-IPC:
08-23 13:22:35.750 1976 2323 D use-Rlog/RLOG-RIL-IPC: xmm626_sec_modem_fmt_recv: Received FMT message
08-23 13:22:35.750 1976 2323 D use-Rlog/RLOG-RIL-IPC: xmm626_sec_modem_fmt_recv: Message: aseq=0x03, command=IPC_DISP_ICON_INFO, type=IPC_TYPE_RESP, size=4
08-23 13:22:35.750 1976 2323 D use-Rlog/RLOG-RIL-IPC: ================================= IPC FMT data =================================
08-23 13:22:35.750 1976 2323 D use-Rlog/RLOG-RIL-IPC: [0000] 01 00 00 05 ....
08-23 13:22:35.750 1976 2323 D use-Rlog/RLOG-RIL-IPC: ================================================================================
08-23 13:22:35.750 1976 2323 D use-Rlog/RLOG-RIL: Signal strength is 1
08-23 13:22:35.750 1976 2323 D use-Rlog/RLOG-RIL: 7 RIL requests in the queue (0 pending, 7 handled, 0 unhandled)
08-23 13:22:35.750 1976 2323 D use-Rlog/RLOG-RIL: 6 RIL requests data in the queue
08-23 13:22:35.750 1976 2323 D use-Rlog/RLOG-RIL-IPC:
08-23 13:22:35.750 1976 2323 D use-Rlog/RLOG-RIL-IPC: xmm626_sec_modem_fmt_recv: Received FMT message
08-23 13:22:35.750 1976 2323 D use-Rlog/RLOG-RIL-IPC: xmm626_sec_modem_fmt_recv: Message: aseq=0x04, command=IPC_NET_SERVING_NETWORK, type=IPC_TYPE_RESP, size=11
08-23 13:22:35.750 1976 2323 D use-Rlog/RLOG-RIL-IPC: ================================= IPC FMT data =================================
08-23 13:22:35.750 1976 2323 D use-Rlog/RLOG-RIL-IPC: [0000] 02 04 FF 32 32 32 31 30 23 00 00 ...22210 #..
08-23 13:22:35.750 1976 2323 D use-Rlog/RLOG-RIL-IPC: ================================================================================
08-23 13:22:35.750 1976 2323 D use-Rlog/RLOG-RIL: 6 RIL requests in the queue (0 pending, 6 handled, 0 unhandled)
08-23 13:22:35.750 1976 2323 D use-Rlog/RLOG-RIL: 6 RIL requests data in the queue
08-23 13:22:35.750 1976 2323 D use-Rlog/RLOG-RIL-IPC:
08-23 13:22:35.750 1976 2323 D use-Rlog/RLOG-RIL-IPC: xmm626_sec_modem_fmt_recv: Received FMT message
08-23 13:22:35.750 1976 2323 D use-Rlog/RLOG-RIL-IPC: xmm626_sec_modem_fmt_recv: Message: aseq=0x05, command=IPC_NET_REGIST, type=IPC_TYPE_RESP, size=11
08-23 13:22:35.750 1976 2323 D use-Rlog/RLOG-RIL-IPC: ================================= IPC FMT data =================================
08-23 13:22:35.750 1976 2323 D use-Rlog/RLOG-RIL-IPC: [0000] FF 03 01 00 00 00 00 00 00 00 00 ........ ...
08-23 13:22:35.750 1976 2323 D use-Rlog/RLOG-RIL-IPC: ================================================================================
08-23 13:22:35.750 1976 2323 D use-Rlog/RLOG-RIL: 5 RIL requests in the queue (0 pending, 5 handled, 0 unhandled)
08-23 13:22:35.750 1976 2323 D use-Rlog/RLOG-RIL: 6 RIL requests data in the queue
08-23 13:22:35.750 1976 2323 D use-Rlog/RLOG-RIL-IPC:
08-23 13:22:35.750 1976 2323 D use-Rlog/RLOG-RIL-IPC: xmm626_sec_modem_fmt_recv: Received FMT message
08-23 13:22:35.750 1976 2323 D use-Rlog/RLOG-RIL-IPC: xmm626_sec_modem_fmt_recv: Message: aseq=0x06, command=IPC_NET_REGIST, type=IPC_TYPE_RESP, size=11
08-23 13:22:35.750 1976 2323 D use-Rlog/RLOG-RIL-IPC: ================================= IPC FMT data =================================
08-23 13:22:35.750 1976 2323 D use-Rlog/RLOG-RIL-IPC: [0000] FF 02 04 00 00 00 00 00 00 00 00 ........ ...
08-23 13:22:35.750 1976 2323 D use-Rlog/RLOG-RIL-IPC: ================================================================================
08-23 13:22:35.750 1976 2323 D use-Rlog/RLOG-RIL: 4 RIL requests in the queue (0 pending, 4 handled, 0 unhandled)
08-23 13:22:35.750 1976 2323 D use-Rlog/RLOG-RIL: 6 RIL requests data in the queue
08-23 13:22:35.750 1976 2323 D use-Rlog/RLOG-RIL-IPC:
08-23 13:22:35.750 1976 2323 D use-Rlog/RLOG-RIL-IPC: xmm626_sec_modem_fmt_recv: Received FMT message
08-23 13:22:35.750 1976 2323 D use-Rlog/RLOG-RIL-IPC: xmm626_sec_modem_fmt_recv: Message: aseq=0x07, command=IPC_NET_PLMN_SEL, type=IPC_TYPE_RESP, size=1
08-23 13:22:35.750 1976 2323 D use-Rlog/RLOG-RIL-IPC: ================================= IPC FMT data =================================
08-23 13:22:35.750 1976 2323 D use-Rlog/RLOG-RIL-IPC: [0000] 02 .
08-23 13:22:35.750 1976 2323 D use-Rlog/RLOG-RIL-IPC: ================================================================================
08-23 13:22:35.750 1976 2323 D use-Rlog/RLOG-RIL: 3 RIL requests in the queue (0 pending, 3 handled, 0 unhandled)
08-23 13:22:35.750 1976 2323 D use-Rlog/RLOG-RIL: 6 RIL requests data in the queue
08-23 13:22:35.750 1976 2323 D use-Rlog/RLOG-RIL-IPC:
08-23 13:22:35.750 1976 2323 D use-Rlog/RLOG-RIL-IPC: xmm626_sec_modem_fmt_recv: Received FMT message
08-23 13:22:35.750 1976 2323 D use-Rlog/RLOG-RIL-IPC: xmm626_sec_modem_fmt_recv: Message: aseq=0x08, command=IPC_MISC_ME_VERSION, type=IPC_TYPE_RESP, size=148
08-23 13:22:35.750 1976 2323 D use-Rlog/RLOG-RIL-IPC: ================================= IPC FMT data =================================
08-23 13:22:35.755 2883 2969 D RILJ : [UNSL]< UNSOL_RESPONSE_VOICE_NETWORK_STATE_CHANGED [SUB0]
08-23 13:22:35.755 2883 2969 D RILJ : [UNSL]< UNSOL_RESPONSE_VOICE_NETWORK_STATE_CHANGED [SUB0]
08-23 13:22:35.755 2883 2969 D RILJ : [UNSL]< UNSOL_RESPONSE_VOICE_NETWORK_STATE_CHANGED [SUB0]
08-23 13:22:35.755 2883 2969 D RILJ : [3654]< SIGNAL_STRENGTH SignalStrength: 1 99 -1 -1 -1 -1 -1 -1 -1 -1 -1 -1 2147483647 gsm|lte [SUB0]
08-23 13:22:35.755 2883 2969 D RILJ : [3658]< OPERATOR {Vodafone, Vodafone, 22210} [SUB0]
08-23 13:22:35.755 2883 2969 D RILJ : [3659]< DATA_REGISTRATION_STATE {0, 0, 0, 0, 3} [SUB0]
08-23 13:22:35.755 2883 2969 D RILJ : [3660]< VOICE_REGISTRATION_STATE {10, 0, 0, 0, null, null, null, null, null, null, null, null, null, null, null} [SUB0]
08-23 13:22:35.755 2883 2969 D RILJ : [3661]< QUERY_NETWORK_SELECTION_MODE {0} [SUB0]
08-23 13:22:35.755 1976 2323 D use-Rlog/RLOG-RIL-IPC: [0000] 1F 49 39 33 30 30 58 58 55 47 4E 41 38 00 00 00 .I9300XX UGNA8...
08-23 13:22:35.755 1976 2323 D use-Rlog/RLOG-RIL-IPC: [0010] 00 00 00 00 00 00 00 00 00 00 00 00 00 00 00 00 ........ ........
08-23 13:22:35.755 1976 2323 D use-Rlog/RLOG-RIL-IPC: [0020] 00 4D 50 20 31 2E 35 30 30 00 00 00 00 00 00 00 .MP 1.50 0.......
08-23 13:22:35.755 1976 2323 D use-Rlog/RLOG-RIL-IPC: [0030] 00 00 00 00 00 00 00 00 00 00 00 00 00 00 00 00 ........ ........
08-23 13:22:35.755 1976 2323 D use-Rlog/RLOG-RIL-IPC: [0040] 00 32 30 31 33 2E 31 30 2E 31 38 00 00 00 00 00 .2013.10 .18.....
08-23 13:22:35.755 1976 2323 D use-Rlog/RLOG-RIL-IPC: [0050] 00 00 00 00 00 00 00 00 00 00 00 00 00 00 00 00 ........ ........
08-23 13:22:35.755 1976 2323 D use-Rlog/RLOG-RIL-IPC: [0060] 00 47 54 32 49 39 33 30 30 4F 4B 44 43 4F 41 00 .GT2I930 0OKDCOA.
08-23 13:22:35.755 1976 2323 D use-Rlog/RLOG-RIL-IPC: [0070] 00 00 00 00 00 00 00 00 00 00 00 00 00 00 00 00 ........ ........
08-23 13:22:35.755 1976 2323 D use-Rlog/RLOG-RIL-IPC: [0080] 00 49 39 33 30 30 00 00 00 00 00 00 00 00 00 00 .I9300.. ........
08-23 13:22:35.755 1976 2323 D use-Rlog/RLOG-RIL-IPC: [0090] 00 00 00 00 ....
08-23 13:22:35.755 1976 2323 D use-Rlog/RLOG-RIL-IPC: ================================================================================
08-23 13:22:35.755 1976 2323 D use-Rlog/RLOG-RIL: 2 RIL requests in the queue (0 pending, 2 handled, 0 unhandled)
08-23 13:22:35.755 1976 2323 D use-Rlog/RLOG-RIL: 6 RIL requests data in the queue
08-23 13:22:35.755 1976 2323 D use-Rlog/RLOG-RIL-IPC:
08-23 13:22:35.755 1976 2323 D use-Rlog/RLOG-RIL-IPC: xmm626_sec_modem_fmt_recv: Received FMT message
08-23 13:22:35.755 1976 2323 D use-Rlog/RLOG-RIL-IPC: xmm626_sec_modem_fmt_recv: Message: aseq=0x09, command=IPC_MISC_ME_SN, type=IPC_TYPE_RESP, size=34
08-23 13:22:35.755 1976 2323 D use-Rlog/RLOG-RIL-IPC: ================================= IPC FMT data =================================
08-23 13:22:35.755 1976 2323 D use-Rlog/RLOG-RIL-IPC: [0000] 01 11 33 35 39 34 33 35 30 35 32 31 34 31 37 39 ..359435 05214179
08-23 13:22:35.755 1976 2323 D use-Rlog/RLOG-RIL-IPC: [0010] 38 30 31 00 00 00 00 00 00 00 00 00 00 00 00 00 801..... ........
08-23 13:22:35.755 1976 2323 D use-Rlog/RLOG-RIL-IPC: [0020] 00 4D .M
08-23 13:22:35.755 1976 2323 D use-Rlog/RLOG-RIL-IPC: ================================================================================
08-23 13:22:35.755 1976 2323 D use-Rlog/RLOG-RIL: 1 RIL request in the queue (0 pending, 1 handled, 0 unhandled)
08-23 13:22:35.755 1976 2323 D use-Rlog/RLOG-RIL: 6 RIL requests data in the queue
08-23 13:22:35.755 2883 2969 D RILJ : [3662]< BASEBAND_VERSION I9300XXUGNA8 [SUB0]
08-23 13:22:35.755 2883 2969 D RILJ : [3663]< GET_IMEI [SUB0]
08-23 13:22:35.755 1976 2323 D use-Rlog/RLOG-RIL: 0 RIL request in the queue (0 pending, 0 handled, 0 unhandled)
08-23 13:22:35.755 1976 2323 D use-Rlog/RLOG-RIL: 6 RIL requests data in the queue
08-23 13:22:35.755 2883 2969 D RILJ : [3664]< GET_IMEISV [SUB0]
08-23 13:22:35.785 2883 2883 E PhoneBase: Error! registerForCallWaiting() in PhoneBase should not be called, CDMAPhone inactive.
08-23 13:22:35.835 2883 2883 D SubscriptionController: [getSubId]- sSlotIdxToSubId.size == 0, return DummySubIds slotIdx=0
08-23 13:22:35.835 2883 2883 D DCT : [0]handleMessage msg={ when=-375ms what=270377 obj=android.os.AsyncResult@5739092 target=com.android.internal.telephony.dataconnection.DcTracker }
08-23 13:22:35.835 2883 2883 D DCT : [0]onUpdateIcc: newIccRecords null
08-23 13:22:35.835 2883 2883 D DCT : [0]setupDataOnConnectableApns: nwTypeChanged
08-23 13:22:35.835 2883 2883 D DCT : [0]setupDataOnConnectableApns: apnContext {mApnType=dun mState=IDLE mWaitingApns={null} mWaitingApnsPermanentFailureCountDown=0 mApnSetting={null} mReason=radioTurnedOff mDataEnabled=false mDependencyMet=true}
08-23 13:22:35.835 2883 2883 D DCT : [0]setupDataOnConnectableApns: apnContext {mApnType=hipri mState=IDLE mWaitingApns={null} mWaitingApnsPermanentFailureCountDown=0 mApnSetting={null} mReason=radioTurnedOff mDataEnabled=false mDependencyMet=true}
08-23 13:22:35.835 2883 2883 D DCT : [0]setupDataOnConnectableApns: apnContext {mApnType=supl mState=IDLE mWaitingApns={null} mWaitingApnsPermanentFailureCountDown=0 mApnSetting={null} mReason=radioTurnedOff mDataEnabled=false mDependencyMet=true}
08-23 13:22:35.835 2883 2883 D DCT : [0]setupDataOnConnectableApns: apnContext {mApnType=default mState=IDLE mWaitingApns={null} mWaitingApnsPermanentFailureCountDown=0 mApnSetting={null} mReason=radioTurnedOff mDataEnabled=false mDependencyMet=true}
08-23 13:22:35.835 2883 2883 D DCT : [0]setupDataOnConnectableApns: apnContext {mApnType=mms mState=IDLE mWaitingApns={null} mWaitingApnsPermanentFailureCountDown=0 mApnSetting={null} mReason=radioTurnedOff mDataEnabled=false mDependencyMet=true}
08-23 13:22:35.835 2883 2883 D SubscriptionController: [getSubId]- sSlotIdxToSubId.size == 0, return DummySubIds slotIdx=0
08-23 13:22:35.840 2883 2883 D DCT : [0]getDataOnRoamingEnabled: phoneSubId=-2 isDataRoamingEnabled=false
08-23 13:22:35.840 2883 2883 D SubscriptionController: [getSubId]- sSlotIdxToSubId.size == 0, return DummySubIds slotIdx=0
08-23 13:22:35.840 2883 2883 D DCT : [0]getDataOnRoamingEnabled: phoneSubId=-2 isDataRoamingEnabled=false
08-23 13:22:35.840 2883 2883 D SubscriptionController: [getSubId]- sSlotIdxToSubId.size == 0, return DummySubIds slotIdx=0
08-23 13:22:35.840 2883 2883 D DCT : [0]getDataOnRoamingEnabled: phoneSubId=-2 isDataRoamingEnabled=false
08-23 13:22:35.840 2883 2883 D SubscriptionController: [getSubId]- sSlotIdxToSubId.size == 0, return DummySubIds slotIdx=0
08-23 13:22:35.840 2883 2883 D DCT : [0]getDataOnRoamingEnabled: phoneSubId=-2 isDataRoamingEnabled=false
08-23 13:22:35.840 2883 2883 D SubscriptionController: [getSubId]- sSlotIdxToSubId.size == 0, return DummySubIds slotIdx=0
08-23 13:22:35.840 2883 2883 D DCT : [0]getDataOnRoamingEnabled: phoneSubId=-2 isDataRoamingEnabled=false
08-23 13:22:35.840 2883 2883 D SubscriptionController: [getSubId]- sSlotIdxToSubId.size == 0, return DummySubIds slotIdx=0
08-23 13:22:35.840 2883 2883 D DCT : [0]getDataOnRoamingEnabled: phoneSubId=-2 isDataRoamingEnabled=false
08-23 13:22:35.840 2883 2883 D SubscriptionController: [getSubId]- sSlotIdxToSubId.size == 0, return DummySubIds slotIdx=0
08-23 13:22:35.840 2883 2883 D DCT : [0]getDataOnRoamingEnabled: phoneSubId=-2 isDataRoamingEnabled=false
08-23 13:22:35.840 2883 2883 D SubscriptionController: [getSubId]- sSlotIdxToSubId.size == 0, return DummySubIds slotIdx=0
08-23 13:22:35.840 2883 2883 D DCT : [0]getDataOnRoamingEnabled: phoneSubId=-2 isDataRoamingEnabled=false
08-23 13:22:35.840 2883 2883 D SubscriptionController: [getSubId]- sSlotIdxToSubId.size == 0, return DummySubIds slotIdx=0
08-23 13:22:35.840 2883 2883 D DCT : [0]getDataOnRoamingEnabled: phoneSubId=-2 isDataRoamingEnabled=false
08-23 13:22:35.840 2883 2883 D SubscriptionController: [getSubId]- sSlotIdxToSubId.size == 0, return DummySubIds slotIdx=0
08-23 13:22:35.840 2883 2883 D DCT : [0]getDataOnRoamingEnabled: phoneSubId=-2 isDataRoamingEnabled=false
08-23 13:22:35.840 2883 2883 D SubscriptionController: [getSubId]- sSlotIdxToSubId.size == 0, return DummySubIds slotIdx=0
08-23 13:22:35.840 2883 2883 D DCT : [0]getDataOnRoamingEnabled: phoneSubId=-2 isDataRoamingEnabled=false
08-23 13:22:35.840 2883 2883 D SubscriptionController: [getSubId]- sSlotIdxToSubId.size == 0, return DummySubIds slotIdx=0
08-23 13:22:35.840 2883 2883 D DCT : [0]getDataOnRoamingEnabled: phoneSubId=-2 isDataRoamingEnabled=false
08-23 13:22:35.840 2883 2883 D SubscriptionController: [getSubId]- sSlotIdxToSubId.size == 0, return DummySubIds slotIdx=0
08-23 13:22:35.840 2883 2883 D DCT : [0]getDataOnRoamingEnabled: phoneSubId=-2 isDataRoamingEnabled=false
08-23 13:22:35.840 2883 2883 D SubscriptionController: [getSubId]- sSlotIdxToSubId.size == 0, return DummySubIds slotIdx=0
08-23 13:22:35.840 2883 2883 D DCT : [0]getDataOnRoamingEnabled: phoneSubId=-2 isDataRoamingEnabled=false
08-23 13:22:35.840 2883 2883 D SubscriptionController: [getSubId]- sSlotIdxToSubId.size == 0, return DummySubIds slotIdx=0
08-23 13:22:35.840 2883 2883 D DCT : [0]getDataOnRoamingEnabled: phoneSubId=-2 isDataRoamingEnabled=false
08-23 13:22:35.845 2883 2883 D DctController: handleMessage msg={ when=-227ms what=107 target=com.android.internal.telephony.dataconnection.DctController }
08-23 13:22:35.845 2883 2883 D DctController: onSubInfoReady mPhoneNum=1
08-23 13:22:35.845 2883 2883 D SubscriptionController: [getSubId]- sSlotIdxToSubId.size == 0, return DummySubIds slotIdx=0
08-23 13:22:35.845 2883 2883 D DctController: onSubInfoReady handle pending requests subId=-2
08-23 13:22:35.845 2883 2883 D DctController: onSubInfoReady: SIM card absent on phoneId = 0
08-23 13:22:35.845 2883 2883 D SubscriptionController: [getSubId]- sSlotIdxToSubId.size == 0, return DummySubIds slotIdx=0
08-23 13:22:35.845 2883 2883 D DctController: [TNF -2]evalPendingRequest, pending request size is 1
08-23 13:22:35.845 2883 2883 D SubscriptionController: [getSubId]- sSlotIdxToSubId.size == 0, return DummySubIds slotIdx=0
08-23 13:22:35.845 2883 2883 D DctController: [TNF -2]evalPendingRequest: request = NetworkRequest [ id=1, legacyType=-1, [ Capabilities: INTERNET&NOT_RESTRICTED&TRUSTED&NOT_VPN] ]
08-23 13:22:35.845 2883 2883 D SubscriptionController: [getSubId]- sSlotIdxToSubId.size == 0, return DummySubIds slotIdx=0
08-23 13:22:35.845 2883 2883 D DctController: [TNF -2]Cellular needs Network for NetworkRequest [ id=1, legacyType=-1, [ Capabilities: INTERNET&NOT_RESTRICTED&TRUSTED&NOT_VPN] ]
08-23 13:22:35.845 2883 2883 D SubscriptionController: [getSubId]- sSlotIdxToSubId.size == 0, return DummySubIds slotIdx=0
08-23 13:22:35.845 2883 2883 D SubscriptionController: [getSubId]- sSlotIdxToSubId.size == 0, return DummySubIds slotIdx=0
08-23 13:22:35.845 2883 2883 D DctController: [TNF -2]Request not useable, pending request.
08-23 13:22:35.845 2883 2883 D DctController: processRequests
08-23 13:22:35.845 2883 2883 D PhoneProxy: [PhoneProxy] EVENT_VOICE_RADIO_TECH_CHANGED: newVoiceTech=3
08-23 13:22:35.845 2883 2883 D PhoneProxy: [PhoneProxy] phoneObjectUpdater: newVoiceRadioTech=3
08-23 13:22:35.845 2883 2883 D PhoneProxy: [PhoneProxy] phoneObjectUpdater: No change ignore, newVoiceRadioTech=3 mActivePhone=GSM
08-23 13:22:35.845 2883 2883 D GsmSST : [GsmSST] mDeviceShuttingDown = false
08-23 13:22:35.845 2883 2883 D GsmSST : [GsmSST] mDesiredPowerState = true
08-23 13:22:35.845 2883 2883 D GsmSST : [GsmSST] getRadioState = RADIO_ON
08-23 13:22:35.845 2883 2883 D GsmSST : [GsmSST] mPowerOffDelayNeed = true
08-23 13:22:35.845 2883 2883 D GsmSST : [GsmSST] mAlarmSwitch = false
08-23 13:22:35.845 2883 2883 D RILJ : [3669]> OPERATOR [SUB0]
08-23 13:22:35.845 2883 2883 D RILJ : [3670]> DATA_REGISTRATION_STATE [SUB0]
08-23 13:22:35.850 1976 2008 D use-Rlog/RLOG-RIL: 1 RIL request in the queue (1 pending, 0 handled, 0 unhandled)
08-23 13:22:35.850 1976 2008 D use-Rlog/RLOG-RIL: 6 RIL requests data in the queue
08-23 13:22:35.850 1976 2328 D use-Rlog/RLOG-RIL: 0 RIL request in the queue (0 pending, 0 handled, 0 unhandled)
08-23 13:22:35.850 1976 2328 D use-Rlog/RLOG-RIL: 5 RIL requests data in the queue
08-23 13:22:35.850 2883 2883 D RILJ : [3671]> VOICE_REGISTRATION_STATE [SUB0]
08-23 13:22:35.850 2883 2883 D RILJ : [3672]> QUERY_NETWORK_SELECTION_MODE [SUB0]
08-23 13:22:35.850 2883 2969 D RILJ : [3669]< OPERATOR {Vodafone, Vodafone, 22210} [SUB0]
08-23 13:22:35.850 2883 2883 D UiccController: Received EVENT_ICC_STATUS_CHANGED, calling getIccCardStatus
08-23 13:22:35.850 2883 2883 D RILJ : [3673]> GET_SIM_STATUS [SUB0]
08-23 13:22:35.850 1976 2008 D use-Rlog/RLOG-RIL: 1 RIL request in the queue (1 pending, 0 handled, 0 unhandled)
08-23 13:22:35.850 1976 2008 D use-Rlog/RLOG-RIL: 5 RIL requests data in the queue
08-23 13:22:35.850 1976 2008 D use-Rlog/RLOG-RIL: 2 RIL requests in the queue (2 pending, 0 handled, 0 unhandled)
08-23 13:22:35.850 1976 2008 D use-Rlog/RLOG-RIL: 5 RIL requests data in the queue
08-23 13:22:35.850 1976 2008 D use-Rlog/RLOG-RIL: 3 RIL requests in the queue (3 pending, 0 handled, 0 unhandled)
08-23 13:22:35.850 1976 2008 D use-Rlog/RLOG-RIL: 5 RIL requests data in the queue
08-23 13:22:35.850 1976 2328 D use-Rlog/RLOG-RIL: 2 RIL requests in the queue (2 pending, 0 handled, 0 unhandled)
08-23 13:22:35.850 1976 2328 D use-Rlog/RLOG-RIL: 4 RIL requests data in the queue
08-23 13:22:35.850 1976 2328 D use-Rlog/RLOG-RIL: 1 RIL request in the queue (1 pending, 0 handled, 0 unhandled)
08-23 13:22:35.850 1976 2328 D use-Rlog/RLOG-RIL: 3 RIL requests data in the queue
08-23 13:22:35.850 1976 2328 D use-Rlog/RLOG-RIL-IPC:
08-23 13:22:35.850 1976 2328 D use-Rlog/RLOG-RIL-IPC: xmm626_sec_modem_fmt_send: Sent FMT message
08-23 13:22:35.850 1976 2328 D use-Rlog/RLOG-RIL-IPC: xmm626_sec_modem_fmt_send: Message: mseq=0x0a, command=IPC_NET_PLMN_SEL, type=IPC_TYPE_GET, size=0
08-23 13:22:35.850 2883 2883 D RILJ : [3674]> GET_CURRENT_CALLS [SUB0]
08-23 13:22:35.855 2883 2883 D SubscriptionController: [getSubId]- sSlotIdxToSubId.size == 0, return DummySubIds slotIdx=0
08-23 13:22:35.855 1976 2323 D use-Rlog/RLOG-RIL-IPC:
08-23 13:22:35.855 1976 2323 D use-Rlog/RLOG-RIL-IPC: xmm626_sec_modem_fmt_recv: Received FMT message
08-23 13:22:35.855 1976 2323 D use-Rlog/RLOG-RIL-IPC: xmm626_sec_modem_fmt_recv: Message: aseq=0x0a, command=IPC_NET_PLMN_SEL, type=IPC_TYPE_RESP, size=1
08-23 13:22:35.855 1976 2323 D use-Rlog/RLOG-RIL-IPC: ================================= IPC FMT data =================================
08-23 13:22:35.855 1976 2323 D use-Rlog/RLOG-RIL-IPC: [0000] 02 .
08-23 13:22:35.855 1976 2323 D use-Rlog/RLOG-RIL-IPC: ================================================================================
08-23 13:22:35.855 1976 2323 D use-Rlog/RLOG-RIL: 0 RIL request in the queue (0 pending, 0 handled, 0 unhandled)
08-23 13:22:35.855 1976 2323 D use-Rlog/RLOG-RIL: 3 RIL requests data in the queue
08-23 13:22:35.855 1976 2008 D use-Rlog/RLOG-RIL: 1 RIL request in the queue (1 pending, 0 handled, 0 unhandled)
08-23 13:22:35.855 1976 2008 D use-Rlog/RLOG-RIL: 3 RIL requests data in the queue
08-23 13:22:35.855 1976 2008 D use-Rlog/RLOG-RIL: 2 RIL requests in the queue (2 pending, 0 handled, 0 unhandled)
08-23 13:22:35.855 1976 2008 D use-Rlog/RLOG-RIL: 3 RIL requests data in the queue
08-23 13:22:35.855 1976 2328 D use-Rlog/RLOG-RIL: 1 RIL request in the queue (1 pending, 0 handled, 0 unhandled)
08-23 13:22:35.855 1976 2328 D use-Rlog/RLOG-RIL: 2 RIL requests data in the queue
08-23 13:22:35.855 1976 2328 D use-Rlog/RLOG-RIL-IPC:
08-23 13:22:35.855 1976 2328 D use-Rlog/RLOG-RIL-IPC: xmm626_sec_modem_fmt_send: Sent FMT message
08-23 13:22:35.855 1976 2328 D use-Rlog/RLOG-RIL-IPC: xmm626_sec_modem_fmt_send: Message: mseq=0x0b, command=IPC_CALL_LIST, type=IPC_TYPE_GET, size=0
08-23 13:22:35.855 2883 2883 D RILJ : [3675]> RIL_REQUEST_VOICE_RADIO_TECH [SUB0]
08-23 13:22:35.855 2883 2883 D RILJ : [3676]> RIL_REQUEST_IMS_REGISTRATION_STATE [SUB0]
08-23 13:22:35.855 1976 2323 D use-Rlog/RLOG-RIL-IPC:
08-23 13:22:35.855 1976 2323 D use-Rlog/RLOG-RIL-IPC: xmm626_sec_modem_fmt_recv: Received FMT message
08-23 13:22:35.855 2883 2883 D RILJ : [3677]> RIL_REQUEST_CDMA_GET_SUBSCRIPTION_SOURCE [SUB0]
08-23 13:22:35.855 1976 2323 D use-Rlog/RLOG-RIL-IPC: xmm626_sec_modem_fmt_recv: Message: aseq=0x0b, command=IPC_CALL_LIST, type=IPC_TYPE_RESP, size=1
08-23 13:22:35.855 1976 2323 D use-Rlog/RLOG-RIL-IPC: ================================= IPC FMT data =================================
08-23 13:22:35.855 1976 2323 D use-Rlog/RLOG-RIL-IPC: [0000] 00 .
08-23 13:22:35.855 1976 2323 D use-Rlog/RLOG-RIL-IPC: ================================================================================
08-23 13:22:35.855 1976 2323 D use-Rlog/RLOG-RIL: 0 RIL request in the queue (0 pending, 0 handled, 0 unhandled)
08-23 13:22:35.855 1976 2323 D use-Rlog/RLOG-RIL: 2 RIL requests data in the queue
08-23 13:22:35.855 1976 2008 D use-Rlog/RLOG-RIL: 1 RIL request in the queue (1 pending, 0 handled, 0 unhandled)
08-23 13:22:35.855 1976 2008 D use-Rlog/RLOG-RIL: 2 RIL requests data in the queue
08-23 13:22:35.855 1976 2328 D use-Rlog/RLOG-RIL: Unhandled RIL request: 112
08-23 13:22:35.855 1976 2328 D use-Rlog/RLOG-RIL: 0 RIL request in the queue (0 pending, 0 handled, 0 unhandled)
08-23 13:22:35.855 1976 2328 D use-Rlog/RLOG-RIL: 2 RIL requests data in the queue
08-23 13:22:35.855 2883 2883 D RILJ : [3678]> OPERATOR [SUB0]
08-23 13:22:35.855 2883 2969 D RILJ : [3670]< DATA_REGISTRATION_STATE {0, 0, 0, 0, 3} [SUB0]
08-23 13:22:35.860 2883 2883 D RILJ : [3679]> DATA_REGISTRATION_STATE [SUB0]
08-23 13:22:35.860 2883 2883 D RILJ : [3680]> VOICE_REGISTRATION_STATE [SUB0]
08-23 13:22:35.860 1976 2008 D use-Rlog/RLOG-RIL: 1 RIL request in the queue (1 pending, 0 handled, 0 unhandled)
08-23 13:22:35.860 1976 2008 D use-Rlog/RLOG-RIL: 2 RIL requests data in the queue
08-23 13:22:35.860 1976 2328 D use-Rlog/RLOG-RIL-IPC:
08-23 13:22:35.860 1976 2328 D use-Rlog/RLOG-RIL-IPC: xmm626_sec_modem_fmt_send: Sent FMT message
08-23 13:22:35.860 1976 2328 D use-Rlog/RLOG-RIL-IPC: xmm626_sec_modem_fmt_send: Message: mseq=0x0c, command=IPC_NET_SERVING_NETWORK, type=IPC_TYPE_GET, size=0
08-23 13:22:35.860 2883 2883 D RILJ : [3681]> QUERY_NETWORK_SELECTION_MODE [SUB0]
08-23 13:22:35.860 1976 2008 D use-Rlog/RLOG-RIL: 2 RIL requests in the queue (1 pending, 1 handled, 0 unhandled)
08-23 13:22:35.860 1976 2008 D use-Rlog/RLOG-RIL: 2 RIL requests data in the queue
08-23 13:22:35.860 1976 2008 D use-Rlog/RLOG-RIL: 3 RIL requests in the queue (2 pending, 1 handled, 0 unhandled)
08-23 13:22:35.860 1976 2008 D use-Rlog/RLOG-RIL: 2 RIL requests data in the queue
08-23 13:22:35.860 1976 2328 D use-Rlog/RLOG-RIL: 2 RIL requests in the queue (1 pending, 1 handled, 0 unhandled)
08-23 13:22:35.860 1976 2328 D use-Rlog/RLOG-RIL: 1 RIL request data in the queue
08-23 13:22:35.860 1976 2328 D use-Rlog/RLOG-RIL: 1 RIL request in the queue (0 pending, 1 handled, 0 unhandled)
08-23 13:22:35.860 1976 2323 D use-Rlog/RLOG-RIL-IPC:
08-23 13:22:35.860 1976 2323 D use-Rlog/RLOG-RIL-IPC: xmm626_sec_modem_fmt_recv: Received FMT message
08-23 13:22:35.860 1976 2323 D use-Rlog/RLOG-RIL-IPC: xmm626_sec_modem_fmt_recv: Message: aseq=0x0c, command=IPC_NET_SERVING_NETWORK, type=IPC_TYPE_RESP, size=11
08-23 13:22:35.860 1976 2323 D use-Rlog/RLOG-RIL-IPC: ================================= IPC FMT data =================================
08-23 13:22:35.860 1976 2323 D use-Rlog/RLOG-RIL-IPC: [0000] 02 04 FF 32 32 32 31 30 23 00 00 ...22210 #..
08-23 13:22:35.860 1976 2323 D use-Rlog/RLOG-RIL-IPC: ================================================================================
08-23 13:22:35.860 1976 2323 D use-Rlog/RLOG-RIL: 0 RIL request in the queue (0 pending, 0 handled, 0 unhandled)
08-23 13:22:35.865 1976 2008 D use-Rlog/RLOG-RIL: 1 RIL request in the queue (1 pending, 0 handled, 0 unhandled)
08-23 13:22:35.865 2883 2969 D RILJ : [3671]< VOICE_REGISTRATION_STATE {0, 0, 0, 0, null, null, null, null, null, null, null, null, null, null, null} [SUB0]
08-23 13:22:35.865 2883 2969 D RILJ : [3672]< QUERY_NETWORK_SELECTION_MODE {0} [SUB0]
08-23 13:22:35.865 2883 2969 D RILJ : [3673]< GET_SIM_STATUS IccCardState {CARDSTATE_ABSENT,PINSTATE_UNKNOWN,num_apps=1,gsm_id=0{APPTYPE_UNKNOWN,APPSTATE_UNKNOWN},cdma_id=-1,ims_id=-1} [SUB0]
08-23 13:22:35.865 2883 2969 D RILJ : [3675]< RIL_REQUEST_VOICE_RADIO_TECH {3} [SUB0]
08-23 13:22:35.865 2883 2969 D RILJ : [3674]< GET_CURRENT_CALLS {} [SUB0]
08-23 13:22:35.865 2883 2969 D RilRequest: [3676]< RIL_REQUEST_IMS_REGISTRATION_STATE error: com.android.internal.telephony.CommandException: REQUEST_NOT_SUPPORTED ret=
08-23 13:22:35.870 2883 2969 D RILJ : [3677]< RIL_REQUEST_CDMA_GET_SUBSCRIPTION_SOURCE {0} [SUB0]
08-23 13:22:35.870 2883 2969 D RILJ : [3679]< DATA_REGISTRATION_STATE {0, 0, 0, 0, 3} [SUB0]
08-23 13:22:35.870 2883 2969 D RILJ : [3680]< VOICE_REGISTRATION_STATE {10, 0, 0, 0, null, null, null, null, null, null, null, null, null, null, null} [SUB0]
08-23 13:22:35.870 2883 2969 D RILJ : [3678]< OPERATOR {Vodafone, Vodafone, 22210} [SUB0]
08-23 13:22:35.870 1976 2328 D use-Rlog/RLOG-RIL-IPC:
08-23 13:22:35.870 1976 2328 D use-Rlog/RLOG-RIL-IPC: xmm626_sec_modem_fmt_send: Sent FMT message
08-23 13:22:35.870 1976 2328 D use-Rlog/RLOG-RIL-IPC: xmm626_sec_modem_fmt_send: Message: mseq=0x0d, command=IPC_NET_PLMN_SEL, type=IPC_TYPE_GET, size=0
08-23 13:22:35.870 1976 2323 D use-Rlog/RLOG-RIL-IPC:
