02-26 21:48:46.188 2022 2370 E use-Rlog/RLOG-RIL: TX: M:IPC_NET_CMD S:IPC_NET_SERVING_NETWORK T:IPC_CMD_GET l:7 m:5e a:0
02-26 21:48:46.188 3501 3729 D RILJ : [4020]< QUERY_NETWORK_SELECTION_MODE {0} [SUB0]
02-26 21:48:46.189 3501 3501 D SST : EVENT_POLL_STATE_NETWORK_SELECTION_MODE
02-26 21:48:46.189 2022 2370 E use-Rlog/RLOG-RIL: RX: Time: 2083441773 / 984839
02-26 21:48:46.189 2022 2370 E use-Rlog/RLOG-RIL: RX: M:IPC_NET_CMD S:IPC_NET_SERVING_NETWORK T:IPC_CMD_RESP l:12 m:ff a:5e
02-26 21:48:46.189 2022 2370 E use-Rlog/RLOG-RIL: RX: 02 02 04 32 36 32 30 31 23 B9 10
02-26 21:48:46.190 2022 2370 E use-Rlog/RLOG-RIL: TX: Time: 2083441774 / 984839
02-26 21:48:46.190 2022 2370 E use-Rlog/RLOG-RIL: TX: M:IPC_NET_CMD S:IPC_NET_REGIST T:IPC_CMD_GET l:9 m:5f a:0
02-26 21:48:46.190 2022 2370 E use-Rlog/RLOG-RIL: TX: FF 03
02-26 21:48:46.190 3501 3729 D RILJ : [4021]< OPERATOR {Telekom.de, Telekom.de, 26201} [SUB0]
02-26 21:48:46.191 2022 2370 E use-Rlog/RLOG-RIL: RX: Time: 2083441775 / 984841
02-26 21:48:46.191 2022 2370 E use-Rlog/RLOG-RIL: RX: M:IPC_NET_CMD S:IPC_NET_REGIST T:IPC_CMD_RESP l:12 m:ff a:5f
02-26 21:48:46.191 2022 2370 E use-Rlog/RLOG-RIL: RX: 04 03 02 01 B9 10 01 72 07 00 00
02-26 21:48:46.192 2022 2370 E use-Rlog/RLOG-RIL: TX: Time: 2083441775 / 984841
02-26 21:48:46.192 2022 2370 E use-Rlog/RLOG-RIL: TX: M:IPC_NET_CMD S:IPC_NET_REGIST T:IPC_CMD_GET l:9 m:60 a:0
02-26 21:48:46.192 2022 2370 E use-Rlog/RLOG-RIL: TX: FF 02
02-26 21:48:46.192 3501 3729 D RILJ : [4022]< DATA_REGISTRATION_STATE {1, 10b9, 00077201, 3} [SUB0]
02-26 21:48:46.192 3501 3501 D SST : handlPollStateResultMessage: GsmSST setDataRegState=0 regState=1 dataRadioTechnology=3
02-26 21:48:46.194 2022 2370 E use-Rlog/RLOG-RIL: RX: Time: 2083441778 / 984844
02-26 21:48:46.194 2022 2370 E use-Rlog/RLOG-RIL: RX: M:IPC_NET_CMD S:IPC_NET_REGIST T:IPC_CMD_RESP l:12 m:ff a:60
02-26 21:48:46.194 2022 2370 E use-Rlog/RLOG-RIL: RX: 04 02 02 01 B9 10 01 72 07 00 00
02-26 21:48:46.194 2022 2370 E use-Rlog/RLOG-RIL: TX: Time: 2083441778 / 984844
02-26 21:48:46.194 2022 2370 E use-Rlog/RLOG-RIL: TX: M:IPC_NET_CMD S:IPC_NET_PLMN_SEL T:IPC_CMD_GET l:7 m:61 a:0
02-26 21:48:46.195 3501 3729 D RILJ : [4023]< VOICE_REGISTRATION_STATE {1, 10b9, 00077201} [SUB0]
02-26 21:48:46.196 2022 2370 E use-Rlog/RLOG-RIL: RX: Time: 2083441780 / 984846
02-26 21:48:46.196 2022 2370 E use-Rlog/RLOG-RIL: RX: M:IPC_NET_CMD S:IPC_NET_PLMN_SEL T:IPC_CMD_RESP l:8 m:ff a:61
02-26 21:48:46.196 2022 2370 E use-Rlog/RLOG-RIL: RX: 02
02-26 21:48:46.196 3501 3729 D RILJ : [4024]< QUERY_NETWORK_SELECTION_MODE {0} [SUB0]
02-26 21:48:46.196 3501 3501 D SST : EVENT_POLL_STATE_NETWORK_SELECTION_MODE
02-26 21:48:46.198 3501 3501 D SST : Poll ServiceState done: oldSS=[0 0 voice home data home Telekom.de Telekom.de 26201 Telekom.de Telekom.de 26201 Unknown UMTS CSS not supported -1 -1 RoamInd=-1 DefRoamInd=-1 EmergOnly=false IsDataRoamingFromRegistration=false IsUsingCarrierAggregation=false] newSS=[0 0 voice home data home Telekom.de Telekom.de 26201 Telekom.de Telekom.de 26201 Unknown UMTS CSS not supported -1 -1 RoamInd=-1 DefRoamInd=-1 EmergOnly=false IsDataRoamingFromRegistration=false IsUsingCarrierAggregation=false] oldMaxDataCalls=1 mNewMaxDataCalls=1 oldReasonDataDenied=-1 mNewReasonDataDenied=-1
02-26 21:48:46.198 3501 3501 D SST : getCellLocation(): X good mCellLoc=[4281,487937,-1]
02-26 21:48:46.200 2432 3239 D TelephonyRegistry: notifyCellLocationForSubscriber: subId=1 cellLocation=Bundle[mParcelledData.dataSize=64]
02-26 21:48:46.526 2022 2370 E use-Rlog/RLOG-RIL: RX: Time: 2083442110 / 985176
02-26 21:48:46.526 2022 2370 E use-Rlog/RLOG-RIL: RX: M:IPC_DISP_CMD S:IPC_DISP_ICON_INFO T:IPC_CMD_NOTI l:b m:ff a:61
02-26 21:48:46.526 2022 2370 E use-Rlog/RLOG-RIL: RX: FF 01 00 05
02-26 21:48:49.636 3501 3501 D RILJ : [4025]> RIL_REQUEST_GET_ACTIVITY_INFO [SUB0]
02-26 21:49:17.233 2022 2370 E use-Rlog/RLOG-RIL: RX: Time: 2083472816 / 1015882
02-26 21:49:17.233 2022 2370 E use-Rlog/RLOG-RIL: RX: M:IPC_DISP_CMD S:IPC_DISP_ICON_INFO T:IPC_CMD_NOTI l:b m:ff a:61
02-26 21:49:17.233 2022 2370 E use-Rlog/RLOG-RIL: RX: FF 02 00 05
02-26 21:49:26.861 3501 3501 D RILJ : [4026]> RIL_REQUEST_GET_ACTIVITY_INFO [SUB0]
02-26 21:49:34.415 3501 3501 D RILJ : [4027]> RIL_REQUEST_GET_ACTIVITY_INFO [SUB0]
02-26 21:50:55.483 2022 2370 E use-Rlog/RLOG-RIL: RX: Time: 2083571067 / 1114133
02-26 21:50:55.483 2022 2370 E use-Rlog/RLOG-RIL: RX: M:IPC_NET_CMD S:IPC_NET_REGIST T:IPC_CMD_NOTI l:12 m:ff a:ff
02-26 21:50:55.484 2022 2370 E use-Rlog/RLOG-RIL: RX: 04 02 02 01 B9 10 98 11 07 00 00
02-26 21:50:55.485 2022 2370 E use-Rlog/RLOG-RIL: RX: Time: 2083571068 / 1114134
02-26 21:50:55.485 2022 2370 E use-Rlog/RLOG-RIL: RX: M:IPC_NET_CMD S:IPC_NET_REGIST T:IPC_CMD_NOTI l:12 m:ff a:ff
02-26 21:50:55.485 2022 2370 E use-Rlog/RLOG-RIL: RX: 04 03 02 01 B9 10 98 11 07 00 00
02-26 21:50:55.487 3501 3729 D RILJ : [UNSL]< UNSOL_RESPONSE_VOICE_NETWORK_STATE_CHANGED [SUB0]
02-26 21:50:55.489 3501 3729 D RILJ : [UNSL]< UNSOL_RESPONSE_VOICE_NETWORK_STATE_CHANGED [SUB0]
02-26 21:50:55.490 3501 3501 D RILJ : [4028]> OPERATOR [SUB0]
02-26 21:50:55.497 3501 3501 D RILJ : [4029]> DATA_REGISTRATION_STATE [SUB0]
02-26 21:50:55.499 2022 2370 E use-Rlog/RLOG-RIL: TX: Time: 2083571083 / 1114149
02-26 21:50:55.499 2022 2370 E use-Rlog/RLOG-RIL: TX: M:IPC_NET_CMD S:IPC_NET_SERVING_NETWORK T:IPC_CMD_GET l:7 m:62 a:0
02-26 21:50:55.504 2022 2370 E use-Rlog/RLOG-RIL: RX: Time: 2083571088 / 1114153
02-26 21:50:55.504 2022 2370 E use-Rlog/RLOG-RIL: RX: M:IPC_NET_CMD S:IPC_NET_SERVING_NETWORK T:IPC_CMD_RESP l:12 m:ff a:62
02-26 21:50:55.504 2022 2370 E use-Rlog/RLOG-RIL: RX: 02 02 04 32 36 32 30 31 23 B9 10
02-26 21:50:55.506 3501 3729 D RILJ : [4028]< OPERATOR {Telekom.de, Telekom.de, 26201} [SUB0]
02-26 21:50:55.508 3501 3501 D RILJ : [4030]> VOICE_REGISTRATION_STATE [SUB0]
02-26 21:50:55.513 3501 3501 D RILJ : [4031]> QUERY_NETWORK_SELECTION_MODE [SUB0]
02-26 21:50:55.517 3501 3501 D RILJ : [4032]> OPERATOR [SUB0]
02-26 21:50:55.518 2022 2370 E use-Rlog/RLOG-RIL: TX: Time: 2083571102 / 1114168
02-26 21:50:55.518 2022 2370 E use-Rlog/RLOG-RIL: TX: M:IPC_NET_CMD S:IPC_NET_REGIST T:IPC_CMD_GET l:9 m:63 a:0
02-26 21:50:55.518 2022 2370 E use-Rlog/RLOG-RIL: TX: FF 03
02-26 21:50:55.524 2022 2370 E use-Rlog/RLOG-RIL: RX: Time: 2083571108 / 1114174
02-26 21:50:55.525 2022 2370 E use-Rlog/RLOG-RIL: RX: M:IPC_NET_CMD S:IPC_NET_REGIST T:IPC_CMD_RESP l:12 m:ff a:63
02-26 21:50:55.525 2022 2370 E use-Rlog/RLOG-RIL: RX: 04 03 02 01 B9 10 98 11 07 00 00
02-26 21:50:55.528 2022 2370 E use-Rlog/RLOG-RIL: TX: Time: 2083571112 / 1114178
02-26 21:50:55.528 2022 2370 E use-Rlog/RLOG-RIL: TX: M:IPC_NET_CMD S:IPC_NET_REGIST T:IPC_CMD_GET l:9 m:64 a:0
02-26 21:50:55.528 2022 2370 E use-Rlog/RLOG-RIL: TX: FF 02
02-26 21:50:55.529 2022 2370 E use-Rlog/RLOG-RIL: RX: Time: 2083571112 / 1114178
02-26 21:50:55.529 2022 2370 E use-Rlog/RLOG-RIL: RX: M:IPC_NET_CMD S:IPC_NET_REGIST T:IPC_CMD_RESP l:12 m:ff a:64
02-26 21:50:55.529 2022 2370 E use-Rlog/RLOG-RIL: RX: 04 02 02 01 B9 10 98 11 07 00 00
02-26 21:50:55.532 3501 3729 D RILJ : [4029]< DATA_REGISTRATION_STATE {1, 10b9, 00071198, 3} [SUB0]
02-26 21:50:55.534 3501 3501 D RILJ : [4033]> DATA_REGISTRATION_STATE [SUB0]
02-26 21:50:55.538 2022 2370 E use-Rlog/RLOG-RIL: TX: Time: 2083571122 / 1114188
02-26 21:50:55.539 2022 2370 E use-Rlog/RLOG-RIL: TX: M:IPC_NET_CMD S:IPC_NET_PLMN_SEL T:IPC_CMD_GET l:7 m:65 a:0
02-26 21:50:55.539 2022 2370 E use-Rlog/RLOG-RIL: RX: Time: 2083571123 / 1114189
02-26 21:50:55.539 2022 2370 E use-Rlog/RLOG-RIL: RX: M:IPC_NET_CMD S:IPC_NET_PLMN_SEL T:IPC_CMD_RESP l:8 m:ff a:65
02-26 21:50:55.540 2022 2370 E use-Rlog/RLOG-RIL: RX: 02
02-26 21:50:55.542 3501 3501 D RILJ : [4034]> VOICE_REGISTRATION_STATE [SUB0]
02-26 21:50:55.547 2022 2370 E use-Rlog/RLOG-RIL: TX: Time: 2083571131 / 1114197
02-26 21:50:55.547 2022 2370 E use-Rlog/RLOG-RIL: TX: M:IPC_NET_CMD S:IPC_NET_SERVING_NETWORK T:IPC_CMD_GET l:7 m:66 a:0
02-26 21:50:55.549 2022 2370 E use-Rlog/RLOG-RIL: RX: Time: 2083571133 / 1114198
02-26 21:50:55.549 2022 2370 E use-Rlog/RLOG-RIL: RX: M:IPC_NET_CMD S:IPC_NET_SERVING_NETWORK T:IPC_CMD_RESP l:12 m:ff a:66
02-26 21:50:55.549 2022 2370 E use-Rlog/RLOG-RIL: RX: 02 02 04 32 36 32 30 31 23 B9 10
02-26 21:50:55.550 2022 2370 E use-Rlog/RLOG-RIL: TX: Time: 2083571134 / 1114200
02-26 21:50:55.550 2022 2370 E use-Rlog/RLOG-RIL: TX: M:IPC_NET_CMD S:IPC_NET_REGIST T:IPC_CMD_GET l:9 m:67 a:0
02-26 21:50:55.551 2022 2370 E use-Rlog/RLOG-RIL: TX: FF 03
02-26 21:50:55.555 3501 3729 D RILJ : [4030]< VOICE_REGISTRATION_STATE {1, 10b9, 00071198} [SUB0]
02-26 21:50:55.556 3501 3729 D RILJ : [4031]< QUERY_NETWORK_SELECTION_MODE {0} [SUB0]
02-26 21:50:55.557 3501 3729 D RILJ : [4032]< OPERATOR {Telekom.de, Telekom.de, 26201} [SUB0]
02-26 21:50:55.562 3501 3501 D RILJ : [4035]> QUERY_NETWORK_SELECTION_MODE [SUB0]
02-26 21:50:55.563 2022 2370 E use-Rlog/RLOG-RIL: RX: Time: 2083571144 / 1114209
02-26 21:50:55.563 2022 2370 E use-Rlog/RLOG-RIL: RX: M:IPC_NET_CMD S:IPC_NET_REGIST T:IPC_CMD_RESP l:12 m:ff a:67
02-26 21:50:55.563 2022 2370 E use-Rlog/RLOG-RIL: RX: 04 03 02 01 B9 10 98 11 07 00 00
02-26 21:50:55.564 2022 2370 E use-Rlog/RLOG-RIL: TX: Time: 2083571148 / 1114214
02-26 21:50:55.564 2022 2370 E use-Rlog/RLOG-RIL: TX: M:IPC_NET_CMD S:IPC_NET_REGIST T:IPC_CMD_GET l:9 m:68 a:0
02-26 21:50:55.565 2022 2370 E use-Rlog/RLOG-RIL: TX: FF 02
02-26 21:50:55.567 3501 3729 D RILJ : [4033]< DATA_REGISTRATION_STATE {1, 10b9, 00071198, 3} [SUB0]
02-26 21:50:55.579 3501 3501 D SST : EVENT_POLL_STATE_NETWORK_SELECTION_MODE
02-26 21:50:55.579 3501 3501 D SST : handlPollStateResultMessage: GsmSST setDataRegState=0 regState=1 dataRadioTechnology=3
02-26 21:50:55.580 2022 2370 E use-Rlog/RLOG-RIL: RX: Time: 2083571164 / 1114229
02-26 21:50:55.580 2022 2370 E use-Rlog/RLOG-RIL: RX: M:IPC_NET_CMD S:IPC_NET_REGIST T:IPC_CMD_RESP l:12 m:ff a:68
02-26 21:50:55.581 2022 2370 E use-Rlog/RLOG-RIL: RX: 04 02 02 01 B9 10 98 11 07 00 00
02-26 21:50:55.584 3501 3729 D RILJ : [4034]< VOICE_REGISTRATION_STATE {1, 10b9, 00071198} [SUB0]
02-26 21:50:55.585 2022 2370 E use-Rlog/RLOG-RIL: TX: Time: 2083571169 / 1114234
02-26 21:50:55.585 2022 2370 E use-Rlog/RLOG-RIL: TX: M:IPC_NET_CMD S:IPC_NET_PLMN_SEL T:IPC_CMD_GET l:7 m:69 a:0
02-26 21:50:55.585 2022 2370 E use-Rlog/RLOG-RIL: RX: Time: 2083571169 / 1114235
02-26 21:50:55.585 2022 2370 E use-Rlog/RLOG-RIL: RX: M:IPC_NET_CMD S:IPC_NET_PLMN_SEL T:IPC_CMD_RESP l:8 m:ff a:69
02-26 21:50:55.586 2022 2370 E use-Rlog/RLOG-RIL: RX: 02
02-26 21:50:55.587 3501 3729 D RILJ : [4035]< QUERY_NETWORK_SELECTION_MODE {0} [SUB0]
02-26 21:50:55.588 3501 3501 D SST : EVENT_POLL_STATE_NETWORK_SELECTION_MODE
02-26 21:50:55.601 3501 3501 D SST : Poll ServiceState done: oldSS=[0 0 voice home data home Telekom.de Telekom.de 26201 Telekom.de Telekom.de 26201 Unknown UMTS CSS not supported -1 -1 RoamInd=-1 DefRoamInd=-1 EmergOnly=false IsDataRoamingFromRegistration=false IsUsingCarrierAggregation=false] newSS=[0 0 voice home data home Telekom.de Telekom.de 26201 Telekom.de Telekom.de 26201 Unknown UMTS CSS not supported -1 -1 RoamInd=-1 DefRoamInd=-1 EmergOnly=false IsDataRoamingFromRegistration=false IsUsingCarrierAggregation=false] oldMaxDataCalls=1 mNewMaxDataCalls=1 oldReasonDataDenied=-1 mNewReasonDataDenied=-1
02-26 21:50:55.601 3501 3501 D SST : getCellLocation(): X good mCellLoc=[4281,463256,-1]
02-26 21:50:55.601 2432 3921 D TelephonyRegistry: notifyCellLocationForSubscriber: subId=1 cellLocation=Bundle[mParcelledData.dataSize=64]
02-26 21:51:03.580 3501 3501 D DCT : [0]screen off
02-26 21:51:03.581 3501 3501 D DCT : [0]stopNetStatPoll
02-26 21:51:06.856 3501 3501 D RILJ : [4036]> RIL_REQUEST_GET_ACTIVITY_INFO [SUB0]
02-26 21:51:07.769 3501 3501 D RILJ : [4037]> SCREEN_STATE: false [SUB0]
02-26 21:51:07.864 3501 3729 D RILJ : [4037]< SCREEN_STATE [SUB0]
02-26 21:51:08.347 3501 3501 D RILJ : [4038]> SCREEN_STATE: true [SUB0]
02-26 21:51:08.350 3501 3729 D RILJ : [UNSL]< UNSOL_RESPONSE_VOICE_NETWORK_STATE_CHANGED [SUB0]
02-26 21:51:08.350 3501 3729 D RILJ : [4038]< SCREEN_STATE [SUB0]
02-26 21:51:08.351 3501 3501 D RILJ : [4039]> OPERATOR [SUB0]
02-26 21:51:08.353 3501 3501 D RILJ : [4040]> DATA_REGISTRATION_STATE [SUB0]
02-26 21:51:08.354 2022 2370 E use-Rlog/RLOG-RIL: TX: Time: 2083583937 / 1127003
02-26 21:51:08.354 2022 2370 E use-Rlog/RLOG-RIL: TX: M:IPC_NET_CMD S:IPC_NET_SERVING_NETWORK T:IPC_CMD_GET l:7 m:6a a:0
02-26 21:51:08.357 3501 3501 D RILJ : [4041]> VOICE_REGISTRATION_STATE [SUB0]
02-26 21:51:08.358 2022 2370 E use-Rlog/RLOG-RIL: RX: Time: 2083583942 / 1127008
02-26 21:51:08.358 2022 2370 E use-Rlog/RLOG-RIL: RX: M:IPC_NET_CMD S:IPC_NET_SERVING_NETWORK T:IPC_CMD_RESP l:12 m:ff a:6a
02-26 21:51:08.358 2022 2370 E use-Rlog/RLOG-RIL: RX: 02 02 04 32 36 32 30 31 23 B9 10
02-26 21:51:08.359 2022 2370 E use-Rlog/RLOG-RIL: TX: Time: 2083583943 / 1127008
02-26 21:51:08.359 2022 2370 E use-Rlog/RLOG-RIL: TX: M:IPC_NET_CMD S:IPC_NET_REGIST T:IPC_CMD_GET l:9 m:6b a:0
02-26 21:51:08.359 2022 2370 E use-Rlog/RLOG-RIL: TX: FF 03
02-26 21:51:08.360 3501 3729 D RILJ : [4039]< OPERATOR {Telekom.de, Telekom.de, 26201} [SUB0]
02-26 21:51:08.360 2022 2370 E use-Rlog/RLOG-RIL: RX: Time: 2083583944 / 1127010
02-26 21:51:08.360 2022 2370 E use-Rlog/RLOG-RIL: RX: M:IPC_NET_CMD S:IPC_NET_REGIST T:IPC_CMD_RESP l:12 m:ff a:6b
02-26 21:51:08.361 2022 2370 E use-Rlog/RLOG-RIL: RX: 04 03 02 01 B9 10 98 11 07 00 00
02-26 21:51:08.364 3501 3501 D RILJ : [4042]> QUERY_NETWORK_SELECTION_MODE [SUB0]
02-26 21:51:08.365 2022 2370 E use-Rlog/RLOG-RIL: TX: Time: 2083583949 / 1127015
02-26 21:51:08.365 2022 2370 E use-Rlog/RLOG-RIL: TX: M:IPC_NET_CMD S:IPC_NET_REGIST T:IPC_CMD_GET l:9 m:6c a:0
02-26 21:51:08.365 2022 2370 E use-Rlog/RLOG-RIL: TX: FF 02
02-26 21:51:08.366 3501 3729 D RILJ : [4040]< DATA_REGISTRATION_STATE {1, 10b9, 00071198, 3} [SUB0]
02-26 21:51:08.371 2022 2370 E use-Rlog/RLOG-RIL: RX: Time: 2083583955 / 1127021
02-26 21:51:08.371 2022 2370 E use-Rlog/RLOG-RIL: RX: M:IPC_NET_CMD S:IPC_NET_REGIST T:IPC_CMD_RESP l:12 m:ff a:6c
02-26 21:51:08.371 2022 2370 E use-Rlog/RLOG-RIL: RX: 04 02 02 01 B9 10 98 11 07 00 00
02-26 21:51:08.372 2022 2370 E use-Rlog/RLOG-RIL: TX: Time: 2083583956 / 1127021
02-26 21:51:08.372 2022 2370 E use-Rlog/RLOG-RIL: TX: M:IPC_NET_CMD S:IPC_NET_PLMN_SEL T:IPC_CMD_GET l:7 m:6d a:0
02-26 21:51:08.373 3501 3729 D RILJ : [4041]< VOICE_REGISTRATION_STATE {1, 10b9, 00071198} [SUB0]
02-26 21:51:08.374 2022 2370 E use-Rlog/RLOG-RIL: RX: Time: 2083583958 / 1127023
02-26 21:51:08.374 2022 2370 E use-Rlog/RLOG-RIL: RX: M:IPC_NET_CMD S:IPC_NET_PLMN_SEL T:IPC_CMD_RESP l:8 m:ff a:6d
02-26 21:51:08.374 2022 2370 E use-Rlog/RLOG-RIL: RX: 02
02-26 21:51:08.375 3501 3729 D RILJ : [4042]< QUERY_NETWORK_SELECTION_MODE {0} [SUB0]
02-26 21:51:08.403 3501 3501 D SST : handlPollStateResultMessage: GsmSST setDataRegState=0 regState=1 dataRadioTechnology=3
02-26 21:51:08.403 3501 3501 D SST : EVENT_POLL_STATE_NETWORK_SELECTION_MODE
02-26 21:51:08.408 3501 3501 D SST : Poll ServiceState done: oldSS=[0 0 voice home data home Telekom.de Telekom.de 26201 Telekom.de Telekom.de 26201 Unknown UMTS CSS not supported -1 -1 RoamInd=-1 DefRoamInd=-1 EmergOnly=false IsDataRoamingFromRegistration=false IsUsingCarrierAggregation=false] newSS=[0 0 voice home data home Telekom.de Telekom.de 26201 Telekom.de Telekom.de 26201 Unknown UMTS CSS not supported -1 -1 RoamInd=-1 DefRoamInd=-1 EmergOnly=false IsDataRoamingFromRegistration=false IsUsingCarrierAggregation=false] oldMaxDataCalls=1 mNewMaxDataCalls=1 oldReasonDataDenied=-1 mNewReasonDataDenied=-1
02-26 21:51:08.785 3501 3501 D DCT : [0]screen on
02-26 21:51:08.785 3501 3501 D DCT : [0]stopNetStatPoll
02-26 21:51:08.931 3501 3501 D RILJ : [4043]> RIL_REQUEST_GET_ACTIVITY_INFO [SUB0]
02-26 21:51:10.921 2022 2370 E use-Rlog/RLOG-RIL: RX: Time: 2083586505 / 1129571
02-26 21:51:10.921 2022 2370 E use-Rlog/RLOG-RIL: RX: M:IPC_DISP_CMD S:IPC_DISP_ICON_INFO T:IPC_CMD_NOTI l:b m:ff a:6d
02-26 21:51:10.921 2022 2370 E use-Rlog/RLOG-RIL: RX: FF 03 00 05
02-26 21:51:11.030 3501 3501 D RILJ : [4044]> RIL_REQUEST_GET_ACTIVITY_INFO [SUB0]
02-26 21:51:22.414 3501 3501 D DCT : [0]screen off
02-26 21:51:22.414 3501 3501 D DCT : [0]stopNetStatPoll
02-26 21:51:44.112 2022 2370 E use-Rlog/RLOG-RIL: RX: Time: 2083619696 / 1162762
02-26 21:51:44.113 2022 2370 E use-Rlog/RLOG-RIL: RX: M:IPC_NET_CMD S:IPC_NET_REGIST T:IPC_CMD_NOTI l:12 m:ff a:ff
02-26 21:51:44.113 2022 2370 E use-Rlog/RLOG-RIL: RX: 04 02 02 01 B9 10 01 72 07 00 00
02-26 21:51:44.114 2022 2370 E use-Rlog/RLOG-RIL: RX: Time: 2083619698 / 1162763
02-26 21:51:44.114 2022 2370 E use-Rlog/RLOG-RIL: RX: M:IPC_NET_CMD S:IPC_NET_REGIST T:IPC_CMD_NOTI l:12 m:ff a:ff
02-26 21:51:44.114 2022 2370 E use-Rlog/RLOG-RIL: RX: 04 03 02 01 B9 10 01 72 07 00 00
02-26 21:51:44.116 3501 3729 D RILJ : [UNSL]< UNSOL_RESPONSE_VOICE_NETWORK_STATE_CHANGED [SUB0]
02-26 21:51:44.117 3501 3729 D RILJ : [UNSL]< UNSOL_RESPONSE_VOICE_NETWORK_STATE_CHANGED [SUB0]
02-26 21:51:44.118 3501 3501 D RILJ : [4045]> OPERATOR [SUB0]
02-26 21:51:44.124 3501 3501 D RILJ : [4046]> DATA_REGISTRATION_STATE [SUB0]
02-26 21:51:44.126 2022 2370 E use-Rlog/RLOG-RIL: TX: Time: 2083619710 / 1162775
02-26 21:51:44.126 2022 2370 E use-Rlog/RLOG-RIL: TX: M:IPC_NET_CMD S:IPC_NET_SERVING_NETWORK T:IPC_CMD_GET l:7 m:6e a:0
02-26 21:51:44.130 3501 3501 D RILJ : [4047]> VOICE_REGISTRATION_STATE [SUB0]
02-26 21:51:44.135 3501 3501 D RILJ : [4048]> QUERY_NETWORK_SELECTION_MODE [SUB0]
02-26 21:51:44.136 2022 2370 E use-Rlog/RLOG-RIL: RX: Time: 2083619720 / 1162786
02-26 21:51:44.136 2022 2370 E use-Rlog/RLOG-RIL: RX: M:IPC_NET_CMD S:IPC_NET_SERVING_NETWORK T:IPC_CMD_RESP l:12 m:ff a:6e
02-26 21:51:44.137 2022 2370 E use-Rlog/RLOG-RIL: RX: 02 02 04 32 36 32 30 31 23 B9 10
02-26 21:51:44.138 2022 2370 E use-Rlog/RLOG-RIL: TX: Time: 2083619722 / 1162787
02-26 21:51:44.138 2022 2370 E use-Rlog/RLOG-RIL: TX: M:IPC_NET_CMD S:IPC_NET_REGIST T:IPC_CMD_GET l:9 m:6f a:0
02-26 21:51:44.138 2022 2370 E use-Rlog/RLOG-RIL: TX: FF 03
02-26 21:51:44.141 3501 3729 D RILJ : [4045]< OPERATOR {Telekom.de, Telekom.de, 26201} [SUB0]
02-26 21:51:44.141 2022 2370 E use-Rlog/RLOG-RIL: RX: Time: 2083619725 / 1162791
02-26 21:51:44.141 2022 2370 E use-Rlog/RLOG-RIL: RX: M:IPC_NET_CMD S:IPC_NET_REGIST T:IPC_CMD_RESP l:12 m:ff a:6f
02-26 21:51:44.141 2022 2370 E use-Rlog/RLOG-RIL: RX: 04 03 02 01 B9 10 01 72 07 00 00
02-26 21:51:44.148 3501 3501 D RILJ : [4049]> OPERATOR [SUB0]
02-26 21:51:44.153 3501 3729 D RILJ : [4046]< DATA_REGISTRATION_STATE {1, 10b9, 00077201, 3} [SUB0]
02-26 21:51:44.154 3501 3501 D RILJ : [4050]> DATA_REGISTRATION_STATE [SUB0]
02-26 21:51:44.155 2022 2370 E use-Rlog/RLOG-RIL: TX: Time: 2083619738 / 1162804
02-26 21:51:44.155 2022 2370 E use-Rlog/RLOG-RIL: TX: M:IPC_NET_CMD S:IPC_NET_REGIST T:IPC_CMD_GET l:9 m:70 a:0
02-26 21:51:44.155 2022 2370 E use-Rlog/RLOG-RIL: TX: FF 02
02-26 21:51:44.155 2022 2370 E use-Rlog/RLOG-RIL: RX: Time: 2083619739 / 1162805
02-26 21:51:44.155 2022 2370 E use-Rlog/RLOG-RIL: RX: M:IPC_NET_CMD S:IPC_NET_REGIST T:IPC_CMD_RESP l:12 m:ff a:70
02-26 21:51:44.156 2022 2370 E use-Rlog/RLOG-RIL: RX: 04 02 02 01 B9 10 01 72 07 00 00
02-26 21:51:44.157 2022 2370 E use-Rlog/RLOG-RIL: TX: Time: 2083619740 / 1162806
02-26 21:51:44.157 2022 2370 E use-Rlog/RLOG-RIL: TX: M:IPC_NET_CMD S:IPC_NET_PLMN_SEL T:IPC_CMD_GET l:7 m:71 a:0
02-26 21:51:44.158 2022 2370 E use-Rlog/RLOG-RIL: RX: Time: 2083619742 / 1162808
02-26 21:51:44.158 2022 2370 E use-Rlog/RLOG-RIL: RX: M:IPC_NET_CMD S:IPC_NET_PLMN_SEL T:IPC_CMD_RESP l:8 m:ff a:71
02-26 21:51:44.158 2022 2370 E use-Rlog/RLOG-RIL: RX: 02
02-26 21:51:44.159 2022 2370 E use-Rlog/RLOG-RIL: TX: Time: 2083619743 / 1162809
02-26 21:51:44.159 2022 2370 E use-Rlog/RLOG-RIL: TX: M:IPC_NET_CMD S:IPC_NET_SERVING_NETWORK T:IPC_CMD_GET l:7 m:72 a:0
02-26 21:51:44.162 3501 3729 D RILJ : [4047]< VOICE_REGISTRATION_STATE {1, 10b9, 00077201} [SUB0]
02-26 21:51:44.167 3501 3501 D RILJ : [4051]> VOICE_REGISTRATION_STATE [SUB0]
02-26 21:51:44.170 2022 2370 E use-Rlog/RLOG-RIL: RX: Time: 2083619754 / 1162819
02-26 21:51:44.170 2022 2370 E use-Rlog/RLOG-RIL: RX: M:IPC_NET_CMD S:IPC_NET_SERVING_NETWORK T:IPC_CMD_RESP l:12 m:ff a:72
02-26 21:51:44.170 2022 2370 E use-Rlog/RLOG-RIL: RX: 02 02 04 32 36 32 30 31 23 B9 10
02-26 21:51:44.171 2022 2370 E use-Rlog/RLOG-RIL: TX: Time: 2083619755 / 1162821
02-26 21:51:44.172 2022 2370 E use-Rlog/RLOG-RIL: TX: M:IPC_NET_CMD S:IPC_NET_REGIST T:IPC_CMD_GET l:9 m:73 a:0
02-26 21:51:44.172 2022 2370 E use-Rlog/RLOG-RIL: TX: FF 03
02-26 21:51:44.175 3501 3501 D RILJ : [4052]> QUERY_NETWORK_SELECTION_MODE [SUB0]
02-26 21:51:44.179 2022 2370 E use-Rlog/RLOG-RIL: RX: Time: 2083619763 / 1162828
02-26 21:51:44.179 2022 2370 E use-Rlog/RLOG-RIL: RX: M:IPC_NET_CMD S:IPC_NET_REGIST T:IPC_CMD_RESP l:12 m:ff a:73
02-26 21:51:44.179 2022 2370 E use-Rlog/RLOG-RIL: RX: 04 03 02 01 B9 10 01 72 07 00 00
02-26 21:51:44.180 2022 2370 E use-Rlog/RLOG-RIL: TX: Time: 2083619764 / 1162830
02-26 21:51:44.181 2022 2370 E use-Rlog/RLOG-RIL: TX: M:IPC_NET_CMD S:IPC_NET_REGIST T:IPC_CMD_GET l:9 m:74 a:0
02-26 21:51:44.181 2022 2370 E use-Rlog/RLOG-RIL: TX: FF 02
02-26 21:51:44.182 2022 2370 E use-Rlog/RLOG-RIL: RX: Time: 2083619766 / 1162832
02-26 21:51:44.182 2022 2370 E use-Rlog/RLOG-RIL: RX: M:IPC_NET_CMD S:IPC_NET_REGIST T:IPC_CMD_RESP l:12 m:ff a:74
02-26 21:51:44.182 2022 2370 E use-Rlog/RLOG-RIL: RX: 04 02 02 01 B9 10 01 72 07 00 00
02-26 21:51:44.185 3501 3729 D RILJ : [4048]< QUERY_NETWORK_SELECTION_MODE {0} [SUB0]
02-26 21:51:44.186 3501 3729 D RILJ : [4049]< OPERATOR {Telekom.de, Telekom.de, 26201} [SUB0]
02-26 21:51:44.187 3501 3729 D RILJ : [4050]< DATA_REGISTRATION_STATE {1, 10b9, 00077201, 3} [SUB0]
02-26 21:51:44.189 3501 3729 D RILJ : [4051]< VOICE_REGISTRATION_STATE {1, 10b9, 00077201} [SUB0]
02-26 21:51:44.191 3501 3501 D SST : EVENT_POLL_STATE_NETWORK_SELECTION_MODE
02-26 21:51:44.192 3501 3501 D SST : handlPollStateResultMessage: GsmSST setDataRegState=0 regState=1 dataRadioTechnology=3
02-26 21:51:44.193 2022 2370 E use-Rlog/RLOG-RIL: TX: Time: 2083619777 / 1162843
02-26 21:51:44.193 2022 2370 E use-Rlog/RLOG-RIL: TX: M:IPC_NET_CMD S:IPC_NET_PLMN_SEL T:IPC_CMD_GET l:7 m:75 a:0
02-26 21:51:44.195 2022 2370 E use-Rlog/RLOG-RIL: RX: Time: 2083619779 / 1162845
02-26 21:51:44.195 2022 2370 E use-Rlog/RLOG-RIL: RX: M:IPC_NET_CMD S:IPC_NET_PLMN_SEL T:IPC_CMD_RESP l:8 m:ff a:75
02-26 21:51:44.195 2022 2370 E use-Rlog/RLOG-RIL: RX: 02
02-26 21:51:44.197 3501 3729 D RILJ : [4052]< QUERY_NETWORK_SELECTION_MODE {0} [SUB0]
02-26 21:51:44.198 3501 3501 D SST : EVENT_POLL_STATE_NETWORK_SELECTION_MODE
02-26 21:51:44.209 3501 3501 D SST : Poll ServiceState done: oldSS=[0 0 voice home data home Telekom.de Telekom.de 26201 Telekom.de Telekom.de 26201 Unknown UMTS CSS not supported -1 -1 RoamInd=-1 DefRoamInd=-1 EmergOnly=false IsDataRoamingFromRegistration=false IsUsingCarrierAggregation=false] newSS=[0 0 voice home data home Telekom.de Telekom.de 26201 Telekom.de Telekom.de 26201 Unknown UMTS CSS not supported -1 -1 RoamInd=-1 DefRoamInd=-1 EmergOnly=false IsDataRoamingFromRegistration=false IsUsingCarrierAggregation=false] oldMaxDataCalls=1 mNewMaxDataCalls=1 oldReasonDataDenied=-1 mNewReasonDataDenied=-1
02-26 21:51:44.209 3501 3501 D SST : getCellLocation(): X good mCellLoc=[4281,487937,-1]
02-26 21:51:44.211 2432 3254 D TelephonyRegistry: notifyCellLocationForSubscriber: subId=1 cellLocation=Bundle[mParcelledData.dataSize=64]
02-26 21:51:47.962 2022 2370 E use-Rlog/RLOG-RIL: RX: Time: 2083623546 / 1166612
02-26 21:51:47.963 2022 2370 E use-Rlog/RLOG-RIL: RX: M:IPC_NET_CMD S:IPC_NET_REGIST T:IPC_CMD_NOTI l:12 m:ff a:ff
02-26 21:51:47.963 2022 2370 E use-Rlog/RLOG-RIL: RX: 04 02 02 01 B9 10 99 11 07 00 00
02-26 21:51:47.964 2022 2370 E use-Rlog/RLOG-RIL: RX: Time: 2083623547 / 1166613
02-26 21:51:47.964 2022 2370 E use-Rlog/RLOG-RIL: RX: M:IPC_NET_CMD S:IPC_NET_REGIST T:IPC_CMD_NOTI l:12 m:ff a:ff
02-26 21:51:47.964 2022 2370 E use-Rlog/RLOG-RIL: RX: 04 03 02 01 B9 10 99 11 07 00 00
02-26 21:51:47.966 3501 3729 D RILJ : [UNSL]< UNSOL_RESPONSE_VOICE_NETWORK_STATE_CHANGED [SUB0]
02-26 21:51:47.967 3501 3729 D RILJ : [UNSL]< UNSOL_RESPONSE_VOICE_NETWORK_STATE_CHANGED [SUB0]
02-26 21:51:47.968 3501 3501 D RILJ : [4053]> OPERATOR [SUB0]
02-26 21:51:47.973 3501 3501 D RILJ : [4054]> DATA_REGISTRATION_STATE [SUB0]
02-26 21:51:47.975 2022 2370 E use-Rlog/RLOG-RIL: TX: Time: 2083623559 / 1166625
02-26 21:51:47.976 2022 2370 E use-Rlog/RLOG-RIL: TX: M:IPC_NET_CMD S:IPC_NET_SERVING_NETWORK T:IPC_CMD_GET l:7 m:76 a:0
02-26 21:51:47.981 3501 3501 D RILJ : [4055]> VOICE_REGISTRATION_STATE [SUB0]
02-26 21:51:47.985 3501 3501 D RILJ : [4056]> QUERY_NETWORK_SELECTION_MODE [SUB0]
02-26 21:51:47.986 2022 2370 E use-Rlog/RLOG-RIL: RX: Time: 2083623570 / 1166635
02-26 21:51:47.986 2022 2370 E use-Rlog/RLOG-RIL: RX: M:IPC_NET_CMD S:IPC_NET_SERVING_NETWORK T:IPC_CMD_RESP l:12 m:ff a:76
02-26 21:51:47.986 2022 2370 E use-Rlog/RLOG-RIL: RX: 02 02 04 32 36 32 30 31 23 B9 10
02-26 21:51:47.987 2022 2370 E use-Rlog/RLOG-RIL: TX: Time: 2083623571 / 1166637
02-26 21:51:47.987 2022 2370 E use-Rlog/RLOG-RIL: TX: M:IPC_NET_CMD S:IPC_NET_REGIST T:IPC_CMD_GET l:9 m:77 a:0
02-26 21:51:47.987 2022 2370 E use-Rlog/RLOG-RIL: TX: FF 03
02-26 21:51:47.990 3501 3729 D RILJ : [4053]< OPERATOR {Telekom.de, Telekom.de, 26201} [SUB0]
02-26 21:51:47.991 2022 2370 E use-Rlog/RLOG-RIL: RX: Time: 2083623575 / 1166640
02-26 21:51:47.991 2022 2370 E use-Rlog/RLOG-RIL: RX: M:IPC_NET_CMD S:IPC_NET_REGIST T:IPC_CMD_RESP l:12 m:ff a:77
02-26 21:51:47.991 2022 2370 E use-Rlog/RLOG-RIL: RX: 04 03 02 01 B9 10 99 11 07 00 00
02-26 21:51:47.998 3501 3501 D RILJ : [4057]> OPERATOR [SUB0]
02-26 21:51:48.003 3501 3729 D RILJ : [4054]< DATA_REGISTRATION_STATE {1, 10b9, 00071199, 3} [SUB0]
02-26 21:51:48.004 2022 2370 E use-Rlog/RLOG-RIL: TX: Time: 2083623588 / 1166653
02-26 21:51:48.004 2022 2370 E use-Rlog/RLOG-RIL: TX: M:IPC_NET_CMD S:IPC_NET_REGIST T:IPC_CMD_GET l:9 m:78 a:0
02-26 21:51:48.004 2022 2370 E use-Rlog/RLOG-RIL: TX: FF 02
02-26 21:51:48.004 2022 2370 E use-Rlog/RLOG-RIL: RX: Time: 2083623588 / 1166654
02-26 21:51:48.004 2022 2370 E use-Rlog/RLOG-RIL: RX: M:IPC_NET_CMD S:IPC_NET_REGIST T:IPC_CMD_RESP l:12 m:ff a:78
02-26 21:51:48.005 2022 2370 E use-Rlog/RLOG-RIL: RX: 04 02 02 01 B9 10 99 11 07 00 00
02-26 21:51:48.006 2022 2370 E use-Rlog/RLOG-RIL: TX: Time: 2083623590 / 1166655
02-26 21:51:48.006 2022 2370 E use-Rlog/RLOG-RIL: TX: M:IPC_NET_CMD S:IPC_NET_PLMN_SEL T:IPC_CMD_GET l:7 m:79 a:0
02-26 21:51:48.009 3501 3501 D RILJ : [4058]> DATA_REGISTRATION_STATE [SUB0]
02-26 21:51:48.012 2022 2370 E use-Rlog/RLOG-RIL: RX: Time: 2083623596 / 1166662
02-26 21:51:48.012 2022 2370 E use-Rlog/RLOG-RIL: RX: M:IPC_NET_CMD S:IPC_NET_PLMN_SEL T:IPC_CMD_RESP l:8 m:ff a:79
02-26 21:51:48.012 2022 2370 E use-Rlog/RLOG-RIL: RX: 02
02-26 21:51:48.013 2022 2370 E use-Rlog/RLOG-RIL: TX: Time: 2083623597 / 1166663
02-26 21:51:48.014 2022 2370 E use-Rlog/RLOG-RIL: TX: M:IPC_NET_CMD S:IPC_NET_SERVING_NETWORK T:IPC_CMD_GET l:7 m:7a a:0
02-26 21:51:48.017 3501 3501 D RILJ : [4059]> VOICE_REGISTRATION_STATE [SUB0]
02-26 21:51:48.021 2022 2370 E use-Rlog/RLOG-RIL: RX: Time: 2083623605 / 1166670
02-26 21:51:48.021 2022 2370 E use-Rlog/RLOG-RIL: RX: M:IPC_NET_CMD S:IPC_NET_SERVING_NETWORK T:IPC_CMD_RESP l:12 m:ff a:7a
02-26 21:51:48.021 2022 2370 E use-Rlog/RLOG-RIL: RX: 02 02 04 32 36 32 30 31 23 B9 10
02-26 21:51:48.022 2022 2370 E use-Rlog/RLOG-RIL: TX: Time: 2083623606 / 1166672
02-26 21:51:48.022 2022 2370 E use-Rlog/RLOG-RIL: TX: M:IPC_NET_CMD S:IPC_NET_REGIST T:IPC_CMD_GET l:9 m:7b a:0
02-26 21:51:48.022 2022 2370 E use-Rlog/RLOG-RIL: TX: FF 03
02-26 21:51:48.023 3501 3729 D RILJ : [4055]< VOICE_REGISTRATION_STATE {1, 10b9, 00071199} [SUB0]
02-26 21:51:48.026 3501 3501 D RILJ : [4060]> QUERY_NETWORK_SELECTION_MODE [SUB0]
02-26 21:51:48.029 2022 2370 E use-Rlog/RLOG-RIL: RX: Time: 2083623613 / 1166679
02-26 21:51:48.030 2022 2370 E use-Rlog/RLOG-RIL: RX: M:IPC_NET_CMD S:IPC_NET_REGIST T:IPC_CMD_RESP l:12 m:ff a:7b
02-26 21:51:48.030 2022 2370 E use-Rlog/RLOG-RIL: RX: 04 03 02 01 B9 10 99 11 07 00 00
02-26 21:51:48.035 3501 3729 D RILJ : [4056]< QUERY_NETWORK_SELECTION_MODE {0} [SUB0]
02-26 21:51:48.036 3501 3729 D RILJ : [4057]< OPERATOR {Telekom.de, Telekom.de, 26201} [SUB0]
02-26 21:51:48.037 3501 3729 D RILJ : [4058]< DATA_REGISTRATION_STATE {1, 10b9, 00071199, 3} [SUB0]
02-26 21:51:48.038 3501 3501 D SST : EVENT_POLL_STATE_NETWORK_SELECTION_MODE
02-26 21:51:48.038 3501 3501 D SST : handlPollStateResultMessage: GsmSST setDataRegState=0 regState=1 dataRadioTechnology=3
02-26 21:51:48.039 2022 2370 E use-Rlog/RLOG-RIL: TX: Time: 2083623623 / 1166688
02-26 21:51:48.039 2022 2370 E use-Rlog/RLOG-RIL: TX: M:IPC_NET_CMD S:IPC_NET_REGIST T:IPC_CMD_GET l:9 m:7c a:0
02-26 21:51:48.039 2022 2370 E use-Rlog/RLOG-RIL: TX: FF 02
02-26 21:51:48.039 2022 2370 E use-Rlog/RLOG-RIL: RX: Time: 2083623623 / 1166689
02-26 21:51:48.039 2022 2370 E use-Rlog/RLOG-RIL: RX: M:IPC_NET_CMD S:IPC_NET_REGIST T:IPC_CMD_RESP l:12 m:ff a:7c
02-26 21:51:48.039 2022 2370 E use-Rlog/RLOG-RIL: RX: 04 02 02 01 B9 10 99 11 07 00 00
02-26 21:51:48.041 2022 2370 E use-Rlog/RLOG-RIL: TX: Time: 2083623625 / 1166690
02-26 21:51:48.041 2022 2370 E use-Rlog/RLOG-RIL: TX: M:IPC_NET_CMD S:IPC_NET_PLMN_SEL T:IPC_CMD_GET l:7 m:7d a:0
02-26 21:51:48.043 2022 2370 E use-Rlog/RLOG-RIL: RX: Time: 2083623627 / 1166692
02-26 21:51:48.043 2022 2370 E use-Rlog/RLOG-RIL: RX: M:IPC_NET_CMD S:IPC_NET_PLMN_SEL T:IPC_CMD_RESP l:8 m:ff a:7d
02-26 21:51:48.043 2022 2370 E use-Rlog/RLOG-RIL: RX: 02
02-26 21:51:48.044 3501 3729 D RILJ : [4059]< VOICE_REGISTRATION_STATE {1, 10b9, 00071199} [SUB0]
02-26 21:51:48.046 3501 3729 D RILJ : [4060]< QUERY_NETWORK_SELECTION_MODE {0} [SUB0]
02-26 21:51:48.047 3501 3501 D SST : EVENT_POLL_STATE_NETWORK_SELECTION_MODE
02-26 21:51:48.052 3501 3501 D SST : Poll ServiceState done: oldSS=[0 0 voice home data home Telekom.de Telekom.de 26201 Telekom.de Telekom.de 26201 Unknown UMTS CSS not supported -1 -1 RoamInd=-1 DefRoamInd=-1 EmergOnly=false IsDataRoamingFromRegistration=false IsUsingCarrierAggregation=false] newSS=[0 0 voice home data home Telekom.de Telekom.de 26201 Telekom.de Telekom.de 26201 Unknown UMTS CSS not supported -1 -1 RoamInd=-1 DefRoamInd=-1 EmergOnly=false IsDataRoamingFromRegistration=false IsUsingCarrierAggregation=false] oldMaxDataCalls=1 mNewMaxDataCalls=1 oldReasonDataDenied=-1 mNewReasonDataDenied=-1
02-26 21:51:48.053 3501 3501 D SST : getCellLocation(): X good mCellLoc=[4281,463257,-1]
02-26 21:51:48.055 2432 4020 D TelephonyRegistry: notifyCellLocationForSubscriber: subId=1 cellLocation=Bundle[mParcelledData.dataSize=64]
02-26 21:52:16.123 2022 2370 E use-Rlog/RLOG-RIL: RX: Time: 2083651707 / 1194772
02-26 21:52:16.123 2022 2370 E use-Rlog/RLOG-RIL: RX: M:IPC_NET_CMD S:IPC_NET_REGIST T:IPC_CMD_NOTI l:12 m:ff a:ff
02-26 21:52:16.123 2022 2370 E use-Rlog/RLOG-RIL: RX: 04 02 02 01 B9 10 98 11 07 00 00
02-26 21:52:16.124 2022 2370 E use-Rlog/RLOG-RIL: RX: Time: 2083651708 / 1194773
02-26 21:52:16.124 2022 2370 E use-Rlog/RLOG-RIL: RX: M:IPC_NET_CMD S:IPC_NET_REGIST T:IPC_CMD_NOTI l:12 m:ff a:ff
02-26 21:52:16.124 2022 2370 E use-Rlog/RLOG-RIL: RX: 04 03 02 01 B9 10 98 11 07 00 00
02-26 21:52:16.126 3501 3729 D RILJ : [UNSL]< UNSOL_RESPONSE_VOICE_NETWORK_STATE_CHANGED [SUB0]
02-26 21:52:16.127 3501 3729 D RILJ : [UNSL]< UNSOL_RESPONSE_VOICE_NETWORK_STATE_CHANGED [SUB0]
02-26 21:52:16.128 3501 3501 D RILJ : [4061]> OPERATOR [SUB0]
02-26 21:52:16.134 3501 3501 D RILJ : [4062]> DATA_REGISTRATION_STATE [SUB0]
02-26 21:52:16.136 2022 2370 E use-Rlog/RLOG-RIL: TX: Time: 2083651720 / 1194785
02-26 21:52:16.136 2022 2370 E use-Rlog/RLOG-RIL: TX: M:IPC_NET_CMD S:IPC_NET_SERVING_NETWORK T:IPC_CMD_GET l:7 m:7e a:0
02-26 21:52:16.141 3501 3501 D RILJ : [4063]> VOICE_REGISTRATION_STATE [SUB0]
02-26 21:52:16.146 3501 3501 D RILJ : [4064]> QUERY_NETWORK_SELECTION_MODE [SUB0]
02-26 21:52:16.146 2022 2370 E use-Rlog/RLOG-RIL: RX: Time: 2083651730 / 1194796
02-26 21:52:16.146 2022 2370 E use-Rlog/RLOG-RIL: RX: M:IPC_NET_CMD S:IPC_NET_SERVING_NETWORK T:IPC_CMD_RESP l:12 m:ff a:7e
02-26 21:52:16.147 2022 2370 E use-Rlog/RLOG-RIL: RX: 02 02 04 32 36 32 30 31 23 B9 10
02-26 21:52:16.148 2022 2370 E use-Rlog/RLOG-RIL: TX: Time: 2083651732 / 1194797
02-26 21:52:16.148 2022 2370 E use-Rlog/RLOG-RIL: TX: M:IPC_NET_CMD S:IPC_NET_REGIST T:IPC_CMD_GET l:9 m:7f a:0
02-26 21:52:16.148 2022 2370 E use-Rlog/RLOG-RIL: TX: FF 03
02-26 21:52:16.151 3501 3729 D RILJ : [4061]< OPERATOR {Telekom.de, Telekom.de, 26201} [SUB0]
02-26 21:52:16.151 2022 2370 E use-Rlog/RLOG-RIL: RX: Time: 2083651735 / 1194801
02-26 21:52:16.151 2022 2370 E use-Rlog/RLOG-RIL: RX: M:IPC_NET_CMD S:IPC_NET_REGIST T:IPC_CMD_RESP l:12 m:ff a:7f
02-26 21:52:16.151 2022 2370 E use-Rlog/RLOG-RIL: RX: 04 03 02 01 B9 10 98 11 07 00 00
02-26 21:52:16.161 3501 3501 D RILJ : [4065]> OPERATOR [SUB0]
02-26 21:52:16.166 3501 3729 D RILJ : [4062]< DATA_REGISTRATION_STATE {1, 10b9, 00071198, 3} [SUB0]
02-26 21:52:16.167 3501 3501 D RILJ : [4066]> DATA_REGISTRATION_STATE [SUB0]
02-26 21:52:16.167 2022 2370 E use-Rlog/RLOG-RIL: TX: Time: 2083651751 / 1194817
02-26 21:52:16.168 2022 2370 E use-Rlog/RLOG-RIL: TX: M:IPC_NET_CMD S:IPC_NET_REGIST T:IPC_CMD_GET l:9 m:80 a:0
02-26 21:52:16.168 2022 2370 E use-Rlog/RLOG-RIL: TX: FF 02
02-26 21:52:16.168 2022 2370 E use-Rlog/RLOG-RIL: RX: Time: 2083651752 / 1194818
02-26 21:52:16.168 2022 2370 E use-Rlog/RLOG-RIL: RX: M:IPC_NET_CMD S:IPC_NET_REGIST T:IPC_CMD_RESP l:12 m:ff a:80
02-26 21:52:16.168 2022 2370 E use-Rlog/RLOG-RIL: RX: 04 02 02 01 B9 10 98 11 07 00 00
02-26 21:52:16.169 2022 2370 E use-Rlog/RLOG-RIL: TX: Time: 2083651753 / 1194819
02-26 21:52:16.170 2022 2370 E use-Rlog/RLOG-RIL: TX: M:IPC_NET_CMD S:IPC_NET_PLMN_SEL T:IPC_CMD_GET l:7 m:81 a:0
02-26 21:52:16.171 2022 2370 E use-Rlog/RLOG-RIL: RX: Time: 2083651755 / 1194821
02-26 21:52:16.171 2022 2370 E use-Rlog/RLOG-RIL: RX: M:IPC_NET_CMD S:IPC_NET_PLMN_SEL T:IPC_CMD_RESP l:8 m:ff a:81
02-26 21:52:16.171 2022 2370 E use-Rlog/RLOG-RIL: RX: 02
02-26 21:52:16.172 2022 2370 E use-Rlog/RLOG-RIL: TX: Time: 2083651756 / 1194822
02-26 21:52:16.172 2022 2370 E use-Rlog/RLOG-RIL: TX: M:IPC_NET_CMD S:IPC_NET_SERVING_NETWORK T:IPC_CMD_GET l:7 m:82 a:0
02-26 21:52:16.178 3501 3501 D RILJ : [4067]> VOICE_REGISTRATION_STATE [SUB0]
02-26 21:52:16.182 3501 3501 D RILJ : [4068]> QUERY_NETWORK_SELECTION_MODE [SUB0]
02-26 21:52:16.183 3501 3729 D RILJ : [4063]< VOICE_REGISTRATION_STATE {1, 10b9, 00071198} [SUB0]
02-26 21:52:16.184 2022 2370 E use-Rlog/RLOG-RIL: RX: Time: 2083651768 / 1194834
02-26 21:52:16.184 2022 2370 E use-Rlog/RLOG-RIL: RX: M:IPC_NET_CMD S:IPC_NET_SERVING_NETWORK T:IPC_CMD_RESP l:12 m:ff a:82
02-26 21:52:16.184 2022 2370 E use-Rlog/RLOG-RIL: RX: 02 02 04 32 36 32 30 31 23 B9 10
02-26 21:52:16.188 2022 2370 E use-Rlog/RLOG-RIL: TX: Time: 2083651772 / 1194838
02-26 21:52:16.189 2022 2370 E use-Rlog/RLOG-RIL: TX: M:IPC_NET_CMD S:IPC_NET_REGIST T:IPC_CMD_GET l:9 m:83 a:0
02-26 21:52:16.189 2022 2370 E use-Rlog/RLOG-RIL: TX: FF 03
02-26 21:52:16.189 2022 2370 E use-Rlog/RLOG-RIL: RX: Time: 2083651773 / 1194839
02-26 21:52:16.189 2022 2370 E use-Rlog/RLOG-RIL: RX: M:IPC_NET_CMD S:IPC_NET_REGIST T:IPC_CMD_RESP l:12 m:ff a:83
02-26 21:52:16.189 2022 2370 E use-Rlog/RLOG-RIL: RX: 04 03 02 01 B9 10 98 11 07 00 00
02-26 21:52:16.193 3501 3729 D RILJ : [4064]< QUERY_NETWORK_SELECTION_MODE {0} [SUB0]
02-26 21:52:16.194 3501 3729 D RILJ : [4065]< OPERATOR {Telekom.de, Telekom.de, 26201} [SUB0]
02-26 21:52:16.196 3501 3501 D SST : EVENT_POLL_STATE_NETWORK_SELECTION_MODE
02-26 21:52:16.197 2022 2370 E use-Rlog/RLOG-RIL: TX: Time: 2083651781 / 1194847
02-26 21:52:16.197 2022 2370 E use-Rlog/RLOG-RIL: TX: M:IPC_NET_CMD S:IPC_NET_REGIST T:IPC_CMD_GET l:9 m:84 a:0
02-26 21:52:16.197 2022 2370 E use-Rlog/RLOG-RIL: TX: FF 02
02-26 21:52:16.198 2022 2370 E use-Rlog/RLOG-RIL: RX: Time: 2083651782 / 1194848
02-26 21:52:16.198 2022 2370 E use-Rlog/RLOG-RIL: RX: M:IPC_NET_CMD S:IPC_NET_REGIST T:IPC_CMD_RESP l:12 m:ff a:84
02-26 21:52:16.199 2022 2370 E use-Rlog/RLOG-RIL: RX: 04 02 02 01 B9 10 98 11 07 00 00
02-26 21:52:16.200 2022 2370 E use-Rlog/RLOG-RIL: TX: Time: 2083651784 / 1194849
02-26 21:52:16.200 2022 2370 E use-Rlog/RLOG-RIL: TX: M:IPC_NET_CMD S:IPC_NET_PLMN_SEL T:IPC_CMD_GET l:7 m:85 a:0
02-26 21:52:16.202 2022 2370 E use-Rlog/RLOG-RIL: RX: Time: 2083651786 / 1194851
02-26 21:52:16.202 2022 2370 E use-Rlog/RLOG-RIL: RX: M:IPC_NET_CMD S:IPC_NET_PLMN_SEL T:IPC_CMD_RESP l:8 m:ff a:85
02-26 21:52:16.202 2022 2370 E use-Rlog/RLOG-RIL: RX: 02
02-26 21:52:16.203 3501 3729 D RILJ : [4066]< DATA_REGISTRATION_STATE {1, 10b9, 00071198, 3} [SUB0]
02-26 21:52:16.204 3501 3501 D SST : handlPollStateResultMessage: GsmSST setDataRegState=0 regState=1 dataRadioTechnology=3
02-26 21:52:16.205 3501 3729 D RILJ : [4067]< VOICE_REGISTRATION_STATE {1, 10b9, 00071198} [SUB0]
02-26 21:52:16.208 3501 3729 D RILJ : [4068]< QUERY_NETWORK_SELECTION_MODE {0} [SUB0]
02-26 21:52:16.208 3501 3501 D SST : EVENT_POLL_STATE_NETWORK_SELECTION_MODE
02-26 21:52:16.214 3501 3501 D SST : Poll ServiceState done: oldSS=[0 0 voice home data home Telekom.de Telekom.de 26201 Telekom.de Telekom.de 26201 Unknown UMTS CSS not supported -1 -1 RoamInd=-1 DefRoamInd=-1 EmergOnly=false IsDataRoamingFromRegistration=false IsUsingCarrierAggregation=false] newSS=[0 0 voice home data home Telekom.de Telekom.de 26201 Telekom.de Telekom.de 26201 Unknown UMTS CSS not supported -1 -1 RoamInd=-1 DefRoamInd=-1 EmergOnly=false IsDataRoamingFromRegistration=false IsUsingCarrierAggregation=false] oldMaxDataCalls=1 mNewMaxDataCalls=1 oldReasonDataDenied=-1 mNewReasonDataDenied=-1
02-26 21:52:16.214 3501 3501 D SST : getCellLocation(): X good mCellLoc=[4281,463256,-1]
02-26 21:52:16.216 2432 2482 D TelephonyRegistry: notifyCellLocationForSubscriber: subId=1 cellLocation=Bundle[mParcelledData.dataSize=64]
02-26 21:52:26.043 2022 2370 E use-Rlog/RLOG-RIL: RX: Time: 2083661626 / 1204692
02-26 21:52:26.043 2022 2370 E use-Rlog/RLOG-RIL: RX: M:IPC_NET_CMD S:IPC_NET_REGIST T:IPC_CMD_NOTI l:12 m:ff a:ff
02-26 21:52:26.043 2022 2370 E use-Rlog/RLOG-RIL: RX: 04 02 02 01 B9 10 99 11 07 00 00
02-26 21:52:26.044 2022 2370 E use-Rlog/RLOG-RIL: RX: Time: 2083661627 / 1204693
02-26 21:52:26.044 2022 2370 E use-Rlog/RLOG-RIL: RX: M:IPC_NET_CMD S:IPC_NET_REGIST T:IPC_CMD_NOTI l:12 m:ff a:ff
02-26 21:52:26.044 2022 2370 E use-Rlog/RLOG-RIL: RX: 04 03 02 01 B9 10 99 11 07 00 00
02-26 21:52:26.046 3501 3729 D RILJ : [UNSL]< UNSOL_RESPONSE_VOICE_NETWORK_STATE_CHANGED [SUB0]
02-26 21:52:26.047 3501 3729 D RILJ : [UNSL]< UNSOL_RESPONSE_VOICE_NETWORK_STATE_CHANGED [SUB0]
02-26 21:52:26.048 3501 3501 D RILJ : [4069]> OPERATOR [SUB0]
02-26 21:52:26.054 3501 3501 D RILJ : [4070]> DATA_REGISTRATION_STATE [SUB0]
02-26 21:52:26.056 2022 2370 E use-Rlog/RLOG-RIL: TX: Time: 2083661640 / 1204705
02-26 21:52:26.056 2022 2370 E use-Rlog/RLOG-RIL: TX: M:IPC_NET_CMD S:IPC_NET_SERVING_NETWORK T:IPC_CMD_GET l:7 m:86 a:0
02-26 21:52:26.061 3501 3501 D RILJ : [4071]> VOICE_REGISTRATION_STATE [SUB0]
02-26 21:52:26.065 3501 3501 D RILJ : [4072]> QUERY_NETWORK_SELECTION_MODE [SUB0]
02-26 21:52:26.066 2022 2370 E use-Rlog/RLOG-RIL: RX: Time: 2083661650 / 1204716
02-26 21:52:26.066 2022 2370 E use-Rlog/RLOG-RIL: RX: M:IPC_NET_CMD S:IPC_NET_SERVING_NETWORK T:IPC_CMD_RESP l:12 m:ff a:86
02-26 21:52:26.067 2022 2370 E use-Rlog/RLOG-RIL: RX: 02 02 04 32 36 32 30 31 23 B9 10
02-26 21:52:26.068 2022 2370 E use-Rlog/RLOG-RIL: TX: Time: 2083661652 / 1204717
02-26 21:52:26.068 2022 2370 E use-Rlog/RLOG-RIL: TX: M:IPC_NET_CMD S:IPC_NET_REGIST T:IPC_CMD_GET l:9 m:87 a:0
02-26 21:52:26.068 2022 2370 E use-Rlog/RLOG-RIL: TX: FF 03
02-26 21:52:26.071 3501 3729 D RILJ : [4069]< OPERATOR {Telekom.de, Telekom.de, 26201} [SUB0]
02-26 21:52:26.071 2022 2370 E use-Rlog/RLOG-RIL: RX: Time: 2083661655 / 1204721
02-26 21:52:26.071 2022 2370 E use-Rlog/RLOG-RIL: RX: M:IPC_NET_CMD S:IPC_NET_REGIST T:IPC_CMD_RESP l:12 m:ff a:87
02-26 21:52:26.071 2022 2370 E use-Rlog/RLOG-RIL: RX: 04 03 02 01 B9 10 99 11 07 00 00
02-26 21:52:26.077 2022 2370 E use-Rlog/RLOG-RIL: TX: Time: 2083661661 / 1204727
02-26 21:52:26.077 2022 2370 E use-Rlog/RLOG-RIL: TX: M:IPC_NET_CMD S:IPC_NET_REGIST T:IPC_CMD_GET l:9 m:88 a:0
02-26 21:52:26.077 2022 2370 E use-Rlog/RLOG-RIL: TX: FF 02
02-26 21:52:26.078 2022 2370 E use-Rlog/RLOG-RIL: RX: Time: 2083661661 / 1204727
02-26 21:52:26.078 2022 2370 E use-Rlog/RLOG-RIL: RX: M:IPC_NET_CMD S:IPC_NET_REGIST T:IPC_CMD_RESP l:12 m:ff a:88
02-26 21:52:26.078 2022 2370 E use-Rlog/RLOG-RIL: RX: 04 02 02 01 B9 10 99 11 07 00 00
02-26 21:52:26.081 3501 3501 D RILJ : [4073]> OPERATOR [SUB0]
02-26 21:52:26.085 3501 3729 D RILJ : [4070]< DATA_REGISTRATION_STATE {1, 10b9, 00071199, 3} [SUB0]
02-26 21:52:26.087 3501 3729 D RILJ : [4071]< VOICE_REGISTRATION_STATE {1, 10b9, 00071199} [SUB0]
02-26 21:52:26.088 2022 2370 E use-Rlog/RLOG-RIL: TX: Time: 2083661672 / 1204738
02-26 21:52:26.088 2022 2370 E use-Rlog/RLOG-RIL: TX: M:IPC_NET_CMD S:IPC_NET_PLMN_SEL T:IPC_CMD_GET l:7 m:89 a:0
02-26 21:52:26.091 2022 2370 E use-Rlog/RLOG-RIL: RX: Time: 2083661674 / 1204740
02-26 21:52:26.091 2022 2370 E use-Rlog/RLOG-RIL: RX: M:IPC_NET_CMD S:IPC_NET_PLMN_SEL T:IPC_CMD_RESP l:8 m:ff a:89
02-26 21:52:26.091 2022 2370 E use-Rlog/RLOG-RIL: RX: 02
02-26 21:52:26.092 2022 2370 E use-Rlog/RLOG-RIL: TX: Time: 2083661676 / 1204741
02-26 21:52:26.092 2022 2370 E use-Rlog/RLOG-RIL: TX: M:IPC_NET_CMD S:IPC_NET_SERVING_NETWORK T:IPC_CMD_GET l:7 m:8a a:0
02-26 21:52:26.093 3501 3501 D RILJ : [4074]> DATA_REGISTRATION_STATE [SUB0]
02-26 21:52:26.098 3501 3501 D RILJ : [4075]> VOICE_REGISTRATION_STATE [SUB0]
02-26 21:52:26.102 3501 3501 D RILJ : [4076]> QUERY_NETWORK_SELECTION_MODE [SUB0]
02-26 21:52:26.104 3501 3729 D RILJ : [4072]< QUERY_NETWORK_SELECTION_MODE {0} [SUB0]
02-26 21:52:26.105 2022 2370 E use-Rlog/RLOG-RIL: RX: Time: 2083661688 / 1204754
02-26 21:52:26.105 2022 2370 E use-Rlog/RLOG-RIL: RX: M:IPC_NET_CMD S:IPC_NET_SERVING_NETWORK T:IPC_CMD_RESP l:12 m:ff a:8a
02-26 21:52:26.105 2022 2370 E use-Rlog/RLOG-RIL: RX: 02 02 04 32 36 32 30 31 23 B9 10
02-26 21:52:26.109 2022 2370 E use-Rlog/RLOG-RIL: TX: Time: 2083661693 / 1204759
02-26 21:52:26.110 2022 2370 E use-Rlog/RLOG-RIL: TX: M:IPC_NET_CMD S:IPC_NET_REGIST T:IPC_CMD_GET l:9 m:8b a:0
02-26 21:52:26.110 2022 2370 E use-Rlog/RLOG-RIL: TX: FF 03
02-26 21:52:26.110 2022 2370 E use-Rlog/RLOG-RIL: RX: Time: 2083661694 / 1204759
02-26 21:52:26.110 2022 2370 E use-Rlog/RLOG-RIL: RX: M:IPC_NET_CMD S:IPC_NET_REGIST T:IPC_CMD_RESP l:12 m:ff a:8b
02-26 21:52:26.110 2022 2370 E use-Rlog/RLOG-RIL: RX: 04 03 02 01 B9 10 99 11 07 00 00
02-26 21:52:26.115 3501 3729 D RILJ : [4073]< OPERATOR {Telekom.de, Telekom.de, 26201} [SUB0]
02-26 21:52:26.116 3501 3729 D RILJ : [4074]< DATA_REGISTRATION_STATE {1, 10b9, 00071199, 3} [SUB0]
02-26 21:52:26.117 3501 3501 D SST : EVENT_POLL_STATE_NETWORK_SELECTION_MODE
02-26 21:52:26.118 3501 3501 D SST : handlPollStateResultMessage: GsmSST setDataRegState=0 regState=1 dataRadioTechnology=3
02-26 21:52:26.118 2022 2370 E use-Rlog/RLOG-RIL: TX: Time: 2083661702 / 1204768
02-26 21:52:26.118 2022 2370 E use-Rlog/RLOG-RIL: TX: M:IPC_NET_CMD S:IPC_NET_REGIST T:IPC_CMD_GET l:9 m:8c a:0
02-26 21:52:26.118 2022 2370 E use-Rlog/RLOG-RIL: TX: FF 02
02-26 21:52:26.119 2022 2370 E use-Rlog/RLOG-RIL: RX: Time: 2083661703 / 1204769
02-26 21:52:26.119 2022 2370 E use-Rlog/RLOG-RIL: RX: M:IPC_NET_CMD S:IPC_NET_REGIST T:IPC_CMD_RESP l:12 m:ff a:8c
02-26 21:52:26.119 2022 2370 E use-Rlog/RLOG-RIL: RX: 04 02 02 01 B9 10 99 11 07 00 00
02-26 21:52:26.121 2022 2370 E use-Rlog/RLOG-RIL: TX: Time: 2083661705 / 1204770
02-26 21:52:26.121 2022 2370 E use-Rlog/RLOG-RIL: TX: M:IPC_NET_CMD S:IPC_NET_PLMN_SEL T:IPC_CMD_GET l:7 m:8d a:0
02-26 21:52:26.122 2022 2370 E use-Rlog/RLOG-RIL: RX: Time: 2083661706 / 1204772
02-26 21:52:26.123 2022 2370 E use-Rlog/RLOG-RIL: RX: M:IPC_NET_CMD S:IPC_NET_PLMN_SEL T:IPC_CMD_RESP l:8 m:ff a:8d
02-26 21:52:26.123 2022 2370 E use-Rlog/RLOG-RIL: RX: 02
02-26 21:52:26.124 3501 3729 D RILJ : [4075]< VOICE_REGISTRATION_STATE {1, 10b9, 00071199} [SUB0]
02-26 21:52:26.126 3501 3729 D RILJ : [4076]< QUERY_NETWORK_SELECTION_MODE {0} [SUB0]
02-26 21:52:26.127 3501 3501 D SST : EVENT_POLL_STATE_NETWORK_SELECTION_MODE
02-26 21:52:26.137 3501 3501 D SST : Poll ServiceState done: oldSS=[0 0 voice home data home Telekom.de Telekom.de 26201 Telekom.de Telekom.de 26201 Unknown UMTS CSS not supported -1 -1 RoamInd=-1 DefRoamInd=-1 EmergOnly=false IsDataRoamingFromRegistration=false IsUsingCarrierAggregation=false] newSS=[0 0 voice home data home Telekom.de Telekom.de 26201 Telekom.de Telekom.de 26201 Unknown UMTS CSS not supported -1 -1 RoamInd=-1 DefRoamInd=-1 EmergOnly=false IsDataRoamingFromRegistration=false IsUsingCarrierAggregation=false] oldMaxDataCalls=1 mNewMaxDataCalls=1 oldReasonDataDenied=-1 mNewReasonDataDenied=-1
02-26 21:52:26.137 3501 3501 D SST : getCellLocation(): X good mCellLoc=[4281,463257,-1]
02-26 21:52:26.138 2432 3264 D TelephonyRegistry: notifyCellLocationForSubscriber: subId=1 cellLocation=Bundle[mParcelledData.dataSize=64]