02-26 21:36:57.679 3501 3501 D DCT : [0]setupDataOnConnectableApns: nwTypeChanged dun:[state=IDLE,enabled=false] hipri:[state=IDLE,enabled=false] supl:[state=IDLE,enabled=false] default:[state=CONNECTED,enabled=false] mms:[state=IDLE,enabled=false]
02-26 21:36:57.703 3501 3768 D DCT : [0]setPolicyDataEnabled: true
02-26 21:36:57.710 3501 3514 D DCT : [0]getDataEnabled during provisioning retVal=true - (true, 1)
02-26 21:36:57.710 3501 3501 D CdmaSSM : subscriptionSource from settings: 0
02-26 21:36:58.623 2022 2370 E use-Rlog/RLOG-RIL: RX: Time: 2082734207 / 277272
02-26 21:36:58.623 2022 2370 E use-Rlog/RLOG-RIL: RX: M:IPC_DISP_CMD S:IPC_DISP_ICON_INFO T:IPC_CMD_NOTI l:b m:ff a:9b
02-26 21:36:58.623 2022 2370 E use-Rlog/RLOG-RIL: RX: FF 02 00 03
02-26 21:36:58.637 3501 3514 D DCT : [0]getDataEnabled during provisioning retVal=true - (true, 1)
02-26 21:36:59.853 3501 3751 D DC-1 : DcActiveState: EVENT_DISCONNECT dp={mTag=0 mApnContext={mApnType=default mState=CONNECTED mWaitingApns={[[ApnSettingV3] T-Mobile Internet, 960, 26201, internet.t-mobile, , http://mms.t-mobile.de/servlets/mms, 172.28.23.131, 8008, , 1, default | supl | mms, IP, IP, true, 0, 0, 0, false, 0, 0, 0, 0, , , false, [ApnSettingV3] Telekom DE, 963, 26201, internet.telekom, , , , , , -1, default | supl, IP, IP, true, 0, 0, 0, false, 0, 0, 0, 0, , , false, [ApnSettingV3] Lebara Internet, 965, 26201, internet.t-d1.de, , , , , , -1, default | supl, IP, IP, true, 0, 0, 0, false, 0, 0, 0, 0, , , false, [ApnSettingV3] Callmobile Internet, 966, 26201, internet.t-d1.de, 193.254.160.2, , , , 9201, 1, default | supl, IP, IP, true, 0, 0, 0, false, 0, 0, 0, 0, , , false]} mApnSetting={[ApnSettingV3] T-Mobile Internet, 960, 26201, internet.t-mobile, , http://mms.t-mobile.de/servlets/mms, 172.28.23.131, 8008, , 1, default | supl | mms, IP, IP, true, 0, 0, 0, false, 0, 0, 0, 0, , , false} mReason=dataDisabled mDataEnabled=false mDependencyMet=true} mReason=dataDisabled mOnCompletedMsg={what=0x4200f when=-4m38s491ms obj=Pair{{mApnType=default mState=CONNECTED mWaitingApns={[[ApnSettingV3] T-Mobile Internet, 960, 26201, internet.t-mobile, , http://mms.t-mobile.de/servlets/mms, 172.28.23.131, 8008, , 1, default | supl | mms, IP, IP, true, 0, 0, 0, false, 0, 0, 0, 0, , , false, [ApnSettingV3] Telekom DE, 963, 26201, internet.telekom, , , , , , -1, default | supl, IP, IP, true, 0, 0, 0, false, 0, 0, 0, 0, , , false, [ApnSettingV3] Lebara Internet, 965, 26201, internet.t-d1.de, , , , , , -1, default | supl, IP, IP, true, 0, 0, 0, false, 0, 0, 0, 0, , , false, [ApnSettingV3] Callmobile Internet, 966, 26201, internet.t-d1.de, 193.254.160.2, , , , 9201, 1, default | supl, IP, IP, true, 0, 0, 0, false, 0, 0, 0, 0, , , false]} mApnSetting={[ApnSettingV3] T-Mobile Internet, 960, 26201, internet.t-mobile, , http://mms.t-mobile.de/servlets/mms, 172.28.23.131, 8008, , 1, default | supl | mms, IP, IP, true, 0, 0, 0, false, 0, 0, 0, 0, , , false} mReason=dataDisabled mDataEnabled=false mDependencyMet=true} 1} target=Handler (com.android.internal.telephony.dataconnection.DcTracker) {c7dfc37} replyTo=null}} dc={DC-1: State=DcActiveState mApnSetting=[ApnSettingV3] T-Mobile Internet, 960, 26201, internet.t-mobile, , http://mms.t-mobile.de/servlets/mms, 172.28.23.131, 8008, , 1, default | supl | mms, IP, IP, true, 0, 0, 0, false, 0, 0, 0, 0, , , false RefCount=1 mCid=1 mCreateTime=-1 mLastastFailTime=-1 mLastFailCause=NONE mTag=2 mLinkProperties={InterfaceName: rmnet0 LinkAddresses: [10.22.224.140/32,] Routes: [0.0.0.0/0 -> 10.22.224.140 rmnet0,] DnsAddresses: [10.74.210.210,10.74.210.211,] Domains: null MTU: 1500 TcpBufferSizes: 122334,734003,2202010,32040,192239,576717} linkCapabilities=[ Transports: CELLULAR Capabilities: MMS&SUPL&INTERNET&NOT_RESTRICTED&TRUSTED&NOT_VPN LinkUpBandwidth>=11264Kbps LinkDnBandwidth>=43008Kbps Specifier: <1>] mRestrictedNetworkOverride=false mApnContexts={{mApnType=default mState=CONNECTED mWaitingApns={[[ApnSettingV3] T-Mobile Internet, 960, 26201, internet.t-mobile, , http://mms.t-mobile.de/servlets/mms, 172.28.23.131, 8008, , 1, default | supl | mms, IP, IP, true, 0, 0, 0, false, 0, 0, 0, 0, , , false, [ApnSettingV3] Telekom DE, 963, 26201, internet.telekom, , , , , , -1, default | supl, IP, IP, true, 0, 0, 0, false, 0, 0, 0, 0, , , false, [ApnSettingV3] Lebara Internet, 965, 26201, internet.t-d1.de, , , , , , -1, default | supl, IP, IP, true, 0, 0, 0, false, 0, 0, 0, 0, , , false, [ApnSettingV3] Callmobile Internet, 966, 26201, internet.t-d1.de, 193.254.160.2, , , , 9201, 1, default | supl, IP, IP, true, 0, 0, 0, false, 0, 0, 0, 0, , , false]} mApnSetting={[ApnSettingV3] T-Mobile Internet, 960, 26201, internet.t-mobile, , http://mms.t-mobile.de/servlets/mms, 172.28.23.131, 8008, , 1, default | supl | mms, IP, IP, true, 0, 0, 0, false, 0, 0, 0, 0, , , false} mReason=dataDisabled mDataEnabled=false mDependencyMet=true}={mTag=2 mApnContext={mApnType=default mState=CONNECTED mWaitingApns={[[ApnSetti
02-26 21:36:59.854 3501 3751 D DC-1 : DcActiveState msg.what=EVENT_DISCONNECT RefCount=1
02-26 21:36:59.855 3501 3751 D DC-1 : tearDownData radio is on, call deactivateDataCall
02-26 21:36:59.858 3501 3751 D RILJ : [3812]> DEACTIVATE_DATA_CALL 1 0 [SUB0]
02-26 21:36:59.867 3501 3751 D DC-1 : DcActiveState: exit dc=com.android.internal.telephony.dataconnection.DataConnection$DcActiveState@f28655b
02-26 21:36:59.875 2022 2370 E use-Rlog/RLOG-RIL: TX: Time: 2082735459 / 278525
02-26 21:36:59.876 2022 2370 E use-Rlog/RLOG-RIL: TX: M:IPC_GPRS_CMD S:IPC_GPRS_PDP_CONTEXT T:IPC_CMD_SET l:6f m:9c a:0
02-26 21:36:59.876 2022 2370 E use-Rlog/RLOG-RIL: TX: 00 01 00 00 00 00 00 00 00 00 00 00 00 00 00 00
02-26 21:36:59.876 2022 2370 E use-Rlog/RLOG-RIL: TX: 00 00 00 00 00 00 00 00 00 00 00 00 00 00 00 00
02-26 21:36:59.876 2022 2370 E use-Rlog/RLOG-RIL: TX: 00 00 00 00 00 00 00 00 00 00 00 00 00 00 00 00
02-26 21:36:59.876 2022 2370 E use-Rlog/RLOG-RIL: TX: 00 00 00 00 00 00 00 00 00 00 00 00 00 00 00 00
02-26 21:36:59.877 2022 2370 E use-Rlog/RLOG-RIL: TX: 00 00 00 00 00 00 00 00 00 00 00 00 00 00 00 00
02-26 21:36:59.877 2022 2370 E use-Rlog/RLOG-RIL: TX: 00 00 00 00 00 00 00 00 00 00 00 00 00 00 00 00
02-26 21:36:59.877 2022 2370 E use-Rlog/RLOG-RIL: TX: 00 00 00 00 00 00 00 00
02-26 21:36:59.902 3501 3515 D DCT : [0]setPolicyDataEnabled: true
02-26 21:36:59.903 3501 3501 D CdmaSSM : subscriptionSource from settings: 0
02-26 21:36:59.974 2022 2370 E use-Rlog/RLOG-RIL: RX: Time: 2082735558 / 278624
02-26 21:36:59.974 2022 2370 E use-Rlog/RLOG-RIL: RX: M:IPC_GEN_CMD S:IPC_GEN_PHONE_RES T:IPC_CMD_RESP l:c m:ff a:9c
02-26 21:36:59.975 2022 2370 E use-Rlog/RLOG-RIL: RX: 0D 04 03 00 80
02-26 21:37:00.086 3501 3501 D DCT : [0]Data stall alarm
02-26 21:37:01.598 2022 2370 E use-Rlog/RLOG-RIL: RX: Time: 2082737182 / 280247
02-26 21:37:01.598 2022 2370 E use-Rlog/RLOG-RIL: RX: M:IPC_GPRS_CMD S:IPC_GPRS_HSDPA_STATUS T:IPC_CMD_NOTI l:8 m:ff a:9c
02-26 21:37:01.598 2022 2370 E use-Rlog/RLOG-RIL: RX: 02
02-26 21:37:01.600 3501 3729 D RILJ : [UNSL]< UNSOL_RESPONSE_VOICE_NETWORK_STATE_CHANGED [SUB0]
02-26 21:37:01.602 3501 3501 D RILJ : [3813]> OPERATOR [SUB0]
02-26 21:37:01.607 3501 3501 D RILJ : [3814]> DATA_REGISTRATION_STATE [SUB0]
02-26 21:37:01.608 2022 2370 E use-Rlog/RLOG-RIL: TX: Time: 2082737191 / 280257
02-26 21:37:01.608 2022 2370 E use-Rlog/RLOG-RIL: TX: M:IPC_NET_CMD S:IPC_NET_SERVING_NETWORK T:IPC_CMD_GET l:7 m:9d a:0
02-26 21:37:01.610 2022 2370 E use-Rlog/RLOG-RIL: RX: Time: 2082737194 / 280260
02-26 21:37:01.611 2022 2370 E use-Rlog/RLOG-RIL: RX: M:IPC_NET_CMD S:IPC_NET_SERVING_NETWORK T:IPC_CMD_RESP l:12 m:ff a:9d
02-26 21:37:01.611 2022 2370 E use-Rlog/RLOG-RIL: RX: 02 02 04 32 36 32 30 31 23 B9 10
02-26 21:37:01.611 3501 3501 D RILJ : [3815]> VOICE_REGISTRATION_STATE [SUB0]
02-26 21:37:01.613 3501 3729 D RILJ : [3813]< OPERATOR {Telekom.de, Telekom.de, 26201} [SUB0]
02-26 21:37:01.613 2022 2370 E use-Rlog/RLOG-RIL: TX: Time: 2082737197 / 280263
02-26 21:37:01.613 2022 2370 E use-Rlog/RLOG-RIL: TX: M:IPC_NET_CMD S:IPC_NET_REGIST T:IPC_CMD_GET l:9 m:9e a:0
02-26 21:37:01.613 2022 2370 E use-Rlog/RLOG-RIL: TX: FF 03
02-26 21:37:01.618 2022 2370 E use-Rlog/RLOG-RIL: RX: Time: 2082737202 / 280268
02-26 21:37:01.618 2022 2370 E use-Rlog/RLOG-RIL: RX: M:IPC_NET_CMD S:IPC_NET_REGIST T:IPC_CMD_RESP l:12 m:ff a:9e
02-26 21:37:01.619 2022 2370 E use-Rlog/RLOG-RIL: RX: 04 03 02 01 B9 10 98 11 07 00 00
02-26 21:37:01.621 3501 3501 D RILJ : [3816]> QUERY_NETWORK_SELECTION_MODE [SUB0]
02-26 21:37:01.621 2022 2370 E use-Rlog/RLOG-RIL: TX: Time: 2082737205 / 280271
02-26 21:37:01.622 2022 2370 E use-Rlog/RLOG-RIL: TX: M:IPC_NET_CMD S:IPC_NET_REGIST T:IPC_CMD_GET l:9 m:9f a:0
02-26 21:37:01.622 2022 2370 E use-Rlog/RLOG-RIL: TX: FF 02
02-26 21:37:01.623 2022 2370 E use-Rlog/RLOG-RIL: RX: Time: 2082737207 / 280273
02-26 21:37:01.623 2022 2370 E use-Rlog/RLOG-RIL: RX: M:IPC_NET_CMD S:IPC_NET_REGIST T:IPC_CMD_RESP l:12 m:ff a:9f
02-26 21:37:01.624 2022 2370 E use-Rlog/RLOG-RIL: RX: 04 02 02 01 B9 10 98 11 07 00 00
02-26 21:37:01.624 3501 3729 D RILJ : [3814]< DATA_REGISTRATION_STATE {1, 10b9, 00071198, 15} [SUB0]
02-26 21:37:01.627 3501 3501 D SST : handlPollStateResultMessage: GsmSST setDataRegState=0 regState=1 dataRadioTechnology=15
02-26 21:37:01.628 3501 3729 D RILJ : [3815]< VOICE_REGISTRATION_STATE {1, 10b9, 00071198} [SUB0]
02-26 21:37:01.629 2022 2370 E use-Rlog/RLOG-RIL: TX: Time: 2082737213 / 280279
02-26 21:37:01.630 2022 2370 E use-Rlog/RLOG-RIL: TX: M:IPC_NET_CMD S:IPC_NET_PLMN_SEL T:IPC_CMD_GET l:7 m:a0 a:0
02-26 21:37:01.631 2022 2370 E use-Rlog/RLOG-RIL: RX: Time: 2082737215 / 280281
02-26 21:37:01.631 2022 2370 E use-Rlog/RLOG-RIL: RX: M:IPC_NET_CMD S:IPC_NET_PLMN_SEL T:IPC_CMD_RESP l:8 m:ff a:a0
02-26 21:37:01.631 2022 2370 E use-Rlog/RLOG-RIL: RX: 02
02-26 21:37:01.633 3501 3729 D RILJ : [3816]< QUERY_NETWORK_SELECTION_MODE {0} [SUB0]
02-26 21:37:01.633 3501 3501 D SST : EVENT_POLL_STATE_NETWORK_SELECTION_MODE
02-26 21:37:01.639 3501 3501 D SST : Poll ServiceState done: oldSS=[0 0 voice home data home Telekom.de Telekom.de 26201 Telekom.de Telekom.de 26201 Unknown HSPAP CSS not supported -1 -1 RoamInd=-1 DefRoamInd=-1 EmergOnly=false IsDataRoamingFromRegistration=false IsUsingCarrierAggregation=false] newSS=[0 0 voice home data home Telekom.de Telekom.de 26201 Telekom.de Telekom.de 26201 Unknown HSPAP CSS not supported -1 -1 RoamInd=-1 DefRoamInd=-1 EmergOnly=false IsDataRoamingFromRegistration=false IsUsingCarrierAggregation=false] oldMaxDataCalls=1 mNewMaxDataCalls=1 oldReasonDataDenied=-1 mNewReasonDataDenied=-1
02-26 21:37:01.642 2022 2370 E use-Rlog/RLOG-RIL: RX: Time: 2082737225 / 280291
02-26 21:37:01.642 2022 2370 E use-Rlog/RLOG-RIL: RX: M:IPC_GPRS_CMD S:IPC_GPRS_CALL_STATUS T:IPC_CMD_NOTI l:b m:ff a:a0
02-26 21:37:01.642 2022 2370 E use-Rlog/RLOG-RIL: RX: 01 03 00 00
02-26 21:37:01.713 2022 2370 E use-Rlog/RLOG-RIL: RX: Time: 2082737297 / 280363
02-26 21:37:01.713 2022 2370 E use-Rlog/RLOG-RIL: RX: M:IPC_GPRS_CMD S:IPC_GPRS_CURRENT_SESSION_DATA_COUNTER T:IPC_CMD_NOTI l:10 m:ff a:a0
02-26 21:37:01.714 2022 2370 E use-Rlog/RLOG-RIL: RX: 01 9E 43 01 00 A2 18 00 00
02-26 21:37:01.714 3501 3729 D RILJ : [3812]< DEACTIVATE_DATA_CALL [SUB0]
02-26 21:37:01.715 3501 3751 D DC-1 : DcDisconnectingState msg.what=EVENT_DEACTIVATE_DONE RefCount=0
02-26 21:37:01.715 3501 3751 D DC-1 : DcInactiveState: setEnterNotificationParams dp
02-26 21:37:01.715 3501 3751 D DC-1 : DcInactiveState: enter() mTag=3
02-26 21:37:01.715 3501 3751 D DC-1 : DcInactiveState: enter notifyDisconnectCompleted +ALL failCause=NONE
02-26 21:37:01.715 3501 3751 D DC-1 : NotifyDisconnectCompleted
02-26 21:37:01.716 3501 3751 D DC-1 : msg={ when=-4m40s370ms what=270351 obj=Pair{{mApnType=default mState=CONNECTED mWaitingApns={[[ApnSettingV3] T-Mobile Internet, 960, 26201, internet.t-mobile, , http://mms.t-mobile.de/servlets/mms, 172.28.23.131, 8008, , 1, default | supl | mms, IP, IP, true, 0, 0, 0, false, 0, 0, 0, 0, , , false, [ApnSettingV3] Telekom DE, 963, 26201, internet.telekom, , , , , , -1, default | supl, IP, IP, true, 0, 0, 0, false, 0, 0, 0, 0, , , false, [ApnSettingV3] Lebara Internet, 965, 26201, internet.t-d1.de, , , , , , -1, default | supl, IP, IP, true, 0, 0, 0, false, 0, 0, 0, 0, , , false, [ApnSettingV3] Callmobile Internet, 966, 26201, internet.t-d1.de, 193.254.160.2, , , , 9201, 1, default | supl, IP, IP, true, 0, 0, 0, false, 0, 0, 0, 0, , , false]} mApnSetting={[ApnSettingV3] T-Mobile Internet, 960, 26201, internet.t-mobile, , http://mms.t-mobile.de/servlets/mms, 172.28.23.131, 8008, , 1, default | supl | mms, IP, IP, true, 0, 0, 0, false, 0, 0, 0, 0, , , false} mReason=dataDisabled mDataEnabled=false mDependencyMet=true} 1} target=com.android.internal.telephony.dataconnection.DcTracker } msg.obj=
02-26 21:37:01.717 3501 3501 D DCT : [0]DataConnectionTracker.handleMessage: EVENT_DISCONNECT_DONE msg={ when=0 what=270351 obj=android.os.AsyncResult@fa5fde8 target=com.android.internal.telephony.dataconnection.DcTracker }
02-26 21:37:01.717 3501 3751 D DC-1 : NotifyDisconnectCompleted DisconnectParams={mTag=2 mApnContext={mApnType=default mState=CONNECTED mWaitingApns={[[ApnSettingV3] T-Mobile Internet, 960, 26201, internet.t-mobile, , http://mms.t-mobile.de/servlets/mms, 172.28.23.131, 8008, , 1, default | supl | mms, IP, IP, true, 0, 0, 0, false, 0, 0, 0, 0, , , false, [ApnSettingV3] Telekom DE, 963, 26201, internet.telekom, , , , , , -1, default | supl, IP, IP, true, 0, 0, 0, false, 0, 0, 0, 0, , , false, [ApnSettingV3] Lebara Internet, 965, 26201, internet.t-d1.de, , , , , , -1, default | supl, IP, IP, true, 0, 0, 0, false, 0, 0, 0, 0, , , false, [ApnSettingV3] Callmobile Internet, 966, 26201, internet.t-d1.de, 193.254.160.2, , , , 9201, 1, default | supl, IP, IP, true, 0, 0, 0, false, 0, 0, 0, 0, , , false]} mApnSetting={[ApnSettingV3] T-Mobile Internet, 960, 26201, internet.t-mobile, , http://mms.t-mobile.de/servlets/mms, 172.28.23.131, 8008, , 1, default | supl | mms, IP, IP, true, 0, 0, 0, false, 0, 0, 0, 0, , , false} mReason=dataDisabled mDataEnabled=false mDependencyMet=true} mReason=dataDisabled mOnCompletedMsg=null}
02-26 21:37:01.717 3501 3751 D DC-1 : clearSettings
02-26 21:37:01.718 3501 3501 D DCT : [0]getValidApnContext (onDisconnectDone) on {mApnType=default mState=CONNECTED mWaitingApns={[[ApnSettingV3] T-Mobile Internet, 960, 26201, internet.t-mobile, , http://mms.t-mobile.de/servlets/mms, 172.28.23.131, 8008, , 1, default | supl | mms, IP, IP, true, 0, 0, 0, false, 0, 0, 0, 0, , , false, [ApnSettingV3] Telekom DE, 963, 26201, internet.telekom, , , , , , -1, default | supl, IP, IP, true, 0, 0, 0, false, 0, 0, 0, 0, , , false, [ApnSettingV3] Lebara Internet, 965, 26201, internet.t-d1.de, , , , , , -1, default | supl, IP, IP, true, 0, 0, 0, false, 0, 0, 0, 0, , , false, [ApnSettingV3] Callmobile Internet, 966, 26201, internet.t-d1.de, 193.254.160.2, , , , 9201, 1, default | supl, IP, IP, true, 0, 0, 0, false, 0, 0, 0, 0, , , false]} mApnSetting={[ApnSettingV3] T-Mobile Internet, 960, 26201, internet.t-mobile, , http://mms.t-mobile.de/servlets/mms, 172.28.23.131, 8008, , 1, default | supl | mms, IP, IP, true, 0, 0, 0, false, 0, 0, 0, 0, , , false} mReason=dataDisabled mDataEnabled=false mDependencyMet=true} got 1 vs 1
02-26 21:37:01.718 3501 3501 D DCT : [0]onDisconnectDone: EVENT_DISCONNECT_DONE apnContext={mApnType=default mState=CONNECTED mWaitingApns={[[ApnSettingV3] T-Mobile Internet, 960, 26201, internet.t-mobile, , http://mms.t-mobile.de/servlets/mms, 172.28.23.131, 8008, , 1, default | supl | mms, IP, IP, true, 0, 0, 0, false, 0, 0, 0, 0, , , false, [ApnSettingV3] Telekom DE, 963, 26201, internet.telekom, , , , , , -1, default | supl, IP, IP, true, 0, 0, 0, false, 0, 0, 0, 0, , , false, [ApnSettingV3] Lebara Internet, 965, 26201, internet.t-d1.de, , , , , , -1, default | supl, IP, IP, true, 0, 0, 0, false, 0, 0, 0, 0, , , false, [ApnSettingV3] Callmobile Internet, 966, 26201, internet.t-d1.de, 193.254.160.2, , , , 9201, 1, default | supl, IP, IP, true, 0, 0, 0, false, 0, 0, 0, 0, , , false]} mApnSetting={[ApnSettingV3] T-Mobile Internet, 960, 26201, internet.t-mobile, , http://mms.t-mobile.de/servlets/mms, 172.28.23.131, 8008, , 1, default | supl | mms, IP, IP, true, 0, 0, 0, false, 0, 0, 0, 0, , , false} mReason=dataDisabled mDataEnabled=false mDependencyMet=true}
02-26 21:37:01.719 3501 3501 D GsmCdmaPhone: [GsmCdmaPhone] getDataConnectionState apnType=default ret=DISCONNECTED
02-26 21:37:01.720 3501 3501 D CdmaSSM : subscriptionSource from settings: 0
02-26 21:37:01.724 2432 3983 D TelephonyRegistry: Notify data connection state changed on sub: 1
02-26 21:37:01.729 3501 3768 D DCT : [0]getDataEnabled during provisioning retVal=true - (true, 1)
02-26 21:37:01.729 3501 3501 D DCT : [0]isOnlySingleDcAllowed(15): false
02-26 21:37:01.729 3501 3501 D DCT : [0]onDisconnectDone: not retrying
02-26 21:37:01.729 3501 3501 D DCT : [0]notifyDataDisconnectComplete
02-26 21:37:03.158 2022 2370 E use-Rlog/RLOG-RIL: RX: Time: 2082738742 / 281808
02-26 21:37:03.158 2022 2370 E use-Rlog/RLOG-RIL: RX: M:IPC_GPRS_CMD S:IPC_GPRS_HSDPA_STATUS T:IPC_CMD_NOTI l:8 m:ff a:a0
02-26 21:37:03.158 2022 2370 E use-Rlog/RLOG-RIL: RX: 02
02-26 21:37:03.159 2022 2370 E use-Rlog/RLOG-RIL: RX: Time: 2082738743 / 281809
02-26 21:37:03.159 2022 2370 E use-Rlog/RLOG-RIL: RX: M:IPC_GPRS_CMD S:IPC_GPRS_HSDPA_STATUS T:IPC_CMD_NOTI l:8 m:ff a:a0
02-26 21:37:03.159 2022 2370 E use-Rlog/RLOG-RIL: RX: 02
02-26 21:37:03.162 3501 3729 D RILJ : [UNSL]< UNSOL_RESPONSE_VOICE_NETWORK_STATE_CHANGED [SUB0]
02-26 21:37:03.163 3501 3729 D RILJ : [UNSL]< UNSOL_RESPONSE_VOICE_NETWORK_STATE_CHANGED [SUB0]
02-26 21:37:03.166 3501 3501 D RILJ : [3817]> OPERATOR [SUB0]
02-26 21:37:03.170 3501 3501 D RILJ : [3818]> DATA_REGISTRATION_STATE [SUB0]
02-26 21:37:03.172 2022 2370 E use-Rlog/RLOG-RIL: TX: Time: 2082738756 / 281821
02-26 21:37:03.172 2022 2370 E use-Rlog/RLOG-RIL: TX: M:IPC_NET_CMD S:IPC_NET_SERVING_NETWORK T:IPC_CMD_GET l:7 m:a1 a:0
02-26 21:37:03.176 2022 2370 E use-Rlog/RLOG-RIL: RX: Time: 2082738760 / 281825
02-26 21:37:03.176 2022 2370 E use-Rlog/RLOG-RIL: RX: M:IPC_NET_CMD S:IPC_NET_SERVING_NETWORK T:IPC_CMD_RESP l:12 m:ff a:a1
02-26 21:37:03.176 2022 2370 E use-Rlog/RLOG-RIL: RX: 02 02 04 32 36 32 30 31 23 B9 10
02-26 21:37:03.178 3501 3501 D RILJ : [3819]> VOICE_REGISTRATION_STATE [SUB0]
02-26 21:37:03.179 3501 3729 D RILJ : [3817]< OPERATOR {Telekom.de, Telekom.de, 26201} [SUB0]
02-26 21:37:03.180 2022 2370 E use-Rlog/RLOG-RIL: TX: Time: 2082738764 / 281829
02-26 21:37:03.180 2022 2370 E use-Rlog/RLOG-RIL: TX: M:IPC_NET_CMD S:IPC_NET_REGIST T:IPC_CMD_GET l:9 m:a2 a:0
02-26 21:37:03.180 2022 2370 E use-Rlog/RLOG-RIL: TX: FF 03
02-26 21:37:03.181 2022 2370 E use-Rlog/RLOG-RIL: RX: Time: 2082738765 / 281831
02-26 21:37:03.181 2022 2370 E use-Rlog/RLOG-RIL: RX: M:IPC_NET_CMD S:IPC_NET_REGIST T:IPC_CMD_RESP l:12 m:ff a:a2
02-26 21:37:03.182 2022 2370 E use-Rlog/RLOG-RIL: RX: 04 03 02 01 B9 10 98 11 07 00 00
02-26 21:37:03.184 3501 3501 D RILJ : [3820]> QUERY_NETWORK_SELECTION_MODE [SUB0]
02-26 21:37:03.185 3501 3729 D RILJ : [3818]< DATA_REGISTRATION_STATE {1, 10b9, 00071198, 15} [SUB0]
02-26 21:37:03.187 2022 2370 E use-Rlog/RLOG-RIL: TX: Time: 2082738771 / 281836
02-26 21:37:03.187 2022 2370 E use-Rlog/RLOG-RIL: TX: M:IPC_NET_CMD S:IPC_NET_REGIST T:IPC_CMD_GET l:9 m:a3 a:0
02-26 21:37:03.187 2022 2370 E use-Rlog/RLOG-RIL: TX: FF 02
02-26 21:37:03.188 3501 3501 D RILJ : [3821]> OPERATOR [SUB0]
02-26 21:37:03.193 2022 2370 E use-Rlog/RLOG-RIL: RX: Time: 2082738776 / 281842
02-26 21:37:03.193 2022 2370 E use-Rlog/RLOG-RIL: RX: M:IPC_NET_CMD S:IPC_NET_REGIST T:IPC_CMD_RESP l:12 m:ff a:a3
02-26 21:37:03.193 2022 2370 E use-Rlog/RLOG-RIL: RX: 04 02 02 01 B9 10 98 11 07 00 00
02-26 21:37:03.194 3501 3501 D RILJ : [3822]> DATA_REGISTRATION_STATE [SUB0]
02-26 21:37:03.194 2022 2370 E use-Rlog/RLOG-RIL: TX: Time: 2082738777 / 281843
02-26 21:37:03.194 2022 2370 E use-Rlog/RLOG-RIL: TX: M:IPC_NET_CMD S:IPC_NET_PLMN_SEL T:IPC_CMD_GET l:7 m:a4 a:0
02-26 21:37:03.196 3501 3729 D RILJ : [3819]< VOICE_REGISTRATION_STATE {1, 10b9, 00071198} [SUB0]
02-26 21:37:03.198 3501 3501 D RILJ : [3823]> VOICE_REGISTRATION_STATE [SUB0]
02-26 21:37:03.200 2022 2370 E use-Rlog/RLOG-RIL: RX: Time: 2082738784 / 281850
02-26 21:37:03.201 2022 2370 E use-Rlog/RLOG-RIL: RX: M:IPC_NET_CMD S:IPC_NET_PLMN_SEL T:IPC_CMD_RESP l:8 m:ff a:a4
02-26 21:37:03.201 2022 2370 E use-Rlog/RLOG-RIL: RX: 02
02-26 21:37:03.201 2022 2370 E use-Rlog/RLOG-RIL: TX: Time: 2082738785 / 281851
02-26 21:37:03.201 2022 2370 E use-Rlog/RLOG-RIL: TX: M:IPC_NET_CMD S:IPC_NET_SERVING_NETWORK T:IPC_CMD_GET l:7 m:a5 a:0
02-26 21:37:03.204 3501 3729 D RILJ : [3820]< QUERY_NETWORK_SELECTION_MODE {0} [SUB0]
02-26 21:37:03.205 2022 2370 E use-Rlog/RLOG-RIL: RX: Time: 2082738789 / 281855
02-26 21:37:03.205 2022 2370 E use-Rlog/RLOG-RIL: RX: M:IPC_NET_CMD S:IPC_NET_SERVING_NETWORK T:IPC_CMD_RESP l:12 m:ff a:a5
02-26 21:37:03.206 2022 2370 E use-Rlog/RLOG-RIL: RX: 02 02 04 32 36 32 30 31 23 B9 10
02-26 21:37:03.206 2022 2370 E use-Rlog/RLOG-RIL: TX: Time: 2082738790 / 281856
02-26 21:37:03.208 3501 3729 D RILJ : [3821]< OPERATOR {Telekom.de, Telekom.de, 26201} [SUB0]
02-26 21:37:03.209 2022 2370 E use-Rlog/RLOG-RIL: TX: M:IPC_NET_CMD S:IPC_NET_REGIST T:IPC_CMD_GET l:9 m:a6 a:0
02-26 21:37:03.209 2022 2370 E use-Rlog/RLOG-RIL: TX: FF 03
02-26 21:37:03.211 2022 2370 E use-Rlog/RLOG-RIL: RX: Time: 2082738795 / 281860
02-26 21:37:03.211 2022 2370 E use-Rlog/RLOG-RIL: RX: M:IPC_NET_CMD S:IPC_NET_REGIST T:IPC_CMD_RESP l:12 m:ff a:a6
02-26 21:37:03.211 2022 2370 E use-Rlog/RLOG-RIL: RX: 04 03 02 01 B9 10 98 11 07 00 00
02-26 21:37:03.212 3501 3501 D RILJ : [3824]> QUERY_NETWORK_SELECTION_MODE [SUB0]
02-26 21:37:03.212 2022 2370 E use-Rlog/RLOG-RIL: TX: Time: 2082738796 / 281862
02-26 21:37:03.212 2022 2370 E use-Rlog/RLOG-RIL: TX: M:IPC_NET_CMD S:IPC_NET_REGIST T:IPC_CMD_GET l:9 m:a7 a:0
02-26 21:37:03.212 2022 2370 E use-Rlog/RLOG-RIL: TX: FF 02
02-26 21:37:03.215 3501 3729 D RILJ : [3822]< DATA_REGISTRATION_STATE {1, 10b9, 00071198, 15} [SUB0]
02-26 21:37:03.216 2022 2370 E use-Rlog/RLOG-RIL: RX: Time: 2082738799 / 281865
02-26 21:37:03.216 2022 2370 E use-Rlog/RLOG-RIL: RX: M:IPC_NET_CMD S:IPC_NET_REGIST T:IPC_CMD_RESP l:12 m:ff a:a7
02-26 21:37:03.216 2022 2370 E use-Rlog/RLOG-RIL: RX: 04 02 02 01 B9 10 98 11 07 00 00
02-26 21:37:03.219 3501 3501 D SST : EVENT_POLL_STATE_NETWORK_SELECTION_MODE
02-26 21:37:03.219 3501 3729 D RILJ : [3823]< VOICE_REGISTRATION_STATE {1, 10b9, 00071198} [SUB0]
02-26 21:37:03.220 3501 3501 D SST : handlPollStateResultMessage: GsmSST setDataRegState=0 regState=1 dataRadioTechnology=15
02-26 21:37:03.221 2022 2370 E use-Rlog/RLOG-RIL: TX: Time: 2082738804 / 281870
02-26 21:37:03.221 2022 2370 E use-Rlog/RLOG-RIL: TX: M:IPC_NET_CMD S:IPC_NET_PLMN_SEL T:IPC_CMD_GET l:7 m:a8 a:0
02-26 21:37:03.223 2022 2370 E use-Rlog/RLOG-RIL: RX: Time: 2082738807 / 281873
02-26 21:37:03.223 2022 2370 E use-Rlog/RLOG-RIL: RX: M:IPC_NET_CMD S:IPC_NET_PLMN_SEL T:IPC_CMD_RESP l:8 m:ff a:a8
02-26 21:37:03.224 2022 2370 E use-Rlog/RLOG-RIL: RX: 02
02-26 21:37:03.225 3501 3729 D RILJ : [3824]< QUERY_NETWORK_SELECTION_MODE {0} [SUB0]
02-26 21:37:03.226 3501 3501 D SST : EVENT_POLL_STATE_NETWORK_SELECTION_MODE
02-26 21:37:03.232 3501 3501 D SST : Poll ServiceState done: oldSS=[0 0 voice home data home Telekom.de Telekom.de 26201 Telekom.de Telekom.de 26201 Unknown HSPAP CSS not supported -1 -1 RoamInd=-1 DefRoamInd=-1 EmergOnly=false IsDataRoamingFromRegistration=false IsUsingCarrierAggregation=false] newSS=[0 0 voice home data home Telekom.de Telekom.de 26201 Telekom.de Telekom.de 26201 Unknown HSPAP CSS not supported -1 -1 RoamInd=-1 DefRoamInd=-1 EmergOnly=false IsDataRoamingFromRegistration=false IsUsingCarrierAggregation=false] oldMaxDataCalls=1 mNewMaxDataCalls=1 oldReasonDataDenied=-1 mNewReasonDataDenied=-1
02-26 21:37:05.377 2022 2370 E use-Rlog/RLOG-RIL: RX: Time: 2082740961 / 284027
02-26 21:37:05.377 2022 2370 E use-Rlog/RLOG-RIL: RX: M:IPC_GPRS_CMD S:IPC_GPRS_HSDPA_STATUS T:IPC_CMD_NOTI l:8 m:ff a:a8
02-26 21:37:05.377 2022 2370 E use-Rlog/RLOG-RIL: RX: 02
02-26 21:37:05.378 2022 2370 E use-Rlog/RLOG-RIL: RX: Time: 2082740962 / 284027
02-26 21:37:05.378 2022 2370 E use-Rlog/RLOG-RIL: RX: M:IPC_NET_CMD S:IPC_NET_REGIST T:IPC_CMD_NOTI l:12 m:ff a:ff
02-26 21:37:05.378 2022 2370 E use-Rlog/RLOG-RIL: RX: 04 02 02 01 B9 10 99 11 07 00 00
02-26 21:37:05.378 2022 2370 E use-Rlog/RLOG-RIL: RX: Time: 2082740962 / 284028
02-26 21:37:05.378 2022 2370 E use-Rlog/RLOG-RIL: RX: M:IPC_NET_CMD S:IPC_NET_REGIST T:IPC_CMD_NOTI l:12 m:ff a:ff
02-26 21:37:05.378 2022 2370 E use-Rlog/RLOG-RIL: RX: 04 03 02 01 B9 10 99 11 07 00 00
02-26 21:37:05.378 3501 3729 D RILJ : [UNSL]< UNSOL_RESPONSE_VOICE_NETWORK_STATE_CHANGED [SUB0]
02-26 21:37:05.378 2022 2370 E use-Rlog/RLOG-RIL: RX: Time: 2082740962 / 284028
02-26 21:37:05.378 2022 2370 E use-Rlog/RLOG-RIL: RX: M:IPC_GPRS_CMD S:IPC_GPRS_HSDPA_STATUS T:IPC_CMD_NOTI l:8 m:ff a:ff
02-26 21:37:05.379 3501 3729 D RILJ : [UNSL]< UNSOL_RESPONSE_VOICE_NETWORK_STATE_CHANGED [SUB0]
02-26 21:37:05.380 3501 3729 D RILJ : [UNSL]< UNSOL_RESPONSE_VOICE_NETWORK_STATE_CHANGED [SUB0]
02-26 21:37:05.380 3501 3501 D RILJ : [3825]> OPERATOR [SUB0]
02-26 21:37:05.380 2022 2370 E use-Rlog/RLOG-RIL: RX: 00
02-26 21:37:05.382 3501 3501 D RILJ : [3826]> DATA_REGISTRATION_STATE [SUB0]
02-26 21:37:05.383 3501 3501 D RILJ : [3827]> VOICE_REGISTRATION_STATE [SUB0]
02-26 21:37:05.385 2022 2370 E use-Rlog/RLOG-RIL: TX: Time: 2082740969 / 284035
02-26 21:37:05.385 2022 2370 E use-Rlog/RLOG-RIL: TX: M:IPC_NET_CMD S:IPC_NET_SERVING_NETWORK T:IPC_CMD_GET l:7 m:a9 a:0
02-26 21:37:05.387 3501 3501 D RILJ : [3828]> QUERY_NETWORK_SELECTION_MODE [SUB0]
02-26 21:37:05.387 3501 3729 D RILJ : [UNSL]< UNSOL_RESPONSE_VOICE_NETWORK_STATE_CHANGED [SUB0]
02-26 21:37:05.388 3501 3501 D RILJ : [3829]> OPERATOR [SUB0]
02-26 21:37:05.389 2022 2370 E use-Rlog/RLOG-RIL: RX: Time: 2082740972 / 284038
02-26 21:37:05.389 3501 3501 D RILJ : [3830]> DATA_REGISTRATION_STATE [SUB0]
02-26 21:37:05.389 2022 2370 E use-Rlog/RLOG-RIL: RX: M:IPC_NET_CMD S:IPC_NET_SERVING_NETWORK T:IPC_CMD_RESP l:12 m:ff a:a9
02-26 21:37:05.389 2022 2370 E use-Rlog/RLOG-RIL: RX: 02 02 04 32 36 32 30 31 23 B9 10
02-26 21:37:05.391 3501 3501 D RILJ : [3831]> VOICE_REGISTRATION_STATE [SUB0]
02-26 21:37:05.392 3501 3501 D RILJ : [3832]> QUERY_NETWORK_SELECTION_MODE [SUB0]
02-26 21:37:05.393 3501 3729 D RILJ : [3825]< OPERATOR {Telekom.de, Telekom.de, 26201} [SUB0]
02-26 21:37:05.393 2022 2370 E use-Rlog/RLOG-RIL: TX: Time: 2082740977 / 284043
02-26 21:37:05.393 2022 2370 E use-Rlog/RLOG-RIL: TX: M:IPC_NET_CMD S:IPC_NET_REGIST T:IPC_CMD_GET l:9 m:aa a:0
02-26 21:37:05.393 2022 2370 E use-Rlog/RLOG-RIL: TX: FF 03
02-26 21:37:05.395 2022 2370 E use-Rlog/RLOG-RIL: RX: Time: 2082740979 / 284045
02-26 21:37:05.395 2022 2370 E use-Rlog/RLOG-RIL: RX: M:IPC_NET_CMD S:IPC_NET_REGIST T:IPC_CMD_RESP l:12 m:ff a:aa
02-26 21:37:05.396 3501 3501 D RILJ : [3833]> OPERATOR [SUB0]
02-26 21:37:05.396 2022 2370 E use-Rlog/RLOG-RIL: RX: 04 03 02 01 B9 10 99 11 07 00 00
02-26 21:37:05.397 2022 2370 E use-Rlog/RLOG-RIL: TX: Time: 2082740981 / 284046
02-26 21:37:05.397 2022 2370 E use-Rlog/RLOG-RIL: TX: M:IPC_NET_CMD S:IPC_NET_REGIST T:IPC_CMD_GET l:9 m:ab a:0
02-26 21:37:05.397 2022 2370 E use-Rlog/RLOG-RIL: TX: FF 02
02-26 21:37:05.399 2022 2370 E use-Rlog/RLOG-RIL: RX: Time: 2082740983 / 284048
02-26 21:37:05.399 2022 2370 E use-Rlog/RLOG-RIL: RX: M:IPC_NET_CMD S:IPC_NET_REGIST T:IPC_CMD_RESP l:12 m:ff a:ab
02-26 21:37:05.399 2022 2370 E use-Rlog/RLOG-RIL: RX: 04 02 02 01 B9 10 99 11 07 00 00
02-26 21:37:05.399 2022 2370 E use-Rlog/RLOG-RIL: TX: Time: 2082740983 / 284049
02-26 21:37:05.399 2022 2370 E use-Rlog/RLOG-RIL: TX: M:IPC_NET_CMD S:IPC_NET_PLMN_SEL T:IPC_CMD_GET l:7 m:ac a:0
02-26 21:37:05.401 2022 2370 E use-Rlog/RLOG-RIL: RX: Time: 2082740985 / 284050
02-26 21:37:05.401 2022 2370 E use-Rlog/RLOG-RIL: RX: M:IPC_NET_CMD S:IPC_NET_PLMN_SEL T:IPC_CMD_RESP l:8 m:ff a:ac
02-26 21:37:05.401 2022 2370 E use-Rlog/RLOG-RIL: RX: 02
02-26 21:37:05.401 2022 2370 E use-Rlog/RLOG-RIL: TX: Time: 2082740985 / 284051
02-26 21:37:05.401 2022 2370 E use-Rlog/RLOG-RIL: TX: M:IPC_NET_CMD S:IPC_NET_SERVING_NETWORK T:IPC_CMD_GET l:7 m:ad a:0
02-26 21:37:05.403 2022 2370 E use-Rlog/RLOG-RIL: RX: Time: 2082740987 / 284053
02-26 21:37:05.403 2022 2370 E use-Rlog/RLOG-RIL: RX: M:IPC_NET_CMD S:IPC_NET_SERVING_NETWORK T:IPC_CMD_RESP l:12 m:ff a:ad
02-26 21:37:05.403 2022 2370 E use-Rlog/RLOG-RIL: RX: 02 02 04 32 36 32 30 31 23 B9 10
02-26 21:37:05.404 2022 2370 E use-Rlog/RLOG-RIL: TX: Time: 2082740988 / 284053
02-26 21:37:05.404 2022 2370 E use-Rlog/RLOG-RIL: TX: M:IPC_NET_CMD S:IPC_NET_REGIST T:IPC_CMD_GET l:9 m:ae a:0
02-26 21:37:05.404 2022 2370 E use-Rlog/RLOG-RIL: TX: FF 03
02-26 21:37:05.404 3501 3729 D RILJ : [3826]< DATA_REGISTRATION_STATE {1, 10b9, 00071199, 3} [SUB0]
02-26 21:37:05.404 3501 3729 D RILJ : [3827]< VOICE_REGISTRATION_STATE {1, 10b9, 00071199} [SUB0]
02-26 21:37:05.405 3501 3501 D RILJ : [3834]> DATA_REGISTRATION_STATE [SUB0]
02-26 21:37:05.405 3501 3729 D RILJ : [3828]< QUERY_NETWORK_SELECTION_MODE {0} [SUB0]
02-26 21:37:05.405 2022 2370 E use-Rlog/RLOG-RIL: RX: Time: 2082740989 / 284055
02-26 21:37:05.406 2022 2370 E use-Rlog/RLOG-RIL: RX: M:IPC_NET_CMD S:IPC_NET_REGIST T:IPC_CMD_RESP l:12 m:ff a:ae
02-26 21:37:05.406 2022 2370 E use-Rlog/RLOG-RIL: RX: 04 03 02 01 B9 10 99 11 07 00 00
02-26 21:37:05.406 2022 2370 E use-Rlog/RLOG-RIL: TX: Time: 2082740990 / 284056
02-26 21:37:05.406 2022 2370 E use-Rlog/RLOG-RIL: TX: M:IPC_NET_CMD S:IPC_NET_REGIST T:IPC_CMD_GET l:9 m:af a:0
02-26 21:37:05.406 2022 2370 E use-Rlog/RLOG-RIL: TX: FF 02
02-26 21:37:05.407 2022 2370 E use-Rlog/RLOG-RIL: RX: Time: 2082740991 / 284057
02-26 21:37:05.407 2022 2370 E use-Rlog/RLOG-RIL: RX: M:IPC_NET_CMD S:IPC_NET_REGIST T:IPC_CMD_RESP l:12 m:ff a:af
02-26 21:37:05.407 2022 2370 E use-Rlog/RLOG-RIL: RX: 04 02 02 01 B9 10 99 11 07 00 00
02-26 21:37:05.408 2022 2370 E use-Rlog/RLOG-RIL: TX: Time: 2082740991 / 284057
02-26 21:37:05.408 2022 2370 E use-Rlog/RLOG-RIL: TX: M:IPC_NET_CMD S:IPC_NET_PLMN_SEL T:IPC_CMD_GET l:7 m:b0 a:0
02-26 21:37:05.410 3501 3729 D RILJ : [3829]< OPERATOR {Telekom.de, Telekom.de, 26201} [SUB0]
02-26 21:37:05.411 3501 3729 D RILJ : [3830]< DATA_REGISTRATION_STATE {1, 10b9, 00071199, 3} [SUB0]
02-26 21:37:05.412 3501 3729 D RILJ : [3831]< VOICE_REGISTRATION_STATE {1, 10b9, 00071199} [SUB0]
02-26 21:37:05.412 2022 2370 E use-Rlog/RLOG-RIL: RX: Time: 2082740996 / 284062
02-26 21:37:05.412 2022 2370 E use-Rlog/RLOG-RIL: RX: M:IPC_NET_CMD S:IPC_NET_PLMN_SEL T:IPC_CMD_RESP l:8 m:ff a:b0
02-26 21:37:05.412 2022 2370 E use-Rlog/RLOG-RIL: RX: 02
02-26 21:37:05.413 2022 2370 E use-Rlog/RLOG-RIL: TX: Time: 2082740997 / 284062
02-26 21:37:05.413 2022 2370 E use-Rlog/RLOG-RIL: TX: M:IPC_NET_CMD S:IPC_NET_SERVING_NETWORK T:IPC_CMD_GET l:7 m:b1 a:0
02-26 21:37:05.413 3501 3729 D RILJ : [3832]< QUERY_NETWORK_SELECTION_MODE {0} [SUB0]
02-26 21:37:05.414 2022 2370 E use-Rlog/RLOG-RIL: RX: Time: 2082740998 / 284064
02-26 21:37:05.414 2022 2370 E use-Rlog/RLOG-RIL: RX: M:IPC_NET_CMD S:IPC_NET_SERVING_NETWORK T:IPC_CMD_RESP l:12 m:ff a:b1
02-26 21:37:05.414 2022 2370 E use-Rlog/RLOG-RIL: RX: 02 02 04 32 36 32 30 31 23 B9 10
02-26 21:37:05.416 2022 2370 E use-Rlog/RLOG-RIL: TX: Time: 2082741000 / 284066
02-26 21:37:05.416 2022 2370 E use-Rlog/RLOG-RIL: TX: M:IPC_NET_CMD S:IPC_NET_REGIST T:IPC_CMD_GET l:9 m:b2 a:0
02-26 21:37:05.416 2022 2370 E use-Rlog/RLOG-RIL: TX: FF 03
02-26 21:37:05.417 3501 3501 D RILJ : [3835]> VOICE_REGISTRATION_STATE [SUB0]
02-26 21:37:05.419 2022 2370 E use-Rlog/RLOG-RIL: RX: Time: 2082741003 / 284068
02-26 21:37:05.419 2022 2370 E use-Rlog/RLOG-RIL: RX: M:IPC_NET_CMD S:IPC_NET_REGIST T:IPC_CMD_RESP l:12 m:ff a:b2
02-26 21:37:05.419 2022 2370 E use-Rlog/RLOG-RIL: RX: 04 03 02 01 B9 10 99 11 07 00 00
02-26 21:37:05.420 2022 2370 E use-Rlog/RLOG-RIL: TX: Time: 2082741004 / 284069
02-26 21:37:05.420 2022 2370 E use-Rlog/RLOG-RIL: TX: M:IPC_NET_CMD S:IPC_NET_REGIST T:IPC_CMD_GET l:9 m:b3 a:0
02-26 21:37:05.420 2022 2370 E use-Rlog/RLOG-RIL: TX: FF 02
02-26 21:37:05.421 3501 3501 D RILJ : [3836]> QUERY_NETWORK_SELECTION_MODE [SUB0]
02-26 21:37:05.422 2022 2370 E use-Rlog/RLOG-RIL: RX: Time: 2082741006 / 284072
02-26 21:37:05.422 2022 2370 E use-Rlog/RLOG-RIL: RX: M:IPC_NET_CMD S:IPC_NET_REGIST T:IPC_CMD_RESP l:12 m:ff a:b3
02-26 21:37:05.422 2022 2370 E use-Rlog/RLOG-RIL: RX: 04 02 02 01 B9 10 99 11 07 00 00
02-26 21:37:05.423 3501 3729 D RILJ : [3833]< OPERATOR {Telekom.de, Telekom.de, 26201} [SUB0]
02-26 21:37:05.424 3501 3729 D RILJ : [3834]< DATA_REGISTRATION_STATE {1, 10b9, 00071199, 3} [SUB0]
02-26 21:37:05.425 3501 3729 D RILJ : [3835]< VOICE_REGISTRATION_STATE {1, 10b9, 00071199} [SUB0]
02-26 21:37:05.426 2022 2370 E use-Rlog/RLOG-RIL: TX: Time: 2082741010 / 284075
02-26 21:37:05.426 3501 3501 D RILJ : [3837]> OPERATOR [SUB0]
02-26 21:37:05.426 2022 2370 E use-Rlog/RLOG-RIL: TX: M:IPC_NET_CMD S:IPC_NET_PLMN_SEL T:IPC_CMD_GET l:7 m:b4 a:0
02-26 21:37:05.428 3501 3501 D RILJ : [3838]> DATA_REGISTRATION_STATE [SUB0]
02-26 21:37:05.429 2022 2370 E use-Rlog/RLOG-RIL: RX: Time: 2082741013 / 284079
02-26 21:37:05.429 2022 2370 E use-Rlog/RLOG-RIL: RX: M:IPC_NET_CMD S:IPC_NET_PLMN_SEL T:IPC_CMD_RESP l:8 m:ff a:b4
02-26 21:37:05.430 2022 2370 E use-Rlog/RLOG-RIL: RX: 02
02-26 21:37:05.430 3501 3729 D RILJ : [3836]< QUERY_NETWORK_SELECTION_MODE {0} [SUB0]
02-26 21:37:05.431 2022 2370 E use-Rlog/RLOG-RIL: TX: Time: 2082741015 / 284081
02-26 21:37:05.431 2022 2370 E use-Rlog/RLOG-RIL: TX: M:IPC_NET_CMD S:IPC_NET_SERVING_NETWORK T:IPC_CMD_GET l:7 m:b5 a:0
02-26 21:37:05.432 3501 3501 D RILJ : [3839]> VOICE_REGISTRATION_STATE [SUB0]
02-26 21:37:05.435 2022 2370 E use-Rlog/RLOG-RIL: RX: Time: 2082741019 / 284085
02-26 21:37:05.435 2022 2370 E use-Rlog/RLOG-RIL: RX: M:IPC_NET_CMD S:IPC_NET_SERVING_NETWORK T:IPC_CMD_RESP l:12 m:ff a:b5
02-26 21:37:05.435 2022 2370 E use-Rlog/RLOG-RIL: RX: 02 02 04 32 36 32 30 31 23 B9 10
02-26 21:37:05.436 2022 2370 E use-Rlog/RLOG-RIL: TX: Time: 2082741020 / 284085
02-26 21:37:05.436 2022 2370 E use-Rlog/RLOG-RIL: TX: M:IPC_NET_CMD S:IPC_NET_REGIST T:IPC_CMD_GET l:9 m:b6 a:0
02-26 21:37:05.436 2022 2370 E use-Rlog/RLOG-RIL: TX: FF 03
02-26 21:37:05.436 3501 3501 D RILJ : [3840]> QUERY_NETWORK_SELECTION_MODE [SUB0]
02-26 21:37:05.437 2022 2370 E use-Rlog/RLOG-RIL: RX: Time: 2082741021 / 284087
02-26 21:37:05.437 2022 2370 E use-Rlog/RLOG-RIL: RX: M:IPC_NET_CMD S:IPC_NET_REGIST T:IPC_CMD_RESP l:12 m:ff a:b6
02-26 21:37:05.438 2022 2370 E use-Rlog/RLOG-RIL: RX: 04 03 02 01 B9 10 99 11 07 00 00
02-26 21:37:05.438 3501 3501 D SST : EVENT_POLL_STATE_NETWORK_SELECTION_MODE
02-26 21:37:05.438 2022 2370 E use-Rlog/RLOG-RIL: TX: Time: 2082741022 / 284088
02-26 21:37:05.438 2022 2370 E use-Rlog/RLOG-RIL: TX: M:IPC_NET_CMD S:IPC_NET_REGIST T:IPC_CMD_GET l:9 m:b7 a:0
02-26 21:37:05.438 2022 2370 E use-Rlog/RLOG-RIL: TX: FF 02
02-26 21:37:05.438 3501 3729 D RILJ : [3837]< OPERATOR {Telekom.de, Telekom.de, 26201} [SUB0]
02-26 21:37:05.439 3501 3501 D SST : EVENT_POLL_STATE_NETWORK_SELECTION_MODE
02-26 21:37:05.439 2022 2370 E use-Rlog/RLOG-RIL: RX: Time: 2082741023 / 284089
02-26 21:37:05.439 2022 2370 E use-Rlog/RLOG-RIL: RX: M:IPC_NET_CMD S:IPC_NET_REGIST T:IPC_CMD_RESP l:12 m:ff a:b7
02-26 21:37:05.440 2022 2370 E use-Rlog/RLOG-RIL: RX: 04 02 02 01 B9 10 99 11 07 00 00
02-26 21:37:05.440 2022 2370 E use-Rlog/RLOG-RIL: TX: Time: 2082741024 / 284090
02-26 21:37:05.440 2022 2370 E use-Rlog/RLOG-RIL: TX: M:IPC_NET_CMD S:IPC_NET_PLMN_SEL T:IPC_CMD_GET l:7 m:b8 a:0
02-26 21:37:05.442 2022 2370 E use-Rlog/RLOG-RIL: RX: Time: 2082741026 / 284092
02-26 21:37:05.442 2022 2370 E use-Rlog/RLOG-RIL: RX: M:IPC_NET_CMD S:IPC_NET_PLMN_SEL T:IPC_CMD_RESP l:8 m:ff a:b8
02-26 21:37:05.442 2022 2370 E use-Rlog/RLOG-RIL: RX: 02
02-26 21:37:05.442 3501 3729 D RILJ : [3838]< DATA_REGISTRATION_STATE {1, 10b9, 00071199, 3} [SUB0]
02-26 21:37:05.443 3501 3501 D SST : EVENT_POLL_STATE_NETWORK_SELECTION_MODE
02-26 21:37:05.443 3501 3729 D RILJ : [3839]< VOICE_REGISTRATION_STATE {1, 10b9, 00071199} [SUB0]
02-26 21:37:05.443 3501 3729 D RILJ : [3840]< QUERY_NETWORK_SELECTION_MODE {0} [SUB0]
02-26 21:37:05.444 3501 3501 D SST : handlPollStateResultMessage: GsmSST setDataRegState=0 regState=1 dataRadioTechnology=3
02-26 21:37:05.444 3501 3501 D SST : EVENT_POLL_STATE_NETWORK_SELECTION_MODE
02-26 21:37:05.448 3501 3501 D SST : Poll ServiceState done: oldSS=[0 0 voice home data home Telekom.de Telekom.de 26201 Telekom.de Telekom.de 26201 Unknown HSPAP CSS not supported -1 -1 RoamInd=-1 DefRoamInd=-1 EmergOnly=false IsDataRoamingFromRegistration=false IsUsingCarrierAggregation=false] newSS=[0 0 voice home data home Telekom.de Telekom.de 26201 Telekom.de Telekom.de 26201 Unknown UMTS CSS not supported -1 -1 RoamInd=-1 DefRoamInd=-1 EmergOnly=false IsDataRoamingFromRegistration=false IsUsingCarrierAggregation=false] oldMaxDataCalls=1 mNewMaxDataCalls=1 oldReasonDataDenied=-1 mNewReasonDataDenied=-1
02-26 21:37:05.448 3501 3501 D TelephonyManager: setTelephonyProperty: success phoneId=0 property=gsm.network.type value: UMTS propVal=UMTS
02-26 21:37:05.453 3501 3501 D SIMRecords: [SIMRecords] getServiceProviderName: no brandOverride, providerName=congstar
02-26 21:37:05.453 3501 3501 D SIMRecords: [SIMRecords] getServiceProviderName: no brandOverride, providerName=congstar
02-26 21:37:05.454 3501 3501 D TelephonyManager: setTelephonyProperty: success phoneId=0 property=gsm.operator.alpha value: Telekom.de propVal=Telekom.de
02-26 21:37:05.455 3501 3501 D TelephonyManager: setTelephonyProperty: success phoneId=0 property=gsm.operator.numeric value: 26201 propVal=26201
02-26 21:37:05.458 3501 3501 D TelephonyManager: setTelephonyProperty: success phoneId=0 property=gsm.operator.iso-country value: de propVal=de
02-26 21:37:05.460 3501 3501 D SST : pollStateDone: no nitz but one TZ for iso-cc=de with zone.getID=Europe/Berlin testOneUniqueOffsetPath=false
02-26 21:37:05.460 3501 3501 D SST : setAndBroadcastNetworkSetTimeZone: setTimeZone=Europe/Berlin
02-26 21:37:05.465 3501 3501 D SST : setAndBroadcastNetworkSetTimeZone: call alarm.setTimeZone and broadcast zoneId=Europe/Berlin
02-26 21:37:05.466 3501 3501 D SST : shouldFixTimeZoneNow: retVal=false iccCardExist=true operatorNumeric=26201 mcc=262 prevOperatorNumeric=26201 prevMcc=262 needToFixTimeZone=false ltod=02-26 21:37:05.465
02-26 21:37:05.466 3501 3501 D TelephonyManager: setTelephonyProperty: success phoneId=0 property=gsm.operator.isroaming value: false propVal=false
02-26 21:37:05.468 3501 3501 D SST : Broadcasting ServiceState : 0 0 voice home data home Telekom.de Telekom.de 26201 Telekom.de Telekom.de 26201 Unknown UMTS CSS not supported -1 -1 RoamInd=-1 DefRoamInd=-1 EmergOnly=false IsDataRoamingFromRegistration=false IsUsingCarrierAggregation=false
02-26 21:37:05.468 3501 3501 D DefaultPhoneNotifier: nofityServiceState: mRegistry=com.android.internal.telephony.ITelephonyRegistry$Stub$Proxy@5825071 ss=0 0 voice home data home Telekom.de Telekom.de 26201 Telekom.de Telekom.de 26201 Unknown UMTS CSS not supported -1 -1 RoamInd=-1 DefRoamInd=-1 EmergOnly=false IsDataRoamingFromRegistration=false IsUsingCarrierAggregation=false sender=Handler (com.android.internal.telephony.GsmCdmaPhone) {5e17183} phondId=0 subId=1
02-26 21:37:05.486 3501 3501 D SST : notifyDataRegStateRilRadioTechnologyChanged: drs=0 rat=3
02-26 21:37:05.486 3501 3501 D TelephonyManager: setTelephonyProperty: success phoneId=0 property=gsm.network.type value: UMTS propVal=UMTS
02-26 21:37:05.488 3501 3501 D DCT : [0]get all active apn types
02-26 21:37:05.488 3501 3501 D SST : getCellLocation(): X good mCellLoc=[4281,463257,-1]
02-26 21:37:05.488 3501 3751 D DC-1 : DcInactiveState nothandled msg.what=EVENT_DATA_CONNECTION_DRS_OR_RAT_CHANGED
02-26 21:37:05.488 3501 3751 D DC-1 : DcDefault msg=EVENT_DATA_CONNECTION_DRS_OR_RAT_CHANGED RefCount=0
02-26 21:37:05.488 2432 4001 D TelephonyRegistry: notifyCellLocationForSubscriber: subId=1 cellLocation=Bundle[mParcelledData.dataSize=64]
02-26 21:37:05.489 3501 3751 D DC-1 : DcDefaultState: EVENT_DATA_CONNECTION_DRS_OR_RAT_CHANGED drs=0 mRilRat=3
02-26 21:37:05.506 3501 3514 D DCT : [0]getDataEnabled during provisioning retVal=true - (true, 1)
02-26 21:37:05.508 3501 3501 D DCT : [0]setupDataOnConnectableApns: nwTypeChanged dun:[state=IDLE,enabled=false] hipri:[state=IDLE,enabled=false] supl:[state=IDLE,enabled=false] default:[state=IDLE,enabled=false] mms:[state=IDLE,enabled=false]
02-26 21:37:14.432 2022 2370 E use-Rlog/RLOG-RIL: RX: Time: 2082750016 / 293082
02-26 21:37:14.432 2022 2370 E use-Rlog/RLOG-RIL: RX: M:IPC_DISP_CMD S:IPC_DISP_ICON_INFO T:IPC_CMD_NOTI l:b m:ff a:b8
02-26 21:37:14.432 2022 2370 E use-Rlog/RLOG-RIL: RX: FF 01 00 04
02-26 21:37:14.438 3501 3514 D DCT : [0]getDataEnabled during provisioning retVal=true - (true, 1)
02-26 21:37:17.006 3501 3768 D DCT : [0]getDataEnabled during provisioning retVal=true - (true, 1)
02-26 21:37:17.176 3501 3501 D DCT : [0]onTrySetupData: reason=dataEnabled
02-26 21:37:17.177 3501 3501 D DCT : [0]setupDataOnConnectableApns: dataEnabled dun:[state=IDLE,enabled=false] hipri:[state=IDLE,enabled=false] supl:[state=IDLE,enabled=false] default:[state=IDLE,enabled=false] mms:[state=IDLE,enabled=false]
02-26 21:37:28.200 3501 3736 D DCT : [0]hasMatchedTetherApnSetting: APN=null
02-26 21:37:29.241 3501 3501 D RILJ : [3841]> RIL_REQUEST_GET_ACTIVITY_INFO [SUB0]
02-26 21:37:36.117 2022 2370 E use-Rlog/RLOG-RIL: RX: Time: 2082771700 / 314766
02-26 21:37:36.117 2022 2370 E use-Rlog/RLOG-RIL: RX: M:IPC_NET_CMD S:IPC_NET_REGIST T:IPC_CMD_NOTI l:12 m:ff a:ff
02-26 21:37:36.117 2022 2370 E use-Rlog/RLOG-RIL: RX: 04 02 02 01 B9 10 98 11 07 00 00
02-26 21:37:36.117 2022 2370 E use-Rlog/RLOG-RIL: RX: Time: 2082771701 / 314767
02-26 21:37:36.117 2022 2370 E use-Rlog/RLOG-RIL: RX: M:IPC_NET_CMD S:IPC_NET_REGIST T:IPC_CMD_NOTI l:12 m:ff a:ff
02-26 21:37:36.117 2022 2370 E use-Rlog/RLOG-RIL: RX: 04 03 02 01 B9 10 98 11 07 00 00
02-26 21:37:36.118 3501 3729 D RILJ : [UNSL]< UNSOL_RESPONSE_VOICE_NETWORK_STATE_CHANGED [SUB0]
02-26 21:37:36.118 3501 3729 D RILJ : [UNSL]< UNSOL_RESPONSE_VOICE_NETWORK_STATE_CHANGED [SUB0]
02-26 21:37:36.119 3501 3501 D RILJ : [3842]> OPERATOR [SUB0]
02-26 21:37:36.120 3501 3501 D RILJ : [3843]> DATA_REGISTRATION_STATE [SUB0]
02-26 21:37:36.121 2022 2370 E use-Rlog/RLOG-RIL: TX: Time: 2082771705 / 314770
02-26 21:37:36.121 2022 2370 E use-Rlog/RLOG-RIL: TX: M:IPC_NET_CMD S:IPC_NET_SERVING_NETWORK T:IPC_CMD_GET l:7 m:b9 a:0
02-26 21:37:36.121 3501 3501 D RILJ : [3844]> VOICE_REGISTRATION_STATE [SUB0]
02-26 21:37:36.122 3501 3501 D RILJ : [3845]> QUERY_NETWORK_SELECTION_MODE [SUB0]
02-26 21:37:36.123 2022 2370 E use-Rlog/RLOG-RIL: RX: Time: 2082771707 / 314773
02-26 21:37:36.123 3501 3501 D RILJ : [3846]> OPERATOR [SUB0]
02-26 21:37:36.123 2022 2370 E use-Rlog/RLOG-RIL: RX: M:IPC_NET_CMD S:IPC_NET_SERVING_NETWORK T:IPC_CMD_RESP l:12 m:ff a:b9
02-26 21:37:36.124 2022 2370 E use-Rlog/RLOG-RIL: RX: 02 02 04 32 36 32 30 31 23 B9 10
02-26 21:37:36.124 2022 2370 E use-Rlog/RLOG-RIL: TX: Time: 2082771708 / 314774
02-26 21:37:36.124 2022 2370 E use-Rlog/RLOG-RIL: TX: M:IPC_NET_CMD S:IPC_NET_REGIST T:IPC_CMD_GET l:9 m:ba a:0
02-26 21:37:36.124 2022 2370 E use-Rlog/RLOG-RIL: TX: FF 03
02-26 21:37:36.125 3501 3501 D RILJ : [3847]> DATA_REGISTRATION_STATE [SUB0]
02-26 21:37:36.125 3501 3729 D RILJ : [3842]< OPERATOR {Telekom.de, Telekom.de, 26201} [SUB0]
02-26 21:37:36.126 2022 2370 E use-Rlog/RLOG-RIL: RX: Time: 2082771710 / 314776
02-26 21:37:36.126 2022 2370 E use-Rlog/RLOG-RIL: RX: M:IPC_NET_CMD S:IPC_NET_REGIST T:IPC_CMD_RESP l:12 m:ff a:ba
02-26 21:37:36.126 2022 2370 E use-Rlog/RLOG-RIL: RX: 04 03 02 01 B9 10 98 11 07 00 00
02-26 21:37:36.127 2022 2370 E use-Rlog/RLOG-RIL: TX: Time: 2082771711 / 314776
02-26 21:37:36.127 2022 2370 E use-Rlog/RLOG-RIL: TX: M:IPC_NET_CMD S:IPC_NET_REGIST T:IPC_CMD_GET l:9 m:bb a:0
02-26 21:37:36.127 3501 3501 D RILJ : [3848]> VOICE_REGISTRATION_STATE [SUB0]
02-26 21:37:36.127 2022 2370 E use-Rlog/RLOG-RIL: TX: FF 02
02-26 21:37:36.128 3501 3501 D RILJ : [3849]> QUERY_NETWORK_SELECTION_MODE [SUB0]
02-26 21:37:36.129 2022 2370 E use-Rlog/RLOG-RIL: RX: Time: 2082771713 / 314778
02-26 21:37:36.129 2022 2370 E use-Rlog/RLOG-RIL: RX: M:IPC_NET_CMD S:IPC_NET_REGIST T:IPC_CMD_RESP l:12 m:ff a:bb
02-26 21:37:36.129 2022 2370 E use-Rlog/RLOG-RIL: RX: 04 02 02 01 B9 10 98 11 07 00 00
02-26 21:37:36.129 2022 2370 E use-Rlog/RLOG-RIL: TX: Time: 2082771713 / 314779
02-26 21:37:36.129 2022 2370 E use-Rlog/RLOG-RIL: TX: M:IPC_NET_CMD S:IPC_NET_PLMN_SEL T:IPC_CMD_GET l:7 m:bc a:0
02-26 21:37:36.130 3501 3729 D RILJ : [3843]< DATA_REGISTRATION_STATE {1, 10b9, 00071198, 3} [SUB0]
02-26 21:37:36.130 2022 2370 E use-Rlog/RLOG-RIL: RX: Time: 2082771714 / 314780
02-26 21:37:36.130 2022 2370 E use-Rlog/RLOG-RIL: RX: M:IPC_NET_CMD S:IPC_NET_PLMN_SEL T:IPC_CMD_RESP l:8 m:ff a:bc
02-26 21:37:36.131 2022 2370 E use-Rlog/RLOG-RIL: RX: 02
02-26 21:37:36.131 2022 2370 E use-Rlog/RLOG-RIL: TX: Time: 2082771715 / 314780
02-26 21:37:36.131 3501 3729 D RILJ : [3844]< VOICE_REGISTRATION_STATE {1, 10b9, 00071198} [SUB0]
02-26 21:37:36.131 2022 2370 E use-Rlog/RLOG-RIL: TX: M:IPC_NET_CMD S:IPC_NET_SERVING_NETWORK T:IPC_CMD_GET l:7 m:bd a:0
02-26 21:37:36.131 3501 3729 D RILJ : [3845]< QUERY_NETWORK_SELECTION_MODE {0} [SUB0]
02-26 21:37:36.131 3501 3501 D SST : EVENT_POLL_STATE_NETWORK_SELECTION_MODE
02-26 21:37:36.132 2022 2370 E use-Rlog/RLOG-RIL: RX: Time: 2082771716 / 314782
02-26 21:37:36.132 2022 2370 E use-Rlog/RLOG-RIL: RX: M:IPC_NET_CMD S:IPC_NET_SERVING_NETWORK T:IPC_CMD_RESP l:12 m:ff a:bd
02-26 21:37:36.132 2022 2370 E use-Rlog/RLOG-RIL: RX: 02 02 04 32 36 32 30 31 23 B9 10
02-26 21:37:36.132 2022 2370 E use-Rlog/RLOG-RIL: TX: Time: 2082771716 / 314782
02-26 21:37:36.132 2022 2370 E use-Rlog/RLOG-RIL: TX: M:IPC_NET_CMD S:IPC_NET_REGIST T:IPC_CMD_GET l:9 m:be a:0
02-26 21:37:36.133 2022 2370 E use-Rlog/RLOG-RIL: TX: FF 03
02-26 21:37:36.133 3501 3729 D RILJ : [3846]< OPERATOR {Telekom.de, Telekom.de, 26201} [SUB0]
02-26 21:37:36.134 2022 2370 E use-Rlog/RLOG-RIL: RX: Time: 2082771718 / 314784
02-26 21:37:36.134 2022 2370 E use-Rlog/RLOG-RIL: RX: M:IPC_NET_CMD S:IPC_NET_REGIST T:IPC_CMD_RESP l:12 m:ff a:be
02-26 21:37:36.134 2022 2370 E use-Rlog/RLOG-RIL: RX: 04 03 02 01 B9 10 98 11 07 00 00
02-26 21:37:36.135 2022 2370 E use-Rlog/RLOG-RIL: TX: Time: 2082771719 / 314784
02-26 21:37:36.135 2022 2370 E use-Rlog/RLOG-RIL: TX: M:IPC_NET_CMD S:IPC_NET_REGIST T:IPC_CMD_GET l:9 m:bf a:0
02-26 21:37:36.135 2022 2370 E use-Rlog/RLOG-RIL: TX: FF 02
02-26 21:37:36.135 3501 3729 D RILJ : [3847]< DATA_REGISTRATION_STATE {1, 10b9, 00071198, 3} [SUB0]
02-26 21:37:36.135 3501 3501 D SST : handlPollStateResultMessage: GsmSST setDataRegState=0 regState=1 dataRadioTechnology=3
02-26 21:37:36.136 2022 2370 E use-Rlog/RLOG-RIL: RX: Time: 2082771720 / 314786
02-26 21:37:36.136 2022 2370 E use-Rlog/RLOG-RIL: RX: M:IPC_NET_CMD S:IPC_NET_REGIST T:IPC_CMD_RESP l:12 m:ff a:bf
02-26 21:37:36.137 2022 2370 E use-Rlog/RLOG-RIL: RX: 04 02 02 01 B9 10 98 11 07 00 00
02-26 21:37:36.137 2022 2370 E use-Rlog/RLOG-RIL: TX: Time: 2082771721 / 314786
02-26 21:37:36.137 2022 2370 E use-Rlog/RLOG-RIL: TX: M:IPC_NET_CMD S:IPC_NET_PLMN_SEL T:IPC_CMD_GET l:7 m:c0 a:0
02-26 21:37:36.137 3501 3729 D RILJ : [3848]< VOICE_REGISTRATION_STATE {1, 10b9, 00071198} [SUB0]
02-26 21:37:36.138 2022 2370 E use-Rlog/RLOG-RIL: RX: Time: 2082771722 / 314788
02-26 21:37:36.138 2022 2370 E use-Rlog/RLOG-RIL: RX: M:IPC_NET_CMD S:IPC_NET_PLMN_SEL T:IPC_CMD_RESP l:8 m:ff a:c0
02-26 21:37:36.138 2022 2370 E use-Rlog/RLOG-RIL: RX: 02
02-26 21:37:36.139 3501 3729 D RILJ : [3849]< QUERY_NETWORK_SELECTION_MODE {0} [SUB0]
02-26 21:37:36.139 3501 3501 D SST : EVENT_POLL_STATE_NETWORK_SELECTION_MODE
02-26 21:37:36.141 3501 3501 D SST : Poll ServiceState done: oldSS=[0 0 voice home data home Telekom.de Telekom.de 26201 Telekom.de Telekom.de 26201 Unknown UMTS CSS not supported -1 -1 RoamInd=-1 DefRoamInd=-1 EmergOnly=false IsDataRoamingFromRegistration=false IsUsingCarrierAggregation=false] newSS=[0 0 voice home data home Telekom.de Telekom.de 26201 Telekom.de Telekom.de 26201 Unknown UMTS CSS not supported -1 -1 RoamInd=-1 DefRoamInd=-1 EmergOnly=false IsDataRoamingFromRegistration=false IsUsingCarrierAggregation=false] oldMaxDataCalls=1 mNewMaxDataCalls=1 oldReasonDataDenied=-1 mNewReasonDataDenied=-1
02-26 21:37:36.142 3501 3501 D SST : getCellLocation(): X good mCellLoc=[4281,463256,-1]
02-26 21:37:36.142 2432 2482 D TelephonyRegistry: notifyCellLocationForSubscriber: subId=1 cellLocation=Bundle[mParcelledData.dataSize=64]
02-26 21:37:38.184 3501 3501 D RILJ : [3850]> RIL_REQUEST_GET_ACTIVITY_INFO [SUB0]
02-26 21:37:38.668 2022 2370 E use-Rlog/RLOG-RIL: RX: Time: 2082774252 / 317318
02-26 21:37:38.668 2022 2370 E use-Rlog/RLOG-RIL: RX: M:IPC_NET_CMD S:IPC_NET_REGIST T:IPC_CMD_NOTI l:12 m:ff a:ff
02-26 21:37:38.668 2022 2370 E use-Rlog/RLOG-RIL: RX: 04 02 02 01 B9 10 01 72 07 00 00
02-26 21:37:38.669 2022 2370 E use-Rlog/RLOG-RIL: RX: Time: 2082774253 / 317319
02-26 21:37:38.669 2022 2370 E use-Rlog/RLOG-RIL: RX: M:IPC_NET_CMD S:IPC_NET_REGIST T:IPC_CMD_NOTI l:12 m:ff a:ff
02-26 21:37:38.669 2022 2370 E use-Rlog/RLOG-RIL: RX: 04 03 02 01 B9 10 01 72 07 00 00
02-26 21:37:38.671 3501 3729 D RILJ : [UNSL]< UNSOL_RESPONSE_VOICE_NETWORK_STATE_CHANGED [SUB0]
02-26 21:37:38.672 3501 3501 D RILJ : [3851]> OPERATOR [SUB0]
02-26 21:37:38.675 3501 3729 D RILJ : [UNSL]< UNSOL_RESPONSE_VOICE_NETWORK_STATE_CHANGED [SUB0]
02-26 21:37:38.675 3501 3501 D RILJ : [3852]> DATA_REGISTRATION_STATE [SUB0]
02-26 21:37:38.677 2022 2370 E use-Rlog/RLOG-RIL: TX: Time: 2082774261 / 317327
