02-26 21:37:38.678 2022 2370 E use-Rlog/RLOG-RIL: TX: M:IPC_NET_CMD S:IPC_NET_SERVING_NETWORK T:IPC_CMD_GET l:7 m:c1 a:0
02-26 21:37:38.679 3501 3501 D RILJ : [3853]> VOICE_REGISTRATION_STATE [SUB0]
02-26 21:37:38.680 2022 2370 E use-Rlog/RLOG-RIL: RX: Time: 2082774264 / 317330
02-26 21:37:38.681 2022 2370 E use-Rlog/RLOG-RIL: RX: M:IPC_NET_CMD S:IPC_NET_SERVING_NETWORK T:IPC_CMD_RESP l:12 m:ff a:c1
02-26 21:37:38.681 2022 2370 E use-Rlog/RLOG-RIL: RX: 02 02 04 32 36 32 30 31 23 B9 10
02-26 21:37:38.681 2022 2370 E use-Rlog/RLOG-RIL: TX: Time: 2082774265 / 317331
02-26 21:37:38.682 2022 2370 E use-Rlog/RLOG-RIL: TX: M:IPC_NET_CMD S:IPC_NET_REGIST T:IPC_CMD_GET l:9 m:c2 a:0
02-26 21:37:38.682 2022 2370 E use-Rlog/RLOG-RIL: TX: FF 03
02-26 21:37:38.683 3501 3729 D RILJ : [3851]< OPERATOR {Telekom.de, Telekom.de, 26201} [SUB0]
02-26 21:37:38.684 3501 3501 D RILJ : [3854]> QUERY_NETWORK_SELECTION_MODE [SUB0]
02-26 21:37:38.687 2022 2370 E use-Rlog/RLOG-RIL: RX: Time: 2082774271 / 317336
02-26 21:37:38.687 2022 2370 E use-Rlog/RLOG-RIL: RX: M:IPC_NET_CMD S:IPC_NET_REGIST T:IPC_CMD_RESP l:12 m:ff a:c2
02-26 21:37:38.687 2022 2370 E use-Rlog/RLOG-RIL: RX: 04 03 02 01 B9 10 01 72 07 00 00
02-26 21:37:38.687 3501 3501 D RILJ : [3855]> OPERATOR [SUB0]
02-26 21:37:38.688 2022 2370 E use-Rlog/RLOG-RIL: TX: Time: 2082774272 / 317337
02-26 21:37:38.688 2022 2370 E use-Rlog/RLOG-RIL: TX: M:IPC_NET_CMD S:IPC_NET_REGIST T:IPC_CMD_GET l:9 m:c3 a:0
02-26 21:37:38.688 2022 2370 E use-Rlog/RLOG-RIL: TX: FF 02
02-26 21:37:38.689 3501 3729 D RILJ : [3852]< DATA_REGISTRATION_STATE {1, 10b9, 00077201, 3} [SUB0]
02-26 21:37:38.692 3501 3501 D RILJ : [3856]> DATA_REGISTRATION_STATE [SUB0]
02-26 21:37:38.694 2022 2370 E use-Rlog/RLOG-RIL: RX: Time: 2082774278 / 317344
02-26 21:37:38.694 2022 2370 E use-Rlog/RLOG-RIL: RX: M:IPC_NET_CMD S:IPC_NET_REGIST T:IPC_CMD_RESP l:12 m:ff a:c3
02-26 21:37:38.694 2022 2370 E use-Rlog/RLOG-RIL: RX: 04 02 02 01 B9 10 01 72 07 00 00
02-26 21:37:38.695 2022 2370 E use-Rlog/RLOG-RIL: TX: Time: 2082774279 / 317345
02-26 21:37:38.695 2022 2370 E use-Rlog/RLOG-RIL: TX: M:IPC_NET_CMD S:IPC_NET_PLMN_SEL T:IPC_CMD_GET l:7 m:c4 a:0
02-26 21:37:38.696 3501 3729 D RILJ : [3853]< VOICE_REGISTRATION_STATE {1, 10b9, 00077201} [SUB0]
02-26 21:37:38.698 2022 2370 E use-Rlog/RLOG-RIL: RX: Time: 2082774281 / 317347
02-26 21:37:38.698 2022 2370 E use-Rlog/RLOG-RIL: RX: M:IPC_NET_CMD S:IPC_NET_PLMN_SEL T:IPC_CMD_RESP l:8 m:ff a:c4
02-26 21:37:38.698 2022 2370 E use-Rlog/RLOG-RIL: RX: 02
02-26 21:37:38.699 2022 2370 E use-Rlog/RLOG-RIL: TX: Time: 2082774282 / 317348
02-26 21:37:38.699 2022 2370 E use-Rlog/RLOG-RIL: TX: M:IPC_NET_CMD S:IPC_NET_SERVING_NETWORK T:IPC_CMD_GET l:7 m:c5 a:0
02-26 21:37:38.699 3501 3501 D RILJ : [3857]> VOICE_REGISTRATION_STATE [SUB0]
02-26 21:37:38.699 3501 3729 D RILJ : [3854]< QUERY_NETWORK_SELECTION_MODE {0} [SUB0]
02-26 21:37:38.701 2022 2370 E use-Rlog/RLOG-RIL: RX: Time: 2082774285 / 317351
02-26 21:37:38.702 2022 2370 E use-Rlog/RLOG-RIL: RX: M:IPC_NET_CMD S:IPC_NET_SERVING_NETWORK T:IPC_CMD_RESP l:12 m:ff a:c5
02-26 21:37:38.702 2022 2370 E use-Rlog/RLOG-RIL: RX: 02 02 04 32 36 32 30 31 23 B9 10
02-26 21:37:38.702 2022 2370 E use-Rlog/RLOG-RIL: TX: Time: 2082774286 / 317352
02-26 21:37:38.703 2022 2370 E use-Rlog/RLOG-RIL: TX: M:IPC_NET_CMD S:IPC_NET_REGIST T:IPC_CMD_GET l:9 m:c6 a:0
02-26 21:37:38.703 2022 2370 E use-Rlog/RLOG-RIL: TX: FF 03
02-26 21:37:38.704 3501 3501 D RILJ : [3858]> QUERY_NETWORK_SELECTION_MODE [SUB0]
02-26 21:37:38.707 3501 3729 D RILJ : [3855]< OPERATOR {Telekom.de, Telekom.de, 26201} [SUB0]
02-26 21:37:38.707 2022 2370 E use-Rlog/RLOG-RIL: RX: Time: 2082774291 / 317357
02-26 21:37:38.707 2022 2370 E use-Rlog/RLOG-RIL: RX: M:IPC_NET_CMD S:IPC_NET_REGIST T:IPC_CMD_RESP l:12 m:ff a:c6
02-26 21:37:38.708 2022 2370 E use-Rlog/RLOG-RIL: RX: 04 03 02 01 B9 10 01 72 07 00 00
02-26 21:37:38.708 3501 3501 D SST : EVENT_POLL_STATE_NETWORK_SELECTION_MODE
02-26 21:37:38.708 2022 2370 E use-Rlog/RLOG-RIL: TX: Time: 2082774292 / 317358
02-26 21:37:38.708 2022 2370 E use-Rlog/RLOG-RIL: TX: M:IPC_NET_CMD S:IPC_NET_REGIST T:IPC_CMD_GET l:9 m:c7 a:0
02-26 21:37:38.709 2022 2370 E use-Rlog/RLOG-RIL: TX: FF 02
02-26 21:37:38.711 3501 3729 D RILJ : [3856]< DATA_REGISTRATION_STATE {1, 10b9, 00077201, 3} [SUB0]
02-26 21:37:38.712 3501 3501 D SST : handlPollStateResultMessage: GsmSST setDataRegState=0 regState=1 dataRadioTechnology=3
02-26 21:37:38.712 2022 2370 E use-Rlog/RLOG-RIL: RX: Time: 2082774296 / 317362
02-26 21:37:38.712 2022 2370 E use-Rlog/RLOG-RIL: RX: M:IPC_NET_CMD S:IPC_NET_REGIST T:IPC_CMD_RESP l:12 m:ff a:c7
02-26 21:37:38.713 2022 2370 E use-Rlog/RLOG-RIL: RX: 04 02 02 01 B9 10 01 72 07 00 00
02-26 21:37:38.713 2022 2370 E use-Rlog/RLOG-RIL: TX: Time: 2082774297 / 317363
02-26 21:37:38.713 2022 2370 E use-Rlog/RLOG-RIL: TX: M:IPC_NET_CMD S:IPC_NET_PLMN_SEL T:IPC_CMD_GET l:7 m:c8 a:0
02-26 21:37:38.715 2022 2370 E use-Rlog/RLOG-RIL: RX: Time: 2082774299 / 317365
02-26 21:37:38.715 2022 2370 E use-Rlog/RLOG-RIL: RX: M:IPC_NET_CMD S:IPC_NET_PLMN_SEL T:IPC_CMD_RESP l:8 m:ff a:c8
02-26 21:37:38.716 2022 2370 E use-Rlog/RLOG-RIL: RX: 02
02-26 21:37:38.717 3501 3729 D RILJ : [3857]< VOICE_REGISTRATION_STATE {1, 10b9, 00077201} [SUB0]
02-26 21:37:38.718 3501 3729 D RILJ : [3858]< QUERY_NETWORK_SELECTION_MODE {0} [SUB0]
02-26 21:37:38.719 3501 3501 D SST : EVENT_POLL_STATE_NETWORK_SELECTION_MODE
02-26 21:37:38.725 3501 3501 D SST : Poll ServiceState done: oldSS=[0 0 voice home data home Telekom.de Telekom.de 26201 Telekom.de Telekom.de 26201 Unknown UMTS CSS not supported -1 -1 RoamInd=-1 DefRoamInd=-1 EmergOnly=false IsDataRoamingFromRegistration=false IsUsingCarrierAggregation=false] newSS=[0 0 voice home data home Telekom.de Telekom.de 26201 Telekom.de Telekom.de 26201 Unknown UMTS CSS not supported -1 -1 RoamInd=-1 DefRoamInd=-1 EmergOnly=false IsDataRoamingFromRegistration=false IsUsingCarrierAggregation=false] oldMaxDataCalls=1 mNewMaxDataCalls=1 oldReasonDataDenied=-1 mNewReasonDataDenied=-1
02-26 21:37:38.726 3501 3501 D SST : getCellLocation(): X good mCellLoc=[4281,487937,-1]
02-26 21:37:38.727 2432 3264 D TelephonyRegistry: notifyCellLocationForSubscriber: subId=1 cellLocation=Bundle[mParcelledData.dataSize=64]
02-26 21:37:40.237 3501 3514 D DCT : [0]hasMatchedTetherApnSetting: APN=null
02-26 21:37:40.878 3501 3501 D RILJ : [3859]> RIL_REQUEST_GET_ACTIVITY_INFO [SUB0]
02-26 21:37:41.538 2022 2370 E use-Rlog/RLOG-RIL: RX: Time: 2082777122 / 320187
02-26 21:37:41.538 2022 2370 E use-Rlog/RLOG-RIL: RX: M:IPC_DISP_CMD S:IPC_DISP_ICON_INFO T:IPC_CMD_NOTI l:b m:ff a:c8
02-26 21:37:41.538 2022 2370 E use-Rlog/RLOG-RIL: RX: FF 02 00 04
02-26 21:37:44.642 3501 3501 D RILJ : [3860]> RIL_REQUEST_GET_ACTIVITY_INFO [SUB0]
02-26 21:37:45.209 3501 3514 D DCT : [0]hasMatchedTetherApnSetting: APN=null
02-26 21:37:46.347 2022 2370 E use-Rlog/RLOG-RIL: RX: Time: 2082781931 / 324997
02-26 21:37:46.347 2022 2370 E use-Rlog/RLOG-RIL: RX: M:IPC_NET_CMD S:IPC_NET_REGIST T:IPC_CMD_NOTI l:12 m:ff a:ff
02-26 21:37:46.348 2022 2370 E use-Rlog/RLOG-RIL: RX: 04 02 02 01 B9 10 98 11 07 00 00
02-26 21:37:46.348 2022 2370 E use-Rlog/RLOG-RIL: RX: Time: 2082781932 / 324998
02-26 21:37:46.348 2022 2370 E use-Rlog/RLOG-RIL: RX: M:IPC_NET_CMD S:IPC_NET_REGIST T:IPC_CMD_NOTI l:12 m:ff a:ff
02-26 21:37:46.349 2022 2370 E use-Rlog/RLOG-RIL: RX: 04 03 02 01 B9 10 98 11 07 00 00
02-26 21:37:46.349 3501 3729 D RILJ : [UNSL]< UNSOL_RESPONSE_VOICE_NETWORK_STATE_CHANGED [SUB0]
02-26 21:37:46.350 3501 3501 D RILJ : [3861]> OPERATOR [SUB0]
02-26 21:37:46.350 3501 3729 D RILJ : [UNSL]< UNSOL_RESPONSE_VOICE_NETWORK_STATE_CHANGED [SUB0]
02-26 21:37:46.352 3501 3501 D RILJ : [3862]> DATA_REGISTRATION_STATE [SUB0]
02-26 21:37:46.353 2022 2370 E use-Rlog/RLOG-RIL: TX: Time: 2082781937 / 325003
02-26 21:37:46.354 2022 2370 E use-Rlog/RLOG-RIL: TX: M:IPC_NET_CMD S:IPC_NET_SERVING_NETWORK T:IPC_CMD_GET l:7 m:c9 a:0
02-26 21:37:46.355 3501 3501 D RILJ : [3863]> VOICE_REGISTRATION_STATE [SUB0]
02-26 21:37:46.357 2022 2370 E use-Rlog/RLOG-RIL: RX: Time: 2082781941 / 325006
02-26 21:37:46.357 2022 2370 E use-Rlog/RLOG-RIL: RX: M:IPC_NET_CMD S:IPC_NET_SERVING_NETWORK T:IPC_CMD_RESP l:12 m:ff a:c9
02-26 21:37:46.357 2022 2370 E use-Rlog/RLOG-RIL: RX: 02 02 04 32 36 32 30 31 23 B9 10
02-26 21:37:46.358 3501 3501 D RILJ : [3864]> QUERY_NETWORK_SELECTION_MODE [SUB0]
02-26 21:37:46.358 2022 2370 E use-Rlog/RLOG-RIL: TX: Time: 2082781942 / 325007
02-26 21:37:46.358 2022 2370 E use-Rlog/RLOG-RIL: TX: M:IPC_NET_CMD S:IPC_NET_REGIST T:IPC_CMD_GET l:9 m:ca a:0
02-26 21:37:46.358 2022 2370 E use-Rlog/RLOG-RIL: TX: FF 03
02-26 21:37:46.359 3501 3729 D RILJ : [3861]< OPERATOR {Telekom.de, Telekom.de, 26201} [SUB0]
02-26 21:37:46.362 3501 3501 D RILJ : [3865]> OPERATOR [SUB0]
02-26 21:37:46.362 2022 2370 E use-Rlog/RLOG-RIL: RX: Time: 2082781946 / 325012
02-26 21:37:46.362 2022 2370 E use-Rlog/RLOG-RIL: RX: M:IPC_NET_CMD S:IPC_NET_REGIST T:IPC_CMD_RESP l:12 m:ff a:ca
02-26 21:37:46.362 2022 2370 E use-Rlog/RLOG-RIL: RX: 04 03 02 01 B9 10 98 11 07 00 00
02-26 21:37:46.367 3501 3501 D RILJ : [3866]> DATA_REGISTRATION_STATE [SUB0]
02-26 21:37:46.370 3501 3501 D RILJ : [3867]> VOICE_REGISTRATION_STATE [SUB0]
02-26 21:37:46.370 3501 3729 D RILJ : [3862]< DATA_REGISTRATION_STATE {1, 10b9, 00071198, 3} [SUB0]
02-26 21:37:46.371 2022 2370 E use-Rlog/RLOG-RIL: TX: Time: 2082781955 / 325021
02-26 21:37:46.371 2022 2370 E use-Rlog/RLOG-RIL: TX: M:IPC_NET_CMD S:IPC_NET_REGIST T:IPC_CMD_GET l:9 m:cb a:0
02-26 21:37:46.372 2022 2370 E use-Rlog/RLOG-RIL: TX: FF 02
02-26 21:37:46.372 2022 2370 E use-Rlog/RLOG-RIL: RX: Time: 2082781956 / 325022
02-26 21:37:46.372 2022 2370 E use-Rlog/RLOG-RIL: RX: M:IPC_NET_CMD S:IPC_NET_REGIST T:IPC_CMD_RESP l:12 m:ff a:cb
02-26 21:37:46.372 2022 2370 E use-Rlog/RLOG-RIL: RX: 04 02 02 01 B9 10 98 11 07 00 00
02-26 21:37:46.373 2022 2370 E use-Rlog/RLOG-RIL: TX: Time: 2082781957 / 325023
02-26 21:37:46.373 3501 3501 D RILJ : [3868]> QUERY_NETWORK_SELECTION_MODE [SUB0]
02-26 21:37:46.373 2022 2370 E use-Rlog/RLOG-RIL: TX: M:IPC_NET_CMD S:IPC_NET_PLMN_SEL T:IPC_CMD_GET l:7 m:cc a:0
02-26 21:37:46.378 2022 2370 E use-Rlog/RLOG-RIL: RX: Time: 2082781961 / 325027
02-26 21:37:46.378 2022 2370 E use-Rlog/RLOG-RIL: RX: M:IPC_NET_CMD S:IPC_NET_PLMN_SEL T:IPC_CMD_RESP l:8 m:ff a:cc
02-26 21:37:46.378 2022 2370 E use-Rlog/RLOG-RIL: RX: 02
02-26 21:37:46.378 2022 2370 E use-Rlog/RLOG-RIL: TX: Time: 2082781962 / 325028
02-26 21:37:46.378 2022 2370 E use-Rlog/RLOG-RIL: TX: M:IPC_NET_CMD S:IPC_NET_SERVING_NETWORK T:IPC_CMD_GET l:7 m:cd a:0
02-26 21:37:46.380 3501 3729 D RILJ : [3863]< VOICE_REGISTRATION_STATE {1, 10b9, 00071198} [SUB0]
02-26 21:37:46.381 3501 3729 D RILJ : [3864]< QUERY_NETWORK_SELECTION_MODE {0} [SUB0]
02-26 21:37:46.382 2022 2370 E use-Rlog/RLOG-RIL: RX: Time: 2082781966 / 325031
02-26 21:37:46.382 2022 2370 E use-Rlog/RLOG-RIL: RX: M:IPC_NET_CMD S:IPC_NET_SERVING_NETWORK T:IPC_CMD_RESP l:12 m:ff a:cd
02-26 21:37:46.382 3501 3501 D SST : EVENT_POLL_STATE_NETWORK_SELECTION_MODE
02-26 21:37:46.382 2022 2370 E use-Rlog/RLOG-RIL: RX: 02 02 04 32 36 32 30 31 23 B9 10
02-26 21:37:46.383 2022 2370 E use-Rlog/RLOG-RIL: TX: Time: 2082781967 / 325032
02-26 21:37:46.383 2022 2370 E use-Rlog/RLOG-RIL: TX: M:IPC_NET_CMD S:IPC_NET_REGIST T:IPC_CMD_GET l:9 m:ce a:0
02-26 21:37:46.383 2022 2370 E use-Rlog/RLOG-RIL: TX: FF 03
02-26 21:37:46.384 3501 3729 D RILJ : [3865]< OPERATOR {Telekom.de, Telekom.de, 26201} [SUB0]
02-26 21:37:46.385 2022 2370 E use-Rlog/RLOG-RIL: RX: Time: 2082781969 / 325035
02-26 21:37:46.386 2022 2370 E use-Rlog/RLOG-RIL: RX: M:IPC_NET_CMD S:IPC_NET_REGIST T:IPC_CMD_RESP l:12 m:ff a:ce
02-26 21:37:46.386 2022 2370 E use-Rlog/RLOG-RIL: RX: 04 03 02 01 B9 10 98 11 07 00 00
02-26 21:37:46.387 2022 2370 E use-Rlog/RLOG-RIL: TX: Time: 2082781970 / 325036
02-26 21:37:46.387 2022 2370 E use-Rlog/RLOG-RIL: TX: M:IPC_NET_CMD S:IPC_NET_REGIST T:IPC_CMD_GET l:9 m:cf a:0
02-26 21:37:46.387 2022 2370 E use-Rlog/RLOG-RIL: TX: FF 02
02-26 21:37:46.388 2022 2370 E use-Rlog/RLOG-RIL: RX: Time: 2082781972 / 325038
02-26 21:37:46.388 2022 2370 E use-Rlog/RLOG-RIL: RX: M:IPC_NET_CMD S:IPC_NET_REGIST T:IPC_CMD_RESP l:12 m:ff a:cf
02-26 21:37:46.388 2022 2370 E use-Rlog/RLOG-RIL: RX: 04 02 02 01 B9 10 98 11 07 00 00
02-26 21:37:46.389 2022 2370 E use-Rlog/RLOG-RIL: TX: Time: 2082781973 / 325039
02-26 21:37:46.389 2022 2370 E use-Rlog/RLOG-RIL: TX: M:IPC_NET_CMD S:IPC_NET_PLMN_SEL T:IPC_CMD_GET l:7 m:d0 a:0
02-26 21:37:46.389 3501 3729 D RILJ : [3866]< DATA_REGISTRATION_STATE {1, 10b9, 00071198, 3} [SUB0]
02-26 21:37:46.391 3501 3501 D SST : handlPollStateResultMessage: GsmSST setDataRegState=0 regState=1 dataRadioTechnology=3
02-26 21:37:46.391 3501 3729 D RILJ : [3867]< VOICE_REGISTRATION_STATE {1, 10b9, 00071198} [SUB0]
02-26 21:37:46.391 2022 2370 E use-Rlog/RLOG-RIL: RX: Time: 2082781975 / 325041
02-26 21:37:46.391 2022 2370 E use-Rlog/RLOG-RIL: RX: M:IPC_NET_CMD S:IPC_NET_PLMN_SEL T:IPC_CMD_RESP l:8 m:ff a:d0
02-26 21:37:46.392 2022 2370 E use-Rlog/RLOG-RIL: RX: 02
02-26 21:37:46.394 3501 3729 D RILJ : [3868]< QUERY_NETWORK_SELECTION_MODE {0} [SUB0]
02-26 21:37:46.395 3501 3501 D SST : EVENT_POLL_STATE_NETWORK_SELECTION_MODE
02-26 21:37:46.401 3501 3501 D SST : Poll ServiceState done: oldSS=[0 0 voice home data home Telekom.de Telekom.de 26201 Telekom.de Telekom.de 26201 Unknown UMTS CSS not supported -1 -1 RoamInd=-1 DefRoamInd=-1 EmergOnly=false IsDataRoamingFromRegistration=false IsUsingCarrierAggregation=false] newSS=[0 0 voice home data home Telekom.de Telekom.de 26201 Telekom.de Telekom.de 26201 Unknown UMTS CSS not supported -1 -1 RoamInd=-1 DefRoamInd=-1 EmergOnly=false IsDataRoamingFromRegistration=false IsUsingCarrierAggregation=false] oldMaxDataCalls=1 mNewMaxDataCalls=1 oldReasonDataDenied=-1 mNewReasonDataDenied=-1
02-26 21:37:46.402 3501 3501 D SST : getCellLocation(): X good mCellLoc=[4281,463256,-1]
02-26 21:37:46.403 2432 3950 D TelephonyRegistry: notifyCellLocationForSubscriber: subId=1 cellLocation=Bundle[mParcelledData.dataSize=64]
02-26 21:37:46.728 3501 3501 D RILJ : [3869]> RIL_REQUEST_GET_ACTIVITY_INFO [SUB0]
02-26 21:37:51.558 2022 2370 E use-Rlog/RLOG-RIL: RX: Time: 2082787142 / 330208
02-26 21:37:51.558 2022 2370 E use-Rlog/RLOG-RIL: RX: M:IPC_DISP_CMD S:IPC_DISP_ICON_INFO T:IPC_CMD_NOTI l:b m:ff a:d0
02-26 21:37:51.558 2022 2370 E use-Rlog/RLOG-RIL: RX: FF 03 00 04
02-26 21:38:16.266 3501 3501 D DCT : [0]screen on
02-26 21:38:16.266 3501 3501 D DCT : [0]stopNetStatPoll
02-26 21:38:16.313 3501 3501 D DCT : [0]screen off
02-26 21:38:16.314 3501 3501 D DCT : [0]stopNetStatPoll
02-26 21:38:46.734 3501 3728 D RILJ : NOTE: mWakeLockCount is 5at time of clearing
02-26 21:38:46.739 3501 3728 D RILJ : WAKE_LOCK_TIMEOUT mRequestList=5
02-26 21:38:46.739 3501 3728 D RILJ : 0: [23] RIL_REQUEST_IMS_REGISTRATION_STATE
02-26 21:38:46.739 3501 3728 D RILJ : 1: [92] RIL_REQUEST_SET_INITIAL_ATTACH_APN
02-26 21:38:46.740 3501 3728 D RILJ : 2: [95] RIL_REQUEST_SET_INITIAL_ATTACH_APN
02-26 21:38:46.740 3501 3728 D RILJ : 3: [96] RIL_REQUEST_ALLOW_DATA
02-26 21:38:46.740 3501 3728 D RILJ : 4: [126] RIL_REQUEST_CDMA_SET_BROADCAST_CONFIG
02-26 21:39:20.965 3501 3501 D RILJ : [3870]> RIL_REQUEST_GET_ACTIVITY_INFO [SUB0]
02-26 21:41:03.232 3501 3501 D DCT : [0]screen on
02-26 21:41:03.232 3501 3501 D DCT : [0]stopNetStatPoll
02-26 21:41:04.108 2022 2370 E use-Rlog/RLOG-RIL: RX: Time: 2082979692 / 522757
02-26 21:41:04.108 2022 2370 E use-Rlog/RLOG-RIL: RX: M:IPC_NET_CMD S:IPC_NET_REGIST T:IPC_CMD_NOTI l:12 m:ff a:ff
02-26 21:41:04.108 2022 2370 E use-Rlog/RLOG-RIL: RX: 04 02 02 01 B9 10 01 72 07 00 00
02-26 21:41:04.109 2022 2370 E use-Rlog/RLOG-RIL: RX: Time: 2082979693 / 522758
02-26 21:41:04.109 2022 2370 E use-Rlog/RLOG-RIL: RX: M:IPC_NET_CMD S:IPC_NET_REGIST T:IPC_CMD_NOTI l:12 m:ff a:ff
02-26 21:41:04.109 2022 2370 E use-Rlog/RLOG-RIL: RX: 04 03 02 01 B9 10 01 72 07 00 00
02-26 21:41:04.111 3501 3729 D RILJ : [UNSL]< UNSOL_RESPONSE_VOICE_NETWORK_STATE_CHANGED [SUB0]
02-26 21:41:04.113 3501 3729 D RILJ : [UNSL]< UNSOL_RESPONSE_VOICE_NETWORK_STATE_CHANGED [SUB0]
02-26 21:41:04.114 3501 3501 D RILJ : [3871]> OPERATOR [SUB0]
02-26 21:41:04.119 3501 3501 D RILJ : [3872]> DATA_REGISTRATION_STATE [SUB0]
02-26 21:41:04.122 2022 2370 E use-Rlog/RLOG-RIL: TX: Time: 2082979706 / 522771
02-26 21:41:04.122 2022 2370 E use-Rlog/RLOG-RIL: TX: M:IPC_NET_CMD S:IPC_NET_SERVING_NETWORK T:IPC_CMD_GET l:7 m:d1 a:0
02-26 21:41:04.126 2022 2370 E use-Rlog/RLOG-RIL: RX: Time: 2082979709 / 522775
02-26 21:41:04.126 2022 2370 E use-Rlog/RLOG-RIL: RX: M:IPC_NET_CMD S:IPC_NET_SERVING_NETWORK T:IPC_CMD_RESP l:12 m:ff a:d1
02-26 21:41:04.126 2022 2370 E use-Rlog/RLOG-RIL: RX: 02 02 04 32 36 32 30 31 23 B9 10
02-26 21:41:04.129 3501 3501 D RILJ : [3873]> VOICE_REGISTRATION_STATE [SUB0]
02-26 21:41:04.133 3501 3501 D RILJ : [3874]> QUERY_NETWORK_SELECTION_MODE [SUB0]
02-26 21:41:04.137 3501 3729 D RILJ : [3871]< OPERATOR {Telekom.de, Telekom.de, 26201} [SUB0]
02-26 21:41:04.139 2022 2370 E use-Rlog/RLOG-RIL: TX: Time: 2082979723 / 522788
02-26 21:41:04.139 2022 2370 E use-Rlog/RLOG-RIL: TX: M:IPC_NET_CMD S:IPC_NET_REGIST T:IPC_CMD_GET l:9 m:d2 a:0
02-26 21:41:04.139 2022 2370 E use-Rlog/RLOG-RIL: TX: FF 03
02-26 21:41:04.141 2022 2370 E use-Rlog/RLOG-RIL: RX: Time: 2082979724 / 522790
02-26 21:41:04.141 2022 2370 E use-Rlog/RLOG-RIL: RX: M:IPC_NET_CMD S:IPC_NET_REGIST T:IPC_CMD_RESP l:12 m:ff a:d2
02-26 21:41:04.141 2022 2370 E use-Rlog/RLOG-RIL: RX: 04 03 02 01 B9 10 01 72 07 00 00
02-26 21:41:04.148 3501 3501 D RILJ : [3875]> OPERATOR [SUB0]
02-26 21:41:04.155 3501 3729 D RILJ : [3872]< DATA_REGISTRATION_STATE {1, 10b9, 00077201, 3} [SUB0]
02-26 21:41:04.156 2022 2370 E use-Rlog/RLOG-RIL: TX: Time: 2082979739 / 522805
02-26 21:41:04.156 2022 2370 E use-Rlog/RLOG-RIL: TX: M:IPC_NET_CMD S:IPC_NET_REGIST T:IPC_CMD_GET l:9 m:d3 a:0
02-26 21:41:04.156 2022 2370 E use-Rlog/RLOG-RIL: TX: FF 02
02-26 21:41:04.156 2022 2370 E use-Rlog/RLOG-RIL: RX: Time: 2082979740 / 522806
02-26 21:41:04.156 2022 2370 E use-Rlog/RLOG-RIL: RX: M:IPC_NET_CMD S:IPC_NET_REGIST T:IPC_CMD_RESP l:12 m:ff a:d3
02-26 21:41:04.157 2022 2370 E use-Rlog/RLOG-RIL: RX: 04 02 02 01 B9 10 01 72 07 00 00
02-26 21:41:04.158 2022 2370 E use-Rlog/RLOG-RIL: TX: Time: 2082979742 / 522807
02-26 21:41:04.158 2022 2370 E use-Rlog/RLOG-RIL: TX: M:IPC_NET_CMD S:IPC_NET_PLMN_SEL T:IPC_CMD_GET l:7 m:d4 a:0
02-26 21:41:04.161 2022 2370 E use-Rlog/RLOG-RIL: RX: Time: 2082979745 / 522811
02-26 21:41:04.161 2022 2370 E use-Rlog/RLOG-RIL: RX: M:IPC_NET_CMD S:IPC_NET_PLMN_SEL T:IPC_CMD_RESP l:8 m:ff a:d4
02-26 21:41:04.161 2022 2370 E use-Rlog/RLOG-RIL: RX: 02
02-26 21:41:04.162 2022 2370 E use-Rlog/RLOG-RIL: TX: Time: 2082979746 / 522812
02-26 21:41:04.162 2022 2370 E use-Rlog/RLOG-RIL: TX: M:IPC_NET_CMD S:IPC_NET_SERVING_NETWORK T:IPC_CMD_GET l:7 m:d5 a:0
02-26 21:41:04.165 3501 3729 D RILJ : [3873]< VOICE_REGISTRATION_STATE {1, 10b9, 00077201} [SUB0]
02-26 21:41:04.167 3501 3729 D RILJ : [3874]< QUERY_NETWORK_SELECTION_MODE {0} [SUB0]
02-26 21:41:04.167 3501 3501 D RILJ : [3876]> DATA_REGISTRATION_STATE [SUB0]
02-26 21:41:04.168 2022 2370 E use-Rlog/RLOG-RIL: RX: Time: 2082979752 / 522817
02-26 21:41:04.168 2022 2370 E use-Rlog/RLOG-RIL: RX: M:IPC_NET_CMD S:IPC_NET_SERVING_NETWORK T:IPC_CMD_RESP l:12 m:ff a:d5
02-26 21:41:04.168 2022 2370 E use-Rlog/RLOG-RIL: RX: 02 02 04 32 36 32 30 31 23 B9 10
02-26 21:41:04.174 3501 3501 D RILJ : [3877]> VOICE_REGISTRATION_STATE [SUB0]
02-26 21:41:04.178 2022 2370 E use-Rlog/RLOG-RIL: TX: Time: 2082979762 / 522827
02-26 21:41:04.178 2022 2370 E use-Rlog/RLOG-RIL: TX: M:IPC_NET_CMD S:IPC_NET_REGIST T:IPC_CMD_GET l:9 m:d6 a:0
02-26 21:41:04.178 2022 2370 E use-Rlog/RLOG-RIL: TX: FF 03
02-26 21:41:04.180 2022 2370 E use-Rlog/RLOG-RIL: RX: Time: 2082979764 / 522829
02-26 21:41:04.180 2022 2370 E use-Rlog/RLOG-RIL: RX: M:IPC_NET_CMD S:IPC_NET_REGIST T:IPC_CMD_RESP l:12 m:ff a:d6
02-26 21:41:04.180 2022 2370 E use-Rlog/RLOG-RIL: RX: 04 03 02 01 B9 10 01 72 07 00 00
02-26 21:41:04.182 3501 3501 D RILJ : [3878]> QUERY_NETWORK_SELECTION_MODE [SUB0]
02-26 21:41:04.187 3501 3729 D RILJ : [3875]< OPERATOR {Telekom.de, Telekom.de, 26201} [SUB0]
02-26 21:41:04.191 3501 3501 D SST : EVENT_POLL_STATE_NETWORK_SELECTION_MODE
02-26 21:41:04.192 2022 2370 E use-Rlog/RLOG-RIL: TX: Time: 2082979776 / 522841
02-26 21:41:04.192 2022 2370 E use-Rlog/RLOG-RIL: TX: M:IPC_NET_CMD S:IPC_NET_REGIST T:IPC_CMD_GET l:9 m:d7 a:0
02-26 21:41:04.192 2022 2370 E use-Rlog/RLOG-RIL: TX: FF 02
02-26 21:41:04.192 2022 2370 E use-Rlog/RLOG-RIL: RX: Time: 2082979776 / 522842
02-26 21:41:04.192 2022 2370 E use-Rlog/RLOG-RIL: RX: M:IPC_NET_CMD S:IPC_NET_REGIST T:IPC_CMD_RESP l:12 m:ff a:d7
02-26 21:41:04.193 2022 2370 E use-Rlog/RLOG-RIL: RX: 04 02 02 01 B9 10 01 72 07 00 00
02-26 21:41:04.196 2022 2370 E use-Rlog/RLOG-RIL: TX: Time: 2082979779 / 522845
02-26 21:41:04.197 2022 2370 E use-Rlog/RLOG-RIL: TX: M:IPC_NET_CMD S:IPC_NET_PLMN_SEL T:IPC_CMD_GET l:7 m:d8 a:0
02-26 21:41:04.197 2022 2370 E use-Rlog/RLOG-RIL: RX: Time: 2082979781 / 522847
02-26 21:41:04.197 2022 2370 E use-Rlog/RLOG-RIL: RX: M:IPC_NET_CMD S:IPC_NET_PLMN_SEL T:IPC_CMD_RESP l:8 m:ff a:d8
02-26 21:41:04.198 2022 2370 E use-Rlog/RLOG-RIL: RX: 02
02-26 21:41:04.198 3501 3729 D RILJ : [3876]< DATA_REGISTRATION_STATE {1, 10b9, 00077201, 3} [SUB0]
02-26 21:41:04.200 3501 3501 D SST : handlPollStateResultMessage: GsmSST setDataRegState=0 regState=1 dataRadioTechnology=3
02-26 21:41:04.201 3501 3729 D RILJ : [3877]< VOICE_REGISTRATION_STATE {1, 10b9, 00077201} [SUB0]
02-26 21:41:04.204 3501 3729 D RILJ : [3878]< QUERY_NETWORK_SELECTION_MODE {0} [SUB0]
02-26 21:41:04.205 3501 3501 D SST : EVENT_POLL_STATE_NETWORK_SELECTION_MODE
02-26 21:41:04.210 3501 3501 D SST : Poll ServiceState done: oldSS=[0 0 voice home data home Telekom.de Telekom.de 26201 Telekom.de Telekom.de 26201 Unknown UMTS CSS not supported -1 -1 RoamInd=-1 DefRoamInd=-1 EmergOnly=false IsDataRoamingFromRegistration=false IsUsingCarrierAggregation=false] newSS=[0 0 voice home data home Telekom.de Telekom.de 26201 Telekom.de Telekom.de 26201 Unknown UMTS CSS not supported -1 -1 RoamInd=-1 DefRoamInd=-1 EmergOnly=false IsDataRoamingFromRegistration=false IsUsingCarrierAggregation=false] oldMaxDataCalls=1 mNewMaxDataCalls=1 oldReasonDataDenied=-1 mNewReasonDataDenied=-1
02-26 21:41:04.211 3501 3501 D SST : getCellLocation(): X good mCellLoc=[4281,487937,-1]
02-26 21:41:04.212 2432 3983 D TelephonyRegistry: notifyCellLocationForSubscriber: subId=1 cellLocation=Bundle[mParcelledData.dataSize=64]
02-26 21:41:06.745 3501 3501 D RILJ : [3879]> RIL_REQUEST_GET_ACTIVITY_INFO [SUB0]
02-26 21:41:12.210 3501 3501 D RILJ : [3880]> RIL_REQUEST_GET_ACTIVITY_INFO [SUB0]
02-26 21:41:14.672 2022 2370 E use-Rlog/RLOG-RIL: RX: Time: 2082990256 / 533322
02-26 21:41:14.672 2022 2370 E use-Rlog/RLOG-RIL: RX: M:IPC_DISP_CMD S:IPC_DISP_ICON_INFO T:IPC_CMD_NOTI l:b m:ff a:d8
02-26 21:41:14.672 2022 2370 E use-Rlog/RLOG-RIL: RX: FF 02 00 05
02-26 21:41:15.395 3501 3501 D RILJ : [3881]> RIL_REQUEST_GET_ACTIVITY_INFO [SUB0]
02-26 21:41:25.870 3501 3501 D RILJ : [3882]> RIL_REQUEST_GET_ACTIVITY_INFO [SUB0]
02-26 21:41:54.028 2022 2370 E use-Rlog/RLOG-RIL: RX: Time: 2083029612 / 572678
02-26 21:41:54.028 2022 2370 E use-Rlog/RLOG-RIL: RX: M:IPC_NET_CMD S:IPC_NET_REGIST T:IPC_CMD_NOTI l:12 m:ff a:ff
02-26 21:41:54.029 2022 2370 E use-Rlog/RLOG-RIL: RX: 04 02 02 01 B9 10 98 11 07 00 00
02-26 21:41:54.029 2022 2370 E use-Rlog/RLOG-RIL: RX: Time: 2083029613 / 572679
02-26 21:41:54.029 2022 2370 E use-Rlog/RLOG-RIL: RX: M:IPC_NET_CMD S:IPC_NET_REGIST T:IPC_CMD_NOTI l:12 m:ff a:ff
02-26 21:41:54.030 2022 2370 E use-Rlog/RLOG-RIL: RX: 04 03 02 01 B9 10 98 11 07 00 00
02-26 21:41:54.031 3501 3729 D RILJ : [UNSL]< UNSOL_RESPONSE_VOICE_NETWORK_STATE_CHANGED [SUB0]
02-26 21:41:54.033 3501 3501 D RILJ : [3883]> OPERATOR [SUB0]
02-26 21:41:54.033 3501 3729 D RILJ : [UNSL]< UNSOL_RESPONSE_VOICE_NETWORK_STATE_CHANGED [SUB0]
02-26 21:41:54.037 3501 3501 D RILJ : [3884]> DATA_REGISTRATION_STATE [SUB0]
02-26 21:41:54.039 2022 2370 E use-Rlog/RLOG-RIL: TX: Time: 2083029623 / 572689
02-26 21:41:54.039 2022 2370 E use-Rlog/RLOG-RIL: TX: M:IPC_NET_CMD S:IPC_NET_SERVING_NETWORK T:IPC_CMD_GET l:7 m:d9 a:0
02-26 21:41:54.043 2022 2370 E use-Rlog/RLOG-RIL: RX: Time: 2083029626 / 572692
02-26 21:41:54.043 2022 2370 E use-Rlog/RLOG-RIL: RX: M:IPC_NET_CMD S:IPC_NET_SERVING_NETWORK T:IPC_CMD_RESP l:12 m:ff a:d9
02-26 21:41:54.043 3501 3501 D RILJ : [3885]> VOICE_REGISTRATION_STATE [SUB0]
02-26 21:41:54.043 2022 2370 E use-Rlog/RLOG-RIL: RX: 02 02 04 32 36 32 30 31 23 B9 10
02-26 21:41:54.044 2022 2370 E use-Rlog/RLOG-RIL: TX: Time: 2083029628 / 572693
02-26 21:41:54.044 2022 2370 E use-Rlog/RLOG-RIL: TX: M:IPC_NET_CMD S:IPC_NET_REGIST T:IPC_CMD_GET l:9 m:da a:0
02-26 21:41:54.044 2022 2370 E use-Rlog/RLOG-RIL: TX: FF 03
02-26 21:41:54.046 3501 3729 D RILJ : [3883]< OPERATOR {Telekom.de, Telekom.de, 26201} [SUB0]
02-26 21:41:54.048 2022 2370 E use-Rlog/RLOG-RIL: RX: Time: 2083029632 / 572697
02-26 21:41:54.048 2022 2370 E use-Rlog/RLOG-RIL: RX: M:IPC_NET_CMD S:IPC_NET_REGIST T:IPC_CMD_RESP l:12 m:ff a:da
02-26 21:41:54.048 2022 2370 E use-Rlog/RLOG-RIL: RX: 04 03 02 01 B9 10 98 11 07 00 00
02-26 21:41:54.049 3501 3501 D RILJ : [3886]> QUERY_NETWORK_SELECTION_MODE [SUB0]
02-26 21:41:54.051 3501 3729 D RILJ : [3884]< DATA_REGISTRATION_STATE {1, 10b9, 00071198, 3} [SUB0]
02-26 21:41:54.052 2022 2370 E use-Rlog/RLOG-RIL: TX: Time: 2083029636 / 572701
02-26 21:41:54.052 2022 2370 E use-Rlog/RLOG-RIL: TX: M:IPC_NET_CMD S:IPC_NET_REGIST T:IPC_CMD_GET l:9 m:db a:0
02-26 21:41:54.052 2022 2370 E use-Rlog/RLOG-RIL: TX: FF 02
02-26 21:41:54.055 2022 2370 E use-Rlog/RLOG-RIL: RX: Time: 2083029638 / 572704
02-26 21:41:54.055 2022 2370 E use-Rlog/RLOG-RIL: RX: M:IPC_NET_CMD S:IPC_NET_REGIST T:IPC_CMD_RESP l:12 m:ff a:db
02-26 21:41:54.055 2022 2370 E use-Rlog/RLOG-RIL: RX: 04 02 02 01 B9 10 98 11 07 00 00
02-26 21:41:54.055 3501 3501 D RILJ : [3887]> OPERATOR [SUB0]
02-26 21:41:54.056 2022 2370 E use-Rlog/RLOG-RIL: TX: Time: 2083029640 / 572705
02-26 21:41:54.056 2022 2370 E use-Rlog/RLOG-RIL: TX: M:IPC_NET_CMD S:IPC_NET_PLMN_SEL T:IPC_CMD_GET l:7 m:dc a:0
02-26 21:41:54.058 3501 3729 D RILJ : [3885]< VOICE_REGISTRATION_STATE {1, 10b9, 00071198} [SUB0]
02-26 21:41:54.060 2022 2370 E use-Rlog/RLOG-RIL: RX: Time: 2083029643 / 572709
02-26 21:41:54.060 2022 2370 E use-Rlog/RLOG-RIL: RX: M:IPC_NET_CMD S:IPC_NET_PLMN_SEL T:IPC_CMD_RESP l:8 m:ff a:dc
02-26 21:41:54.060 2022 2370 E use-Rlog/RLOG-RIL: RX: 02
02-26 21:41:54.062 3501 3501 D RILJ : [3888]> DATA_REGISTRATION_STATE [SUB0]
02-26 21:41:54.062 3501 3729 D RILJ : [3886]< QUERY_NETWORK_SELECTION_MODE {0} [SUB0]
02-26 21:41:54.063 2022 2370 E use-Rlog/RLOG-RIL: TX: Time: 2083029647 / 572713
02-26 21:41:54.063 2022 2370 E use-Rlog/RLOG-RIL: TX: M:IPC_NET_CMD S:IPC_NET_SERVING_NETWORK T:IPC_CMD_GET l:7 m:dd a:0
02-26 21:41:54.066 2022 2370 E use-Rlog/RLOG-RIL: RX: Time: 2083029650 / 572715
02-26 21:41:54.066 2022 2370 E use-Rlog/RLOG-RIL: RX: M:IPC_NET_CMD S:IPC_NET_SERVING_NETWORK T:IPC_CMD_RESP l:12 m:ff a:dd
02-26 21:41:54.066 2022 2370 E use-Rlog/RLOG-RIL: RX: 02 02 04 32 36 32 30 31 23 B9 10
02-26 21:41:54.068 3501 3501 D RILJ : [3889]> VOICE_REGISTRATION_STATE [SUB0]
02-26 21:41:54.069 3501 3729 D RILJ : [3887]< OPERATOR {Telekom.de, Telekom.de, 26201} [SUB0]
02-26 21:41:54.070 2022 2370 E use-Rlog/RLOG-RIL: TX: Time: 2083029654 / 572719
02-26 21:41:54.070 2022 2370 E use-Rlog/RLOG-RIL: TX: M:IPC_NET_CMD S:IPC_NET_REGIST T:IPC_CMD_GET l:9 m:de a:0
02-26 21:41:54.070 2022 2370 E use-Rlog/RLOG-RIL: TX: FF 03
02-26 21:41:54.074 3501 3501 D RILJ : [3890]> QUERY_NETWORK_SELECTION_MODE [SUB0]
02-26 21:41:54.076 2022 2370 E use-Rlog/RLOG-RIL: RX: Time: 2083029660 / 572726
02-26 21:41:54.077 2022 2370 E use-Rlog/RLOG-RIL: RX: M:IPC_NET_CMD S:IPC_NET_REGIST T:IPC_CMD_RESP l:12 m:ff a:de
02-26 21:41:54.077 2022 2370 E use-Rlog/RLOG-RIL: RX: 04 03 02 01 B9 10 98 11 07 00 00
02-26 21:41:54.078 2022 2370 E use-Rlog/RLOG-RIL: TX: Time: 2083029662 / 572728
02-26 21:41:54.078 2022 2370 E use-Rlog/RLOG-RIL: TX: M:IPC_NET_CMD S:IPC_NET_REGIST T:IPC_CMD_GET l:9 m:df a:0
02-26 21:41:54.079 2022 2370 E use-Rlog/RLOG-RIL: TX: FF 02
02-26 21:41:54.082 2022 2370 E use-Rlog/RLOG-RIL: RX: Time: 2083029666 / 572731
02-26 21:41:54.082 2022 2370 E use-Rlog/RLOG-RIL: RX: M:IPC_NET_CMD S:IPC_NET_REGIST T:IPC_CMD_RESP l:12 m:ff a:df
02-26 21:41:54.082 2022 2370 E use-Rlog/RLOG-RIL: RX: 04 02 02 01 B9 10 98 11 07 00 00
02-26 21:41:54.083 3501 3501 D SST : EVENT_POLL_STATE_NETWORK_SELECTION_MODE
02-26 21:41:54.084 2022 2370 E use-Rlog/RLOG-RIL: TX: Time: 2083029668 / 572734
02-26 21:41:54.084 2022 2370 E use-Rlog/RLOG-RIL: TX: M:IPC_NET_CMD S:IPC_NET_PLMN_SEL T:IPC_CMD_GET l:7 m:e0 a:0
02-26 21:41:54.085 3501 3729 D RILJ : [3888]< DATA_REGISTRATION_STATE {1, 10b9, 00071198, 3} [SUB0]
02-26 21:41:54.087 3501 3501 D SST : handlPollStateResultMessage: GsmSST setDataRegState=0 regState=1 dataRadioTechnology=3
02-26 21:41:54.089 3501 3729 D RILJ : [3889]< VOICE_REGISTRATION_STATE {1, 10b9, 00071198} [SUB0]
02-26 21:41:54.089 2022 2370 E use-Rlog/RLOG-RIL: RX: Time: 2083029673 / 572739
02-26 21:41:54.089 2022 2370 E use-Rlog/RLOG-RIL: RX: M:IPC_NET_CMD S:IPC_NET_PLMN_SEL T:IPC_CMD_RESP l:8 m:ff a:e0
02-26 21:41:54.089 2022 2370 E use-Rlog/RLOG-RIL: RX: 02
02-26 21:41:54.092 3501 3729 D RILJ : [3890]< QUERY_NETWORK_SELECTION_MODE {0} [SUB0]
02-26 21:41:54.093 3501 3501 D SST : EVENT_POLL_STATE_NETWORK_SELECTION_MODE
02-26 21:41:54.099 3501 3501 D SST : Poll ServiceState done: oldSS=[0 0 voice home data home Telekom.de Telekom.de 26201 Telekom.de Telekom.de 26201 Unknown UMTS CSS not supported -1 -1 RoamInd=-1 DefRoamInd=-1 EmergOnly=false IsDataRoamingFromRegistration=false IsUsingCarrierAggregation=false] newSS=[0 0 voice home data home Telekom.de Telekom.de 26201 Telekom.de Telekom.de 26201 Unknown UMTS CSS not supported -1 -1 RoamInd=-1 DefRoamInd=-1 EmergOnly=false IsDataRoamingFromRegistration=false IsUsingCarrierAggregation=false] oldMaxDataCalls=1 mNewMaxDataCalls=1 oldReasonDataDenied=-1 mNewReasonDataDenied=-1
02-26 21:41:54.100 3501 3501 D SST : getCellLocation(): X good mCellLoc=[4281,463256,-1]
02-26 21:41:54.102 2432 2483 D TelephonyRegistry: notifyCellLocationForSubscriber: subId=1 cellLocation=Bundle[mParcelledData.dataSize=64]
02-26 21:41:57.879 2022 2370 E use-Rlog/RLOG-RIL: RX: Time: 2083033462 / 576528
02-26 21:41:57.879 2022 2370 E use-Rlog/RLOG-RIL: RX: M:IPC_NET_CMD S:IPC_NET_REGIST T:IPC_CMD_NOTI l:12 m:ff a:ff
02-26 21:41:57.879 2022 2370 E use-Rlog/RLOG-RIL: RX: 04 02 02 01 B9 10 99 11 07 00 00
02-26 21:41:57.880 2022 2370 E use-Rlog/RLOG-RIL: RX: Time: 2083033464 / 576529
02-26 21:41:57.880 2022 2370 E use-Rlog/RLOG-RIL: RX: M:IPC_NET_CMD S:IPC_NET_REGIST T:IPC_CMD_NOTI l:12 m:ff a:ff
02-26 21:41:57.880 2022 2370 E use-Rlog/RLOG-RIL: RX: 04 03 02 01 B9 10 99 11 07 00 00
02-26 21:41:57.882 3501 3729 D RILJ : [UNSL]< UNSOL_RESPONSE_VOICE_NETWORK_STATE_CHANGED [SUB0]
02-26 21:41:57.883 3501 3501 D RILJ : [3891]> OPERATOR [SUB0]
02-26 21:41:57.884 3501 3729 D RILJ : [UNSL]< UNSOL_RESPONSE_VOICE_NETWORK_STATE_CHANGED [SUB0]
02-26 21:41:57.888 3501 3501 D RILJ : [3892]> DATA_REGISTRATION_STATE [SUB0]
02-26 21:41:57.891 3501 3501 D RILJ : [3893]> VOICE_REGISTRATION_STATE [SUB0]
02-26 21:41:57.892 2022 2370 E use-Rlog/RLOG-RIL: TX: Time: 2083033476 / 576542
02-26 21:41:57.893 2022 2370 E use-Rlog/RLOG-RIL: TX: M:IPC_NET_CMD S:IPC_NET_SERVING_NETWORK T:IPC_CMD_GET l:7 m:e1 a:0
02-26 21:41:57.895 2022 2370 E use-Rlog/RLOG-RIL: RX: Time: 2083033479 / 576544
02-26 21:41:57.895 3501 3501 D RILJ : [3894]> QUERY_NETWORK_SELECTION_MODE [SUB0]
02-26 21:41:57.895 2022 2370 E use-Rlog/RLOG-RIL: RX: M:IPC_NET_CMD S:IPC_NET_SERVING_NETWORK T:IPC_CMD_RESP l:12 m:ff a:e1
02-26 21:41:57.895 2022 2370 E use-Rlog/RLOG-RIL: RX: 02 02 04 32 36 32 30 31 23 B9 10
02-26 21:41:57.898 3501 3729 D RILJ : [3891]< OPERATOR {Telekom.de, Telekom.de, 26201} [SUB0]
02-26 21:41:57.900 2022 2370 E use-Rlog/RLOG-RIL: TX: Time: 2083033483 / 576549
02-26 21:41:57.900 2022 2370 E use-Rlog/RLOG-RIL: TX: M:IPC_NET_CMD S:IPC_NET_REGIST T:IPC_CMD_GET l:9 m:e2 a:0
02-26 21:41:57.900 2022 2370 E use-Rlog/RLOG-RIL: TX: FF 03
02-26 21:41:57.902 3501 3501 D RILJ : [3895]> OPERATOR [SUB0]
02-26 21:41:57.906 3501 3501 D RILJ : [3896]> DATA_REGISTRATION_STATE [SUB0]
02-26 21:41:57.908 2022 2370 E use-Rlog/RLOG-RIL: RX: Time: 2083033486 / 576552
02-26 21:41:57.908 3501 3501 D RILJ : [3897]> VOICE_REGISTRATION_STATE [SUB0]
02-26 21:41:57.909 2022 2370 E use-Rlog/RLOG-RIL: RX: M:IPC_NET_CMD S:IPC_NET_REGIST T:IPC_CMD_RESP l:12 m:ff a:e2
02-26 21:41:57.909 2022 2370 E use-Rlog/RLOG-RIL: RX: 04 03 02 01 B9 10 99 11 07 00 00
02-26 21:41:57.912 3501 3729 D RILJ : [3892]< DATA_REGISTRATION_STATE {1, 10b9, 00071199, 3} [SUB0]
02-26 21:41:57.912 3501 3501 D RILJ : [3898]> QUERY_NETWORK_SELECTION_MODE [SUB0]
02-26 21:41:57.914 2022 2370 E use-Rlog/RLOG-RIL: TX: Time: 2083033497 / 576563
02-26 21:41:57.914 2022 2370 E use-Rlog/RLOG-RIL: TX: M:IPC_NET_CMD S:IPC_NET_REGIST T:IPC_CMD_GET l:9 m:e3 a:0
02-26 21:41:57.914 2022 2370 E use-Rlog/RLOG-RIL: TX: FF 02
02-26 21:41:57.916 2022 2370 E use-Rlog/RLOG-RIL: RX: Time: 2083033500 / 576565
02-26 21:41:57.916 2022 2370 E use-Rlog/RLOG-RIL: RX: M:IPC_NET_CMD S:IPC_NET_REGIST T:IPC_CMD_RESP l:12 m:ff a:e3
02-26 21:41:57.916 2022 2370 E use-Rlog/RLOG-RIL: RX: 04 02 02 01 B9 10 99 11 07 00 00
02-26 21:41:57.917 2022 2370 E use-Rlog/RLOG-RIL: TX: Time: 2083033501 / 576566
02-26 21:41:57.917 2022 2370 E use-Rlog/RLOG-RIL: TX: M:IPC_NET_CMD S:IPC_NET_PLMN_SEL T:IPC_CMD_GET l:7 m:e4 a:0
02-26 21:41:57.919 3501 3729 D RILJ : [3893]< VOICE_REGISTRATION_STATE {1, 10b9, 00071199} [SUB0]
02-26 21:41:57.922 2022 2370 E use-Rlog/RLOG-RIL: RX: Time: 2083033505 / 576571
02-26 21:41:57.922 2022 2370 E use-Rlog/RLOG-RIL: RX: M:IPC_NET_CMD S:IPC_NET_PLMN_SEL T:IPC_CMD_RESP l:8 m:ff a:e4
02-26 21:41:57.922 2022 2370 E use-Rlog/RLOG-RIL: RX: 02
02-26 21:41:57.922 2022 2370 E use-Rlog/RLOG-RIL: TX: Time: 2083033506 / 576572
02-26 21:41:57.922 2022 2370 E use-Rlog/RLOG-RIL: TX: M:IPC_NET_CMD S:IPC_NET_SERVING_NETWORK T:IPC_CMD_GET l:7 m:e5 a:0
02-26 21:41:57.924 3501 3729 D RILJ : [3894]< QUERY_NETWORK_SELECTION_MODE {0} [SUB0]
02-26 21:41:57.926 3501 3501 D SST : EVENT_POLL_STATE_NETWORK_SELECTION_MODE
02-26 21:41:57.926 2022 2370 E use-Rlog/RLOG-RIL: RX: Time: 2083033510 / 576576
02-26 21:41:57.926 2022 2370 E use-Rlog/RLOG-RIL: RX: M:IPC_NET_CMD S:IPC_NET_SERVING_NETWORK T:IPC_CMD_RESP l:12 m:ff a:e5
02-26 21:41:57.927 2022 2370 E use-Rlog/RLOG-RIL: RX: 02 02 04 32 36 32 30 31 23 B9 10
02-26 21:41:57.927 2022 2370 E use-Rlog/RLOG-RIL: TX: Time: 2083033511 / 576577
02-26 21:41:57.927 2022 2370 E use-Rlog/RLOG-RIL: TX: M:IPC_NET_CMD S:IPC_NET_REGIST T:IPC_CMD_GET l:9 m:e6 a:0
02-26 21:41:57.927 2022 2370 E use-Rlog/RLOG-RIL: TX: FF 03
02-26 21:41:57.929 2022 2370 E use-Rlog/RLOG-RIL: RX: Time: 2083033513 / 576579
02-26 21:41:57.929 3501 3729 D RILJ : [3895]< OPERATOR {Telekom.de, Telekom.de, 26201} [SUB0]
02-26 21:41:57.930 2022 2370 E use-Rlog/RLOG-RIL: RX: M:IPC_NET_CMD S:IPC_NET_REGIST T:IPC_CMD_RESP l:12 m:ff a:e6
02-26 21:41:57.930 2022 2370 E use-Rlog/RLOG-RIL: RX: 04 03 02 01 B9 10 99 11 07 00 00
02-26 21:41:57.931 2022 2370 E use-Rlog/RLOG-RIL: TX: Time: 2083033515 / 576581
02-26 21:41:57.931 2022 2370 E use-Rlog/RLOG-RIL: TX: M:IPC_NET_CMD S:IPC_NET_REGIST T:IPC_CMD_GET l:9 m:e7 a:0
02-26 21:41:57.931 2022 2370 E use-Rlog/RLOG-RIL: TX: FF 02
02-26 21:41:57.932 2022 2370 E use-Rlog/RLOG-RIL: RX: Time: 2083033516 / 576582
02-26 21:41:57.933 2022 2370 E use-Rlog/RLOG-RIL: RX: M:IPC_NET_CMD S:IPC_NET_REGIST T:IPC_CMD_RESP l:12 m:ff a:e7
02-26 21:41:57.933 3501 3729 D RILJ : [3896]< DATA_REGISTRATION_STATE {1, 10b9, 00071199, 3} [SUB0]
02-26 21:41:57.933 2022 2370 E use-Rlog/RLOG-RIL: RX: 04 02 02 01 B9 10 99 11 07 00 00
02-26 21:41:57.933 2022 2370 E use-Rlog/RLOG-RIL: TX: Time: 2083033517 / 576583
02-26 21:41:57.934 2022 2370 E use-Rlog/RLOG-RIL: TX: M:IPC_NET_CMD S:IPC_NET_PLMN_SEL T:IPC_CMD_GET l:7 m:e8 a:0
02-26 21:41:57.934 3501 3501 D SST : handlPollStateResultMessage: GsmSST setDataRegState=0 regState=1 dataRadioTechnology=3
02-26 21:41:57.936 3501 3729 D RILJ : [3897]< VOICE_REGISTRATION_STATE {1, 10b9, 00071199} [SUB0]
02-26 21:41:57.937 2022 2370 E use-Rlog/RLOG-RIL: RX: Time: 2083033521 / 576586
02-26 21:41:57.937 2022 2370 E use-Rlog/RLOG-RIL: RX: M:IPC_NET_CMD S:IPC_NET_PLMN_SEL T:IPC_CMD_RESP l:8 m:ff a:e8
02-26 21:41:57.937 2022 2370 E use-Rlog/RLOG-RIL: RX: 02
02-26 21:41:57.938 3501 3729 D RILJ : [3898]< QUERY_NETWORK_SELECTION_MODE {0} [SUB0]
02-26 21:41:57.939 3501 3501 D SST : EVENT_POLL_STATE_NETWORK_SELECTION_MODE
02-26 21:41:57.946 3501 3501 D SST : Poll ServiceState done: oldSS=[0 0 voice home data home Telekom.de Telekom.de 26201 Telekom.de Telekom.de 26201 Unknown UMTS CSS not supported -1 -1 RoamInd=-1 DefRoamInd=-1 EmergOnly=false IsDataRoamingFromRegistration=false IsUsingCarrierAggregation=false] newSS=[0 0 voice home data home Telekom.de Telekom.de 26201 Telekom.de Telekom.de 26201 Unknown UMTS CSS not supported -1 -1 RoamInd=-1 DefRoamInd=-1 EmergOnly=false IsDataRoamingFromRegistration=false IsUsingCarrierAggregation=false] oldMaxDataCalls=1 mNewMaxDataCalls=1 oldReasonDataDenied=-1 mNewReasonDataDenied=-1
02-26 21:41:57.947 3501 3501 D SST : getCellLocation(): X good mCellLoc=[4281,463257,-1]
02-26 21:41:57.949 2432 3950 D TelephonyRegistry: notifyCellLocationForSubscriber: subId=1 cellLocation=Bundle[mParcelledData.dataSize=64]
02-26 21:42:00.436 2022 2370 E use-Rlog/RLOG-RIL: RX: Time: 2083036020 / 579086
02-26 21:42:00.436 2022 2370 E use-Rlog/RLOG-RIL: RX: M:IPC_NET_CMD S:IPC_NET_REGIST T:IPC_CMD_NOTI l:12 m:ff a:ff
02-26 21:42:00.436 2022 2370 E use-Rlog/RLOG-RIL: RX: 04 02 02 01 B9 10 98 11 07 00 00
02-26 21:42:00.437 2022 2370 E use-Rlog/RLOG-RIL: RX: Time: 2083036021 / 579086
02-26 21:42:00.437 2022 2370 E use-Rlog/RLOG-RIL: RX: M:IPC_NET_CMD S:IPC_NET_REGIST T:IPC_CMD_NOTI l:12 m:ff a:ff
02-26 21:42:00.437 2022 2370 E use-Rlog/RLOG-RIL: RX: 04 03 02 01 B9 10 98 11 07 00 00
02-26 21:42:00.437 3501 3729 D RILJ : [UNSL]< UNSOL_RESPONSE_VOICE_NETWORK_STATE_CHANGED [SUB0]
02-26 21:42:00.438 3501 3729 D RILJ : [UNSL]< UNSOL_RESPONSE_VOICE_NETWORK_STATE_CHANGED [SUB0]
02-26 21:42:00.438 3501 3501 D RILJ : [3899]> OPERATOR [SUB0]
02-26 21:42:00.440 3501 3501 D RILJ : [3900]> DATA_REGISTRATION_STATE [SUB0]
02-26 21:42:00.441 2022 2370 E use-Rlog/RLOG-RIL: TX: Time: 2083036025 / 579091
02-26 21:42:00.441 2022 2370 E use-Rlog/RLOG-RIL: TX: M:IPC_NET_CMD S:IPC_NET_SERVING_NETWORK T:IPC_CMD_GET l:7 m:e9 a:0
02-26 21:42:00.441 3501 3501 D RILJ : [3901]> VOICE_REGISTRATION_STATE [SUB0]
02-26 21:42:00.443 3501 3501 D RILJ : [3902]> QUERY_NETWORK_SELECTION_MODE [SUB0]
02-26 21:42:00.444 2022 2370 E use-Rlog/RLOG-RIL: RX: Time: 2083036028 / 579093
02-26 21:42:00.444 2022 2370 E use-Rlog/RLOG-RIL: RX: M:IPC_NET_CMD S:IPC_NET_SERVING_NETWORK T:IPC_CMD_RESP l:12 m:ff a:e9
02-26 21:42:00.444 2022 2370 E use-Rlog/RLOG-RIL: RX: 02 02 04 32 36 32 30 31 23 B9 10
02-26 21:42:00.444 3501 3501 D RILJ : [3903]> OPERATOR [SUB0]
02-26 21:42:00.444 2022 2370 E use-Rlog/RLOG-RIL: TX: Time: 2083036028 / 579094
02-26 21:42:00.444 2022 2370 E use-Rlog/RLOG-RIL: TX: M:IPC_NET_CMD S:IPC_NET_REGIST T:IPC_CMD_GET l:9 m:ea a:0
02-26 21:42:00.444 2022 2370 E use-Rlog/RLOG-RIL: TX: FF 03
02-26 21:42:00.445 3501 3729 D RILJ : [3899]< OPERATOR {Telekom.de, Telekom.de, 26201} [SUB0]
02-26 21:42:00.446 3501 3501 D RILJ : [3904]> DATA_REGISTRATION_STATE [SUB0]
02-26 21:42:00.447 3501 3501 D RILJ : [3905]> VOICE_REGISTRATION_STATE [SUB0]
02-26 21:42:00.448 3501 3501 D RILJ : [3906]> QUERY_NETWORK_SELECTION_MODE [SUB0]
02-26 21:42:00.448 2022 2370 E use-Rlog/RLOG-RIL: RX: Time: 2083036032 / 579098
02-26 21:42:00.448 2022 2370 E use-Rlog/RLOG-RIL: RX: M:IPC_NET_CMD S:IPC_NET_REGIST T:IPC_CMD_RESP l:12 m:ff a:ea
02-26 21:42:00.448 2022 2370 E use-Rlog/RLOG-RIL: RX: 04 03 02 01 B9 10 98 11 07 00 00
02-26 21:42:00.449 2022 2370 E use-Rlog/RLOG-RIL: TX: Time: 2083036033 / 579098
02-26 21:42:00.449 2022 2370 E use-Rlog/RLOG-RIL: TX: M:IPC_NET_CMD S:IPC_NET_REGIST T:IPC_CMD_GET l:9 m:eb a:0
02-26 21:42:00.449 2022 2370 E use-Rlog/RLOG-RIL: TX: FF 02
02-26 21:42:00.449 3501 3729 D RILJ : [3900]< DATA_REGISTRATION_STATE {1, 10b9, 00071198, 3} [SUB0]
02-26 21:42:00.451 2022 2370 E use-Rlog/RLOG-RIL: RX: Time: 2083036035 / 579101
02-26 21:42:00.451 2022 2370 E use-Rlog/RLOG-RIL: RX: M:IPC_NET_CMD S:IPC_NET_REGIST T:IPC_CMD_RESP l:12 m:ff a:eb
02-26 21:42:00.451 2022 2370 E use-Rlog/RLOG-RIL: RX: 04 02 02 01 B9 10 98 11 07 00 00
02-26 21:42:00.451 2022 2370 E use-Rlog/RLOG-RIL: TX: Time: 2083036035 / 579101
02-26 21:42:00.451 2022 2370 E use-Rlog/RLOG-RIL: TX: M:IPC_NET_CMD S:IPC_NET_PLMN_SEL T:IPC_CMD_GET l:7 m:ec a:0
02-26 21:42:00.452 3501 3729 D RILJ : [3901]< VOICE_REGISTRATION_STATE {1, 10b9, 00071198} [SUB0]
02-26 21:42:00.453 2022 2370 E use-Rlog/RLOG-RIL: RX: Time: 2083036037 / 579103
02-26 21:42:00.453 2022 2370 E use-Rlog/RLOG-RIL: RX: M:IPC_NET_CMD S:IPC_NET_PLMN_SEL T:IPC_CMD_RESP l:8 m:ff a:ec
02-26 21:42:00.453 2022 2370 E use-Rlog/RLOG-RIL: RX: 02
02-26 21:42:00.453 2022 2370 E use-Rlog/RLOG-RIL: TX: Time: 2083036037 / 579103
02-26 21:42:00.453 2022 2370 E use-Rlog/RLOG-RIL: TX: M:IPC_NET_CMD S:IPC_NET_SERVING_NETWORK T:IPC_CMD_GET l:7 m:ed a:0
02-26 21:42:00.453 3501 3729 D RILJ : [3902]< QUERY_NETWORK_SELECTION_MODE {0} [SUB0]
02-26 21:42:00.454 3501 3501 D SST : EVENT_POLL_STATE_NETWORK_SELECTION_MODE
02-26 21:42:00.455 2022 2370 E use-Rlog/RLOG-RIL: RX: Time: 2083036038 / 579104
02-26 21:42:00.455 2022 2370 E use-Rlog/RLOG-RIL: RX: M:IPC_NET_CMD S:IPC_NET_SERVING_NETWORK T:IPC_CMD_RESP l:12 m:ff a:ed
02-26 21:42:00.455 2022 2370 E use-Rlog/RLOG-RIL: RX: 02 02 04 32 36 32 30 31 23 B9 10
02-26 21:42:00.455 2022 2370 E use-Rlog/RLOG-RIL: TX: Time: 2083036039 / 579105
02-26 21:42:00.455 2022 2370 E use-Rlog/RLOG-RIL: TX: M:IPC_NET_CMD S:IPC_NET_REGIST T:IPC_CMD_GET l:9 m:ee a:0
02-26 21:42:00.455 2022 2370 E use-Rlog/RLOG-RIL: TX: FF 03
02-26 21:42:00.455 3501 3729 D RILJ : [3903]< OPERATOR {Telekom.de, Telekom.de, 26201} [SUB0]
02-26 21:42:00.457 2022 2370 E use-Rlog/RLOG-RIL: RX: Time: 2083036041 / 579107
02-26 21:42:00.457 2022 2370 E use-Rlog/RLOG-RIL: RX: M:IPC_NET_CMD S:IPC_NET_REGIST T:IPC_CMD_RESP l:12 m:ff a:ee
02-26 21:42:00.457 2022 2370 E use-Rlog/RLOG-RIL: RX: 04 03 02 01 B9 10 98 11 07 00 00
02-26 21:42:00.457 2022 2370 E use-Rlog/RLOG-RIL: TX: Time: 2083036041 / 579107
02-26 21:42:00.457 2022 2370 E use-Rlog/RLOG-RIL: TX: M:IPC_NET_CMD S:IPC_NET_REGIST T:IPC_CMD_GET l:9 m:ef a:0
02-26 21:42:00.457 2022 2370 E use-Rlog/RLOG-RIL: TX: FF 02
02-26 21:42:00.458 3501 3729 D RILJ : [3904]< DATA_REGISTRATION_STATE {1, 10b9, 00071198, 3} [SUB0]
02-26 21:42:00.458 3501 3501 D SST : handlPollStateResultMessage: GsmSST setDataRegState=0 regState=1 dataRadioTechnology=3
02-26 21:42:00.459 2022 2370 E use-Rlog/RLOG-RIL: RX: Time: 2083036043 / 579108
02-26 21:42:00.459 2022 2370 E use-Rlog/RLOG-RIL: RX: M:IPC_NET_CMD S:IPC_NET_REGIST T:IPC_CMD_RESP l:12 m:ff a:ef
02-26 21:42:00.459 2022 2370 E use-Rlog/RLOG-RIL: RX: 04 02 02 01 B9 10 98 11 07 00 00
02-26 21:42:00.459 2022 2370 E use-Rlog/RLOG-RIL: TX: Time: 2083036043 / 579109
02-26 21:42:00.459 2022 2370 E use-Rlog/RLOG-RIL: TX: M:IPC_NET_CMD S:IPC_NET_PLMN_SEL T:IPC_CMD_GET l:7 m:f0 a:0
02-26 21:42:00.459 3501 3729 D RILJ : [3905]< VOICE_REGISTRATION_STATE {1, 10b9, 00071198} [SUB0]
02-26 21:42:00.461 2022 2370 E use-Rlog/RLOG-RIL: RX: Time: 2083036045 / 579110
02-26 21:42:00.461 2022 2370 E use-Rlog/RLOG-RIL: RX: M:IPC_NET_CMD S:IPC_NET_PLMN_SEL T:IPC_CMD_RESP l:8 m:ff a:f0
02-26 21:42:00.461 2022 2370 E use-Rlog/RLOG-RIL: RX: 02
02-26 21:42:00.461 3501 3729 D RILJ : [3906]< QUERY_NETWORK_SELECTION_MODE {0} [SUB0]
02-26 21:42:00.461 3501 3501 D SST : EVENT_POLL_STATE_NETWORK_SELECTION_MODE
02-26 21:42:00.464 3501 3501 D SST : Poll ServiceState done: oldSS=[0 0 voice home data home Telekom.de Telekom.de 26201 Telekom.de Telekom.de 26201 Unknown UMTS CSS not supported -1 -1 RoamInd=-1 DefRoamInd=-1 EmergOnly=false IsDataRoamingFromRegistration=false IsUsingCarrierAggregation=false] newSS=[0 0 voice home data home Telekom.de Telekom.de 26201 Telekom.de Telekom.de 26201 Unknown UMTS CSS not supported -1 -1 RoamInd=-1 DefRoamInd=-1 EmergOnly=false IsDataRoamingFromRegistration=false IsUsingCarrierAggregation=false] oldMaxDataCalls=1 mNewMaxDataCalls=1 oldReasonDataDenied=-1 mNewReasonDataDenied=-1
02-26 21:42:00.464 3501 3501 D SST : getCellLocation(): X good mCellLoc=[4281,463256,-1]
02-26 21:42:00.465 2432 2482 D TelephonyRegistry: notifyCellLocationForSubscriber: subId=1 cellLocation=Bundle[mParcelledData.dataSize=64]
02-26 21:42:00.474 2022 2370 E use-Rlog/RLOG-RIL: RX: Time: 2083036058 / 579123
02-26 21:42:00.474 2022 2370 E use-Rlog/RLOG-RIL: RX: M:IPC_DISP_CMD S:IPC_DISP_ICON_INFO T:IPC_CMD_NOTI l:b m:ff a:f0
02-26 21:42:00.474 2022 2370 E use-Rlog/RLOG-RIL: RX: FF 01 00 05
02-26 21:42:01.720 2022 2370 E use-Rlog/RLOG-RIL: RX: Time: 2083037304 / 580370
02-26 21:42:01.721 2022 2370 E use-Rlog/RLOG-RIL: RX: M:IPC_NET_CMD S:IPC_NET_REGIST T:IPC_CMD_NOTI l:12 m:ff a:ff
02-26 21:42:01.721 2022 2370 E use-Rlog/RLOG-RIL: RX: 04 02 02 01 B9 10 99 11 07 00 00
02-26 21:42:01.722 2022 2370 E use-Rlog/RLOG-RIL: RX: Time: 2083037306 / 580371
02-26 21:42:01.722 2022 2370 E use-Rlog/RLOG-RIL: RX: M:IPC_NET_CMD S:IPC_NET_REGIST T:IPC_CMD_NOTI l:12 m:ff a:ff
02-26 21:42:01.722 2022 2370 E use-Rlog/RLOG-RIL: RX: 04 03 02 01 B9 10 99 11 07 00 00
02-26 21:42:01.723 3501 3729 D RILJ : [UNSL]< UNSOL_RESPONSE_VOICE_NETWORK_STATE_CHANGED [SUB0]
02-26 21:42:01.724 3501 3501 D RILJ : [3907]> OPERATOR [SUB0]
02-26 21:42:01.725 3501 3729 D RILJ : [UNSL]< UNSOL_RESPONSE_VOICE_NETWORK_STATE_CHANGED [SUB0]
02-26 21:42:01.729 3501 3501 D RILJ : [3908]> DATA_REGISTRATION_STATE [SUB0]
02-26 21:42:01.731 2022 2370 E use-Rlog/RLOG-RIL: TX: Time: 2083037315 / 580380
02-26 21:42:01.731 2022 2370 E use-Rlog/RLOG-RIL: TX: M:IPC_NET_CMD S:IPC_NET_SERVING_NETWORK T:IPC_CMD_GET l:7 m:f1 a:0
02-26 21:42:01.733 3501 3501 D RILJ : [3909]> VOICE_REGISTRATION_STATE [SUB0]
02-26 21:42:01.734 2022 2370 E use-Rlog/RLOG-RIL: RX: Time: 2083037318 / 580384
02-26 21:42:01.735 2022 2370 E use-Rlog/RLOG-RIL: RX: M:IPC_NET_CMD S:IPC_NET_SERVING_NETWORK T:IPC_CMD_RESP l:12 m:ff a:f1
02-26 21:42:01.735 2022 2370 E use-Rlog/RLOG-RIL: RX: 02 02 04 32 36 32 30 31 23 B9 10
02-26 21:42:01.739 3501 3729 D RILJ : [3907]< OPERATOR {Telekom.de, Telekom.de, 26201} [SUB0]
02-26 21:42:01.740 3501 3501 D RILJ : [3910]> QUERY_NETWORK_SELECTION_MODE [SUB0]
02-26 21:42:01.743 2022 2370 E use-Rlog/RLOG-RIL: TX: Time: 2083037326 / 580392
02-26 21:42:01.743 2022 2370 E use-Rlog/RLOG-RIL: TX: M:IPC_NET_CMD S:IPC_NET_REGIST T:IPC_CMD_GET l:9 m:f2 a:0
02-26 21:42:01.743 2022 2370 E use-Rlog/RLOG-RIL: TX: FF 03
02-26 21:42:01.743 2022 2370 E use-Rlog/RLOG-RIL: RX: Time: 2083037327 / 580393
02-26 21:42:01.743 2022 2370 E use-Rlog/RLOG-RIL: RX: M:IPC_NET_CMD S:IPC_NET_REGIST T:IPC_CMD_RESP l:12 m:ff a:f2
02-26 21:42:01.743 2022 2370 E use-Rlog/RLOG-RIL: RX: 04 03 02 01 B9 10 99 11 07 00 00
02-26 21:42:01.744 3501 3501 D RILJ : [3911]> OPERATOR [SUB0]
02-26 21:42:01.746 2022 2370 E use-Rlog/RLOG-RIL: TX: Time: 2083037330 / 580395
02-26 21:42:01.746 2022 2370 E use-Rlog/RLOG-RIL: TX: M:IPC_NET_CMD S:IPC_NET_REGIST T:IPC_CMD_GET l:9 m:f3 a:0
02-26 21:42:01.746 2022 2370 E use-Rlog/RLOG-RIL: TX: FF 02
02-26 21:42:01.747 2022 2370 E use-Rlog/RLOG-RIL: RX: Time: 2083037331 / 580397
02-26 21:42:01.748 2022 2370 E use-Rlog/RLOG-RIL: RX: M:IPC_NET_CMD S:IPC_NET_REGIST T:IPC_CMD_RESP l:12 m:ff a:f3
02-26 21:42:01.748 2022 2370 E use-Rlog/RLOG-RIL: RX: 04 02 02 01 B9 10 99 11 07 00 00
02-26 21:42:01.749 3501 3501 D RILJ : [3912]> DATA_REGISTRATION_STATE [SUB0]
02-26 21:42:01.751 2022 2370 E use-Rlog/RLOG-RIL: TX: Time: 2083037332 / 580398
02-26 21:42:01.752 2022 2370 E use-Rlog/RLOG-RIL: TX: M:IPC_NET_CMD S:IPC_NET_PLMN_SEL T:IPC_CMD_GET l:7 m:f4 a:0
02-26 21:42:01.752 2022 2370 E use-Rlog/RLOG-RIL: RX: Time: 2083037336 / 580401
02-26 21:42:01.752 2022 2370 E use-Rlog/RLOG-RIL: RX: M:IPC_NET_CMD S:IPC_NET_PLMN_SEL T:IPC_CMD_RESP l:8 m:ff a:f4
02-26 21:42:01.752 2022 2370 E use-Rlog/RLOG-RIL: RX: 02
02-26 21:42:01.753 3501 3729 D RILJ : [3908]< DATA_REGISTRATION_STATE {1, 10b9, 00071199, 3} [SUB0]
02-26 21:42:01.753 2022 2370 E use-Rlog/RLOG-RIL: TX: Time: 2083037337 / 580403
02-26 21:42:01.754 2022 2370 E use-Rlog/RLOG-RIL: TX: M:IPC_NET_CMD S:IPC_NET_SERVING_NETWORK T:IPC_CMD_GET l:7 m:f5 a:0
02-26 21:42:01.756 3501 3501 D RILJ : [3913]> VOICE_REGISTRATION_STATE [SUB0]
02-26 21:42:01.757 3501 3729 D RILJ : [3909]< VOICE_REGISTRATION_STATE {1, 10b9, 00071199} [SUB0]
02-26 21:42:01.762 2022 2370 E use-Rlog/RLOG-RIL: RX: Time: 2083037346 / 580411
02-26 21:42:01.762 2022 2370 E use-Rlog/RLOG-RIL: RX: M:IPC_NET_CMD S:IPC_NET_SERVING_NETWORK T:IPC_CMD_RESP l:12 m:ff a:f5
02-26 21:42:01.762 2022 2370 E use-Rlog/RLOG-RIL: RX: 02 02 04 32 36 32 30 31 23 B9 10
02-26 21:42:01.763 2022 2370 E use-Rlog/RLOG-RIL: TX: Time: 2083037347 / 580413
02-26 21:42:01.764 2022 2370 E use-Rlog/RLOG-RIL: TX: M:IPC_NET_CMD S:IPC_NET_REGIST T:IPC_CMD_GET l:9 m:f6 a:0
02-26 21:42:01.764 2022 2370 E use-Rlog/RLOG-RIL: TX: FF 03
02-26 21:42:01.767 3501 3729 D RILJ : [3910]< QUERY_NETWORK_SELECTION_MODE {0} [SUB0]
02-26 21:42:01.767 2022 2370 E use-Rlog/RLOG-RIL: RX: Time: 2083037351 / 580416
02-26 21:42:01.767 2022 2370 E use-Rlog/RLOG-RIL: RX: M:IPC_NET_CMD S:IPC_NET_REGIST T:IPC_CMD_RESP l:12 m:ff a:f6
02-26 21:42:01.767 2022 2370 E use-Rlog/RLOG-RIL: RX: 04 03 02 01 B9 10 99 11 07 00 00
