02-26 21:35:48.697 3501 3768 D SubscriptionController: [getActiveSubscriptionInfo]+ subId=1 subInfo={id=1, iccId=89490240001727922556 simSlotIndex=0 displayName=congstar carrierName=congstar nameSource=0 iconTint=-16746133 dataRoaming=0 iconBitmap=android.graphics.Bitmap@c7c5c93 mcc 262 mnc 1 userNwMode=0}
02-26 21:35:48.725 3501 3736 D SubscriptionController: [getActiveSubscriptionInfo]+ subId=1 subInfo={id=1, iccId=89490240001727922556 simSlotIndex=0 displayName=congstar carrierName=congstar nameSource=0 iconTint=-16746133 dataRoaming=0 iconBitmap=android.graphics.Bitmap@d947cc9 mcc 262 mnc 1 userNwMode=0}
02-26 21:35:49.844 3501 3514 D PhoneFactory: SMS Prompt option:false
02-26 21:35:49.844 3501 3514 D RIL_UiccSmsController: isSmsSimPickActivityNeeded: false, sms prompt disabled.
02-26 21:35:49.846 3501 3799 D RILJ : [3774]> RIL_REQUEST_CDMA_SET_BROADCAST_CONFIG with 1 configs : [SUB0]
02-26 21:35:49.846 3501 3799 D RILJ : CdmaSmsBroadcastConfigInfo: Id [4096, 4096] ENABLED [SUB0]
02-26 21:35:52.051 3501 3514 D DCT : [0]hasMatchedTetherApnSetting: APN=null
02-26 21:35:52.053 3501 3501 D SIMRecords: [SIMRecords] getServiceProviderName: no brandOverride, providerName=congstar
02-26 21:35:52.053 3501 3501 D SIMRecords: [SIMRecords] getServiceProviderName: no brandOverride, providerName=congstar
02-26 21:35:52.146 3501 3759 D DCT : [0]getDataEnabled during provisioning retVal=true - (true, 1)
02-26 21:35:52.371 3501 3501 D CAT : com.android.stk.StkAppService: onStart sim id: 0, op: 11, *****
02-26 21:35:52.371 3501 3767 D CAT : com.android.stk.StkAppService: handleMessage opcode[11], sim id[0]
02-26 21:35:52.372 3501 3767 D CAT : StkAppService$ServiceHandler: Locale Changed
02-26 21:35:52.372 3501 3767 D CAT : StkAppService: Event :7
02-26 21:35:52.372 3501 3767 E CAT : StkAppService: Event does not exist in the EventList
02-26 21:35:52.572 3501 3514 D DCT : [0]getDataEnabled during provisioning retVal=true - (true, 1)
02-26 21:35:52.603 3501 3515 D DCT : [0]getDataEnabled during provisioning retVal=true - (true, 1)
02-26 21:35:52.650 3501 3798 D DCT : [0]getDataEnabled during provisioning retVal=true - (true, 1)
02-26 21:35:55.545 3501 3515 D DCT : [0]hasMatchedTetherApnSetting: APN=null
02-26 21:35:55.565 3501 3501 D DCT : [0]Wifi state changed
02-26 21:35:55.565 3501 3501 D DCT : [0]WIFI_STATE_CHANGED_ACTION: enabled=false mIsWifiConnected=false
02-26 21:35:55.567 3501 3515 D DCT : [0]setPolicyDataEnabled: true
02-26 21:35:55.568 3501 3501 D CdmaSSM : subscriptionSource from settings: 0
02-26 21:35:55.935 3501 3501 D DCT : [0]Wifi state changed
02-26 21:35:55.935 3501 3501 D DCT : [0]WIFI_STATE_CHANGED_ACTION: enabled=true mIsWifiConnected=false
02-26 21:35:56.052 3501 3501 D DCT : [0]NETWORK_STATE_CHANGED_ACTION: mIsWifiConnected=false
02-26 21:35:56.195 3501 3501 D DCT : [0]NETWORK_STATE_CHANGED_ACTION: mIsWifiConnected=false
02-26 21:35:57.729 2022 2022 E use-Rlog/RLOG-RIL: TX: Time: 2082673313 / 216378
02-26 21:35:57.729 2022 2022 E use-Rlog/RLOG-RIL: TX: M:IPC_GPRS_CMD S:IPC_GPRS_DATA_DORMANT T:IPC_CMD_SET l:7 m:76 a:0
02-26 21:35:57.818 2022 2370 E use-Rlog/RLOG-RIL: RX: Time: 2082673402 / 216468
02-26 21:35:57.818 2022 2370 E use-Rlog/RLOG-RIL: RX: M:IPC_GEN_CMD S:IPC_GEN_PHONE_RES T:IPC_CMD_RESP l:c m:ff a:76
02-26 21:35:57.818 2022 2370 E use-Rlog/RLOG-RIL: RX: 0D 0E 03 00 80
02-26 21:35:58.136 2022 2370 E use-Rlog/RLOG-RIL: RX: Time: 2082673720 / 216786
02-26 21:35:58.136 2022 2370 E use-Rlog/RLOG-RIL: RX: M:IPC_GPRS_CMD S:IPC_GPRS_HSDPA_STATUS T:IPC_CMD_NOTI l:8 m:ff a:76
02-26 21:35:58.137 2022 2370 E use-Rlog/RLOG-RIL: RX: 02
02-26 21:35:58.138 3501 3729 D RILJ : [UNSL]< UNSOL_RESPONSE_VOICE_NETWORK_STATE_CHANGED [SUB0]
02-26 21:35:58.138 3501 3501 D RILJ : [3775]> OPERATOR [SUB0]
02-26 21:35:58.140 3501 3501 D RILJ : [3776]> DATA_REGISTRATION_STATE [SUB0]
02-26 21:35:58.140 2022 2370 E use-Rlog/RLOG-RIL: TX: Time: 2082673724 / 216790
02-26 21:35:58.140 2022 2370 E use-Rlog/RLOG-RIL: TX: M:IPC_NET_CMD S:IPC_NET_SERVING_NETWORK T:IPC_CMD_GET l:7 m:77 a:0
02-26 21:35:58.141 3501 3501 D RILJ : [3777]> VOICE_REGISTRATION_STATE [SUB0]
02-26 21:35:58.142 2022 2370 E use-Rlog/RLOG-RIL: RX: Time: 2082673726 / 216791
02-26 21:35:58.142 2022 2370 E use-Rlog/RLOG-RIL: RX: M:IPC_NET_CMD S:IPC_NET_SERVING_NETWORK T:IPC_CMD_RESP l:12 m:ff a:77
02-26 21:35:58.142 2022 2370 E use-Rlog/RLOG-RIL: RX: 02 02 04 32 36 32 30 31 23 B9 10
02-26 21:35:58.142 2022 2370 E use-Rlog/RLOG-RIL: TX: Time: 2082673726 / 216792
02-26 21:35:58.142 2022 2370 E use-Rlog/RLOG-RIL: TX: M:IPC_NET_CMD S:IPC_NET_REGIST T:IPC_CMD_GET l:9 m:78 a:0
02-26 21:35:58.142 2022 2370 E use-Rlog/RLOG-RIL: TX: FF 03
02-26 21:35:58.142 3501 3501 D RILJ : [3778]> QUERY_NETWORK_SELECTION_MODE [SUB0]
02-26 21:35:58.143 3501 3729 D RILJ : [3775]< OPERATOR {Telekom.de, Telekom.de, 26201} [SUB0]
02-26 21:35:58.143 2022 2370 E use-Rlog/RLOG-RIL: RX: Time: 2082673727 / 216793
02-26 21:35:58.143 2022 2370 E use-Rlog/RLOG-RIL: RX: M:IPC_NET_CMD S:IPC_NET_REGIST T:IPC_CMD_RESP l:12 m:ff a:78
02-26 21:35:58.143 2022 2370 E use-Rlog/RLOG-RIL: RX: 04 03 02 01 B9 10 6E 39 07 00 00
02-26 21:35:58.145 2022 2370 E use-Rlog/RLOG-RIL: TX: Time: 2082673729 / 216794
02-26 21:35:58.145 3501 3729 D RILJ : [3776]< DATA_REGISTRATION_STATE {1, 10b9, 0007396e, 15} [SUB0]
02-26 21:35:58.145 2022 2370 E use-Rlog/RLOG-RIL: TX: M:IPC_NET_CMD S:IPC_NET_REGIST T:IPC_CMD_GET l:9 m:79 a:0
02-26 21:35:58.145 2022 2370 E use-Rlog/RLOG-RIL: TX: FF 02
02-26 21:35:58.146 3501 3501 D SST : handlPollStateResultMessage: GsmSST setDataRegState=0 regState=1 dataRadioTechnology=15
02-26 21:35:58.146 2022 2370 E use-Rlog/RLOG-RIL: RX: Time: 2082673730 / 216796
02-26 21:35:58.147 2022 2370 E use-Rlog/RLOG-RIL: RX: M:IPC_NET_CMD S:IPC_NET_REGIST T:IPC_CMD_RESP l:12 m:ff a:79
02-26 21:35:58.147 2022 2370 E use-Rlog/RLOG-RIL: RX: 04 02 02 01 B9 10 6E 39 07 00 00
02-26 21:35:58.147 2022 2370 E use-Rlog/RLOG-RIL: TX: Time: 2082673731 / 216797
02-26 21:35:58.147 2022 2370 E use-Rlog/RLOG-RIL: TX: M:IPC_NET_CMD S:IPC_NET_PLMN_SEL T:IPC_CMD_GET l:7 m:7a a:0
02-26 21:35:58.148 3501 3729 D RILJ : [3777]< VOICE_REGISTRATION_STATE {1, 10b9, 0007396e} [SUB0]
02-26 21:35:58.149 2022 2370 E use-Rlog/RLOG-RIL: RX: Time: 2082673733 / 216798
02-26 21:35:58.149 2022 2370 E use-Rlog/RLOG-RIL: RX: M:IPC_NET_CMD S:IPC_NET_PLMN_SEL T:IPC_CMD_RESP l:8 m:ff a:7a
02-26 21:35:58.149 2022 2370 E use-Rlog/RLOG-RIL: RX: 02
02-26 21:35:58.149 3501 3729 D RILJ : [3778]< QUERY_NETWORK_SELECTION_MODE {0} [SUB0]
02-26 21:35:58.150 3501 3501 D SST : EVENT_POLL_STATE_NETWORK_SELECTION_MODE
02-26 21:35:58.155 3501 3501 D SST : Poll ServiceState done: oldSS=[0 0 voice home data home Telekom.de Telekom.de 26201 Telekom.de Telekom.de 26201 Unknown HSPAP CSS not supported -1 -1 RoamInd=-1 DefRoamInd=-1 EmergOnly=false IsDataRoamingFromRegistration=false IsUsingCarrierAggregation=false] newSS=[0 0 voice home data home Telekom.de Telekom.de 26201 Telekom.de Telekom.de 26201 Unknown HSPAP CSS not supported -1 -1 RoamInd=-1 DefRoamInd=-1 EmergOnly=false IsDataRoamingFromRegistration=false IsUsingCarrierAggregation=false] oldMaxDataCalls=1 mNewMaxDataCalls=1 oldReasonDataDenied=-1 mNewReasonDataDenied=-1
02-26 21:35:58.832 2022 2370 E use-Rlog/RLOG-RIL: RX: Time: 2082674416 / 217482
02-26 21:35:58.832 2022 2370 E use-Rlog/RLOG-RIL: RX: M:IPC_GPRS_CMD S:IPC_GPRS_HSDPA_STATUS T:IPC_CMD_NOTI l:8 m:ff a:7a
02-26 21:35:58.832 2022 2370 E use-Rlog/RLOG-RIL: RX: 02
02-26 21:35:58.833 3501 3729 D RILJ : [UNSL]< UNSOL_RESPONSE_VOICE_NETWORK_STATE_CHANGED [SUB0]
02-26 21:35:58.834 3501 3501 D RILJ : [3779]> OPERATOR [SUB0]
02-26 21:35:58.835 3501 3501 D RILJ : [3780]> DATA_REGISTRATION_STATE [SUB0]
02-26 21:35:58.836 2022 2370 E use-Rlog/RLOG-RIL: TX: Time: 2082674420 / 217486
02-26 21:35:58.836 2022 2370 E use-Rlog/RLOG-RIL: TX: M:IPC_NET_CMD S:IPC_NET_SERVING_NETWORK T:IPC_CMD_GET l:7 m:7b a:0
02-26 21:35:58.837 3501 3501 D RILJ : [3781]> VOICE_REGISTRATION_STATE [SUB0]
02-26 21:35:58.838 2022 2370 E use-Rlog/RLOG-RIL: RX: Time: 2082674422 / 217488
02-26 21:35:58.838 2022 2370 E use-Rlog/RLOG-RIL: RX: M:IPC_NET_CMD S:IPC_NET_SERVING_NETWORK T:IPC_CMD_RESP l:12 m:ff a:7b
02-26 21:35:58.839 2022 2370 E use-Rlog/RLOG-RIL: RX: 02 02 04 32 36 32 30 31 23 B9 10
02-26 21:35:58.839 2022 2370 E use-Rlog/RLOG-RIL: TX: Time: 2082674423 / 217488
02-26 21:35:58.839 2022 2370 E use-Rlog/RLOG-RIL: TX: M:IPC_NET_CMD S:IPC_NET_REGIST T:IPC_CMD_GET l:9 m:7c a:0
02-26 21:35:58.839 2022 2370 E use-Rlog/RLOG-RIL: TX: FF 03
02-26 21:35:58.840 3501 3729 D RILJ : [3779]< OPERATOR {Telekom.de, Telekom.de, 26201} [SUB0]
02-26 21:35:58.840 3501 3501 D RILJ : [3782]> QUERY_NETWORK_SELECTION_MODE [SUB0]
02-26 21:35:58.841 2022 2370 E use-Rlog/RLOG-RIL: RX: Time: 2082674425 / 217490
02-26 21:35:58.841 2022 2370 E use-Rlog/RLOG-RIL: RX: M:IPC_NET_CMD S:IPC_NET_REGIST T:IPC_CMD_RESP l:12 m:ff a:7c
02-26 21:35:58.841 2022 2370 E use-Rlog/RLOG-RIL: RX: 04 03 02 01 B9 10 6E 39 07 00 00
02-26 21:35:58.841 2022 2370 E use-Rlog/RLOG-RIL: TX: Time: 2082674425 / 217491
02-26 21:35:58.841 2022 2370 E use-Rlog/RLOG-RIL: TX: M:IPC_NET_CMD S:IPC_NET_REGIST T:IPC_CMD_GET l:9 m:7d a:0
02-26 21:35:58.841 2022 2370 E use-Rlog/RLOG-RIL: TX: FF 02
02-26 21:35:58.842 3501 3729 D RILJ : [3780]< DATA_REGISTRATION_STATE {1, 10b9, 0007396e, 15} [SUB0]
02-26 21:35:58.843 3501 3501 D SST : handlPollStateResultMessage: GsmSST setDataRegState=0 regState=1 dataRadioTechnology=15
02-26 21:35:58.845 2022 2370 E use-Rlog/RLOG-RIL: RX: Time: 2082674429 / 217494
02-26 21:35:58.845 2022 2370 E use-Rlog/RLOG-RIL: RX: M:IPC_NET_CMD S:IPC_NET_REGIST T:IPC_CMD_RESP l:12 m:ff a:7d
02-26 21:35:58.845 2022 2370 E use-Rlog/RLOG-RIL: RX: 04 02 02 01 B9 10 6E 39 07 00 00
02-26 21:35:58.845 2022 2370 E use-Rlog/RLOG-RIL: TX: Time: 2082674429 / 217495
02-26 21:35:58.845 2022 2370 E use-Rlog/RLOG-RIL: TX: M:IPC_NET_CMD S:IPC_NET_PLMN_SEL T:IPC_CMD_GET l:7 m:7e a:0
02-26 21:35:58.846 3501 3729 D RILJ : [3781]< VOICE_REGISTRATION_STATE {1, 10b9, 0007396e} [SUB0]
02-26 21:35:58.847 2022 2370 E use-Rlog/RLOG-RIL: RX: Time: 2082674431 / 217497
02-26 21:35:58.847 2022 2370 E use-Rlog/RLOG-RIL: RX: M:IPC_NET_CMD S:IPC_NET_PLMN_SEL T:IPC_CMD_RESP l:8 m:ff a:7e
02-26 21:35:58.847 2022 2370 E use-Rlog/RLOG-RIL: RX: 02
02-26 21:35:58.848 3501 3729 D RILJ : [3782]< QUERY_NETWORK_SELECTION_MODE {0} [SUB0]
02-26 21:35:58.848 3501 3501 D SST : EVENT_POLL_STATE_NETWORK_SELECTION_MODE
02-26 21:35:58.852 3501 3501 D SST : Poll ServiceState done: oldSS=[0 0 voice home data home Telekom.de Telekom.de 26201 Telekom.de Telekom.de 26201 Unknown HSPAP CSS not supported -1 -1 RoamInd=-1 DefRoamInd=-1 EmergOnly=false IsDataRoamingFromRegistration=false IsUsingCarrierAggregation=false] newSS=[0 0 voice home data home Telekom.de Telekom.de 26201 Telekom.de Telekom.de 26201 Unknown HSPAP CSS not supported -1 -1 RoamInd=-1 DefRoamInd=-1 EmergOnly=false IsDataRoamingFromRegistration=false IsUsingCarrierAggregation=false] oldMaxDataCalls=1 mNewMaxDataCalls=1 oldReasonDataDenied=-1 mNewReasonDataDenied=-1
02-26 21:35:59.043 3501 3501 D DCT : [0]NETWORK_STATE_CHANGED_ACTION: mIsWifiConnected=false
02-26 21:36:06.095 3501 3501 D DCT : [0]NETWORK_STATE_CHANGED_ACTION: mIsWifiConnected=false
02-26 21:36:09.704 3501 3501 D DCT : [0]NETWORK_STATE_CHANGED_ACTION: mIsWifiConnected=false
02-26 21:36:11.860 3501 3515 D DCT : [0]hasMatchedTetherApnSetting: APN=null
02-26 21:36:12.014 3501 3514 D DCT : [0]getDataEnabled during provisioning retVal=true - (true, 1)
02-26 21:36:12.163 3501 3501 D DCT : [0]NETWORK_STATE_CHANGED_ACTION: mIsWifiConnected=false
02-26 21:36:13.032 3501 3798 D DCT : [0]hasMatchedTetherApnSetting: APN=null
02-26 21:36:13.119 3501 3515 D DCT : [0]getDataEnabled during provisioning retVal=true - (true, 1)
02-26 21:36:13.546 2022 2370 E use-Rlog/RLOG-RIL: RX: Time: 2082689130 / 232195
02-26 21:36:13.546 2022 2370 E use-Rlog/RLOG-RIL: RX: M:IPC_GPRS_CMD S:IPC_GPRS_HSDPA_STATUS T:IPC_CMD_NOTI l:8 m:ff a:7e
02-26 21:36:13.546 2022 2370 E use-Rlog/RLOG-RIL: RX: 02
02-26 21:36:13.546 2022 2370 E use-Rlog/RLOG-RIL: RX: Time: 2082689130 / 232195
02-26 21:36:13.546 2022 2370 E use-Rlog/RLOG-RIL: RX: M:IPC_NET_CMD S:IPC_NET_REGIST T:IPC_CMD_NOTI l:12 m:ff a:ff
02-26 21:36:13.546 2022 2370 E use-Rlog/RLOG-RIL: RX: 04 02 02 01 B9 10 01 72 07 00 00
02-26 21:36:13.546 2022 2370 E use-Rlog/RLOG-RIL: RX: Time: 2082689130 / 232196
02-26 21:36:13.546 2022 2370 E use-Rlog/RLOG-RIL: RX: M:IPC_NET_CMD S:IPC_NET_REGIST T:IPC_CMD_NOTI l:12 m:ff a:ff
02-26 21:36:13.546 2022 2370 E use-Rlog/RLOG-RIL: RX: 04 03 02 01 B9 10 01 72 07 00 00
02-26 21:36:13.546 2022 2370 E use-Rlog/RLOG-RIL: RX: Time: 2082689130 / 232196
02-26 21:36:13.546 2022 2370 E use-Rlog/RLOG-RIL: RX: M:IPC_GPRS_CMD S:IPC_GPRS_HSDPA_STATUS T:IPC_CMD_NOTI l:8 m:ff a:ff
02-26 21:36:13.546 2022 2370 E use-Rlog/RLOG-RIL: RX: 00
02-26 21:36:13.547 3501 3729 D RILJ : [UNSL]< UNSOL_RESPONSE_VOICE_NETWORK_STATE_CHANGED [SUB0]
02-26 21:36:13.548 3501 3729 D RILJ : [UNSL]< UNSOL_RESPONSE_VOICE_NETWORK_STATE_CHANGED [SUB0]
02-26 21:36:13.548 3501 3729 D RILJ : [UNSL]< UNSOL_RESPONSE_VOICE_NETWORK_STATE_CHANGED [SUB0]
02-26 21:36:13.548 3501 3729 D RILJ : [UNSL]< UNSOL_RESPONSE_VOICE_NETWORK_STATE_CHANGED [SUB0]
02-26 21:36:13.548 3501 3501 D RILJ : [3783]> OPERATOR [SUB0]
02-26 21:36:13.550 3501 3501 D RILJ : [3784]> DATA_REGISTRATION_STATE [SUB0]
02-26 21:36:13.551 2022 2370 E use-Rlog/RLOG-RIL: TX: Time: 2082689135 / 232200
02-26 21:36:13.551 2022 2370 E use-Rlog/RLOG-RIL: TX: M:IPC_NET_CMD S:IPC_NET_SERVING_NETWORK T:IPC_CMD_GET l:7 m:7f a:0
02-26 21:36:13.551 3501 3501 D RILJ : [3785]> VOICE_REGISTRATION_STATE [SUB0]
02-26 21:36:13.552 3501 3501 D RILJ : [3786]> QUERY_NETWORK_SELECTION_MODE [SUB0]
02-26 21:36:13.554 2022 2370 E use-Rlog/RLOG-RIL: RX: Time: 2082689137 / 232203
02-26 21:36:13.554 2022 2370 E use-Rlog/RLOG-RIL: RX: M:IPC_NET_CMD S:IPC_NET_SERVING_NETWORK T:IPC_CMD_RESP l:12 m:ff a:7f
02-26 21:36:13.554 2022 2370 E use-Rlog/RLOG-RIL: RX: 02 02 04 32 36 32 30 31 23 B9 10
02-26 21:36:13.554 2022 2370 E use-Rlog/RLOG-RIL: TX: Time: 2082689138 / 232204
02-26 21:36:13.554 2022 2370 E use-Rlog/RLOG-RIL: TX: M:IPC_NET_CMD S:IPC_NET_REGIST T:IPC_CMD_GET l:9 m:80 a:0
02-26 21:36:13.554 2022 2370 E use-Rlog/RLOG-RIL: TX: FF 03
02-26 21:36:13.555 3501 3729 D RILJ : [3783]< OPERATOR {Telekom.de, Telekom.de, 26201} [SUB0]
02-26 21:36:13.556 2022 2370 E use-Rlog/RLOG-RIL: RX: Time: 2082689139 / 232205
02-26 21:36:13.556 2022 2370 E use-Rlog/RLOG-RIL: RX: M:IPC_NET_CMD S:IPC_NET_REGIST T:IPC_CMD_RESP l:12 m:ff a:80
02-26 21:36:13.556 2022 2370 E use-Rlog/RLOG-RIL: RX: 04 03 02 01 B9 10 01 72 07 00 00
02-26 21:36:13.556 2022 2370 E use-Rlog/RLOG-RIL: TX: Time: 2082689140 / 232205
02-26 21:36:13.556 2022 2370 E use-Rlog/RLOG-RIL: TX: M:IPC_NET_CMD S:IPC_NET_REGIST T:IPC_CMD_GET l:9 m:81 a:0
02-26 21:36:13.556 2022 2370 E use-Rlog/RLOG-RIL: TX: FF 02
02-26 21:36:13.556 3501 3729 D RILJ : [3784]< DATA_REGISTRATION_STATE {1, 10b9, 00077201, 3} [SUB0]
02-26 21:36:13.556 3501 3501 D RILJ : [3787]> OPERATOR [SUB0]
02-26 21:36:13.557 2022 2370 E use-Rlog/RLOG-RIL: RX: Time: 2082689141 / 232207
02-26 21:36:13.557 2022 2370 E use-Rlog/RLOG-RIL: RX: M:IPC_NET_CMD S:IPC_NET_REGIST T:IPC_CMD_RESP l:12 m:ff a:81
02-26 21:36:13.557 2022 2370 E use-Rlog/RLOG-RIL: RX: 04 02 02 01 B9 10 01 72 07 00 00
02-26 21:36:13.557 2022 2370 E use-Rlog/RLOG-RIL: TX: Time: 2082689141 / 232207
02-26 21:36:13.557 2022 2370 E use-Rlog/RLOG-RIL: TX: M:IPC_NET_CMD S:IPC_NET_PLMN_SEL T:IPC_CMD_GET l:7 m:82 a:0
02-26 21:36:13.558 3501 3729 D RILJ : [3785]< VOICE_REGISTRATION_STATE {1, 10b9, 00077201} [SUB0]
02-26 21:36:13.558 3501 3501 D RILJ : [3788]> DATA_REGISTRATION_STATE [SUB0]
02-26 21:36:13.559 3501 3501 D RILJ : [3789]> VOICE_REGISTRATION_STATE [SUB0]
02-26 21:36:13.560 3501 3501 D RILJ : [3790]> QUERY_NETWORK_SELECTION_MODE [SUB0]
02-26 21:36:13.562 3501 3501 D RILJ : [3791]> OPERATOR [SUB0]
02-26 21:36:13.564 2022 2370 E use-Rlog/RLOG-RIL: RX: Time: 2082689148 / 232213
02-26 21:36:13.564 2022 2370 E use-Rlog/RLOG-RIL: RX: M:IPC_NET_CMD S:IPC_NET_PLMN_SEL T:IPC_CMD_RESP l:8 m:ff a:82
02-26 21:36:13.564 2022 2370 E use-Rlog/RLOG-RIL: RX: 02
02-26 21:36:13.565 2022 2370 E use-Rlog/RLOG-RIL: TX: Time: 2082689148 / 232214
02-26 21:36:13.565 2022 2370 E use-Rlog/RLOG-RIL: TX: M:IPC_NET_CMD S:IPC_NET_SERVING_NETWORK T:IPC_CMD_GET l:7 m:83 a:0
02-26 21:36:13.565 2022 2370 E use-Rlog/RLOG-RIL: RX: Time: 2082689149 / 232215
02-26 21:36:13.565 2022 2370 E use-Rlog/RLOG-RIL: RX: M:IPC_NET_CMD S:IPC_NET_SERVING_NETWORK T:IPC_CMD_RESP l:12 m:ff a:83
02-26 21:36:13.565 2022 2370 E use-Rlog/RLOG-RIL: RX: 02 02 04 32 36 32 30 31 23 B9 10
02-26 21:36:13.566 2022 2370 E use-Rlog/RLOG-RIL: TX: Time: 2082689149 / 232215
02-26 21:36:13.566 2022 2370 E use-Rlog/RLOG-RIL: TX: M:IPC_NET_CMD S:IPC_NET_REGIST T:IPC_CMD_GET l:9 m:84 a:0
02-26 21:36:13.566 2022 2370 E use-Rlog/RLOG-RIL: TX: FF 03
02-26 21:36:13.566 3501 3729 D RILJ : [3786]< QUERY_NETWORK_SELECTION_MODE {0} [SUB0]
02-26 21:36:13.566 3501 3729 D RILJ : [3787]< OPERATOR {Telekom.de, Telekom.de, 26201} [SUB0]
02-26 21:36:13.566 2022 2370 E use-Rlog/RLOG-RIL: RX: Time: 2082689150 / 232216
02-26 21:36:13.567 2022 2370 E use-Rlog/RLOG-RIL: RX: M:IPC_NET_CMD S:IPC_NET_REGIST T:IPC_CMD_RESP l:12 m:ff a:84
02-26 21:36:13.567 2022 2370 E use-Rlog/RLOG-RIL: RX: 04 03 02 01 B9 10 01 72 07 00 00
02-26 21:36:13.568 3501 3729 D RILJ : [3788]< DATA_REGISTRATION_STATE {1, 10b9, 00077201, 3} [SUB0]
02-26 21:36:13.568 2022 2370 E use-Rlog/RLOG-RIL: TX: Time: 2082689152 / 232217
02-26 21:36:13.568 2022 2370 E use-Rlog/RLOG-RIL: TX: M:IPC_NET_CMD S:IPC_NET_REGIST T:IPC_CMD_GET l:9 m:85 a:0
02-26 21:36:13.568 2022 2370 E use-Rlog/RLOG-RIL: TX: FF 02
02-26 21:36:13.568 2022 2370 E use-Rlog/RLOG-RIL: RX: Time: 2082689152 / 232218
02-26 21:36:13.568 2022 2370 E use-Rlog/RLOG-RIL: RX: M:IPC_NET_CMD S:IPC_NET_REGIST T:IPC_CMD_RESP l:12 m:ff a:85
02-26 21:36:13.568 2022 2370 E use-Rlog/RLOG-RIL: RX: 04 02 02 01 B9 10 01 72 07 00 00
02-26 21:36:13.568 2022 2370 E use-Rlog/RLOG-RIL: TX: Time: 2082689152 / 232218
02-26 21:36:13.568 2022 2370 E use-Rlog/RLOG-RIL: TX: M:IPC_NET_CMD S:IPC_NET_PLMN_SEL T:IPC_CMD_GET l:7 m:86 a:0
02-26 21:36:13.569 3501 3729 D RILJ : [3789]< VOICE_REGISTRATION_STATE {1, 10b9, 00077201} [SUB0]
02-26 21:36:13.570 2022 2370 E use-Rlog/RLOG-RIL: RX: Time: 2082689154 / 232219
02-26 21:36:13.570 2022 2370 E use-Rlog/RLOG-RIL: RX: M:IPC_NET_CMD S:IPC_NET_PLMN_SEL T:IPC_CMD_RESP l:8 m:ff a:86
02-26 21:36:13.570 2022 2370 E use-Rlog/RLOG-RIL: RX: 02
02-26 21:36:13.570 2022 2370 E use-Rlog/RLOG-RIL: TX: Time: 2082689154 / 232220
02-26 21:36:13.570 2022 2370 E use-Rlog/RLOG-RIL: TX: M:IPC_NET_CMD S:IPC_NET_SERVING_NETWORK T:IPC_CMD_GET l:7 m:87 a:0
02-26 21:36:13.571 3501 3501 D RILJ : [3792]> DATA_REGISTRATION_STATE [SUB0]
02-26 21:36:13.571 3501 3729 D RILJ : [3790]< QUERY_NETWORK_SELECTION_MODE {0} [SUB0]
02-26 21:36:13.572 2022 2370 E use-Rlog/RLOG-RIL: RX: Time: 2082689156 / 232222
02-26 21:36:13.572 2022 2370 E use-Rlog/RLOG-RIL: RX: M:IPC_NET_CMD S:IPC_NET_SERVING_NETWORK T:IPC_CMD_RESP l:12 m:ff a:87
02-26 21:36:13.572 2022 2370 E use-Rlog/RLOG-RIL: RX: 02 02 04 32 36 32 30 31 23 B9 10
02-26 21:36:13.573 2022 2370 E use-Rlog/RLOG-RIL: TX: Time: 2082689157 / 232223
02-26 21:36:13.573 2022 2370 E use-Rlog/RLOG-RIL: TX: M:IPC_NET_CMD S:IPC_NET_REGIST T:IPC_CMD_GET l:9 m:88 a:0
02-26 21:36:13.573 2022 2370 E use-Rlog/RLOG-RIL: TX: FF 03
02-26 21:36:13.573 3501 3501 D RILJ : [3793]> VOICE_REGISTRATION_STATE [SUB0]
02-26 21:36:13.574 3501 3729 D RILJ : [3791]< OPERATOR {Telekom.de, Telekom.de, 26201} [SUB0]
02-26 21:36:13.574 2022 2370 E use-Rlog/RLOG-RIL: RX: Time: 2082689158 / 232224
02-26 21:36:13.574 2022 2370 E use-Rlog/RLOG-RIL: RX: M:IPC_NET_CMD S:IPC_NET_REGIST T:IPC_CMD_RESP l:12 m:ff a:88
02-26 21:36:13.574 2022 2370 E use-Rlog/RLOG-RIL: RX: 04 03 02 01 B9 10 01 72 07 00 00
02-26 21:36:13.574 3501 3501 D RILJ : [3794]> QUERY_NETWORK_SELECTION_MODE [SUB0]
02-26 21:36:13.574 2022 2370 E use-Rlog/RLOG-RIL: TX: Time: 2082689158 / 232224
02-26 21:36:13.574 2022 2370 E use-Rlog/RLOG-RIL: TX: M:IPC_NET_CMD S:IPC_NET_REGIST T:IPC_CMD_GET l:9 m:89 a:0
02-26 21:36:13.574 2022 2370 E use-Rlog/RLOG-RIL: TX: FF 02
02-26 21:36:13.576 3501 3501 D RILJ : [3795]> OPERATOR [SUB0]
02-26 21:36:13.576 2022 2370 E use-Rlog/RLOG-RIL: RX: Time: 2082689160 / 232226
02-26 21:36:13.576 2022 2370 E use-Rlog/RLOG-RIL: RX: M:IPC_NET_CMD S:IPC_NET_REGIST T:IPC_CMD_RESP l:12 m:ff a:89
02-26 21:36:13.576 2022 2370 E use-Rlog/RLOG-RIL: RX: 04 02 02 01 B9 10 01 72 07 00 00
02-26 21:36:13.577 2022 2370 E use-Rlog/RLOG-RIL: TX: Time: 2082689160 / 232226
02-26 21:36:13.577 2022 2370 E use-Rlog/RLOG-RIL: TX: M:IPC_NET_CMD S:IPC_NET_PLMN_SEL T:IPC_CMD_GET l:7 m:8a a:0
02-26 21:36:13.577 3501 3501 D RILJ : [3796]> DATA_REGISTRATION_STATE [SUB0]
02-26 21:36:13.578 2022 2370 E use-Rlog/RLOG-RIL: RX: Time: 2082689162 / 232228
02-26 21:36:13.578 2022 2370 E use-Rlog/RLOG-RIL: RX: M:IPC_NET_CMD S:IPC_NET_PLMN_SEL T:IPC_CMD_RESP l:8 m:ff a:8a
02-26 21:36:13.578 2022 2370 E use-Rlog/RLOG-RIL: RX: 02
02-26 21:36:13.579 2022 2370 E use-Rlog/RLOG-RIL: TX: Time: 2082689163 / 232228
02-26 21:36:13.579 3501 3729 D RILJ : [3792]< DATA_REGISTRATION_STATE {1, 10b9, 00077201, 3} [SUB0]
02-26 21:36:13.579 3501 3729 D RILJ : [3793]< VOICE_REGISTRATION_STATE {1, 10b9, 00077201} [SUB0]
02-26 21:36:13.579 3501 3729 D RILJ : [3794]< QUERY_NETWORK_SELECTION_MODE {0} [SUB0]
02-26 21:36:13.583 2022 2370 E use-Rlog/RLOG-RIL: TX: M:IPC_NET_CMD S:IPC_NET_SERVING_NETWORK T:IPC_CMD_GET l:7 m:8b a:0
02-26 21:36:13.583 3501 3501 D RILJ : [3797]> VOICE_REGISTRATION_STATE [SUB0]
02-26 21:36:13.585 3501 3501 D RILJ : [3798]> QUERY_NETWORK_SELECTION_MODE [SUB0]
02-26 21:36:13.586 3501 3501 D SST : EVENT_POLL_STATE_NETWORK_SELECTION_MODE
02-26 21:36:13.586 3501 3501 D SST : EVENT_POLL_STATE_NETWORK_SELECTION_MODE
02-26 21:36:13.586 3501 3501 D SST : EVENT_POLL_STATE_NETWORK_SELECTION_MODE
02-26 21:36:13.590 2022 2370 E use-Rlog/RLOG-RIL: RX: Time: 2082689174 / 232240
02-26 21:36:13.590 2022 2370 E use-Rlog/RLOG-RIL: RX: M:IPC_NET_CMD S:IPC_NET_SERVING_NETWORK T:IPC_CMD_RESP l:12 m:ff a:8b
02-26 21:36:13.590 2022 2370 E use-Rlog/RLOG-RIL: RX: 02 02 04 32 36 32 30 31 23 B9 10
02-26 21:36:13.591 2022 2370 E use-Rlog/RLOG-RIL: TX: Time: 2082689175 / 232240
02-26 21:36:13.591 2022 2370 E use-Rlog/RLOG-RIL: TX: M:IPC_NET_CMD S:IPC_NET_REGIST T:IPC_CMD_GET l:9 m:8c a:0
02-26 21:36:13.591 2022 2370 E use-Rlog/RLOG-RIL: TX: FF 03
02-26 21:36:13.591 3501 3729 D RILJ : [3795]< OPERATOR {Telekom.de, Telekom.de, 26201} [SUB0]
02-26 21:36:13.595 2022 2370 E use-Rlog/RLOG-RIL: RX: Time: 2082689179 / 232245
02-26 21:36:13.595 2022 2370 E use-Rlog/RLOG-RIL: RX: M:IPC_NET_CMD S:IPC_NET_REGIST T:IPC_CMD_RESP l:12 m:ff a:8c
02-26 21:36:13.595 2022 2370 E use-Rlog/RLOG-RIL: RX: 04 03 02 01 B9 10 01 72 07 00 00
02-26 21:36:13.596 2022 2370 E use-Rlog/RLOG-RIL: TX: Time: 2082689180 / 232245
02-26 21:36:13.596 2022 2370 E use-Rlog/RLOG-RIL: TX: M:IPC_NET_CMD S:IPC_NET_REGIST T:IPC_CMD_GET l:9 m:8d a:0
02-26 21:36:13.596 2022 2370 E use-Rlog/RLOG-RIL: TX: FF 02
02-26 21:36:13.596 3501 3729 D RILJ : [3796]< DATA_REGISTRATION_STATE {1, 10b9, 00077201, 3} [SUB0]
02-26 21:36:13.598 3501 3501 D SST : handlPollStateResultMessage: GsmSST setDataRegState=0 regState=1 dataRadioTechnology=3
02-26 21:36:13.602 2022 2370 E use-Rlog/RLOG-RIL: RX: Time: 2082689186 / 232251
02-26 21:36:13.602 2022 2370 E use-Rlog/RLOG-RIL: RX: M:IPC_NET_CMD S:IPC_NET_REGIST T:IPC_CMD_RESP l:12 m:ff a:8d
02-26 21:36:13.602 2022 2370 E use-Rlog/RLOG-RIL: RX: 04 02 02 01 B9 10 01 72 07 00 00
02-26 21:36:13.602 2022 2370 E use-Rlog/RLOG-RIL: TX: Time: 2082689186 / 232252
02-26 21:36:13.602 2022 2370 E use-Rlog/RLOG-RIL: TX: M:IPC_NET_CMD S:IPC_NET_PLMN_SEL T:IPC_CMD_GET l:7 m:8e a:0
02-26 21:36:13.603 3501 3729 D RILJ : [3797]< VOICE_REGISTRATION_STATE {1, 10b9, 00077201} [SUB0]
02-26 21:36:13.604 2022 2370 E use-Rlog/RLOG-RIL: RX: Time: 2082689188 / 232254
02-26 21:36:13.604 2022 2370 E use-Rlog/RLOG-RIL: RX: M:IPC_NET_CMD S:IPC_NET_PLMN_SEL T:IPC_CMD_RESP l:8 m:ff a:8e
02-26 21:36:13.604 2022 2370 E use-Rlog/RLOG-RIL: RX: 02
02-26 21:36:13.606 3501 3729 D RILJ : [3798]< QUERY_NETWORK_SELECTION_MODE {0} [SUB0]
02-26 21:36:13.606 3501 3501 D SST : EVENT_POLL_STATE_NETWORK_SELECTION_MODE
02-26 21:36:13.608 3501 3501 D SST : Poll ServiceState done: oldSS=[0 0 voice home data home Telekom.de Telekom.de 26201 Telekom.de Telekom.de 26201 Unknown HSPAP CSS not supported -1 -1 RoamInd=-1 DefRoamInd=-1 EmergOnly=false IsDataRoamingFromRegistration=false IsUsingCarrierAggregation=false] newSS=[0 0 voice home data home Telekom.de Telekom.de 26201 Telekom.de Telekom.de 26201 Unknown UMTS CSS not supported -1 -1 RoamInd=-1 DefRoamInd=-1 EmergOnly=false IsDataRoamingFromRegistration=false IsUsingCarrierAggregation=false] oldMaxDataCalls=1 mNewMaxDataCalls=1 oldReasonDataDenied=-1 mNewReasonDataDenied=-1
02-26 21:36:13.608 3501 3501 D TelephonyManager: setTelephonyProperty: success phoneId=0 property=gsm.network.type value: UMTS propVal=UMTS
02-26 21:36:13.611 3501 3501 D SIMRecords: [SIMRecords] getServiceProviderName: no brandOverride, providerName=congstar
02-26 21:36:13.611 3501 3501 D SIMRecords: [SIMRecords] getServiceProviderName: no brandOverride, providerName=congstar
02-26 21:36:13.611 3501 3501 D TelephonyManager: setTelephonyProperty: success phoneId=0 property=gsm.operator.alpha value: Telekom.de propVal=Telekom.de
02-26 21:36:13.612 3501 3501 D TelephonyManager: setTelephonyProperty: success phoneId=0 property=gsm.operator.numeric value: 26201 propVal=26201
02-26 21:36:13.613 3501 3501 D TelephonyManager: setTelephonyProperty: success phoneId=0 property=gsm.operator.iso-country value: de propVal=de
02-26 21:36:13.618 3501 3501 D SST : pollStateDone: no nitz but one TZ for iso-cc=de with zone.getID=Europe/Berlin testOneUniqueOffsetPath=false
02-26 21:36:13.619 3501 3501 D SST : setAndBroadcastNetworkSetTimeZone: setTimeZone=Europe/Berlin
02-26 21:36:13.623 3501 3501 D SST : setAndBroadcastNetworkSetTimeZone: call alarm.setTimeZone and broadcast zoneId=Europe/Berlin
02-26 21:36:13.658 3501 3501 D SST : shouldFixTimeZoneNow: retVal=false iccCardExist=true operatorNumeric=26201 mcc=262 prevOperatorNumeric=26201 prevMcc=262 needToFixTimeZone=false ltod=02-26 21:36:13.623
02-26 21:36:13.659 3501 3501 D TelephonyManager: setTelephonyProperty: success phoneId=0 property=gsm.operator.isroaming value: false propVal=false
02-26 21:36:13.660 3501 3501 D SST : Broadcasting ServiceState : 0 0 voice home data home Telekom.de Telekom.de 26201 Telekom.de Telekom.de 26201 Unknown UMTS CSS not supported -1 -1 RoamInd=-1 DefRoamInd=-1 EmergOnly=false IsDataRoamingFromRegistration=false IsUsingCarrierAggregation=false
02-26 21:36:13.660 3501 3501 D DefaultPhoneNotifier: nofityServiceState: mRegistry=com.android.internal.telephony.ITelephonyRegistry$Stub$Proxy@5825071 ss=0 0 voice home data home Telekom.de Telekom.de 26201 Telekom.de Telekom.de 26201 Unknown UMTS CSS not supported -1 -1 RoamInd=-1 DefRoamInd=-1 EmergOnly=false IsDataRoamingFromRegistration=false IsUsingCarrierAggregation=false sender=Handler (com.android.internal.telephony.GsmCdmaPhone) {5e17183} phondId=0 subId=1
02-26 21:36:13.673 3501 3501 D SST : notifyDataRegStateRilRadioTechnologyChanged: drs=0 rat=3
02-26 21:36:13.674 3501 3501 D TelephonyManager: setTelephonyProperty: success phoneId=0 property=gsm.network.type value: UMTS propVal=UMTS
02-26 21:36:13.680 3501 3751 D DC-1 : DcActiveState not handled msg.what=EVENT_DATA_CONNECTION_DRS_OR_RAT_CHANGED
02-26 21:36:13.680 3501 3751 D DC-1 : DcDefault msg=EVENT_DATA_CONNECTION_DRS_OR_RAT_CHANGED RefCount=1
02-26 21:36:13.683 3501 3751 D DC-1 : DcDefaultState: EVENT_DATA_CONNECTION_DRS_OR_RAT_CHANGED drs=0 mRilRat=3
02-26 21:36:13.684 3501 3501 D DCT : [0]get all active apn types
02-26 21:36:13.684 3501 3501 D GsmCdmaPhone: [GsmCdmaPhone] getDataConnectionState apnType=default ret=CONNECTED
02-26 21:36:13.690 3501 3501 D DCT : [0]return link properites for default
02-26 21:36:13.691 3501 3751 D DC-1 : DcActiveState not handled msg.what=REQ_GET_LINK_PROPERTIES
02-26 21:36:13.691 3501 3751 D DC-1 : DcDefault msg=REQ_GET_LINK_PROPERTIES RefCount=1
02-26 21:36:13.692 3501 3751 D DC-1 : REQ_GET_LINK_PROPERTIES linkProperties{InterfaceName: rmnet0 LinkAddresses: [10.22.224.140/32,] Routes: [0.0.0.0/0 -> 10.22.224.140 rmnet0,] DnsAddresses: [10.74.210.210,10.74.210.211,] Domains: null MTU: 1500 TcpBufferSizes: 58254,349525,1048576,58254,349525,1048576}
02-26 21:36:13.693 3501 3501 D DCT : [0]get active pdp is not null, return NetworkCapabilities for default
02-26 21:36:13.693 3501 3751 D DC-1 : DcActiveState not handled msg.what=REQ_GET_NETWORK_CAPABILITIES
02-26 21:36:13.693 3501 3751 D DC-1 : DcDefault msg=REQ_GET_NETWORK_CAPABILITIES RefCount=1
02-26 21:36:13.694 3501 3751 D DC-1 : REQ_GET_NETWORK_CAPABILITIES networkCapabilities[ Transports: CELLULAR Capabilities: MMS&SUPL&INTERNET&NOT_RESTRICTED&TRUSTED&NOT_VPN LinkUpBandwidth>=384Kbps LinkDnBandwidth>=384Kbps Specifier: <1>]
02-26 21:36:13.694 3501 3501 D CdmaSSM : subscriptionSource from settings: 0
02-26 21:36:13.697 2432 2483 D TelephonyRegistry: Notify data connection state changed on sub: 1
02-26 21:36:13.699 3501 3501 D SST : getCellLocation(): X good mCellLoc=[4281,487937,-1]
02-26 21:36:13.700 2432 4001 D TelephonyRegistry: notifyCellLocationForSubscriber: subId=1 cellLocation=Bundle[mParcelledData.dataSize=64]
02-26 21:36:13.711 3501 3501 D DCT : [0]setupDataOnConnectableApns: nwTypeChanged dun:[state=IDLE,enabled=false] hipri:[state=IDLE,enabled=false] supl:[state=IDLE,enabled=false] default:[state=CONNECTED,enabled=true] mms:[state=IDLE,enabled=false]
02-26 21:36:13.738 3501 3759 D DCT : [0]setPolicyDataEnabled: true
02-26 21:36:13.738 3501 3501 D CdmaSSM : subscriptionSource from settings: 0
02-26 21:36:13.746 3501 3759 D DCT : [0]getDataEnabled during provisioning retVal=true - (true, 1)
02-26 21:36:13.765 3501 3798 D DCT : [0]getDataEnabled during provisioning retVal=true - (true, 1)
02-26 21:36:15.898 3501 3501 D DCT : [0]NETWORK_STATE_CHANGED_ACTION: mIsWifiConnected=false
02-26 21:36:15.925 3501 3736 D DCT : [0]getDataEnabled during provisioning retVal=true - (true, 1)
02-26 21:36:18.348 2022 2370 E use-Rlog/RLOG-RIL: RX: Time: 2082693932 / 236997
02-26 21:36:18.348 2022 2370 E use-Rlog/RLOG-RIL: RX: M:IPC_DISP_CMD S:IPC_DISP_ICON_INFO T:IPC_CMD_NOTI l:b m:ff a:8e
02-26 21:36:18.348 2022 2370 E use-Rlog/RLOG-RIL: RX: FF 02 00 03
02-26 21:36:18.372 3501 3515 D DCT : [0]getDataEnabled during provisioning retVal=true - (true, 1)
02-26 21:36:18.378 3501 3768 D DCT : [0]getDataEnabled during provisioning retVal=true - (true, 1)
02-26 21:36:20.913 3501 3514 D DCT : [0]getDataEnabled during provisioning retVal=true - (true, 1)
02-26 21:36:23.466 2022 2370 E use-Rlog/RLOG-RIL: RX: Time: 2082699050 / 242116
02-26 21:36:23.467 2022 2370 E use-Rlog/RLOG-RIL: RX: M:IPC_DISP_CMD S:IPC_DISP_ICON_INFO T:IPC_CMD_NOTI l:b m:ff a:8e
02-26 21:36:23.467 2022 2370 E use-Rlog/RLOG-RIL: RX: FF 01 00 03
02-26 21:36:23.473 3501 3798 D DCT : [0]getDataEnabled during provisioning retVal=true - (true, 1)
02-26 21:36:23.476 3501 3759 D DCT : [0]getDataEnabled during provisioning retVal=true - (true, 1)
02-26 21:36:23.540 3501 3501 D DCT : [0]NETWORK_STATE_CHANGED_ACTION: mIsWifiConnected=false
02-26 21:36:26.026 3501 3515 D DCT : [0]getDataEnabled during provisioning retVal=true - (true, 1)
02-26 21:36:27.095 3501 3501 D DCT : [0]NETWORK_STATE_CHANGED_ACTION: mIsWifiConnected=false
02-26 21:36:28.131 3501 3501 D DCT : [0]NETWORK_STATE_CHANGED_ACTION: mIsWifiConnected=false
02-26 21:36:28.213 3501 3501 D DCT : [0]NETWORK_STATE_CHANGED_ACTION: mIsWifiConnected=false
02-26 21:36:28.227 3501 3501 D DCT : [0]NETWORK_STATE_CHANGED_ACTION: mIsWifiConnected=false
02-26 21:36:28.291 3501 3501 D DCT : [0]NETWORK_STATE_CHANGED_ACTION: mIsWifiConnected=false
02-26 21:36:28.301 3501 3501 D DCT : [0]NETWORK_STATE_CHANGED_ACTION: mIsWifiConnected=false
02-26 21:36:28.331 3501 3501 D DCT : [0]NETWORK_STATE_CHANGED_ACTION: mIsWifiConnected=false
02-26 21:36:29.661 3501 3501 D DCT : [0]NETWORK_STATE_CHANGED_ACTION: mIsWifiConnected=false
02-26 21:36:29.699 3501 3501 D DCT : [0]NETWORK_STATE_CHANGED_ACTION: mIsWifiConnected=true
02-26 21:36:29.708 3501 3501 D DCT : [0]NETWORK_STATE_CHANGED_ACTION: mIsWifiConnected=true
02-26 21:36:29.807 3501 3798 D DCT : [0]setPolicyDataEnabled: true
02-26 21:36:29.808 3501 3501 D CdmaSSM : subscriptionSource from settings: 0
02-26 21:36:29.820 3501 3798 D DCT : [0]setPolicyDataEnabled: true
02-26 21:36:29.820 3501 3501 D CdmaSSM : subscriptionSource from settings: 0
02-26 21:36:29.828 3501 3501 D TelephonyNetworkFactory[0]: onReleaseNetworkFor NetworkRequest [ REQUEST id=1, [ Capabilities: INTERNET&NOT_RESTRICTED&TRUSTED&NOT_VPN] ]
02-26 21:36:29.830 3501 3501 D DCT : [0]onEnableApn: apnContext={mApnType=default mState=CONNECTED mWaitingApns={[[ApnSettingV3] T-Mobile Internet, 960, 26201, internet.t-mobile, , http://mms.t-mobile.de/servlets/mms, 172.28.23.131, 8008, , 1, default | supl | mms, IP, IP, true, 0, 0, 0, false, 0, 0, 0, 0, , , false, [ApnSettingV3] Telekom DE, 963, 26201, internet.telekom, , , , , , -1, default | supl, IP, IP, true, 0, 0, 0, false, 0, 0, 0, 0, , , false, [ApnSettingV3] Lebara Internet, 965, 26201, internet.t-d1.de, , , , , , -1, default | supl, IP, IP, true, 0, 0, 0, false, 0, 0, 0, 0, , , false, [ApnSettingV3] Callmobile Internet, 966, 26201, internet.t-d1.de, 193.254.160.2, , , , 9201, 1, default | supl, IP, IP, true, 0, 0, 0, false, 0, 0, 0, 0, , , false]} mApnSetting={[ApnSettingV3] T-Mobile Internet, 960, 26201, internet.t-mobile, , http://mms.t-mobile.de/servlets/mms, 172.28.23.131, 8008, , 1, default | supl | mms, IP, IP, true, 0, 0, 0, false, 0, 0, 0, 0, , , false} mReason=connected mDataEnabled=true mDependencyMet=true} call applyNewState
02-26 21:36:29.830 3501 3501 D DCT : [0]applyNewState(default, false(true), true(true))
02-26 21:36:29.985 3501 3515 D DCT : [0]setPolicyDataEnabled: true
02-26 21:36:29.986 3501 3501 D CdmaSSM : subscriptionSource from settings: 0
02-26 21:36:30.010 3501 3798 D DCT : [0]setPolicyDataEnabled: true
02-26 21:36:30.011 3501 3501 D CdmaSSM : subscriptionSource from settings: 0
02-26 21:36:30.748 3501 3501 D RILJ : [3799]> RIL_REQUEST_GET_ACTIVITY_INFO [SUB0]
02-26 21:36:32.478 2022 2370 E use-Rlog/RLOG-RIL: RX: Time: 2082708061 / 251127
02-26 21:36:32.478 2022 2370 E use-Rlog/RLOG-RIL: RX: M:IPC_NET_CMD S:IPC_NET_REGIST T:IPC_CMD_NOTI l:12 m:ff a:ff
02-26 21:36:32.478 2022 2370 E use-Rlog/RLOG-RIL: RX: 04 02 02 01 B9 10 98 11 07 00 00
02-26 21:36:32.479 2022 2370 E use-Rlog/RLOG-RIL: RX: Time: 2082708063 / 251129
02-26 21:36:32.479 2022 2370 E use-Rlog/RLOG-RIL: RX: M:IPC_NET_CMD S:IPC_NET_REGIST T:IPC_CMD_NOTI l:12 m:ff a:ff
02-26 21:36:32.479 2022 2370 E use-Rlog/RLOG-RIL: RX: 04 03 02 01 B9 10 98 11 07 00 00
02-26 21:36:32.482 3501 3729 D RILJ : [UNSL]< UNSOL_RESPONSE_VOICE_NETWORK_STATE_CHANGED [SUB0]
02-26 21:36:32.483 3501 3501 D RILJ : [3800]> OPERATOR [SUB0]
02-26 21:36:32.487 3501 3729 D RILJ : [UNSL]< UNSOL_RESPONSE_VOICE_NETWORK_STATE_CHANGED [SUB0]
02-26 21:36:32.487 3501 3501 D RILJ : [3801]> DATA_REGISTRATION_STATE [SUB0]
02-26 21:36:32.489 2022 2370 E use-Rlog/RLOG-RIL: TX: Time: 2082708073 / 251139
02-26 21:36:32.489 2022 2370 E use-Rlog/RLOG-RIL: TX: M:IPC_NET_CMD S:IPC_NET_SERVING_NETWORK T:IPC_CMD_GET l:7 m:8f a:0
02-26 21:36:32.493 2022 2370 E use-Rlog/RLOG-RIL: RX: Time: 2082708077 / 251143
02-26 21:36:32.494 2022 2370 E use-Rlog/RLOG-RIL: RX: M:IPC_NET_CMD S:IPC_NET_SERVING_NETWORK T:IPC_CMD_RESP l:12 m:ff a:8f
02-26 21:36:32.494 3501 3501 D RILJ : [3802]> VOICE_REGISTRATION_STATE [SUB0]
02-26 21:36:32.494 2022 2370 E use-Rlog/RLOG-RIL: RX: 02 02 04 32 36 32 30 31 23 B9 10
02-26 21:36:32.496 3501 3729 D RILJ : [3800]< OPERATOR {Telekom.de, Telekom.de, 26201} [SUB0]
02-26 21:36:32.496 2022 2370 E use-Rlog/RLOG-RIL: TX: Time: 2082708080 / 251146
02-26 21:36:32.496 2022 2370 E use-Rlog/RLOG-RIL: TX: M:IPC_NET_CMD S:IPC_NET_REGIST T:IPC_CMD_GET l:9 m:90 a:0
02-26 21:36:32.496 2022 2370 E use-Rlog/RLOG-RIL: TX: FF 03
02-26 21:36:32.499 2022 2370 E use-Rlog/RLOG-RIL: RX: Time: 2082708083 / 251148
02-26 21:36:32.499 2022 2370 E use-Rlog/RLOG-RIL: RX: M:IPC_NET_CMD S:IPC_NET_REGIST T:IPC_CMD_RESP l:12 m:ff a:90
02-26 21:36:32.499 2022 2370 E use-Rlog/RLOG-RIL: RX: 04 03 02 01 B9 10 98 11 07 00 00
02-26 21:36:32.502 3501 3729 D RILJ : [3801]< DATA_REGISTRATION_STATE {1, 10b9, 00071198, 3} [SUB0]
02-26 21:36:32.503 2022 2370 E use-Rlog/RLOG-RIL: TX: Time: 2082708086 / 251152
02-26 21:36:32.503 2022 2370 E use-Rlog/RLOG-RIL: TX: M:IPC_NET_CMD S:IPC_NET_REGIST T:IPC_CMD_GET l:9 m:91 a:0
02-26 21:36:32.503 3501 3501 D RILJ : [3803]> QUERY_NETWORK_SELECTION_MODE [SUB0]
02-26 21:36:32.503 2022 2370 E use-Rlog/RLOG-RIL: TX: FF 02
02-26 21:36:32.505 2022 2370 E use-Rlog/RLOG-RIL: RX: Time: 2082708089 / 251155
02-26 21:36:32.505 2022 2370 E use-Rlog/RLOG-RIL: RX: M:IPC_NET_CMD S:IPC_NET_REGIST T:IPC_CMD_RESP l:12 m:ff a:91
02-26 21:36:32.506 2022 2370 E use-Rlog/RLOG-RIL: RX: 04 02 02 01 B9 10 98 11 07 00 00
02-26 21:36:32.507 3501 3729 D RILJ : [3802]< VOICE_REGISTRATION_STATE {1, 10b9, 00071198} [SUB0]
02-26 21:36:32.508 3501 3501 D RILJ : [3804]> OPERATOR [SUB0]
02-26 21:36:32.509 2022 2370 E use-Rlog/RLOG-RIL: TX: Time: 2082708092 / 251158
02-26 21:36:32.509 2022 2370 E use-Rlog/RLOG-RIL: TX: M:IPC_NET_CMD S:IPC_NET_PLMN_SEL T:IPC_CMD_GET l:7 m:92 a:0
02-26 21:36:32.513 2022 2370 E use-Rlog/RLOG-RIL: RX: Time: 2082708097 / 251162
02-26 21:36:32.513 2022 2370 E use-Rlog/RLOG-RIL: RX: M:IPC_NET_CMD S:IPC_NET_PLMN_SEL T:IPC_CMD_RESP l:8 m:ff a:92
02-26 21:36:32.513 3501 3501 D RILJ : [3805]> DATA_REGISTRATION_STATE [SUB0]
02-26 21:36:32.513 2022 2370 E use-Rlog/RLOG-RIL: RX: 02
02-26 21:36:32.513 2022 2370 E use-Rlog/RLOG-RIL: TX: Time: 2082708097 / 251163
02-26 21:36:32.514 2022 2370 E use-Rlog/RLOG-RIL: TX: M:IPC_NET_CMD S:IPC_NET_SERVING_NETWORK T:IPC_CMD_GET l:7 m:93 a:0
02-26 21:36:32.516 2022 2370 E use-Rlog/RLOG-RIL: RX: Time: 2082708100 / 251166
02-26 21:36:32.517 2022 2370 E use-Rlog/RLOG-RIL: RX: M:IPC_NET_CMD S:IPC_NET_SERVING_NETWORK T:IPC_CMD_RESP l:12 m:ff a:93
02-26 21:36:32.517 2022 2370 E use-Rlog/RLOG-RIL: RX: 02 02 04 32 36 32 30 31 23 B9 10
02-26 21:36:32.518 3501 3729 D RILJ : [3803]< QUERY_NETWORK_SELECTION_MODE {0} [SUB0]
02-26 21:36:32.518 3501 3501 D RILJ : [3806]> VOICE_REGISTRATION_STATE [SUB0]
02-26 21:36:32.519 3501 3729 D RILJ : [3804]< OPERATOR {Telekom.de, Telekom.de, 26201} [SUB0]
02-26 21:36:32.521 2022 2370 E use-Rlog/RLOG-RIL: TX: Time: 2082708105 / 251170
02-26 21:36:32.521 2022 2370 E use-Rlog/RLOG-RIL: TX: M:IPC_NET_CMD S:IPC_NET_REGIST T:IPC_CMD_GET l:9 m:94 a:0
02-26 21:36:32.522 2022 2370 E use-Rlog/RLOG-RIL: TX: FF 03
02-26 21:36:32.522 2022 2370 E use-Rlog/RLOG-RIL: RX: Time: 2082708106 / 251172
02-26 21:36:32.523 2022 2370 E use-Rlog/RLOG-RIL: RX: M:IPC_NET_CMD S:IPC_NET_REGIST T:IPC_CMD_RESP l:12 m:ff a:94
02-26 21:36:32.523 2022 2370 E use-Rlog/RLOG-RIL: RX: 04 03 02 01 B9 10 98 11 07 00 00
02-26 21:36:32.523 3501 3501 D RILJ : [3807]> QUERY_NETWORK_SELECTION_MODE [SUB0]
02-26 21:36:32.526 3501 3729 D RILJ : [3805]< DATA_REGISTRATION_STATE {1, 10b9, 00071198, 3} [SUB0]
02-26 21:36:32.527 2022 2370 E use-Rlog/RLOG-RIL: TX: Time: 2082708111 / 251176
02-26 21:36:32.527 2022 2370 E use-Rlog/RLOG-RIL: TX: M:IPC_NET_CMD S:IPC_NET_REGIST T:IPC_CMD_GET l:9 m:95 a:0
02-26 21:36:32.527 2022 2370 E use-Rlog/RLOG-RIL: TX: FF 02
02-26 21:36:32.527 3501 3501 D SST : EVENT_POLL_STATE_NETWORK_SELECTION_MODE
02-26 21:36:32.528 3501 3501 D SST : handlPollStateResultMessage: GsmSST setDataRegState=0 regState=1 dataRadioTechnology=3
02-26 21:36:32.530 2022 2370 E use-Rlog/RLOG-RIL: RX: Time: 2082708114 / 251180
02-26 21:36:32.530 2022 2370 E use-Rlog/RLOG-RIL: RX: M:IPC_NET_CMD S:IPC_NET_REGIST T:IPC_CMD_RESP l:12 m:ff a:95
02-26 21:36:32.531 2022 2370 E use-Rlog/RLOG-RIL: RX: 04 02 02 01 B9 10 98 11 07 00 00
02-26 21:36:32.532 2022 2370 E use-Rlog/RLOG-RIL: TX: Time: 2082708116 / 251181
02-26 21:36:32.532 2022 2370 E use-Rlog/RLOG-RIL: TX: M:IPC_NET_CMD S:IPC_NET_PLMN_SEL T:IPC_CMD_GET l:7 m:96 a:0
02-26 21:36:32.532 3501 3729 D RILJ : [3806]< VOICE_REGISTRATION_STATE {1, 10b9, 00071198} [SUB0]
02-26 21:36:32.535 2022 2370 E use-Rlog/RLOG-RIL: RX: Time: 2082708119 / 251185
02-26 21:36:32.536 2022 2370 E use-Rlog/RLOG-RIL: RX: M:IPC_NET_CMD S:IPC_NET_PLMN_SEL T:IPC_CMD_RESP l:8 m:ff a:96
02-26 21:36:32.536 2022 2370 E use-Rlog/RLOG-RIL: RX: 02
02-26 21:36:32.537 3501 3729 D RILJ : [3807]< QUERY_NETWORK_SELECTION_MODE {0} [SUB0]
02-26 21:36:32.538 3501 3501 D SST : EVENT_POLL_STATE_NETWORK_SELECTION_MODE
02-26 21:36:32.544 3501 3501 D SST : Poll ServiceState done: oldSS=[0 0 voice home data home Telekom.de Telekom.de 26201 Telekom.de Telekom.de 26201 Unknown UMTS CSS not supported -1 -1 RoamInd=-1 DefRoamInd=-1 EmergOnly=false IsDataRoamingFromRegistration=false IsUsingCarrierAggregation=false] newSS=[0 0 voice home data home Telekom.de Telekom.de 26201 Telekom.de Telekom.de 26201 Unknown UMTS CSS not supported -1 -1 RoamInd=-1 DefRoamInd=-1 EmergOnly=false IsDataRoamingFromRegistration=false IsUsingCarrierAggregation=false] oldMaxDataCalls=1 mNewMaxDataCalls=1 oldReasonDataDenied=-1 mNewReasonDataDenied=-1
02-26 21:36:32.545 3501 3501 D SST : getCellLocation(): X good mCellLoc=[4281,463256,-1]
02-26 21:36:32.547 2432 4001 D TelephonyRegistry: notifyCellLocationForSubscriber: subId=1 cellLocation=Bundle[mParcelledData.dataSize=64]
02-26 21:36:34.813 3501 3515 D DCT : [0]getDataEnabled during provisioning retVal=true - (true, 1)
02-26 21:36:35.777 2022 2022 E use-Rlog/RLOG-RIL: TX: Time: 2082711361 / 254426
02-26 21:36:35.777 2022 2022 E use-Rlog/RLOG-RIL: TX: M:IPC_GPRS_CMD S:IPC_GPRS_DATA_DORMANT T:IPC_CMD_SET l:7 m:97 a:0
02-26 21:36:35.873 2022 2370 E use-Rlog/RLOG-RIL: RX: Time: 2082711457 / 254523
02-26 21:36:35.873 2022 2370 E use-Rlog/RLOG-RIL: RX: M:IPC_GEN_CMD S:IPC_GEN_PHONE_RES T:IPC_CMD_RESP l:c m:ff a:97
02-26 21:36:35.873 2022 2370 E use-Rlog/RLOG-RIL: RX: 0D 0E 03 B8 00
02-26 21:36:39.883 2022 2370 E use-Rlog/RLOG-RIL: RX: Time: 2082715467 / 258533
02-26 21:36:39.883 2022 2370 E use-Rlog/RLOG-RIL: RX: M:IPC_DISP_CMD S:IPC_DISP_ICON_INFO T:IPC_CMD_NOTI l:b m:ff a:97
02-26 21:36:39.884 2022 2370 E use-Rlog/RLOG-RIL: RX: FF 02 00 03
02-26 21:36:39.903 3501 3736 D DCT : [0]getDataEnabled during provisioning retVal=true - (true, 1)
02-26 21:36:39.910 3501 3514 D DCT : [0]getDataEnabled during provisioning retVal=true - (true, 1)
02-26 21:36:56.803 2022 2370 E use-Rlog/RLOG-RIL: RX: Time: 2082732387 / 275452
02-26 21:36:56.803 2022 2370 E use-Rlog/RLOG-RIL: RX: M:IPC_DISP_CMD S:IPC_DISP_ICON_INFO T:IPC_CMD_NOTI l:b m:ff a:97
02-26 21:36:56.803 2022 2370 E use-Rlog/RLOG-RIL: RX: FF 01 00 03
02-26 21:36:56.817 3501 3515 D DCT : [0]getDataEnabled during provisioning retVal=true - (true, 1)
02-26 21:36:57.569 2022 2370 E use-Rlog/RLOG-RIL: RX: Time: 2082733153 / 276219
02-26 21:36:57.569 2022 2370 E use-Rlog/RLOG-RIL: RX: M:IPC_GPRS_CMD S:IPC_GPRS_HSDPA_STATUS T:IPC_CMD_NOTI l:8 m:ff a:97
02-26 21:36:57.569 2022 2370 E use-Rlog/RLOG-RIL: RX: 02
02-26 21:36:57.572 3501 3729 D RILJ : [UNSL]< UNSOL_RESPONSE_VOICE_NETWORK_STATE_CHANGED [SUB0]
02-26 21:36:57.573 3501 3501 D RILJ : [3808]> OPERATOR [SUB0]
02-26 21:36:57.577 3501 3501 D RILJ : [3809]> DATA_REGISTRATION_STATE [SUB0]
02-26 21:36:57.578 2022 2370 E use-Rlog/RLOG-RIL: TX: Time: 2082733162 / 276227
02-26 21:36:57.578 2022 2370 E use-Rlog/RLOG-RIL: TX: M:IPC_NET_CMD S:IPC_NET_SERVING_NETWORK T:IPC_CMD_GET l:7 m:98 a:0
02-26 21:36:57.579 3501 3501 D RILJ : [3810]> VOICE_REGISTRATION_STATE [SUB0]
02-26 21:36:57.583 2022 2370 E use-Rlog/RLOG-RIL: RX: Time: 2082733167 / 276232
02-26 21:36:57.583 2022 2370 E use-Rlog/RLOG-RIL: RX: M:IPC_NET_CMD S:IPC_NET_SERVING_NETWORK T:IPC_CMD_RESP l:12 m:ff a:98
02-26 21:36:57.583 2022 2370 E use-Rlog/RLOG-RIL: RX: 02 02 04 32 36 32 30 31 23 B9 10
02-26 21:36:57.583 3501 3501 D RILJ : [3811]> QUERY_NETWORK_SELECTION_MODE [SUB0]
02-26 21:36:57.584 2022 2370 E use-Rlog/RLOG-RIL: TX: Time: 2082733168 / 276234
02-26 21:36:57.584 2022 2370 E use-Rlog/RLOG-RIL: TX: M:IPC_NET_CMD S:IPC_NET_REGIST T:IPC_CMD_GET l:9 m:99 a:0
02-26 21:36:57.584 2022 2370 E use-Rlog/RLOG-RIL: TX: FF 03
02-26 21:36:57.587 3501 3729 D RILJ : [3808]< OPERATOR {Telekom.de, Telekom.de, 26201} [SUB0]
02-26 21:36:57.591 2022 2370 E use-Rlog/RLOG-RIL: RX: Time: 2082733175 / 276241
02-26 21:36:57.591 2022 2370 E use-Rlog/RLOG-RIL: RX: M:IPC_NET_CMD S:IPC_NET_REGIST T:IPC_CMD_RESP l:12 m:ff a:99
02-26 21:36:57.592 2022 2370 E use-Rlog/RLOG-RIL: RX: 04 03 02 01 B9 10 98 11 07 00 00
02-26 21:36:57.593 2022 2370 E use-Rlog/RLOG-RIL: TX: Time: 2082733176 / 276242
02-26 21:36:57.593 2022 2370 E use-Rlog/RLOG-RIL: TX: M:IPC_NET_CMD S:IPC_NET_REGIST T:IPC_CMD_GET l:9 m:9a a:0
02-26 21:36:57.593 2022 2370 E use-Rlog/RLOG-RIL: TX: FF 02
02-26 21:36:57.593 3501 3729 D RILJ : [3809]< DATA_REGISTRATION_STATE {1, 10b9, 00071198, 15} [SUB0]
02-26 21:36:57.594 3501 3501 D SST : handlPollStateResultMessage: GsmSST setDataRegState=0 regState=1 dataRadioTechnology=15
02-26 21:36:57.597 2022 2370 E use-Rlog/RLOG-RIL: RX: Time: 2082733180 / 276246
02-26 21:36:57.597 2022 2370 E use-Rlog/RLOG-RIL: RX: M:IPC_NET_CMD S:IPC_NET_REGIST T:IPC_CMD_RESP l:12 m:ff a:9a
02-26 21:36:57.597 2022 2370 E use-Rlog/RLOG-RIL: RX: 04 02 02 01 B9 10 98 11 07 00 00
02-26 21:36:57.598 2022 2370 E use-Rlog/RLOG-RIL: TX: Time: 2082733181 / 276247
02-26 21:36:57.598 2022 2370 E use-Rlog/RLOG-RIL: TX: M:IPC_NET_CMD S:IPC_NET_PLMN_SEL T:IPC_CMD_GET l:7 m:9b a:0
02-26 21:36:57.599 3501 3729 D RILJ : [3810]< VOICE_REGISTRATION_STATE {1, 10b9, 00071198} [SUB0]
02-26 21:36:57.602 2022 2370 E use-Rlog/RLOG-RIL: RX: Time: 2082733186 / 276252
02-26 21:36:57.602 2022 2370 E use-Rlog/RLOG-RIL: RX: M:IPC_NET_CMD S:IPC_NET_PLMN_SEL T:IPC_CMD_RESP l:8 m:ff a:9b
02-26 21:36:57.603 2022 2370 E use-Rlog/RLOG-RIL: RX: 02
02-26 21:36:57.604 3501 3729 D RILJ : [3811]< QUERY_NETWORK_SELECTION_MODE {0} [SUB0]
02-26 21:36:57.605 3501 3501 D SST : EVENT_POLL_STATE_NETWORK_SELECTION_MODE
02-26 21:36:57.611 3501 3501 D SST : Poll ServiceState done: oldSS=[0 0 voice home data home Telekom.de Telekom.de 26201 Telekom.de Telekom.de 26201 Unknown UMTS CSS not supported -1 -1 RoamInd=-1 DefRoamInd=-1 EmergOnly=false IsDataRoamingFromRegistration=false IsUsingCarrierAggregation=false] newSS=[0 0 voice home data home Telekom.de Telekom.de 26201 Telekom.de Telekom.de 26201 Unknown HSPAP CSS not supported -1 -1 RoamInd=-1 DefRoamInd=-1 EmergOnly=false IsDataRoamingFromRegistration=false IsUsingCarrierAggregation=false] oldMaxDataCalls=1 mNewMaxDataCalls=1 oldReasonDataDenied=-1 mNewReasonDataDenied=-1
02-26 21:36:57.612 3501 3501 D TelephonyManager: setTelephonyProperty: success phoneId=0 property=gsm.network.type value: HSPAP propVal=HSPAP
02-26 21:36:57.625 3501 3501 D SIMRecords: [SIMRecords] getServiceProviderName: no brandOverride, providerName=congstar
02-26 21:36:57.625 3501 3501 D SIMRecords: [SIMRecords] getServiceProviderName: no brandOverride, providerName=congstar
02-26 21:36:57.627 3501 3501 D TelephonyManager: setTelephonyProperty: success phoneId=0 property=gsm.operator.alpha value: Telekom.de propVal=Telekom.de
02-26 21:36:57.631 3501 3501 D TelephonyManager: setTelephonyProperty: success phoneId=0 property=gsm.operator.numeric value: 26201 propVal=26201
02-26 21:36:57.632 3501 3501 D TelephonyManager: setTelephonyProperty: success phoneId=0 property=gsm.operator.iso-country value: de propVal=de
02-26 21:36:57.634 3501 3501 D SST : pollStateDone: no nitz but one TZ for iso-cc=de with zone.getID=Europe/Berlin testOneUniqueOffsetPath=false
02-26 21:36:57.634 3501 3501 D SST : setAndBroadcastNetworkSetTimeZone: setTimeZone=Europe/Berlin
02-26 21:36:57.647 3501 3501 D SST : setAndBroadcastNetworkSetTimeZone: call alarm.setTimeZone and broadcast zoneId=Europe/Berlin
02-26 21:36:57.649 3501 3501 D SST : shouldFixTimeZoneNow: retVal=false iccCardExist=true operatorNumeric=26201 mcc=262 prevOperatorNumeric=26201 prevMcc=262 needToFixTimeZone=false ltod=02-26 21:36:57.647
02-26 21:36:57.650 3501 3501 D TelephonyManager: setTelephonyProperty: success phoneId=0 property=gsm.operator.isroaming value: false propVal=false
02-26 21:36:57.652 3501 3501 D SST : Broadcasting ServiceState : 0 0 voice home data home Telekom.de Telekom.de 26201 Telekom.de Telekom.de 26201 Unknown HSPAP CSS not supported -1 -1 RoamInd=-1 DefRoamInd=-1 EmergOnly=false IsDataRoamingFromRegistration=false IsUsingCarrierAggregation=false
02-26 21:36:57.653 3501 3501 D DefaultPhoneNotifier: nofityServiceState: mRegistry=com.android.internal.telephony.ITelephonyRegistry$Stub$Proxy@5825071 ss=0 0 voice home data home Telekom.de Telekom.de 26201 Telekom.de Telekom.de 26201 Unknown HSPAP CSS not supported -1 -1 RoamInd=-1 DefRoamInd=-1 EmergOnly=false IsDataRoamingFromRegistration=false IsUsingCarrierAggregation=false sender=Handler (com.android.internal.telephony.GsmCdmaPhone) {5e17183} phondId=0 subId=1
02-26 21:36:57.672 3501 3501 D SST : notifyDataRegStateRilRadioTechnologyChanged: drs=0 rat=15
02-26 21:36:57.672 3501 3501 D TelephonyManager: setTelephonyProperty: success phoneId=0 property=gsm.network.type value: HSPAP propVal=HSPAP
02-26 21:36:57.675 3501 3751 D DC-1 : DcActiveState not handled msg.what=EVENT_DATA_CONNECTION_DRS_OR_RAT_CHANGED
02-26 21:36:57.675 3501 3751 D DC-1 : DcDefault msg=EVENT_DATA_CONNECTION_DRS_OR_RAT_CHANGED RefCount=1
02-26 21:36:57.675 3501 3751 D DC-1 : DcDefaultState: EVENT_DATA_CONNECTION_DRS_OR_RAT_CHANGED drs=0 mRilRat=15
02-26 21:36:57.678 3501 3501 D DCT : [0]get all active apn types
