02-26 21:46:38.923 3501 3501 D SST : Poll ServiceState done: oldSS=[0 0 voice home data home Telekom.de Telekom.de 26201 Telekom.de Telekom.de 26201 Unknown UMTS CSS not supported -1 -1 RoamInd=-1 DefRoamInd=-1 EmergOnly=false IsDataRoamingFromRegistration=false IsUsingCarrierAggregation=false] newSS=[0 0 voice home data home Telekom.de Telekom.de 26201 Telekom.de Telekom.de 26201 Unknown UMTS CSS not supported -1 -1 RoamInd=-1 DefRoamInd=-1 EmergOnly=false IsDataRoamingFromRegistration=false IsUsingCarrierAggregation=false] oldMaxDataCalls=1 mNewMaxDataCalls=1 oldReasonDataDenied=-1 mNewReasonDataDenied=-1
02-26 21:46:38.924 3501 3501 D SST : getCellLocation(): X good mCellLoc=[4281,487937,-1]
02-26 21:46:38.925 2432 3239 D TelephonyRegistry: notifyCellLocationForSubscriber: subId=1 cellLocation=Bundle[mParcelledData.dataSize=64]
02-26 21:46:49.068 2022 2370 E use-Rlog/RLOG-RIL: RX: Time: 2083324652 / 867717
02-26 21:46:49.068 2022 2370 E use-Rlog/RLOG-RIL: RX: M:IPC_NET_CMD S:IPC_NET_REGIST T:IPC_CMD_NOTI l:12 m:ff a:ff
02-26 21:46:49.068 2022 2370 E use-Rlog/RLOG-RIL: RX: 04 02 02 01 B9 10 98 11 07 00 00
02-26 21:46:49.069 2022 2370 E use-Rlog/RLOG-RIL: RX: Time: 2083324653 / 867719
02-26 21:46:49.069 2022 2370 E use-Rlog/RLOG-RIL: RX: M:IPC_NET_CMD S:IPC_NET_REGIST T:IPC_CMD_NOTI l:12 m:ff a:ff
02-26 21:46:49.069 2022 2370 E use-Rlog/RLOG-RIL: RX: 04 03 02 01 B9 10 98 11 07 00 00
02-26 21:46:49.071 3501 3729 D RILJ : [UNSL]< UNSOL_RESPONSE_VOICE_NETWORK_STATE_CHANGED [SUB0]
02-26 21:46:49.073 3501 3729 D RILJ : [UNSL]< UNSOL_RESPONSE_VOICE_NETWORK_STATE_CHANGED [SUB0]
02-26 21:46:49.074 3501 3501 D RILJ : [3969]> OPERATOR [SUB0]
02-26 21:46:49.079 3501 3501 D RILJ : [3970]> DATA_REGISTRATION_STATE [SUB0]
02-26 21:46:49.082 2022 2370 E use-Rlog/RLOG-RIL: TX: Time: 2083324665 / 867731
02-26 21:46:49.082 2022 2370 E use-Rlog/RLOG-RIL: TX: M:IPC_NET_CMD S:IPC_NET_SERVING_NETWORK T:IPC_CMD_GET l:7 m:2a a:0
02-26 21:46:49.086 3501 3501 D RILJ : [3971]> VOICE_REGISTRATION_STATE [SUB0]
02-26 21:46:49.091 3501 3501 D RILJ : [3972]> QUERY_NETWORK_SELECTION_MODE [SUB0]
02-26 21:46:49.092 2022 2370 E use-Rlog/RLOG-RIL: RX: Time: 2083324676 / 867741
02-26 21:46:49.092 2022 2370 E use-Rlog/RLOG-RIL: RX: M:IPC_NET_CMD S:IPC_NET_SERVING_NETWORK T:IPC_CMD_RESP l:12 m:ff a:2a
02-26 21:46:49.092 2022 2370 E use-Rlog/RLOG-RIL: RX: 02 02 04 32 36 32 30 31 23 B9 10
02-26 21:46:49.093 2022 2370 E use-Rlog/RLOG-RIL: TX: Time: 2083324677 / 867743
02-26 21:46:49.093 2022 2370 E use-Rlog/RLOG-RIL: TX: M:IPC_NET_CMD S:IPC_NET_REGIST T:IPC_CMD_GET l:9 m:2b a:0
02-26 21:46:49.094 2022 2370 E use-Rlog/RLOG-RIL: TX: FF 03
02-26 21:46:49.096 2022 2370 E use-Rlog/RLOG-RIL: RX: Time: 2083324679 / 867745
02-26 21:46:49.096 2022 2370 E use-Rlog/RLOG-RIL: RX: M:IPC_NET_CMD S:IPC_NET_REGIST T:IPC_CMD_RESP l:12 m:ff a:2b
02-26 21:46:49.096 2022 2370 E use-Rlog/RLOG-RIL: RX: 04 03 02 01 B9 10 98 11 07 00 00
02-26 21:46:49.098 3501 3729 D RILJ : [3969]< OPERATOR {Telekom.de, Telekom.de, 26201} [SUB0]
02-26 21:46:49.104 3501 3501 D RILJ : [3973]> OPERATOR [SUB0]
02-26 21:46:49.108 3501 3501 D RILJ : [3974]> DATA_REGISTRATION_STATE [SUB0]
02-26 21:46:49.109 2022 2370 E use-Rlog/RLOG-RIL: TX: Time: 2083324692 / 867758
02-26 21:46:49.109 2022 2370 E use-Rlog/RLOG-RIL: TX: M:IPC_NET_CMD S:IPC_NET_REGIST T:IPC_CMD_GET l:9 m:2c a:0
02-26 21:46:49.109 2022 2370 E use-Rlog/RLOG-RIL: TX: FF 02
02-26 21:46:49.109 2022 2370 E use-Rlog/RLOG-RIL: RX: Time: 2083324693 / 867759
02-26 21:46:49.109 2022 2370 E use-Rlog/RLOG-RIL: RX: M:IPC_NET_CMD S:IPC_NET_REGIST T:IPC_CMD_RESP l:12 m:ff a:2c
02-26 21:46:49.109 2022 2370 E use-Rlog/RLOG-RIL: RX: 04 02 02 01 B9 10 98 11 07 00 00
02-26 21:46:49.111 2022 2370 E use-Rlog/RLOG-RIL: TX: Time: 2083324695 / 867760
02-26 21:46:49.111 2022 2370 E use-Rlog/RLOG-RIL: TX: M:IPC_NET_CMD S:IPC_NET_PLMN_SEL T:IPC_CMD_GET l:7 m:2d a:0
02-26 21:46:49.112 2022 2370 E use-Rlog/RLOG-RIL: RX: Time: 2083324696 / 867762
02-26 21:46:49.112 2022 2370 E use-Rlog/RLOG-RIL: RX: M:IPC_NET_CMD S:IPC_NET_PLMN_SEL T:IPC_CMD_RESP l:8 m:ff a:2d
02-26 21:46:49.112 2022 2370 E use-Rlog/RLOG-RIL: RX: 02
02-26 21:46:49.116 2022 2370 E use-Rlog/RLOG-RIL: TX: Time: 2083324699 / 867765
02-26 21:46:49.126 3501 3501 D RILJ : [3975]> VOICE_REGISTRATION_STATE [SUB0]
02-26 21:46:49.129 2022 2370 E use-Rlog/RLOG-RIL: TX: M:IPC_NET_CMD S:IPC_NET_SERVING_NETWORK T:IPC_CMD_GET l:7 m:2e a:0
02-26 21:46:49.129 2022 2370 E use-Rlog/RLOG-RIL: RX: Time: 2083324713 / 867779
02-26 21:46:49.129 2022 2370 E use-Rlog/RLOG-RIL: RX: M:IPC_NET_CMD S:IPC_NET_SERVING_NETWORK T:IPC_CMD_RESP l:12 m:ff a:2e
02-26 21:46:49.129 2022 2370 E use-Rlog/RLOG-RIL: RX: 02 02 04 32 36 32 30 31 23 B9 10
02-26 21:46:49.131 2022 2370 E use-Rlog/RLOG-RIL: TX: Time: 2083324715 / 867780
02-26 21:46:49.131 2022 2370 E use-Rlog/RLOG-RIL: TX: M:IPC_NET_CMD S:IPC_NET_REGIST T:IPC_CMD_GET l:9 m:2f a:0
02-26 21:46:49.131 2022 2370 E use-Rlog/RLOG-RIL: TX: FF 03
02-26 21:46:49.134 3501 3729 D RILJ : [3970]< DATA_REGISTRATION_STATE {1, 10b9, 00071198, 3} [SUB0]
02-26 21:46:49.135 3501 3729 D RILJ : [3971]< VOICE_REGISTRATION_STATE {1, 10b9, 00071198} [SUB0]
02-26 21:46:49.137 3501 3729 D RILJ : [3972]< QUERY_NETWORK_SELECTION_MODE {0} [SUB0]
02-26 21:46:49.138 3501 3729 D RILJ : [3973]< OPERATOR {Telekom.de, Telekom.de, 26201} [SUB0]
02-26 21:46:49.139 2022 2370 E use-Rlog/RLOG-RIL: RX: Time: 2083324723 / 867788
02-26 21:46:49.139 2022 2370 E use-Rlog/RLOG-RIL: RX: M:IPC_NET_CMD S:IPC_NET_REGIST T:IPC_CMD_RESP l:12 m:ff a:2f
02-26 21:46:49.139 2022 2370 E use-Rlog/RLOG-RIL: RX: 04 03 02 01 B9 10 98 11 07 00 00
02-26 21:46:49.141 3501 3501 D RILJ : [3976]> QUERY_NETWORK_SELECTION_MODE [SUB0]
02-26 21:46:49.145 2022 2370 E use-Rlog/RLOG-RIL: TX: Time: 2083324729 / 867795
02-26 21:46:49.145 2022 2370 E use-Rlog/RLOG-RIL: TX: M:IPC_NET_CMD S:IPC_NET_REGIST T:IPC_CMD_GET l:9 m:30 a:0
02-26 21:46:49.146 2022 2370 E use-Rlog/RLOG-RIL: TX: FF 02
02-26 21:46:49.148 3501 3501 D SST : EVENT_POLL_STATE_NETWORK_SELECTION_MODE
02-26 21:46:49.149 2022 2370 E use-Rlog/RLOG-RIL: RX: Time: 2083324733 / 867799
02-26 21:46:49.149 2022 2370 E use-Rlog/RLOG-RIL: RX: M:IPC_NET_CMD S:IPC_NET_REGIST T:IPC_CMD_RESP l:12 m:ff a:30
02-26 21:46:49.150 2022 2370 E use-Rlog/RLOG-RIL: RX: 04 02 02 01 B9 10 98 11 07 00 00
02-26 21:46:49.151 2022 2370 E use-Rlog/RLOG-RIL: TX: Time: 2083324735 / 867800
02-26 21:46:49.151 2022 2370 E use-Rlog/RLOG-RIL: TX: M:IPC_NET_CMD S:IPC_NET_PLMN_SEL T:IPC_CMD_GET l:7 m:31 a:0
02-26 21:46:49.152 2022 2370 E use-Rlog/RLOG-RIL: RX: Time: 2083324736 / 867802
02-26 21:46:49.153 2022 2370 E use-Rlog/RLOG-RIL: RX: M:IPC_NET_CMD S:IPC_NET_PLMN_SEL T:IPC_CMD_RESP l:8 m:ff a:31
02-26 21:46:49.153 2022 2370 E use-Rlog/RLOG-RIL: RX: 02
02-26 21:46:49.154 3501 3729 D RILJ : [3974]< DATA_REGISTRATION_STATE {1, 10b9, 00071198, 3} [SUB0]
02-26 21:46:49.155 3501 3501 D SST : handlPollStateResultMessage: GsmSST setDataRegState=0 regState=1 dataRadioTechnology=3
02-26 21:46:49.157 3501 3729 D RILJ : [3975]< VOICE_REGISTRATION_STATE {1, 10b9, 00071198} [SUB0]
02-26 21:46:49.159 3501 3729 D RILJ : [3976]< QUERY_NETWORK_SELECTION_MODE {0} [SUB0]
02-26 21:46:49.160 3501 3501 D SST : EVENT_POLL_STATE_NETWORK_SELECTION_MODE
02-26 21:46:49.166 3501 3501 D SST : Poll ServiceState done: oldSS=[0 0 voice home data home Telekom.de Telekom.de 26201 Telekom.de Telekom.de 26201 Unknown UMTS CSS not supported -1 -1 RoamInd=-1 DefRoamInd=-1 EmergOnly=false IsDataRoamingFromRegistration=false IsUsingCarrierAggregation=false] newSS=[0 0 voice home data home Telekom.de Telekom.de 26201 Telekom.de Telekom.de 26201 Unknown UMTS CSS not supported -1 -1 RoamInd=-1 DefRoamInd=-1 EmergOnly=false IsDataRoamingFromRegistration=false IsUsingCarrierAggregation=false] oldMaxDataCalls=1 mNewMaxDataCalls=1 oldReasonDataDenied=-1 mNewReasonDataDenied=-1
02-26 21:46:49.166 3501 3501 D SST : getCellLocation(): X good mCellLoc=[4281,463256,-1]
02-26 21:46:49.168 2432 4001 D TelephonyRegistry: notifyCellLocationForSubscriber: subId=1 cellLocation=Bundle[mParcelledData.dataSize=64]
02-26 21:46:54.523 2022 2370 E use-Rlog/RLOG-RIL: RX: Time: 2083330107 / 873172
02-26 21:46:54.523 2022 2370 E use-Rlog/RLOG-RIL: RX: M:IPC_NET_CMD S:IPC_NET_REGIST T:IPC_CMD_NOTI l:12 m:ff a:ff
02-26 21:46:54.523 2022 2370 E use-Rlog/RLOG-RIL: RX: 04 02 02 01 B9 10 99 11 07 00 00
02-26 21:46:54.524 2022 2370 E use-Rlog/RLOG-RIL: RX: Time: 2083330108 / 873174
02-26 21:46:54.524 2022 2370 E use-Rlog/RLOG-RIL: RX: M:IPC_NET_CMD S:IPC_NET_REGIST T:IPC_CMD_NOTI l:12 m:ff a:ff
02-26 21:46:54.524 2022 2370 E use-Rlog/RLOG-RIL: RX: 04 03 02 01 B9 10 99 11 07 00 00
02-26 21:46:54.526 3501 3729 D RILJ : [UNSL]< UNSOL_RESPONSE_VOICE_NETWORK_STATE_CHANGED [SUB0]
02-26 21:46:54.528 3501 3729 D RILJ : [UNSL]< UNSOL_RESPONSE_VOICE_NETWORK_STATE_CHANGED [SUB0]
02-26 21:46:54.529 3501 3501 D RILJ : [3977]> OPERATOR [SUB0]
02-26 21:46:54.534 3501 3501 D RILJ : [3978]> DATA_REGISTRATION_STATE [SUB0]
02-26 21:46:54.537 2022 2370 E use-Rlog/RLOG-RIL: TX: Time: 2083330120 / 873186
02-26 21:46:54.537 2022 2370 E use-Rlog/RLOG-RIL: TX: M:IPC_NET_CMD S:IPC_NET_SERVING_NETWORK T:IPC_CMD_GET l:7 m:32 a:0
02-26 21:46:54.541 3501 3501 D RILJ : [3979]> VOICE_REGISTRATION_STATE [SUB0]
02-26 21:46:54.546 3501 3501 D RILJ : [3980]> QUERY_NETWORK_SELECTION_MODE [SUB0]
02-26 21:46:54.547 2022 2370 E use-Rlog/RLOG-RIL: RX: Time: 2083330131 / 873196
02-26 21:46:54.547 2022 2370 E use-Rlog/RLOG-RIL: RX: M:IPC_NET_CMD S:IPC_NET_SERVING_NETWORK T:IPC_CMD_RESP l:12 m:ff a:32
02-26 21:46:54.547 2022 2370 E use-Rlog/RLOG-RIL: RX: 02 02 04 32 36 32 30 31 23 B9 10
02-26 21:46:54.548 2022 2370 E use-Rlog/RLOG-RIL: TX: Time: 2083330132 / 873198
02-26 21:46:54.548 2022 2370 E use-Rlog/RLOG-RIL: TX: M:IPC_NET_CMD S:IPC_NET_REGIST T:IPC_CMD_GET l:9 m:33 a:0
02-26 21:46:54.549 2022 2370 E use-Rlog/RLOG-RIL: TX: FF 03
02-26 21:46:54.551 3501 3729 D RILJ : [3977]< OPERATOR {Telekom.de, Telekom.de, 26201} [SUB0]
02-26 21:46:54.552 2022 2370 E use-Rlog/RLOG-RIL: RX: Time: 2083330135 / 873201
02-26 21:46:54.552 2022 2370 E use-Rlog/RLOG-RIL: RX: M:IPC_NET_CMD S:IPC_NET_REGIST T:IPC_CMD_RESP l:12 m:ff a:33
02-26 21:46:54.552 2022 2370 E use-Rlog/RLOG-RIL: RX: 04 03 02 01 B9 10 99 11 07 00 00
02-26 21:46:54.559 2022 2370 E use-Rlog/RLOG-RIL: TX: Time: 2083330143 / 873209
02-26 21:46:54.559 2022 2370 E use-Rlog/RLOG-RIL: TX: M:IPC_NET_CMD S:IPC_NET_REGIST T:IPC_CMD_GET l:9 m:34 a:0
02-26 21:46:54.560 2022 2370 E use-Rlog/RLOG-RIL: TX: FF 02
02-26 21:46:54.560 2022 2370 E use-Rlog/RLOG-RIL: RX: Time: 2083330144 / 873209
02-26 21:46:54.560 2022 2370 E use-Rlog/RLOG-RIL: RX: M:IPC_NET_CMD S:IPC_NET_REGIST T:IPC_CMD_RESP l:12 m:ff a:34
02-26 21:46:54.560 2022 2370 E use-Rlog/RLOG-RIL: RX: 04 02 02 01 B9 10 99 11 07 00 00
02-26 21:46:54.563 3501 3729 D RILJ : [3978]< DATA_REGISTRATION_STATE {1, 10b9, 00071199, 3} [SUB0]
02-26 21:46:54.565 3501 3729 D RILJ : [3979]< VOICE_REGISTRATION_STATE {1, 10b9, 00071199} [SUB0]
02-26 21:46:54.565 3501 3501 D RILJ : [3981]> OPERATOR [SUB0]
02-26 21:46:54.570 3501 3501 D RILJ : [3982]> DATA_REGISTRATION_STATE [SUB0]
02-26 21:46:54.574 3501 3501 D RILJ : [3983]> VOICE_REGISTRATION_STATE [SUB0]
02-26 21:46:54.574 2022 2370 E use-Rlog/RLOG-RIL: TX: Time: 2083330158 / 873224
02-26 21:46:54.575 2022 2370 E use-Rlog/RLOG-RIL: TX: M:IPC_NET_CMD S:IPC_NET_PLMN_SEL T:IPC_CMD_GET l:7 m:35 a:0
02-26 21:46:54.576 2022 2370 E use-Rlog/RLOG-RIL: RX: Time: 2083330160 / 873225
02-26 21:46:54.576 2022 2370 E use-Rlog/RLOG-RIL: RX: M:IPC_NET_CMD S:IPC_NET_PLMN_SEL T:IPC_CMD_RESP l:8 m:ff a:35
02-26 21:46:54.576 2022 2370 E use-Rlog/RLOG-RIL: RX: 02
02-26 21:46:54.577 2022 2370 E use-Rlog/RLOG-RIL: TX: Time: 2083330161 / 873227
02-26 21:46:54.577 2022 2370 E use-Rlog/RLOG-RIL: TX: M:IPC_NET_CMD S:IPC_NET_SERVING_NETWORK T:IPC_CMD_GET l:7 m:36 a:0
02-26 21:46:54.579 3501 3729 D RILJ : [3980]< QUERY_NETWORK_SELECTION_MODE {0} [SUB0]
02-26 21:46:54.580 2022 2370 E use-Rlog/RLOG-RIL: RX: Time: 2083330164 / 873229
02-26 21:46:54.580 2022 2370 E use-Rlog/RLOG-RIL: RX: M:IPC_NET_CMD S:IPC_NET_SERVING_NETWORK T:IPC_CMD_RESP l:12 m:ff a:36
02-26 21:46:54.580 2022 2370 E use-Rlog/RLOG-RIL: RX: 02 02 04 32 36 32 30 31 23 B9 10
02-26 21:46:54.582 2022 2370 E use-Rlog/RLOG-RIL: TX: Time: 2083330165 / 873231
02-26 21:46:54.582 2022 2370 E use-Rlog/RLOG-RIL: TX: M:IPC_NET_CMD S:IPC_NET_REGIST T:IPC_CMD_GET l:9 m:37 a:0
02-26 21:46:54.582 2022 2370 E use-Rlog/RLOG-RIL: TX: FF 03
02-26 21:46:54.587 3501 3501 D RILJ : [3984]> QUERY_NETWORK_SELECTION_MODE [SUB0]
02-26 21:46:54.591 2022 2370 E use-Rlog/RLOG-RIL: RX: Time: 2083330175 / 873240
02-26 21:46:54.591 2022 2370 E use-Rlog/RLOG-RIL: RX: M:IPC_NET_CMD S:IPC_NET_REGIST T:IPC_CMD_RESP l:12 m:ff a:37
02-26 21:46:54.591 2022 2370 E use-Rlog/RLOG-RIL: RX: 04 03 02 01 B9 10 99 11 07 00 00
02-26 21:46:54.592 2022 2370 E use-Rlog/RLOG-RIL: TX: Time: 2083330176 / 873242
02-26 21:46:54.592 2022 2370 E use-Rlog/RLOG-RIL: TX: M:IPC_NET_CMD S:IPC_NET_REGIST T:IPC_CMD_GET l:9 m:38 a:0
02-26 21:46:54.593 2022 2370 E use-Rlog/RLOG-RIL: TX: FF 02
02-26 21:46:54.596 3501 3501 D SST : EVENT_POLL_STATE_NETWORK_SELECTION_MODE
02-26 21:46:54.597 3501 3729 D RILJ : [3981]< OPERATOR {Telekom.de, Telekom.de, 26201} [SUB0]
02-26 21:46:54.599 3501 3729 D RILJ : [3982]< DATA_REGISTRATION_STATE {1, 10b9, 00071199, 3} [SUB0]
02-26 21:46:54.600 2022 2370 E use-Rlog/RLOG-RIL: RX: Time: 2083330183 / 873249
02-26 21:46:54.600 2022 2370 E use-Rlog/RLOG-RIL: RX: M:IPC_NET_CMD S:IPC_NET_REGIST T:IPC_CMD_RESP l:12 m:ff a:38
02-26 21:46:54.600 2022 2370 E use-Rlog/RLOG-RIL: RX: 04 02 02 01 B9 10 99 11 07 00 00
02-26 21:46:54.601 2022 2370 E use-Rlog/RLOG-RIL: TX: Time: 2083330185 / 873251
02-26 21:46:54.601 2022 2370 E use-Rlog/RLOG-RIL: TX: M:IPC_NET_CMD S:IPC_NET_PLMN_SEL T:IPC_CMD_GET l:7 m:39 a:0
02-26 21:46:54.603 3501 3501 D SST : handlPollStateResultMessage: GsmSST setDataRegState=0 regState=1 dataRadioTechnology=3
02-26 21:46:54.603 2022 2370 E use-Rlog/RLOG-RIL: RX: Time: 2083330187 / 873253
02-26 21:46:54.603 2022 2370 E use-Rlog/RLOG-RIL: RX: M:IPC_NET_CMD S:IPC_NET_PLMN_SEL T:IPC_CMD_RESP l:8 m:ff a:39
02-26 21:46:54.604 2022 2370 E use-Rlog/RLOG-RIL: RX: 02
02-26 21:46:54.605 3501 3729 D RILJ : [3983]< VOICE_REGISTRATION_STATE {1, 10b9, 00071199} [SUB0]
02-26 21:46:54.607 3501 3729 D RILJ : [3984]< QUERY_NETWORK_SELECTION_MODE {0} [SUB0]
02-26 21:46:54.608 3501 3501 D SST : EVENT_POLL_STATE_NETWORK_SELECTION_MODE
02-26 21:46:54.615 3501 3501 D SST : Poll ServiceState done: oldSS=[0 0 voice home data home Telekom.de Telekom.de 26201 Telekom.de Telekom.de 26201 Unknown UMTS CSS not supported -1 -1 RoamInd=-1 DefRoamInd=-1 EmergOnly=false IsDataRoamingFromRegistration=false IsUsingCarrierAggregation=false] newSS=[0 0 voice home data home Telekom.de Telekom.de 26201 Telekom.de Telekom.de 26201 Unknown UMTS CSS not supported -1 -1 RoamInd=-1 DefRoamInd=-1 EmergOnly=false IsDataRoamingFromRegistration=false IsUsingCarrierAggregation=false] oldMaxDataCalls=1 mNewMaxDataCalls=1 oldReasonDataDenied=-1 mNewReasonDataDenied=-1
02-26 21:46:54.615 3501 3501 D SST : getCellLocation(): X good mCellLoc=[4281,463257,-1]
02-26 21:46:54.617 2432 2483 D TelephonyRegistry: notifyCellLocationForSubscriber: subId=1 cellLocation=Bundle[mParcelledData.dataSize=64]
02-26 21:46:57.477 2022 2370 E use-Rlog/RLOG-RIL: RX: Time: 2083333061 / 876127
02-26 21:46:57.478 2022 2370 E use-Rlog/RLOG-RIL: RX: M:IPC_DISP_CMD S:IPC_DISP_ICON_INFO T:IPC_CMD_NOTI l:b m:ff a:39
02-26 21:46:57.478 2022 2370 E use-Rlog/RLOG-RIL: RX: FF 03 00 05
02-26 21:47:10.178 2022 2370 E use-Rlog/RLOG-RIL: RX: Time: 2083345762 / 888827
02-26 21:47:10.178 2022 2370 E use-Rlog/RLOG-RIL: RX: M:IPC_NET_CMD S:IPC_NET_REGIST T:IPC_CMD_NOTI l:12 m:ff a:ff
02-26 21:47:10.178 2022 2370 E use-Rlog/RLOG-RIL: RX: 04 02 02 01 B9 10 01 72 07 00 00
02-26 21:47:10.179 2022 2370 E use-Rlog/RLOG-RIL: RX: Time: 2083345763 / 888829
02-26 21:47:10.179 2022 2370 E use-Rlog/RLOG-RIL: RX: M:IPC_NET_CMD S:IPC_NET_REGIST T:IPC_CMD_NOTI l:12 m:ff a:ff
02-26 21:47:10.179 2022 2370 E use-Rlog/RLOG-RIL: RX: 04 03 02 01 B9 10 01 72 07 00 00
02-26 21:47:10.181 3501 3729 D RILJ : [UNSL]< UNSOL_RESPONSE_VOICE_NETWORK_STATE_CHANGED [SUB0]
02-26 21:47:10.183 3501 3729 D RILJ : [UNSL]< UNSOL_RESPONSE_VOICE_NETWORK_STATE_CHANGED [SUB0]
02-26 21:47:10.184 3501 3501 D RILJ : [3985]> OPERATOR [SUB0]
02-26 21:47:10.189 3501 3501 D RILJ : [3986]> DATA_REGISTRATION_STATE [SUB0]
02-26 21:47:10.191 2022 2370 E use-Rlog/RLOG-RIL: TX: Time: 2083345775 / 888841
02-26 21:47:10.192 2022 2370 E use-Rlog/RLOG-RIL: TX: M:IPC_NET_CMD S:IPC_NET_SERVING_NETWORK T:IPC_CMD_GET l:7 m:3a a:0
02-26 21:47:10.196 3501 3501 D RILJ : [3987]> VOICE_REGISTRATION_STATE [SUB0]
02-26 21:47:10.201 3501 3501 D RILJ : [3988]> QUERY_NETWORK_SELECTION_MODE [SUB0]
02-26 21:47:10.202 2022 2370 E use-Rlog/RLOG-RIL: RX: Time: 2083345786 / 888851
02-26 21:47:10.202 2022 2370 E use-Rlog/RLOG-RIL: RX: M:IPC_NET_CMD S:IPC_NET_SERVING_NETWORK T:IPC_CMD_RESP l:12 m:ff a:3a
02-26 21:47:10.202 2022 2370 E use-Rlog/RLOG-RIL: RX: 02 02 04 32 36 32 30 31 23 B9 10
02-26 21:47:10.203 2022 2370 E use-Rlog/RLOG-RIL: TX: Time: 2083345787 / 888853
02-26 21:47:10.203 2022 2370 E use-Rlog/RLOG-RIL: TX: M:IPC_NET_CMD S:IPC_NET_REGIST T:IPC_CMD_GET l:9 m:3b a:0
02-26 21:47:10.203 2022 2370 E use-Rlog/RLOG-RIL: TX: FF 03
02-26 21:47:10.206 3501 3729 D RILJ : [3985]< OPERATOR {Telekom.de, Telekom.de, 26201} [SUB0]
02-26 21:47:10.206 2022 2370 E use-Rlog/RLOG-RIL: RX: Time: 2083345790 / 888856
02-26 21:47:10.207 2022 2370 E use-Rlog/RLOG-RIL: RX: M:IPC_NET_CMD S:IPC_NET_REGIST T:IPC_CMD_RESP l:12 m:ff a:3b
02-26 21:47:10.207 2022 2370 E use-Rlog/RLOG-RIL: RX: 04 03 02 01 B9 10 01 72 07 00 00
02-26 21:47:10.214 3501 3501 D RILJ : [3989]> OPERATOR [SUB0]
02-26 21:47:10.218 3501 3729 D RILJ : [3986]< DATA_REGISTRATION_STATE {1, 10b9, 00077201, 3} [SUB0]
02-26 21:47:10.219 2022 2370 E use-Rlog/RLOG-RIL: TX: Time: 2083345803 / 888869
02-26 21:47:10.219 2022 2370 E use-Rlog/RLOG-RIL: TX: M:IPC_NET_CMD S:IPC_NET_REGIST T:IPC_CMD_GET l:9 m:3c a:0
02-26 21:47:10.219 2022 2370 E use-Rlog/RLOG-RIL: TX: FF 02
02-26 21:47:10.220 2022 2370 E use-Rlog/RLOG-RIL: RX: Time: 2083345804 / 888869
02-26 21:47:10.220 2022 2370 E use-Rlog/RLOG-RIL: RX: M:IPC_NET_CMD S:IPC_NET_REGIST T:IPC_CMD_RESP l:12 m:ff a:3c
02-26 21:47:10.220 2022 2370 E use-Rlog/RLOG-RIL: RX: 04 02 02 01 B9 10 01 72 07 00 00
02-26 21:47:10.221 2022 2370 E use-Rlog/RLOG-RIL: TX: Time: 2083345805 / 888871
02-26 21:47:10.221 2022 2370 E use-Rlog/RLOG-RIL: TX: M:IPC_NET_CMD S:IPC_NET_PLMN_SEL T:IPC_CMD_GET l:7 m:3d a:0
02-26 21:47:10.224 3501 3501 D RILJ : [3990]> DATA_REGISTRATION_STATE [SUB0]
02-26 21:47:10.228 3501 3729 D RILJ : [3987]< VOICE_REGISTRATION_STATE {1, 10b9, 00077201} [SUB0]
02-26 21:47:10.229 2022 2370 E use-Rlog/RLOG-RIL: RX: Time: 2083345813 / 888879
02-26 21:47:10.229 2022 2370 E use-Rlog/RLOG-RIL: RX: M:IPC_NET_CMD S:IPC_NET_PLMN_SEL T:IPC_CMD_RESP l:8 m:ff a:3d
02-26 21:47:10.229 2022 2370 E use-Rlog/RLOG-RIL: RX: 02
02-26 21:47:10.233 3501 3501 D RILJ : [3991]> VOICE_REGISTRATION_STATE [SUB0]
02-26 21:47:10.236 2022 2370 E use-Rlog/RLOG-RIL: TX: Time: 2083345820 / 888886
02-26 21:47:10.237 2022 2370 E use-Rlog/RLOG-RIL: TX: M:IPC_NET_CMD S:IPC_NET_SERVING_NETWORK T:IPC_CMD_GET l:7 m:3e a:0
02-26 21:47:10.237 2022 2370 E use-Rlog/RLOG-RIL: RX: Time: 2083345821 / 888886
02-26 21:47:10.237 2022 2370 E use-Rlog/RLOG-RIL: RX: M:IPC_NET_CMD S:IPC_NET_SERVING_NETWORK T:IPC_CMD_RESP l:12 m:ff a:3e
02-26 21:47:10.237 2022 2370 E use-Rlog/RLOG-RIL: RX: 02 02 04 32 36 32 30 31 23 B9 10
02-26 21:47:10.238 2022 2370 E use-Rlog/RLOG-RIL: TX: Time: 2083345822 / 888888
02-26 21:47:10.238 2022 2370 E use-Rlog/RLOG-RIL: TX: M:IPC_NET_CMD S:IPC_NET_REGIST T:IPC_CMD_GET l:9 m:3f a:0
02-26 21:47:10.238 2022 2370 E use-Rlog/RLOG-RIL: TX: FF 03
02-26 21:47:10.240 2022 2370 E use-Rlog/RLOG-RIL: RX: Time: 2083345824 / 888889
02-26 21:47:10.240 2022 2370 E use-Rlog/RLOG-RIL: RX: M:IPC_NET_CMD S:IPC_NET_REGIST T:IPC_CMD_RESP l:12 m:ff a:3f
02-26 21:47:10.240 2022 2370 E use-Rlog/RLOG-RIL: RX: 04 03 02 01 B9 10 01 72 07 00 00
02-26 21:47:10.243 3501 3729 D RILJ : [3988]< QUERY_NETWORK_SELECTION_MODE {0} [SUB0]
02-26 21:47:10.244 3501 3729 D RILJ : [3989]< OPERATOR {Telekom.de, Telekom.de, 26201} [SUB0]
02-26 21:47:10.246 3501 3729 D RILJ : [3990]< DATA_REGISTRATION_STATE {1, 10b9, 00077201, 3} [SUB0]
02-26 21:47:10.248 3501 3501 D RILJ : [3992]> QUERY_NETWORK_SELECTION_MODE [SUB0]
02-26 21:47:10.252 2022 2370 E use-Rlog/RLOG-RIL: TX: Time: 2083345835 / 888901
02-26 21:47:10.252 2022 2370 E use-Rlog/RLOG-RIL: TX: M:IPC_NET_CMD S:IPC_NET_REGIST T:IPC_CMD_GET l:9 m:40 a:0
02-26 21:47:10.252 2022 2370 E use-Rlog/RLOG-RIL: TX: FF 02
02-26 21:47:10.255 3501 3501 D SST : EVENT_POLL_STATE_NETWORK_SELECTION_MODE
02-26 21:47:10.256 3501 3501 D SST : handlPollStateResultMessage: GsmSST setDataRegState=0 regState=1 dataRadioTechnology=3
02-26 21:47:10.256 2022 2370 E use-Rlog/RLOG-RIL: RX: Time: 2083345840 / 888906
02-26 21:47:10.256 2022 2370 E use-Rlog/RLOG-RIL: RX: M:IPC_NET_CMD S:IPC_NET_REGIST T:IPC_CMD_RESP l:12 m:ff a:40
02-26 21:47:10.256 2022 2370 E use-Rlog/RLOG-RIL: RX: 04 02 02 01 B9 10 01 72 07 00 00
02-26 21:47:10.257 2022 2370 E use-Rlog/RLOG-RIL: TX: Time: 2083345841 / 888907
02-26 21:47:10.257 2022 2370 E use-Rlog/RLOG-RIL: TX: M:IPC_NET_CMD S:IPC_NET_PLMN_SEL T:IPC_CMD_GET l:7 m:41 a:0
02-26 21:47:10.259 2022 2370 E use-Rlog/RLOG-RIL: RX: Time: 2083345843 / 888909
02-26 21:47:10.259 2022 2370 E use-Rlog/RLOG-RIL: RX: M:IPC_NET_CMD S:IPC_NET_PLMN_SEL T:IPC_CMD_RESP l:8 m:ff a:41
02-26 21:47:10.259 2022 2370 E use-Rlog/RLOG-RIL: RX: 02
02-26 21:47:10.260 3501 3729 D RILJ : [3991]< VOICE_REGISTRATION_STATE {1, 10b9, 00077201} [SUB0]
02-26 21:47:10.261 3501 3729 D RILJ : [3992]< QUERY_NETWORK_SELECTION_MODE {0} [SUB0]
02-26 21:47:10.262 3501 3501 D SST : EVENT_POLL_STATE_NETWORK_SELECTION_MODE
02-26 21:47:10.272 3501 3501 D SST : Poll ServiceState done: oldSS=[0 0 voice home data home Telekom.de Telekom.de 26201 Telekom.de Telekom.de 26201 Unknown UMTS CSS not supported -1 -1 RoamInd=-1 DefRoamInd=-1 EmergOnly=false IsDataRoamingFromRegistration=false IsUsingCarrierAggregation=false] newSS=[0 0 voice home data home Telekom.de Telekom.de 26201 Telekom.de Telekom.de 26201 Unknown UMTS CSS not supported -1 -1 RoamInd=-1 DefRoamInd=-1 EmergOnly=false IsDataRoamingFromRegistration=false IsUsingCarrierAggregation=false] oldMaxDataCalls=1 mNewMaxDataCalls=1 oldReasonDataDenied=-1 mNewReasonDataDenied=-1
02-26 21:47:10.272 3501 3501 D SST : getCellLocation(): X good mCellLoc=[4281,487937,-1]
02-26 21:47:10.273 2432 3239 D TelephonyRegistry: notifyCellLocationForSubscriber: subId=1 cellLocation=Bundle[mParcelledData.dataSize=64]
02-26 21:47:26.193 2022 2370 E use-Rlog/RLOG-RIL: RX: Time: 2083361777 / 904842
02-26 21:47:26.193 2022 2370 E use-Rlog/RLOG-RIL: RX: M:IPC_NET_CMD S:IPC_NET_REGIST T:IPC_CMD_NOTI l:12 m:ff a:ff
02-26 21:47:26.193 2022 2370 E use-Rlog/RLOG-RIL: RX: 04 02 02 01 B9 10 99 11 07 00 00
02-26 21:47:26.194 2022 2370 E use-Rlog/RLOG-RIL: RX: Time: 2083361778 / 904844
02-26 21:47:26.194 2022 2370 E use-Rlog/RLOG-RIL: RX: M:IPC_NET_CMD S:IPC_NET_REGIST T:IPC_CMD_NOTI l:12 m:ff a:ff
02-26 21:47:26.194 2022 2370 E use-Rlog/RLOG-RIL: RX: 04 03 02 01 B9 10 99 11 07 00 00
02-26 21:47:26.196 3501 3729 D RILJ : [UNSL]< UNSOL_RESPONSE_VOICE_NETWORK_STATE_CHANGED [SUB0]
02-26 21:47:26.198 3501 3729 D RILJ : [UNSL]< UNSOL_RESPONSE_VOICE_NETWORK_STATE_CHANGED [SUB0]
02-26 21:47:26.199 3501 3501 D RILJ : [3993]> OPERATOR [SUB0]
02-26 21:47:26.204 3501 3501 D RILJ : [3994]> DATA_REGISTRATION_STATE [SUB0]
02-26 21:47:26.206 2022 2370 E use-Rlog/RLOG-RIL: TX: Time: 2083361790 / 904856
02-26 21:47:26.207 2022 2370 E use-Rlog/RLOG-RIL: TX: M:IPC_NET_CMD S:IPC_NET_SERVING_NETWORK T:IPC_CMD_GET l:7 m:42 a:0
02-26 21:47:26.212 3501 3501 D RILJ : [3995]> VOICE_REGISTRATION_STATE [SUB0]
02-26 21:47:26.216 3501 3501 D RILJ : [3996]> QUERY_NETWORK_SELECTION_MODE [SUB0]
02-26 21:47:26.217 2022 2370 E use-Rlog/RLOG-RIL: RX: Time: 2083361801 / 904866
02-26 21:47:26.217 2022 2370 E use-Rlog/RLOG-RIL: RX: M:IPC_NET_CMD S:IPC_NET_SERVING_NETWORK T:IPC_CMD_RESP l:12 m:ff a:42
02-26 21:47:26.217 2022 2370 E use-Rlog/RLOG-RIL: RX: 02 02 04 32 36 32 30 31 23 B9 10
02-26 21:47:26.218 2022 2370 E use-Rlog/RLOG-RIL: TX: Time: 2083361802 / 904868
02-26 21:47:26.218 2022 2370 E use-Rlog/RLOG-RIL: TX: M:IPC_NET_CMD S:IPC_NET_REGIST T:IPC_CMD_GET l:9 m:43 a:0
02-26 21:47:26.219 2022 2370 E use-Rlog/RLOG-RIL: TX: FF 03
02-26 21:47:26.221 3501 3729 D RILJ : [3993]< OPERATOR {Telekom.de, Telekom.de, 26201} [SUB0]
02-26 21:47:26.222 2022 2370 E use-Rlog/RLOG-RIL: RX: Time: 2083361805 / 904871
02-26 21:47:26.222 2022 2370 E use-Rlog/RLOG-RIL: RX: M:IPC_NET_CMD S:IPC_NET_REGIST T:IPC_CMD_RESP l:12 m:ff a:43
02-26 21:47:26.222 2022 2370 E use-Rlog/RLOG-RIL: RX: 04 03 02 01 B9 10 99 11 07 00 00
02-26 21:47:26.228 2022 2370 E use-Rlog/RLOG-RIL: TX: Time: 2083361812 / 904878
02-26 21:47:26.229 2022 2370 E use-Rlog/RLOG-RIL: TX: M:IPC_NET_CMD S:IPC_NET_REGIST T:IPC_CMD_GET l:9 m:44 a:0
02-26 21:47:26.229 2022 2370 E use-Rlog/RLOG-RIL: TX: FF 02
02-26 21:47:26.229 2022 2370 E use-Rlog/RLOG-RIL: RX: Time: 2083361813 / 904879
02-26 21:47:26.229 2022 2370 E use-Rlog/RLOG-RIL: RX: M:IPC_NET_CMD S:IPC_NET_REGIST T:IPC_CMD_RESP l:12 m:ff a:44
02-26 21:47:26.229 2022 2370 E use-Rlog/RLOG-RIL: RX: 04 02 02 01 B9 10 99 11 07 00 00
02-26 21:47:26.232 3501 3729 D RILJ : [3994]< DATA_REGISTRATION_STATE {1, 10b9, 00071199, 3} [SUB0]
02-26 21:47:26.234 3501 3729 D RILJ : [3995]< VOICE_REGISTRATION_STATE {1, 10b9, 00071199} [SUB0]
02-26 21:47:26.235 3501 3501 D RILJ : [3997]> OPERATOR [SUB0]
02-26 21:47:26.236 2022 2370 E use-Rlog/RLOG-RIL: TX: Time: 2083361820 / 904886
02-26 21:47:26.236 2022 2370 E use-Rlog/RLOG-RIL: TX: M:IPC_NET_CMD S:IPC_NET_PLMN_SEL T:IPC_CMD_GET l:7 m:45 a:0
02-26 21:47:26.240 2022 2370 E use-Rlog/RLOG-RIL: RX: Time: 2083361824 / 904889
02-26 21:47:26.240 2022 2370 E use-Rlog/RLOG-RIL: RX: M:IPC_NET_CMD S:IPC_NET_PLMN_SEL T:IPC_CMD_RESP l:8 m:ff a:45
02-26 21:47:26.240 2022 2370 E use-Rlog/RLOG-RIL: RX: 02
02-26 21:47:26.241 2022 2370 E use-Rlog/RLOG-RIL: RX: Time: 2083361825 / 904890
02-26 21:47:26.241 2022 2370 E use-Rlog/RLOG-RIL: RX: M:IPC_DISP_CMD S:IPC_DISP_ICON_INFO T:IPC_CMD_NOTI l:b m:ff a:45
02-26 21:47:26.241 2022 2370 E use-Rlog/RLOG-RIL: RX: FF 02 00 05
02-26 21:47:26.243 3501 3501 D RILJ : [3998]> DATA_REGISTRATION_STATE [SUB0]
02-26 21:47:26.248 3501 3501 D RILJ : [3999]> VOICE_REGISTRATION_STATE [SUB0]
02-26 21:47:26.252 2022 2370 E use-Rlog/RLOG-RIL: TX: Time: 2083361836 / 904901
02-26 21:47:26.252 2022 2370 E use-Rlog/RLOG-RIL: TX: M:IPC_NET_CMD S:IPC_NET_SERVING_NETWORK T:IPC_CMD_GET l:7 m:46 a:0
02-26 21:47:26.254 2022 2370 E use-Rlog/RLOG-RIL: RX: Time: 2083361838 / 904904
02-26 21:47:26.254 2022 2370 E use-Rlog/RLOG-RIL: RX: M:IPC_NET_CMD S:IPC_NET_SERVING_NETWORK T:IPC_CMD_RESP l:12 m:ff a:46
02-26 21:47:26.254 2022 2370 E use-Rlog/RLOG-RIL: RX: 02 02 04 32 36 32 30 31 23 B9 10
02-26 21:47:26.255 2022 2370 E use-Rlog/RLOG-RIL: TX: Time: 2083361839 / 904905
02-26 21:47:26.256 2022 2370 E use-Rlog/RLOG-RIL: TX: M:IPC_NET_CMD S:IPC_NET_REGIST T:IPC_CMD_GET l:9 m:47 a:0
02-26 21:47:26.256 2022 2370 E use-Rlog/RLOG-RIL: TX: FF 03
02-26 21:47:26.259 3501 3501 D RILJ : [4000]> QUERY_NETWORK_SELECTION_MODE [SUB0]
02-26 21:47:26.262 3501 3729 D RILJ : [3996]< QUERY_NETWORK_SELECTION_MODE {0} [SUB0]
02-26 21:47:26.263 2022 2370 E use-Rlog/RLOG-RIL: RX: Time: 2083361847 / 904912
02-26 21:47:26.263 2022 2370 E use-Rlog/RLOG-RIL: RX: M:IPC_NET_CMD S:IPC_NET_REGIST T:IPC_CMD_RESP l:12 m:ff a:47
02-26 21:47:26.263 2022 2370 E use-Rlog/RLOG-RIL: RX: 04 03 02 01 B9 10 99 11 07 00 00
02-26 21:47:26.267 3501 3501 D SST : EVENT_POLL_STATE_NETWORK_SELECTION_MODE
02-26 21:47:26.271 3501 3729 D RILJ : [3997]< OPERATOR {Telekom.de, Telekom.de, 26201} [SUB0]
02-26 21:47:26.272 3501 3729 D RILJ : [3998]< DATA_REGISTRATION_STATE {1, 10b9, 00071199, 3} [SUB0]
02-26 21:47:26.273 2022 2370 E use-Rlog/RLOG-RIL: TX: Time: 2083361856 / 904922
02-26 21:47:26.273 2022 2370 E use-Rlog/RLOG-RIL: TX: M:IPC_NET_CMD S:IPC_NET_REGIST T:IPC_CMD_GET l:9 m:48 a:0
02-26 21:47:26.273 2022 2370 E use-Rlog/RLOG-RIL: TX: FF 02
02-26 21:47:26.273 2022 2370 E use-Rlog/RLOG-RIL: RX: Time: 2083361857 / 904923
02-26 21:47:26.273 2022 2370 E use-Rlog/RLOG-RIL: RX: M:IPC_NET_CMD S:IPC_NET_REGIST T:IPC_CMD_RESP l:12 m:ff a:48
02-26 21:47:26.273 2022 2370 E use-Rlog/RLOG-RIL: RX: 04 02 02 01 B9 10 99 11 07 00 00
02-26 21:47:26.274 2022 2370 E use-Rlog/RLOG-RIL: TX: Time: 2083361858 / 904924
02-26 21:47:26.275 2022 2370 E use-Rlog/RLOG-RIL: TX: M:IPC_NET_CMD S:IPC_NET_PLMN_SEL T:IPC_CMD_GET l:7 m:49 a:0
02-26 21:47:26.293 3501 3501 D SST : handlPollStateResultMessage: GsmSST setDataRegState=0 regState=1 dataRadioTechnology=3
02-26 21:47:26.294 2022 2370 E use-Rlog/RLOG-RIL: RX: Time: 2083361877 / 904943
02-26 21:47:26.294 2022 2370 E use-Rlog/RLOG-RIL: RX: M:IPC_NET_CMD S:IPC_NET_PLMN_SEL T:IPC_CMD_RESP l:8 m:ff a:49
02-26 21:47:26.294 2022 2370 E use-Rlog/RLOG-RIL: RX: 02
02-26 21:47:26.297 3501 3729 D RILJ : [3999]< VOICE_REGISTRATION_STATE {1, 10b9, 00071199} [SUB0]
02-26 21:47:26.299 3501 3729 D RILJ : [4000]< QUERY_NETWORK_SELECTION_MODE {0} [SUB0]
02-26 21:47:26.300 3501 3501 D SST : EVENT_POLL_STATE_NETWORK_SELECTION_MODE
02-26 21:47:26.314 3501 3501 D SST : Poll ServiceState done: oldSS=[0 0 voice home data home Telekom.de Telekom.de 26201 Telekom.de Telekom.de 26201 Unknown UMTS CSS not supported -1 -1 RoamInd=-1 DefRoamInd=-1 EmergOnly=false IsDataRoamingFromRegistration=false IsUsingCarrierAggregation=false] newSS=[0 0 voice home data home Telekom.de Telekom.de 26201 Telekom.de Telekom.de 26201 Unknown UMTS CSS not supported -1 -1 RoamInd=-1 DefRoamInd=-1 EmergOnly=false IsDataRoamingFromRegistration=false IsUsingCarrierAggregation=false] oldMaxDataCalls=1 mNewMaxDataCalls=1 oldReasonDataDenied=-1 mNewReasonDataDenied=-1
02-26 21:47:26.314 3501 3501 D SST : getCellLocation(): X good mCellLoc=[4281,463257,-1]
02-26 21:47:26.316 2432 3921 D TelephonyRegistry: notifyCellLocationForSubscriber: subId=1 cellLocation=Bundle[mParcelledData.dataSize=64]
02-26 21:47:28.758 2022 2370 E use-Rlog/RLOG-RIL: RX: Time: 2083364342 / 907407
02-26 21:47:28.758 2022 2370 E use-Rlog/RLOG-RIL: RX: M:IPC_NET_CMD S:IPC_NET_REGIST T:IPC_CMD_NOTI l:12 m:ff a:ff
02-26 21:47:28.758 2022 2370 E use-Rlog/RLOG-RIL: RX: 04 02 02 01 B9 10 01 72 07 00 00
02-26 21:47:28.758 2022 2370 E use-Rlog/RLOG-RIL: RX: Time: 2083364342 / 907408
02-26 21:47:28.758 2022 2370 E use-Rlog/RLOG-RIL: RX: M:IPC_NET_CMD S:IPC_NET_REGIST T:IPC_CMD_NOTI l:12 m:ff a:ff
02-26 21:47:28.758 2022 2370 E use-Rlog/RLOG-RIL: RX: 04 03 02 01 B9 10 01 72 07 00 00
02-26 21:47:28.759 3501 3729 D RILJ : [UNSL]< UNSOL_RESPONSE_VOICE_NETWORK_STATE_CHANGED [SUB0]
02-26 21:47:28.759 3501 3729 D RILJ : [UNSL]< UNSOL_RESPONSE_VOICE_NETWORK_STATE_CHANGED [SUB0]
02-26 21:47:28.759 3501 3501 D RILJ : [4001]> OPERATOR [SUB0]
02-26 21:47:28.787 3501 3501 D RILJ : [4002]> DATA_REGISTRATION_STATE [SUB0]
02-26 21:47:28.788 2022 2370 E use-Rlog/RLOG-RIL: TX: Time: 2083364371 / 907437
02-26 21:47:28.788 2022 2370 E use-Rlog/RLOG-RIL: TX: M:IPC_NET_CMD S:IPC_NET_SERVING_NETWORK T:IPC_CMD_GET l:7 m:4a a:0
02-26 21:47:28.790 2022 2370 E use-Rlog/RLOG-RIL: RX: Time: 2083364374 / 907439
02-26 21:47:28.790 2022 2370 E use-Rlog/RLOG-RIL: RX: M:IPC_NET_CMD S:IPC_NET_SERVING_NETWORK T:IPC_CMD_RESP l:12 m:ff a:4a
02-26 21:47:28.790 2022 2370 E use-Rlog/RLOG-RIL: RX: 02 02 04 32 36 32 30 31 23 B9 10
02-26 21:47:28.790 3501 3729 D RILJ : [4001]< OPERATOR {Telekom.de, Telekom.de, 26201} [SUB0]
02-26 21:47:28.791 3501 3501 D RILJ : [4003]> VOICE_REGISTRATION_STATE [SUB0]
02-26 21:47:28.792 2022 2370 E use-Rlog/RLOG-RIL: TX: Time: 2083364376 / 907441
02-26 21:47:28.792 2022 2370 E use-Rlog/RLOG-RIL: TX: M:IPC_NET_CMD S:IPC_NET_REGIST T:IPC_CMD_GET l:9 m:4b a:0
02-26 21:47:28.792 2022 2370 E use-Rlog/RLOG-RIL: TX: FF 03
02-26 21:47:28.792 3501 3501 D RILJ : [4004]> QUERY_NETWORK_SELECTION_MODE [SUB0]
02-26 21:47:28.793 3501 3501 D RILJ : [4005]> OPERATOR [SUB0]
02-26 21:47:28.794 2022 2370 E use-Rlog/RLOG-RIL: RX: Time: 2083364378 / 907444
02-26 21:47:28.794 2022 2370 E use-Rlog/RLOG-RIL: RX: M:IPC_NET_CMD S:IPC_NET_REGIST T:IPC_CMD_RESP l:12 m:ff a:4b
02-26 21:47:28.794 2022 2370 E use-Rlog/RLOG-RIL: RX: 04 03 02 01 B9 10 01 72 07 00 00
02-26 21:47:28.795 2022 2370 E use-Rlog/RLOG-RIL: TX: Time: 2083364379 / 907444
02-26 21:47:28.795 2022 2370 E use-Rlog/RLOG-RIL: TX: M:IPC_NET_CMD S:IPC_NET_REGIST T:IPC_CMD_GET l:9 m:4c a:0
02-26 21:47:28.795 2022 2370 E use-Rlog/RLOG-RIL: TX: FF 02
02-26 21:47:28.795 3501 3501 D RILJ : [4006]> DATA_REGISTRATION_STATE [SUB0]
02-26 21:47:28.796 3501 3501 D RILJ : [4007]> VOICE_REGISTRATION_STATE [SUB0]
02-26 21:47:28.797 3501 3501 D RILJ : [4008]> QUERY_NETWORK_SELECTION_MODE [SUB0]
02-26 21:47:28.798 2022 2370 E use-Rlog/RLOG-RIL: RX: Time: 2083364382 / 907447
02-26 21:47:28.798 2022 2370 E use-Rlog/RLOG-RIL: RX: M:IPC_NET_CMD S:IPC_NET_REGIST T:IPC_CMD_RESP l:12 m:ff a:4c
02-26 21:47:28.798 2022 2370 E use-Rlog/RLOG-RIL: RX: 04 02 02 01 B9 10 01 72 07 00 00
02-26 21:47:28.798 2022 2370 E use-Rlog/RLOG-RIL: TX: Time: 2083364382 / 907448
02-26 21:47:28.798 2022 2370 E use-Rlog/RLOG-RIL: TX: M:IPC_NET_CMD S:IPC_NET_PLMN_SEL T:IPC_CMD_GET l:7 m:4d a:0
02-26 21:47:28.799 3501 3729 D RILJ : [4002]< DATA_REGISTRATION_STATE {1, 10b9, 00077201, 3} [SUB0]
02-26 21:47:28.799 3501 3729 D RILJ : [4003]< VOICE_REGISTRATION_STATE {1, 10b9, 00077201} [SUB0]
02-26 21:47:28.799 2022 2370 E use-Rlog/RLOG-RIL: RX: Time: 2083364383 / 907449
02-26 21:47:28.799 2022 2370 E use-Rlog/RLOG-RIL: RX: M:IPC_NET_CMD S:IPC_NET_PLMN_SEL T:IPC_CMD_RESP l:8 m:ff a:4d
02-26 21:47:28.799 2022 2370 E use-Rlog/RLOG-RIL: RX: 02
02-26 21:47:28.800 2022 2370 E use-Rlog/RLOG-RIL: TX: Time: 2083364384 / 907449
02-26 21:47:28.800 2022 2370 E use-Rlog/RLOG-RIL: TX: M:IPC_NET_CMD S:IPC_NET_SERVING_NETWORK T:IPC_CMD_GET l:7 m:4e a:0
02-26 21:47:28.800 3501 3729 D RILJ : [4004]< QUERY_NETWORK_SELECTION_MODE {0} [SUB0]
02-26 21:47:28.800 3501 3501 D SST : EVENT_POLL_STATE_NETWORK_SELECTION_MODE
02-26 21:47:28.801 2022 2370 E use-Rlog/RLOG-RIL: RX: Time: 2083364385 / 907451
02-26 21:47:28.801 2022 2370 E use-Rlog/RLOG-RIL: RX: M:IPC_NET_CMD S:IPC_NET_SERVING_NETWORK T:IPC_CMD_RESP l:12 m:ff a:4e
02-26 21:47:28.801 2022 2370 E use-Rlog/RLOG-RIL: RX: 02 02 04 32 36 32 30 31 23 B9 10
02-26 21:47:28.801 2022 2370 E use-Rlog/RLOG-RIL: TX: Time: 2083364385 / 907451
02-26 21:47:28.801 2022 2370 E use-Rlog/RLOG-RIL: TX: M:IPC_NET_CMD S:IPC_NET_REGIST T:IPC_CMD_GET l:9 m:4f a:0
02-26 21:47:28.801 2022 2370 E use-Rlog/RLOG-RIL: TX: FF 03
02-26 21:47:28.802 3501 3729 D RILJ : [4005]< OPERATOR {Telekom.de, Telekom.de, 26201} [SUB0]
02-26 21:47:28.802 2022 2370 E use-Rlog/RLOG-RIL: RX: Time: 2083364386 / 907452
02-26 21:47:28.802 2022 2370 E use-Rlog/RLOG-RIL: RX: M:IPC_NET_CMD S:IPC_NET_REGIST T:IPC_CMD_RESP l:12 m:ff a:4f
02-26 21:47:28.802 2022 2370 E use-Rlog/RLOG-RIL: RX: 04 03 02 01 B9 10 01 72 07 00 00
02-26 21:47:28.802 2022 2370 E use-Rlog/RLOG-RIL: TX: Time: 2083364386 / 907452
02-26 21:47:28.802 2022 2370 E use-Rlog/RLOG-RIL: TX: M:IPC_NET_CMD S:IPC_NET_REGIST T:IPC_CMD_GET l:9 m:50 a:0
02-26 21:47:28.803 2022 2370 E use-Rlog/RLOG-RIL: TX: FF 02
02-26 21:47:28.803 3501 3729 D RILJ : [4006]< DATA_REGISTRATION_STATE {1, 10b9, 00077201, 3} [SUB0]
02-26 21:47:28.803 3501 3501 D SST : handlPollStateResultMessage: GsmSST setDataRegState=0 regState=1 dataRadioTechnology=3
02-26 21:47:28.804 2022 2370 E use-Rlog/RLOG-RIL: RX: Time: 2083364388 / 907454
02-26 21:47:28.805 2022 2370 E use-Rlog/RLOG-RIL: RX: M:IPC_NET_CMD S:IPC_NET_REGIST T:IPC_CMD_RESP l:12 m:ff a:50
02-26 21:47:28.805 2022 2370 E use-Rlog/RLOG-RIL: RX: 04 02 02 01 B9 10 01 72 07 00 00
02-26 21:47:28.805 2022 2370 E use-Rlog/RLOG-RIL: TX: Time: 2083364389 / 907454
02-26 21:47:28.805 2022 2370 E use-Rlog/RLOG-RIL: TX: M:IPC_NET_CMD S:IPC_NET_PLMN_SEL T:IPC_CMD_GET l:7 m:51 a:0
02-26 21:47:28.809 3501 3729 D RILJ : [4007]< VOICE_REGISTRATION_STATE {1, 10b9, 00077201} [SUB0]
02-26 21:47:28.809 2022 2370 E use-Rlog/RLOG-RIL: RX: Time: 2083364393 / 907459
02-26 21:47:28.809 2022 2370 E use-Rlog/RLOG-RIL: RX: M:IPC_NET_CMD S:IPC_NET_PLMN_SEL T:IPC_CMD_RESP l:8 m:ff a:51
02-26 21:47:28.809 2022 2370 E use-Rlog/RLOG-RIL: RX: 02
02-26 21:47:28.810 3501 3729 D RILJ : [4008]< QUERY_NETWORK_SELECTION_MODE {0} [SUB0]
02-26 21:47:28.811 3501 3501 D SST : EVENT_POLL_STATE_NETWORK_SELECTION_MODE
02-26 21:47:28.812 3501 3501 D SST : Poll ServiceState done: oldSS=[0 0 voice home data home Telekom.de Telekom.de 26201 Telekom.de Telekom.de 26201 Unknown UMTS CSS not supported -1 -1 RoamInd=-1 DefRoamInd=-1 EmergOnly=false IsDataRoamingFromRegistration=false IsUsingCarrierAggregation=false] newSS=[0 0 voice home data home Telekom.de Telekom.de 26201 Telekom.de Telekom.de 26201 Unknown UMTS CSS not supported -1 -1 RoamInd=-1 DefRoamInd=-1 EmergOnly=false IsDataRoamingFromRegistration=false IsUsingCarrierAggregation=false] oldMaxDataCalls=1 mNewMaxDataCalls=1 oldReasonDataDenied=-1 mNewReasonDataDenied=-1
02-26 21:47:28.812 3501 3501 D SST : getCellLocation(): X good mCellLoc=[4281,487937,-1]
02-26 21:47:28.813 2432 4032 D TelephonyRegistry: notifyCellLocationForSubscriber: subId=1 cellLocation=Bundle[mParcelledData.dataSize=64]
02-26 21:47:29.193 3501 3501 D DCT : [0]screen on
02-26 21:47:29.193 3501 3501 D DCT : [0]stopNetStatPoll
02-26 21:47:52.102 2022 2370 E use-Rlog/RLOG-RIL: RX: Time: 2083387686 / 930752
02-26 21:47:52.103 2022 2370 E use-Rlog/RLOG-RIL: RX: M:IPC_DISP_CMD S:IPC_DISP_ICON_INFO T:IPC_CMD_NOTI l:b m:ff a:51
02-26 21:47:52.103 2022 2370 E use-Rlog/RLOG-RIL: RX: FF 01 00 05
02-26 21:48:12.586 2022 2370 E use-Rlog/RLOG-RIL: RX: Time: 2083408170 / 951236
02-26 21:48:12.586 2022 2370 E use-Rlog/RLOG-RIL: RX: M:IPC_DISP_CMD S:IPC_DISP_ICON_INFO T:IPC_CMD_NOTI l:b m:ff a:51
02-26 21:48:12.586 2022 2370 E use-Rlog/RLOG-RIL: RX: FF 02 00 05
02-26 21:48:13.242 3501 3501 D DCT : [0]screen off
02-26 21:48:13.242 3501 3501 D DCT : [0]stopNetStatPoll
02-26 21:48:25.387 2022 2370 E use-Rlog/RLOG-RIL: RX: Time: 2083420971 / 964037
02-26 21:48:25.388 2022 2370 E use-Rlog/RLOG-RIL: RX: M:IPC_DISP_CMD S:IPC_DISP_ICON_INFO T:IPC_CMD_NOTI l:b m:ff a:51
02-26 21:48:25.388 2022 2370 E use-Rlog/RLOG-RIL: RX: FF 01 00 05
02-26 21:48:27.628 2022 2370 E use-Rlog/RLOG-RIL: RX: Time: 2083423212 / 966277
02-26 21:48:27.628 2022 2370 E use-Rlog/RLOG-RIL: RX: M:IPC_NET_CMD S:IPC_NET_REGIST T:IPC_CMD_NOTI l:12 m:ff a:ff
02-26 21:48:27.628 2022 2370 E use-Rlog/RLOG-RIL: RX: 04 02 02 01 B9 10 98 11 07 00 00
02-26 21:48:27.629 2022 2370 E use-Rlog/RLOG-RIL: RX: Time: 2083423213 / 966279
02-26 21:48:27.629 2022 2370 E use-Rlog/RLOG-RIL: RX: M:IPC_NET_CMD S:IPC_NET_REGIST T:IPC_CMD_NOTI l:12 m:ff a:ff
02-26 21:48:27.629 2022 2370 E use-Rlog/RLOG-RIL: RX: 04 03 02 01 B9 10 98 11 07 00 00
02-26 21:48:27.631 3501 3729 D RILJ : [UNSL]< UNSOL_RESPONSE_VOICE_NETWORK_STATE_CHANGED [SUB0]
02-26 21:48:27.633 3501 3729 D RILJ : [UNSL]< UNSOL_RESPONSE_VOICE_NETWORK_STATE_CHANGED [SUB0]
02-26 21:48:27.634 3501 3501 D RILJ : [4009]> OPERATOR [SUB0]
02-26 21:48:27.641 2022 2370 E use-Rlog/RLOG-RIL: TX: Time: 2083423225 / 966291
02-26 21:48:27.641 2022 2370 E use-Rlog/RLOG-RIL: TX: M:IPC_NET_CMD S:IPC_NET_SERVING_NETWORK T:IPC_CMD_GET l:7 m:52 a:0
02-26 21:48:27.642 3501 3501 D RILJ : [4010]> DATA_REGISTRATION_STATE [SUB0]
02-26 21:48:27.647 2022 2370 E use-Rlog/RLOG-RIL: RX: Time: 2083423231 / 966296
02-26 21:48:27.647 2022 2370 E use-Rlog/RLOG-RIL: RX: M:IPC_NET_CMD S:IPC_NET_SERVING_NETWORK T:IPC_CMD_RESP l:12 m:ff a:52
02-26 21:48:27.647 2022 2370 E use-Rlog/RLOG-RIL: RX: 02 02 04 32 36 32 30 31 23 B9 10
02-26 21:48:27.649 3501 3729 D RILJ : [4009]< OPERATOR {Telekom.de, Telekom.de, 26201} [SUB0]
02-26 21:48:27.652 2022 2370 E use-Rlog/RLOG-RIL: TX: Time: 2083423236 / 966302
02-26 21:48:27.652 2022 2370 E use-Rlog/RLOG-RIL: TX: M:IPC_NET_CMD S:IPC_NET_REGIST T:IPC_CMD_GET l:9 m:53 a:0
02-26 21:48:27.652 2022 2370 E use-Rlog/RLOG-RIL: TX: FF 03
02-26 21:48:27.654 3501 3501 D RILJ : [4011]> VOICE_REGISTRATION_STATE [SUB0]
02-26 21:48:27.658 3501 3501 D RILJ : [4012]> QUERY_NETWORK_SELECTION_MODE [SUB0]
02-26 21:48:27.659 2022 2370 E use-Rlog/RLOG-RIL: RX: Time: 2083423243 / 966309
02-26 21:48:27.659 2022 2370 E use-Rlog/RLOG-RIL: RX: M:IPC_NET_CMD S:IPC_NET_REGIST T:IPC_CMD_RESP l:12 m:ff a:53
02-26 21:48:27.659 2022 2370 E use-Rlog/RLOG-RIL: RX: 04 03 02 01 B9 10 98 11 07 00 00
02-26 21:48:27.662 2022 2370 E use-Rlog/RLOG-RIL: TX: Time: 2083423246 / 966312
02-26 21:48:27.662 2022 2370 E use-Rlog/RLOG-RIL: TX: M:IPC_NET_CMD S:IPC_NET_REGIST T:IPC_CMD_GET l:9 m:54 a:0
02-26 21:48:27.662 2022 2370 E use-Rlog/RLOG-RIL: TX: FF 02
02-26 21:48:27.663 2022 2370 E use-Rlog/RLOG-RIL: RX: Time: 2083423246 / 966312
02-26 21:48:27.663 2022 2370 E use-Rlog/RLOG-RIL: RX: M:IPC_NET_CMD S:IPC_NET_REGIST T:IPC_CMD_RESP l:12 m:ff a:54
02-26 21:48:27.663 2022 2370 E use-Rlog/RLOG-RIL: RX: 04 02 02 01 B9 10 98 11 07 00 00
02-26 21:48:27.668 3501 3729 D RILJ : [4010]< DATA_REGISTRATION_STATE {1, 10b9, 00071198, 3} [SUB0]
02-26 21:48:27.670 3501 3729 D RILJ : [4011]< VOICE_REGISTRATION_STATE {1, 10b9, 00071198} [SUB0]
02-26 21:48:27.672 3501 3501 D RILJ : [4013]> OPERATOR [SUB0]
02-26 21:48:27.677 2022 2370 E use-Rlog/RLOG-RIL: TX: Time: 2083423260 / 966326
02-26 21:48:27.677 2022 2370 E use-Rlog/RLOG-RIL: TX: M:IPC_NET_CMD S:IPC_NET_PLMN_SEL T:IPC_CMD_GET l:7 m:55 a:0
02-26 21:48:27.679 2022 2370 E use-Rlog/RLOG-RIL: RX: Time: 2083423262 / 966328
02-26 21:48:27.679 2022 2370 E use-Rlog/RLOG-RIL: RX: M:IPC_NET_CMD S:IPC_NET_PLMN_SEL T:IPC_CMD_RESP l:8 m:ff a:55
02-26 21:48:27.679 2022 2370 E use-Rlog/RLOG-RIL: RX: 02
02-26 21:48:27.680 2022 2370 E use-Rlog/RLOG-RIL: TX: Time: 2083423264 / 966329
02-26 21:48:27.680 2022 2370 E use-Rlog/RLOG-RIL: TX: M:IPC_NET_CMD S:IPC_NET_SERVING_NETWORK T:IPC_CMD_GET l:7 m:56 a:0
02-26 21:48:27.681 2022 2370 E use-Rlog/RLOG-RIL: RX: Time: 2083423265 / 966331
02-26 21:48:27.681 2022 2370 E use-Rlog/RLOG-RIL: RX: M:IPC_NET_CMD S:IPC_NET_SERVING_NETWORK T:IPC_CMD_RESP l:12 m:ff a:56
02-26 21:48:27.681 2022 2370 E use-Rlog/RLOG-RIL: RX: 02 02 04 32 36 32 30 31 23 B9 10
02-26 21:48:27.683 3501 3729 D RILJ : [4012]< QUERY_NETWORK_SELECTION_MODE {0} [SUB0]
02-26 21:48:27.684 3501 3729 D RILJ : [4013]< OPERATOR {Telekom.de, Telekom.de, 26201} [SUB0]
02-26 21:48:27.685 3501 3501 D RILJ : [4014]> DATA_REGISTRATION_STATE [SUB0]
02-26 21:48:27.696 2022 2370 E use-Rlog/RLOG-RIL: TX: Time: 2083423279 / 966345
02-26 21:48:27.696 2022 2370 E use-Rlog/RLOG-RIL: TX: M:IPC_NET_CMD S:IPC_NET_REGIST T:IPC_CMD_GET l:9 m:57 a:0
02-26 21:48:27.696 2022 2370 E use-Rlog/RLOG-RIL: TX: FF 03
02-26 21:48:27.696 3501 3501 D RILJ : [4015]> VOICE_REGISTRATION_STATE [SUB0]
02-26 21:48:27.698 2022 2370 E use-Rlog/RLOG-RIL: RX: Time: 2083423282 / 966347
02-26 21:48:27.698 2022 2370 E use-Rlog/RLOG-RIL: RX: M:IPC_NET_CMD S:IPC_NET_REGIST T:IPC_CMD_RESP l:12 m:ff a:57
02-26 21:48:27.698 2022 2370 E use-Rlog/RLOG-RIL: RX: 04 03 02 01 B9 10 98 11 07 00 00
02-26 21:48:27.703 2022 2370 E use-Rlog/RLOG-RIL: TX: Time: 2083423287 / 966353
02-26 21:48:27.704 2022 2370 E use-Rlog/RLOG-RIL: TX: M:IPC_NET_CMD S:IPC_NET_REGIST T:IPC_CMD_GET l:9 m:58 a:0
02-26 21:48:27.704 2022 2370 E use-Rlog/RLOG-RIL: TX: FF 02
02-26 21:48:27.705 2022 2370 E use-Rlog/RLOG-RIL: RX: Time: 2083423289 / 966355
02-26 21:48:27.705 2022 2370 E use-Rlog/RLOG-RIL: RX: M:IPC_NET_CMD S:IPC_NET_REGIST T:IPC_CMD_RESP l:12 m:ff a:58
02-26 21:48:27.706 2022 2370 E use-Rlog/RLOG-RIL: RX: 04 02 02 01 B9 10 98 11 07 00 00
02-26 21:48:27.706 3501 3501 D RILJ : [4016]> QUERY_NETWORK_SELECTION_MODE [SUB0]
02-26 21:48:27.708 3501 3729 D RILJ : [4014]< DATA_REGISTRATION_STATE {1, 10b9, 00071198, 3} [SUB0]
02-26 21:48:27.714 2022 2370 E use-Rlog/RLOG-RIL: TX: Time: 2083423297 / 966363
02-26 21:48:27.714 2022 2370 E use-Rlog/RLOG-RIL: TX: M:IPC_NET_CMD S:IPC_NET_PLMN_SEL T:IPC_CMD_GET l:7 m:59 a:0
02-26 21:48:27.714 3501 3501 D SST : EVENT_POLL_STATE_NETWORK_SELECTION_MODE
02-26 21:48:27.715 2022 2370 E use-Rlog/RLOG-RIL: RX: Time: 2083423299 / 966365
02-26 21:48:27.715 2022 2370 E use-Rlog/RLOG-RIL: RX: M:IPC_NET_CMD S:IPC_NET_PLMN_SEL T:IPC_CMD_RESP l:8 m:ff a:59
02-26 21:48:27.716 2022 2370 E use-Rlog/RLOG-RIL: RX: 02
02-26 21:48:27.717 3501 3729 D RILJ : [4015]< VOICE_REGISTRATION_STATE {1, 10b9, 00071198} [SUB0]
02-26 21:48:27.719 3501 3729 D RILJ : [4016]< QUERY_NETWORK_SELECTION_MODE {0} [SUB0]
02-26 21:48:27.720 3501 3501 D SST : handlPollStateResultMessage: GsmSST setDataRegState=0 regState=1 dataRadioTechnology=3
02-26 21:48:27.721 3501 3501 D SST : EVENT_POLL_STATE_NETWORK_SELECTION_MODE
02-26 21:48:27.730 3501 3501 D SST : Poll ServiceState done: oldSS=[0 0 voice home data home Telekom.de Telekom.de 26201 Telekom.de Telekom.de 26201 Unknown UMTS CSS not supported -1 -1 RoamInd=-1 DefRoamInd=-1 EmergOnly=false IsDataRoamingFromRegistration=false IsUsingCarrierAggregation=false] newSS=[0 0 voice home data home Telekom.de Telekom.de 26201 Telekom.de Telekom.de 26201 Unknown UMTS CSS not supported -1 -1 RoamInd=-1 DefRoamInd=-1 EmergOnly=false IsDataRoamingFromRegistration=false IsUsingCarrierAggregation=false] oldMaxDataCalls=1 mNewMaxDataCalls=1 oldReasonDataDenied=-1 mNewReasonDataDenied=-1
02-26 21:48:27.730 3501 3501 D SST : getCellLocation(): X good mCellLoc=[4281,463256,-1]
02-26 21:48:27.732 2432 4001 D TelephonyRegistry: notifyCellLocationForSubscriber: subId=1 cellLocation=Bundle[mParcelledData.dataSize=64]
02-26 21:48:32.857 2022 2370 E use-Rlog/RLOG-RIL: RX: Time: 2083428441 / 971507
02-26 21:48:32.858 2022 2370 E use-Rlog/RLOG-RIL: RX: M:IPC_DISP_CMD S:IPC_DISP_ICON_INFO T:IPC_CMD_NOTI l:b m:ff a:59
02-26 21:48:32.858 2022 2370 E use-Rlog/RLOG-RIL: RX: FF 02 00 05
02-26 21:48:44.461 3501 3501 D DCT : [0]screen on
02-26 21:48:44.461 3501 3501 D DCT : [0]stopNetStatPoll
02-26 21:48:46.176 2022 2370 E use-Rlog/RLOG-RIL: RX: Time: 2083441760 / 984826
02-26 21:48:46.176 2022 2370 E use-Rlog/RLOG-RIL: RX: M:IPC_NET_CMD S:IPC_NET_REGIST T:IPC_CMD_NOTI l:12 m:ff a:ff
02-26 21:48:46.176 2022 2370 E use-Rlog/RLOG-RIL: RX: 04 02 02 01 B9 10 01 72 07 00 00
02-26 21:48:46.176 2022 2370 E use-Rlog/RLOG-RIL: RX: Time: 2083441760 / 984826
02-26 21:48:46.176 2022 2370 E use-Rlog/RLOG-RIL: RX: M:IPC_NET_CMD S:IPC_NET_REGIST T:IPC_CMD_NOTI l:12 m:ff a:ff
02-26 21:48:46.176 2022 2370 E use-Rlog/RLOG-RIL: RX: 04 03 02 01 B9 10 01 72 07 00 00
02-26 21:48:46.176 3501 3729 D RILJ : [UNSL]< UNSOL_RESPONSE_VOICE_NETWORK_STATE_CHANGED [SUB0]
02-26 21:48:46.177 3501 3729 D RILJ : [UNSL]< UNSOL_RESPONSE_VOICE_NETWORK_STATE_CHANGED [SUB0]
02-26 21:48:46.177 3501 3501 D RILJ : [4017]> OPERATOR [SUB0]
02-26 21:48:46.178 3501 3501 D RILJ : [4018]> DATA_REGISTRATION_STATE [SUB0]
02-26 21:48:46.178 2022 2370 E use-Rlog/RLOG-RIL: TX: Time: 2083441762 / 984828
02-26 21:48:46.178 2022 2370 E use-Rlog/RLOG-RIL: TX: M:IPC_NET_CMD S:IPC_NET_SERVING_NETWORK T:IPC_CMD_GET l:7 m:5a a:0
02-26 21:48:46.179 3501 3501 D RILJ : [4019]> VOICE_REGISTRATION_STATE [SUB0]
02-26 21:48:46.179 3501 3501 D RILJ : [4020]> QUERY_NETWORK_SELECTION_MODE [SUB0]
02-26 21:48:46.180 2022 2370 E use-Rlog/RLOG-RIL: RX: Time: 2083441764 / 984830
02-26 21:48:46.180 2022 2370 E use-Rlog/RLOG-RIL: RX: M:IPC_NET_CMD S:IPC_NET_SERVING_NETWORK T:IPC_CMD_RESP l:12 m:ff a:5a
02-26 21:48:46.180 2022 2370 E use-Rlog/RLOG-RIL: RX: 02 02 04 32 36 32 30 31 23 B9 10
02-26 21:48:46.180 2022 2370 E use-Rlog/RLOG-RIL: TX: Time: 2083441764 / 984830
02-26 21:48:46.180 2022 2370 E use-Rlog/RLOG-RIL: TX: M:IPC_NET_CMD S:IPC_NET_REGIST T:IPC_CMD_GET l:9 m:5b a:0
02-26 21:48:46.180 2022 2370 E use-Rlog/RLOG-RIL: TX: FF 03
02-26 21:48:46.180 3501 3729 D RILJ : [4017]< OPERATOR {Telekom.de, Telekom.de, 26201} [SUB0]
02-26 21:48:46.181 3501 3501 D RILJ : [4021]> OPERATOR [SUB0]
02-26 21:48:46.181 3501 3501 D RILJ : [4022]> DATA_REGISTRATION_STATE [SUB0]
02-26 21:48:46.184 2022 2370 E use-Rlog/RLOG-RIL: RX: Time: 2083441768 / 984833
02-26 21:48:46.184 2022 2370 E use-Rlog/RLOG-RIL: RX: M:IPC_NET_CMD S:IPC_NET_REGIST T:IPC_CMD_RESP l:12 m:ff a:5b
02-26 21:48:46.184 2022 2370 E use-Rlog/RLOG-RIL: RX: 04 03 02 01 B9 10 01 72 07 00 00
02-26 21:48:46.184 2022 2370 E use-Rlog/RLOG-RIL: TX: Time: 2083441768 / 984834
02-26 21:48:46.184 2022 2370 E use-Rlog/RLOG-RIL: TX: M:IPC_NET_CMD S:IPC_NET_REGIST T:IPC_CMD_GET l:9 m:5c a:0
02-26 21:48:46.184 2022 2370 E use-Rlog/RLOG-RIL: TX: FF 02
02-26 21:48:46.185 3501 3501 D RILJ : [4023]> VOICE_REGISTRATION_STATE [SUB0]
02-26 21:48:46.186 2022 2370 E use-Rlog/RLOG-RIL: RX: Time: 2083441770 / 984835
02-26 21:48:46.186 2022 2370 E use-Rlog/RLOG-RIL: RX: M:IPC_NET_CMD S:IPC_NET_REGIST T:IPC_CMD_RESP l:12 m:ff a:5c
02-26 21:48:46.186 2022 2370 E use-Rlog/RLOG-RIL: RX: 04 02 02 01 B9 10 01 72 07 00 00
02-26 21:48:46.186 2022 2370 E use-Rlog/RLOG-RIL: TX: Time: 2083441770 / 984836
02-26 21:48:46.186 2022 2370 E use-Rlog/RLOG-RIL: TX: M:IPC_NET_CMD S:IPC_NET_PLMN_SEL T:IPC_CMD_GET l:7 m:5d a:0
02-26 21:48:46.186 3501 3501 D RILJ : [4024]> QUERY_NETWORK_SELECTION_MODE [SUB0]
02-26 21:48:46.188 3501 3729 D RILJ : [4018]< DATA_REGISTRATION_STATE {1, 10b9, 00077201, 3} [SUB0]
02-26 21:48:46.188 3501 3729 D RILJ : [4019]< VOICE_REGISTRATION_STATE {1, 10b9, 00077201} [SUB0]
02-26 21:48:46.188 2022 2370 E use-Rlog/RLOG-RIL: RX: Time: 2083441772 / 984838
02-26 21:48:46.188 2022 2370 E use-Rlog/RLOG-RIL: RX: M:IPC_NET_CMD S:IPC_NET_PLMN_SEL T:IPC_CMD_RESP l:8 m:ff a:5d
02-26 21:48:46.188 2022 2370 E use-Rlog/RLOG-RIL: RX: 02
02-26 21:48:46.188 2022 2370 E use-Rlog/RLOG-RIL: TX: Time: 2083441772 / 984838
