02-26 21:42:01.768 3501 3501 D RILJ : [3914]> QUERY_NETWORK_SELECTION_MODE [SUB0]
02-26 21:42:01.769 2022 2370 E use-Rlog/RLOG-RIL: TX: Time: 2083037353 / 580419
02-26 21:42:01.770 2022 2370 E use-Rlog/RLOG-RIL: TX: M:IPC_NET_CMD S:IPC_NET_REGIST T:IPC_CMD_GET l:9 m:f7 a:0
02-26 21:42:01.770 2022 2370 E use-Rlog/RLOG-RIL: TX: FF 02
02-26 21:42:01.770 2022 2370 E use-Rlog/RLOG-RIL: RX: Time: 2083037354 / 580420
02-26 21:42:01.770 2022 2370 E use-Rlog/RLOG-RIL: RX: M:IPC_NET_CMD S:IPC_NET_REGIST T:IPC_CMD_RESP l:12 m:ff a:f7
02-26 21:42:01.770 2022 2370 E use-Rlog/RLOG-RIL: RX: 04 02 02 01 B9 10 99 11 07 00 00
02-26 21:42:01.773 3501 3729 D RILJ : [3911]< OPERATOR {Telekom.de, Telekom.de, 26201} [SUB0]
02-26 21:42:01.774 3501 3501 D SST : EVENT_POLL_STATE_NETWORK_SELECTION_MODE
02-26 21:42:01.780 2022 2370 E use-Rlog/RLOG-RIL: TX: Time: 2083037364 / 580430
02-26 21:42:01.781 2022 2370 E use-Rlog/RLOG-RIL: TX: M:IPC_NET_CMD S:IPC_NET_PLMN_SEL T:IPC_CMD_GET l:7 m:f8 a:0
02-26 21:42:01.784 2022 2370 E use-Rlog/RLOG-RIL: RX: Time: 2083037368 / 580433
02-26 21:42:01.784 2022 2370 E use-Rlog/RLOG-RIL: RX: M:IPC_NET_CMD S:IPC_NET_PLMN_SEL T:IPC_CMD_RESP l:8 m:ff a:f8
02-26 21:42:01.784 2022 2370 E use-Rlog/RLOG-RIL: RX: 02
02-26 21:42:01.788 3501 3729 D RILJ : [3912]< DATA_REGISTRATION_STATE {1, 10b9, 00071199, 3} [SUB0]
02-26 21:42:01.789 3501 3501 D SST : handlPollStateResultMessage: GsmSST setDataRegState=0 regState=1 dataRadioTechnology=3
02-26 21:42:01.791 3501 3729 D RILJ : [3913]< VOICE_REGISTRATION_STATE {1, 10b9, 00071199} [SUB0]
02-26 21:42:01.794 3501 3729 D RILJ : [3914]< QUERY_NETWORK_SELECTION_MODE {0} [SUB0]
02-26 21:42:01.795 3501 3501 D SST : EVENT_POLL_STATE_NETWORK_SELECTION_MODE
02-26 21:42:01.803 3501 3501 D SST : Poll ServiceState done: oldSS=[0 0 voice home data home Telekom.de Telekom.de 26201 Telekom.de Telekom.de 26201 Unknown UMTS CSS not supported -1 -1 RoamInd=-1 DefRoamInd=-1 EmergOnly=false IsDataRoamingFromRegistration=false IsUsingCarrierAggregation=false] newSS=[0 0 voice home data home Telekom.de Telekom.de 26201 Telekom.de Telekom.de 26201 Unknown UMTS CSS not supported -1 -1 RoamInd=-1 DefRoamInd=-1 EmergOnly=false IsDataRoamingFromRegistration=false IsUsingCarrierAggregation=false] oldMaxDataCalls=1 mNewMaxDataCalls=1 oldReasonDataDenied=-1 mNewReasonDataDenied=-1
02-26 21:42:01.804 3501 3501 D SST : getCellLocation(): X good mCellLoc=[4281,463257,-1]
02-26 21:42:01.807 2432 3518 D TelephonyRegistry: notifyCellLocationForSubscriber: subId=1 cellLocation=Bundle[mParcelledData.dataSize=64]
02-26 21:42:09.994 3501 3514 D DCT : [0]hasMatchedTetherApnSetting: APN=null
02-26 21:42:10.052 2022 2370 E use-Rlog/RLOG-RIL: RX: Time: 2083045636 / 588702
02-26 21:42:10.052 2022 2370 E use-Rlog/RLOG-RIL: RX: M:IPC_NET_CMD S:IPC_NET_REGIST T:IPC_CMD_NOTI l:12 m:ff a:ff
02-26 21:42:10.052 2022 2370 E use-Rlog/RLOG-RIL: RX: 04 02 02 01 B9 10 98 11 07 00 00
02-26 21:42:10.052 2022 2370 E use-Rlog/RLOG-RIL: RX: Time: 2083045636 / 588702
02-26 21:42:10.052 2022 2370 E use-Rlog/RLOG-RIL: RX: M:IPC_NET_CMD S:IPC_NET_REGIST T:IPC_CMD_NOTI l:12 m:ff a:ff
02-26 21:42:10.052 2022 2370 E use-Rlog/RLOG-RIL: RX: 04 03 02 01 B9 10 98 11 07 00 00
02-26 21:42:10.053 3501 3729 D RILJ : [UNSL]< UNSOL_RESPONSE_VOICE_NETWORK_STATE_CHANGED [SUB0]
02-26 21:42:10.053 3501 3729 D RILJ : [UNSL]< UNSOL_RESPONSE_VOICE_NETWORK_STATE_CHANGED [SUB0]
02-26 21:42:10.054 3501 3501 D RILJ : [3915]> OPERATOR [SUB0]
02-26 21:42:10.055 3501 3501 D RILJ : [3916]> DATA_REGISTRATION_STATE [SUB0]
02-26 21:42:10.056 3501 3501 D RILJ : [3917]> VOICE_REGISTRATION_STATE [SUB0]
02-26 21:42:10.057 2022 2370 E use-Rlog/RLOG-RIL: TX: Time: 2083045641 / 588706
02-26 21:42:10.057 2022 2370 E use-Rlog/RLOG-RIL: TX: M:IPC_NET_CMD S:IPC_NET_SERVING_NETWORK T:IPC_CMD_GET l:7 m:f9 a:0
02-26 21:42:10.058 3501 3501 D RILJ : [3918]> QUERY_NETWORK_SELECTION_MODE [SUB0]
02-26 21:42:10.062 2022 2370 E use-Rlog/RLOG-RIL: RX: Time: 2083045645 / 588710
02-26 21:42:10.062 2022 2370 E use-Rlog/RLOG-RIL: RX: M:IPC_NET_CMD S:IPC_NET_SERVING_NETWORK T:IPC_CMD_RESP l:12 m:ff a:f9
02-26 21:42:10.062 2022 2370 E use-Rlog/RLOG-RIL: RX: 02 02 04 32 36 32 30 31 23 B9 10
02-26 21:42:10.062 2022 2370 E use-Rlog/RLOG-RIL: TX: Time: 2083045646 / 588712
02-26 21:42:10.062 2022 2370 E use-Rlog/RLOG-RIL: TX: M:IPC_NET_CMD S:IPC_NET_REGIST T:IPC_CMD_GET l:9 m:fa a:0
02-26 21:42:10.062 2022 2370 E use-Rlog/RLOG-RIL: TX: FF 03
02-26 21:42:10.072 3501 3729 D RILJ : [3915]< OPERATOR {Telekom.de, Telekom.de, 26201} [SUB0]
02-26 21:42:10.079 2022 2370 E use-Rlog/RLOG-RIL: RX: Time: 2083045663 / 588728
02-26 21:42:10.079 2022 2370 E use-Rlog/RLOG-RIL: RX: M:IPC_NET_CMD S:IPC_NET_REGIST T:IPC_CMD_RESP l:12 m:ff a:fa
02-26 21:42:10.079 2022 2370 E use-Rlog/RLOG-RIL: RX: 04 03 02 01 B9 10 98 11 07 00 00
02-26 21:42:10.079 2022 2370 E use-Rlog/RLOG-RIL: TX: Time: 2083045663 / 588729
02-26 21:42:10.079 2022 2370 E use-Rlog/RLOG-RIL: TX: M:IPC_NET_CMD S:IPC_NET_REGIST T:IPC_CMD_GET l:9 m:fb a:0
02-26 21:42:10.079 2022 2370 E use-Rlog/RLOG-RIL: TX: FF 02
02-26 21:42:10.084 2022 2370 E use-Rlog/RLOG-RIL: RX: Time: 2083045667 / 588733
02-26 21:42:10.084 2022 2370 E use-Rlog/RLOG-RIL: RX: M:IPC_NET_CMD S:IPC_NET_REGIST T:IPC_CMD_RESP l:12 m:ff a:fb
02-26 21:42:10.084 2022 2370 E use-Rlog/RLOG-RIL: RX: 04 02 02 01 B9 10 98 11 07 00 00
02-26 21:42:10.084 3501 3501 D RILJ : [3919]> OPERATOR [SUB0]
02-26 21:42:10.085 2022 2370 E use-Rlog/RLOG-RIL: TX: Time: 2083045669 / 588734
02-26 21:42:10.085 2022 2370 E use-Rlog/RLOG-RIL: TX: M:IPC_NET_CMD S:IPC_NET_PLMN_SEL T:IPC_CMD_GET l:7 m:fc a:0
02-26 21:42:10.095 2022 2370 E use-Rlog/RLOG-RIL: RX: Time: 2083045679 / 588745
02-26 21:42:10.095 2022 2370 E use-Rlog/RLOG-RIL: RX: M:IPC_NET_CMD S:IPC_NET_PLMN_SEL T:IPC_CMD_RESP l:8 m:ff a:fc
02-26 21:42:10.095 2022 2370 E use-Rlog/RLOG-RIL: RX: 02
02-26 21:42:10.095 3501 3501 D RILJ : [3920]> DATA_REGISTRATION_STATE [SUB0]
02-26 21:42:10.096 2022 2370 E use-Rlog/RLOG-RIL: TX: Time: 2083045680 / 588746
02-26 21:42:10.096 2022 2370 E use-Rlog/RLOG-RIL: TX: M:IPC_NET_CMD S:IPC_NET_SERVING_NETWORK T:IPC_CMD_GET l:7 m:fd a:0
02-26 21:42:10.097 3501 3501 D RILJ : [3921]> VOICE_REGISTRATION_STATE [SUB0]
02-26 21:42:10.098 3501 3501 D RILJ : [3922]> QUERY_NETWORK_SELECTION_MODE [SUB0]
02-26 21:42:10.099 3501 3729 D RILJ : [3916]< DATA_REGISTRATION_STATE {1, 10b9, 00071198, 3} [SUB0]
02-26 21:42:10.100 3501 3729 D RILJ : [3917]< VOICE_REGISTRATION_STATE {1, 10b9, 00071198} [SUB0]
02-26 21:42:10.100 3501 3729 D RILJ : [3918]< QUERY_NETWORK_SELECTION_MODE {0} [SUB0]
02-26 21:42:10.100 2022 2370 E use-Rlog/RLOG-RIL: RX: Time: 2083045684 / 588750
02-26 21:42:10.100 2022 2370 E use-Rlog/RLOG-RIL: RX: M:IPC_NET_CMD S:IPC_NET_SERVING_NETWORK T:IPC_CMD_RESP l:12 m:ff a:fd
02-26 21:42:10.100 2022 2370 E use-Rlog/RLOG-RIL: RX: 02 02 04 32 36 32 30 31 23 B9 10
02-26 21:42:10.100 2022 2370 E use-Rlog/RLOG-RIL: TX: Time: 2083045684 / 588750
02-26 21:42:10.100 2022 2370 E use-Rlog/RLOG-RIL: TX: M:IPC_NET_CMD S:IPC_NET_REGIST T:IPC_CMD_GET l:9 m:fe a:0
02-26 21:42:10.100 2022 2370 E use-Rlog/RLOG-RIL: TX: FF 03
02-26 21:42:10.101 3501 3729 D RILJ : [3919]< OPERATOR {Telekom.de, Telekom.de, 26201} [SUB0]
02-26 21:42:10.101 3501 3501 D SST : EVENT_POLL_STATE_NETWORK_SELECTION_MODE
02-26 21:42:10.102 2022 2370 E use-Rlog/RLOG-RIL: RX: Time: 2083045686 / 588751
02-26 21:42:10.102 2022 2370 E use-Rlog/RLOG-RIL: RX: M:IPC_NET_CMD S:IPC_NET_REGIST T:IPC_CMD_RESP l:12 m:ff a:fe
02-26 21:42:10.102 2022 2370 E use-Rlog/RLOG-RIL: RX: 04 03 02 01 B9 10 98 11 07 00 00
02-26 21:42:10.102 2022 2370 E use-Rlog/RLOG-RIL: TX: Time: 2083045686 / 588752
02-26 21:42:10.102 2022 2370 E use-Rlog/RLOG-RIL: TX: M:IPC_NET_CMD S:IPC_NET_REGIST T:IPC_CMD_GET l:9 m:0 a:0
02-26 21:42:10.102 2022 2370 E use-Rlog/RLOG-RIL: TX: FF 02
02-26 21:42:10.102 3501 3729 D RILJ : [3920]< DATA_REGISTRATION_STATE {1, 10b9, 00071198, 3} [SUB0]
02-26 21:42:10.102 3501 3501 D SST : handlPollStateResultMessage: GsmSST setDataRegState=0 regState=1 dataRadioTechnology=3
02-26 21:42:10.104 2022 2370 E use-Rlog/RLOG-RIL: RX: Time: 2083045688 / 588754
02-26 21:42:10.104 2022 2370 E use-Rlog/RLOG-RIL: RX: M:IPC_NET_CMD S:IPC_NET_REGIST T:IPC_CMD_RESP l:12 m:ff a:0
02-26 21:42:10.104 2022 2370 E use-Rlog/RLOG-RIL: RX: 04 02 02 01 B9 10 98 11 07 00 00
02-26 21:42:10.104 2022 2370 E use-Rlog/RLOG-RIL: TX: Time: 2083045688 / 588754
02-26 21:42:10.104 2022 2370 E use-Rlog/RLOG-RIL: TX: M:IPC_NET_CMD S:IPC_NET_PLMN_SEL T:IPC_CMD_GET l:7 m:1 a:0
02-26 21:42:10.105 3501 3729 D RILJ : [3921]< VOICE_REGISTRATION_STATE {1, 10b9, 00071198} [SUB0]
02-26 21:42:10.105 2022 2370 E use-Rlog/RLOG-RIL: RX: Time: 2083045689 / 588755
02-26 21:42:10.105 2022 2370 E use-Rlog/RLOG-RIL: RX: M:IPC_NET_CMD S:IPC_NET_PLMN_SEL T:IPC_CMD_RESP l:8 m:ff a:1
02-26 21:42:10.105 2022 2370 E use-Rlog/RLOG-RIL: RX: 02
02-26 21:42:10.106 3501 3729 D RILJ : [3922]< QUERY_NETWORK_SELECTION_MODE {0} [SUB0]
02-26 21:42:10.107 3501 3501 D SST : EVENT_POLL_STATE_NETWORK_SELECTION_MODE
02-26 21:42:10.109 3501 3501 D SST : Poll ServiceState done: oldSS=[0 0 voice home data home Telekom.de Telekom.de 26201 Telekom.de Telekom.de 26201 Unknown UMTS CSS not supported -1 -1 RoamInd=-1 DefRoamInd=-1 EmergOnly=false IsDataRoamingFromRegistration=false IsUsingCarrierAggregation=false] newSS=[0 0 voice home data home Telekom.de Telekom.de 26201 Telekom.de Telekom.de 26201 Unknown UMTS CSS not supported -1 -1 RoamInd=-1 DefRoamInd=-1 EmergOnly=false IsDataRoamingFromRegistration=false IsUsingCarrierAggregation=false] oldMaxDataCalls=1 mNewMaxDataCalls=1 oldReasonDataDenied=-1 mNewReasonDataDenied=-1
02-26 21:42:10.109 3501 3501 D SST : getCellLocation(): X good mCellLoc=[4281,463256,-1]
02-26 21:42:10.110 2432 4001 D TelephonyRegistry: notifyCellLocationForSubscriber: subId=1 cellLocation=Bundle[mParcelledData.dataSize=64]
02-26 21:42:11.239 3501 3514 D DCT : [0]hasMatchedTetherApnSetting: APN=null
02-26 21:42:15.813 3501 3501 D RILJ : [3923]> RIL_REQUEST_GET_ACTIVITY_INFO [SUB0]
02-26 21:42:17.796 2022 2370 E use-Rlog/RLOG-RIL: RX: Time: 2083053380 / 596446
02-26 21:42:17.796 2022 2370 E use-Rlog/RLOG-RIL: RX: M:IPC_DISP_CMD S:IPC_DISP_ICON_INFO T:IPC_CMD_NOTI l:b m:ff a:1
02-26 21:42:17.797 2022 2370 E use-Rlog/RLOG-RIL: RX: FF 02 00 05
02-26 21:42:29.866 2022 2370 E use-Rlog/RLOG-RIL: RX: Time: 2083065450 / 608516
02-26 21:42:29.867 2022 2370 E use-Rlog/RLOG-RIL: RX: M:IPC_NET_CMD S:IPC_NET_REGIST T:IPC_CMD_NOTI l:12 m:ff a:ff
02-26 21:42:29.867 2022 2370 E use-Rlog/RLOG-RIL: RX: 04 02 02 01 B9 10 01 72 07 00 00
02-26 21:42:29.867 2022 2370 E use-Rlog/RLOG-RIL: RX: Time: 2083065451 / 608517
02-26 21:42:29.867 2022 2370 E use-Rlog/RLOG-RIL: RX: M:IPC_NET_CMD S:IPC_NET_REGIST T:IPC_CMD_NOTI l:12 m:ff a:ff
02-26 21:42:29.867 2022 2370 E use-Rlog/RLOG-RIL: RX: 04 03 02 01 B9 10 01 72 07 00 00
02-26 21:42:29.868 3501 3729 D RILJ : [UNSL]< UNSOL_RESPONSE_VOICE_NETWORK_STATE_CHANGED [SUB0]
02-26 21:42:29.868 3501 3501 D RILJ : [3924]> OPERATOR [SUB0]
02-26 21:42:29.868 3501 3729 D RILJ : [UNSL]< UNSOL_RESPONSE_VOICE_NETWORK_STATE_CHANGED [SUB0]
02-26 21:42:29.871 3501 3501 D RILJ : [3925]> DATA_REGISTRATION_STATE [SUB0]
02-26 21:42:29.872 2022 2370 E use-Rlog/RLOG-RIL: TX: Time: 2083065456 / 608521
02-26 21:42:29.872 2022 2370 E use-Rlog/RLOG-RIL: TX: M:IPC_NET_CMD S:IPC_NET_SERVING_NETWORK T:IPC_CMD_GET l:7 m:2 a:0
02-26 21:42:29.872 3501 3501 D RILJ : [3926]> VOICE_REGISTRATION_STATE [SUB0]
02-26 21:42:29.873 3501 3501 D RILJ : [3927]> QUERY_NETWORK_SELECTION_MODE [SUB0]
02-26 21:42:29.874 2022 2370 E use-Rlog/RLOG-RIL: RX: Time: 2083065458 / 608524
02-26 21:42:29.874 2022 2370 E use-Rlog/RLOG-RIL: RX: M:IPC_NET_CMD S:IPC_NET_SERVING_NETWORK T:IPC_CMD_RESP l:12 m:ff a:2
02-26 21:42:29.874 2022 2370 E use-Rlog/RLOG-RIL: RX: 02 02 04 32 36 32 30 31 23 B9 10
02-26 21:42:29.875 2022 2370 E use-Rlog/RLOG-RIL: TX: Time: 2083065459 / 608524
02-26 21:42:29.875 3501 3501 D RILJ : [3928]> OPERATOR [SUB0]
02-26 21:42:29.875 2022 2370 E use-Rlog/RLOG-RIL: TX: M:IPC_NET_CMD S:IPC_NET_REGIST T:IPC_CMD_GET l:9 m:3 a:0
02-26 21:42:29.875 2022 2370 E use-Rlog/RLOG-RIL: TX: FF 03
02-26 21:42:29.876 3501 3729 D RILJ : [3924]< OPERATOR {Telekom.de, Telekom.de, 26201} [SUB0]
02-26 21:42:29.878 3501 3501 D RILJ : [3929]> DATA_REGISTRATION_STATE [SUB0]
02-26 21:42:29.879 2022 2370 E use-Rlog/RLOG-RIL: RX: Time: 2083065462 / 608528
02-26 21:42:29.879 2022 2370 E use-Rlog/RLOG-RIL: RX: M:IPC_NET_CMD S:IPC_NET_REGIST T:IPC_CMD_RESP l:12 m:ff a:3
02-26 21:42:29.879 2022 2370 E use-Rlog/RLOG-RIL: RX: 04 03 02 01 B9 10 01 72 07 00 00
02-26 21:42:29.879 2022 2370 E use-Rlog/RLOG-RIL: TX: Time: 2083065463 / 608529
02-26 21:42:29.879 2022 2370 E use-Rlog/RLOG-RIL: TX: M:IPC_NET_CMD S:IPC_NET_REGIST T:IPC_CMD_GET l:9 m:4 a:0
02-26 21:42:29.879 2022 2370 E use-Rlog/RLOG-RIL: TX: FF 02
02-26 21:42:29.880 3501 3501 D RILJ : [3930]> VOICE_REGISTRATION_STATE [SUB0]
02-26 21:42:29.881 3501 3729 D RILJ : [3925]< DATA_REGISTRATION_STATE {1, 10b9, 00077201, 3} [SUB0]
02-26 21:42:29.881 2022 2370 E use-Rlog/RLOG-RIL: RX: Time: 2083065465 / 608531
02-26 21:42:29.881 2022 2370 E use-Rlog/RLOG-RIL: RX: M:IPC_NET_CMD S:IPC_NET_REGIST T:IPC_CMD_RESP l:12 m:ff a:4
02-26 21:42:29.881 2022 2370 E use-Rlog/RLOG-RIL: RX: 04 02 02 01 B9 10 01 72 07 00 00
02-26 21:42:29.882 2022 2370 E use-Rlog/RLOG-RIL: TX: Time: 2083065466 / 608531
02-26 21:42:29.882 2022 2370 E use-Rlog/RLOG-RIL: TX: M:IPC_NET_CMD S:IPC_NET_PLMN_SEL T:IPC_CMD_GET l:7 m:5 a:0
02-26 21:42:29.882 3501 3501 D RILJ : [3931]> QUERY_NETWORK_SELECTION_MODE [SUB0]
02-26 21:42:29.884 2022 2370 E use-Rlog/RLOG-RIL: RX: Time: 2083065468 / 608533
02-26 21:42:29.884 2022 2370 E use-Rlog/RLOG-RIL: RX: M:IPC_NET_CMD S:IPC_NET_PLMN_SEL T:IPC_CMD_RESP l:8 m:ff a:5
02-26 21:42:29.884 2022 2370 E use-Rlog/RLOG-RIL: RX: 02
02-26 21:42:29.884 2022 2370 E use-Rlog/RLOG-RIL: TX: Time: 2083065468 / 608534
02-26 21:42:29.884 2022 2370 E use-Rlog/RLOG-RIL: TX: M:IPC_NET_CMD S:IPC_NET_SERVING_NETWORK T:IPC_CMD_GET l:7 m:6 a:0
02-26 21:42:29.885 3501 3729 D RILJ : [3926]< VOICE_REGISTRATION_STATE {1, 10b9, 00077201} [SUB0]
02-26 21:42:29.886 2022 2370 E use-Rlog/RLOG-RIL: RX: Time: 2083065470 / 608535
02-26 21:42:29.886 2022 2370 E use-Rlog/RLOG-RIL: RX: M:IPC_NET_CMD S:IPC_NET_SERVING_NETWORK T:IPC_CMD_RESP l:12 m:ff a:6
02-26 21:42:29.886 3501 3729 D RILJ : [3927]< QUERY_NETWORK_SELECTION_MODE {0} [SUB0]
02-26 21:42:29.886 2022 2370 E use-Rlog/RLOG-RIL: RX: 02 02 04 32 36 32 30 31 23 B9 10
02-26 21:42:29.886 2022 2370 E use-Rlog/RLOG-RIL: TX: Time: 2083065470 / 608536
02-26 21:42:29.886 2022 2370 E use-Rlog/RLOG-RIL: TX: M:IPC_NET_CMD S:IPC_NET_REGIST T:IPC_CMD_GET l:9 m:7 a:0
02-26 21:42:29.886 2022 2370 E use-Rlog/RLOG-RIL: TX: FF 03
02-26 21:42:29.886 3501 3729 D RILJ : [3928]< OPERATOR {Telekom.de, Telekom.de, 26201} [SUB0]
02-26 21:42:29.887 3501 3501 D SST : EVENT_POLL_STATE_NETWORK_SELECTION_MODE
02-26 21:42:29.888 2022 2370 E use-Rlog/RLOG-RIL: RX: Time: 2083065472 / 608537
02-26 21:42:29.888 2022 2370 E use-Rlog/RLOG-RIL: RX: M:IPC_NET_CMD S:IPC_NET_REGIST T:IPC_CMD_RESP l:12 m:ff a:7
02-26 21:42:29.888 2022 2370 E use-Rlog/RLOG-RIL: RX: 04 03 02 01 B9 10 01 72 07 00 00
02-26 21:42:29.888 2022 2370 E use-Rlog/RLOG-RIL: TX: Time: 2083065472 / 608538
02-26 21:42:29.888 2022 2370 E use-Rlog/RLOG-RIL: TX: M:IPC_NET_CMD S:IPC_NET_REGIST T:IPC_CMD_GET l:9 m:8 a:0
02-26 21:42:29.888 2022 2370 E use-Rlog/RLOG-RIL: TX: FF 02
02-26 21:42:29.889 3501 3729 D RILJ : [3929]< DATA_REGISTRATION_STATE {1, 10b9, 00077201, 3} [SUB0]
02-26 21:42:29.889 3501 3501 D SST : handlPollStateResultMessage: GsmSST setDataRegState=0 regState=1 dataRadioTechnology=3
02-26 21:42:29.890 2022 2370 E use-Rlog/RLOG-RIL: RX: Time: 2083065474 / 608540
02-26 21:42:29.890 2022 2370 E use-Rlog/RLOG-RIL: RX: M:IPC_NET_CMD S:IPC_NET_REGIST T:IPC_CMD_RESP l:12 m:ff a:8
02-26 21:42:29.890 2022 2370 E use-Rlog/RLOG-RIL: RX: 04 02 02 01 B9 10 01 72 07 00 00
02-26 21:42:29.891 2022 2370 E use-Rlog/RLOG-RIL: TX: Time: 2083065475 / 608540
02-26 21:42:29.891 2022 2370 E use-Rlog/RLOG-RIL: TX: M:IPC_NET_CMD S:IPC_NET_PLMN_SEL T:IPC_CMD_GET l:7 m:9 a:0
02-26 21:42:29.891 3501 3729 D RILJ : [3930]< VOICE_REGISTRATION_STATE {1, 10b9, 00077201} [SUB0]
02-26 21:42:29.892 2022 2370 E use-Rlog/RLOG-RIL: RX: Time: 2083065476 / 608542
02-26 21:42:29.892 2022 2370 E use-Rlog/RLOG-RIL: RX: M:IPC_NET_CMD S:IPC_NET_PLMN_SEL T:IPC_CMD_RESP l:8 m:ff a:9
02-26 21:42:29.892 2022 2370 E use-Rlog/RLOG-RIL: RX: 02
02-26 21:42:29.893 3501 3729 D RILJ : [3931]< QUERY_NETWORK_SELECTION_MODE {0} [SUB0]
02-26 21:42:29.893 3501 3501 D SST : EVENT_POLL_STATE_NETWORK_SELECTION_MODE
02-26 21:42:29.897 3501 3501 D SST : Poll ServiceState done: oldSS=[0 0 voice home data home Telekom.de Telekom.de 26201 Telekom.de Telekom.de 26201 Unknown UMTS CSS not supported -1 -1 RoamInd=-1 DefRoamInd=-1 EmergOnly=false IsDataRoamingFromRegistration=false IsUsingCarrierAggregation=false] newSS=[0 0 voice home data home Telekom.de Telekom.de 26201 Telekom.de Telekom.de 26201 Unknown UMTS CSS not supported -1 -1 RoamInd=-1 DefRoamInd=-1 EmergOnly=false IsDataRoamingFromRegistration=false IsUsingCarrierAggregation=false] oldMaxDataCalls=1 mNewMaxDataCalls=1 oldReasonDataDenied=-1 mNewReasonDataDenied=-1
02-26 21:42:29.897 3501 3501 D SST : getCellLocation(): X good mCellLoc=[4281,487937,-1]
02-26 21:42:29.898 2432 2482 D TelephonyRegistry: notifyCellLocationForSubscriber: subId=1 cellLocation=Bundle[mParcelledData.dataSize=64]
02-26 21:42:52.972 3501 3501 D RILJ : [3932]> RIL_REQUEST_GET_ACTIVITY_INFO [SUB0]
02-26 21:43:17.793 3501 3501 D RILJ : [3933]> RIL_REQUEST_GET_ACTIVITY_INFO [SUB0]
02-26 21:43:44.426 2022 2370 E use-Rlog/RLOG-RIL: RX: Time: 2083140010 / 683076
02-26 21:43:44.426 2022 2370 E use-Rlog/RLOG-RIL: RX: M:IPC_DISP_CMD S:IPC_DISP_ICON_INFO T:IPC_CMD_NOTI l:b m:ff a:9
02-26 21:43:44.426 2022 2370 E use-Rlog/RLOG-RIL: RX: FF 01 00 05
02-26 21:43:45.403 2022 2370 E use-Rlog/RLOG-RIL: RX: Time: 2083140987 / 684053
02-26 21:43:45.403 2022 2370 E use-Rlog/RLOG-RIL: RX: M:IPC_NET_CMD S:IPC_NET_REGIST T:IPC_CMD_NOTI l:12 m:ff a:ff
02-26 21:43:45.403 2022 2370 E use-Rlog/RLOG-RIL: RX: 04 02 02 01 B9 10 98 11 07 00 00
02-26 21:43:45.404 2022 2370 E use-Rlog/RLOG-RIL: RX: Time: 2083140988 / 684054
02-26 21:43:45.404 2022 2370 E use-Rlog/RLOG-RIL: RX: M:IPC_NET_CMD S:IPC_NET_REGIST T:IPC_CMD_NOTI l:12 m:ff a:ff
02-26 21:43:45.405 2022 2370 E use-Rlog/RLOG-RIL: RX: 04 03 02 01 B9 10 98 11 07 00 00
02-26 21:43:45.407 3501 3729 D RILJ : [UNSL]< UNSOL_RESPONSE_VOICE_NETWORK_STATE_CHANGED [SUB0]
02-26 21:43:45.408 3501 3501 D RILJ : [3934]> OPERATOR [SUB0]
02-26 21:43:45.419 3501 3501 D RILJ : [3935]> DATA_REGISTRATION_STATE [SUB0]
02-26 21:43:45.425 3501 3501 D RILJ : [3936]> VOICE_REGISTRATION_STATE [SUB0]
02-26 21:43:45.433 3501 3501 D RILJ : [3937]> QUERY_NETWORK_SELECTION_MODE [SUB0]
02-26 21:43:45.436 2022 2370 E use-Rlog/RLOG-RIL: TX: Time: 2083141020 / 684086
02-26 21:43:45.437 2022 2370 E use-Rlog/RLOG-RIL: TX: M:IPC_NET_CMD S:IPC_NET_SERVING_NETWORK T:IPC_CMD_GET l:7 m:a a:0
02-26 21:43:45.437 2022 2370 E use-Rlog/RLOG-RIL: RX: Time: 2083141021 / 684086
02-26 21:43:45.437 2022 2370 E use-Rlog/RLOG-RIL: RX: M:IPC_DISP_CMD S:IPC_DISP_ICON_INFO T:IPC_CMD_NOTI l:b m:ff a:ff
02-26 21:43:45.437 2022 2370 E use-Rlog/RLOG-RIL: RX: FF 02 00 05
02-26 21:43:45.438 3501 3729 D RILJ : [UNSL]< UNSOL_RESPONSE_VOICE_NETWORK_STATE_CHANGED [SUB0]
02-26 21:43:45.444 3501 3501 D RILJ : [3938]> OPERATOR [SUB0]
02-26 21:43:45.447 2022 2370 E use-Rlog/RLOG-RIL: RX: Time: 2083141031 / 684097
02-26 21:43:45.447 2022 2370 E use-Rlog/RLOG-RIL: RX: M:IPC_NET_CMD S:IPC_NET_SERVING_NETWORK T:IPC_CMD_RESP l:12 m:ff a:a
02-26 21:43:45.447 2022 2370 E use-Rlog/RLOG-RIL: RX: 02 02 04 32 36 32 30 31 23 B9 10
02-26 21:43:45.449 2022 2370 E use-Rlog/RLOG-RIL: TX: Time: 2083141033 / 684098
02-26 21:43:45.449 2022 2370 E use-Rlog/RLOG-RIL: TX: M:IPC_NET_CMD S:IPC_NET_REGIST T:IPC_CMD_GET l:9 m:b a:0
02-26 21:43:45.449 2022 2370 E use-Rlog/RLOG-RIL: TX: FF 03
02-26 21:43:45.457 2022 2370 E use-Rlog/RLOG-RIL: RX: Time: 2083141040 / 684106
02-26 21:43:45.457 2022 2370 E use-Rlog/RLOG-RIL: RX: M:IPC_NET_CMD S:IPC_NET_REGIST T:IPC_CMD_RESP l:12 m:ff a:b
02-26 21:43:45.457 2022 2370 E use-Rlog/RLOG-RIL: RX: 04 03 02 01 B9 10 98 11 07 00 00
02-26 21:43:45.461 3501 3729 D RILJ : [3934]< OPERATOR {Telekom.de, Telekom.de, 26201} [SUB0]
02-26 21:43:45.463 3501 3501 D RILJ : [3939]> DATA_REGISTRATION_STATE [SUB0]
02-26 21:43:45.472 3501 3501 D RILJ : [3940]> VOICE_REGISTRATION_STATE [SUB0]
02-26 21:43:45.480 3501 3729 D RILJ : [3935]< DATA_REGISTRATION_STATE {1, 10b9, 00071198, 3} [SUB0]
02-26 21:43:45.482 2022 2370 E use-Rlog/RLOG-RIL: TX: Time: 2083141066 / 684132
02-26 21:43:45.482 2022 2370 E use-Rlog/RLOG-RIL: TX: M:IPC_NET_CMD S:IPC_NET_REGIST T:IPC_CMD_GET l:9 m:c a:0
02-26 21:43:45.482 2022 2370 E use-Rlog/RLOG-RIL: TX: FF 02
02-26 21:43:45.486 2022 2370 E use-Rlog/RLOG-RIL: RX: Time: 2083141070 / 684135
02-26 21:43:45.486 2022 2370 E use-Rlog/RLOG-RIL: RX: M:IPC_NET_CMD S:IPC_NET_REGIST T:IPC_CMD_RESP l:12 m:ff a:c
02-26 21:43:45.486 2022 2370 E use-Rlog/RLOG-RIL: RX: 04 02 02 01 B9 10 98 11 07 00 00
02-26 21:43:45.487 2022 2370 E use-Rlog/RLOG-RIL: TX: Time: 2083141071 / 684136
02-26 21:43:45.487 2022 2370 E use-Rlog/RLOG-RIL: TX: M:IPC_NET_CMD S:IPC_NET_PLMN_SEL T:IPC_CMD_GET l:7 m:d a:0
02-26 21:43:45.492 2022 2370 E use-Rlog/RLOG-RIL: RX: Time: 2083141076 / 684142
02-26 21:43:45.493 2022 2370 E use-Rlog/RLOG-RIL: RX: M:IPC_NET_CMD S:IPC_NET_PLMN_SEL T:IPC_CMD_RESP l:8 m:ff a:d
02-26 21:43:45.493 2022 2370 E use-Rlog/RLOG-RIL: RX: 02
02-26 21:43:45.494 2022 2370 E use-Rlog/RLOG-RIL: TX: Time: 2083141077 / 684143
02-26 21:43:45.494 2022 2370 E use-Rlog/RLOG-RIL: TX: M:IPC_NET_CMD S:IPC_NET_SERVING_NETWORK T:IPC_CMD_GET l:7 m:e a:0
02-26 21:43:45.499 2022 2370 E use-Rlog/RLOG-RIL: RX: Time: 2083141083 / 684148
02-26 21:43:45.499 2022 2370 E use-Rlog/RLOG-RIL: RX: M:IPC_NET_CMD S:IPC_NET_SERVING_NETWORK T:IPC_CMD_RESP l:12 m:ff a:e
02-26 21:43:45.499 2022 2370 E use-Rlog/RLOG-RIL: RX: 02 02 04 32 36 32 30 31 23 B9 10
02-26 21:43:45.500 2022 2370 E use-Rlog/RLOG-RIL: TX: Time: 2083141084 / 684149
02-26 21:43:45.500 2022 2370 E use-Rlog/RLOG-RIL: TX: M:IPC_NET_CMD S:IPC_NET_REGIST T:IPC_CMD_GET l:9 m:f a:0
02-26 21:43:45.500 2022 2370 E use-Rlog/RLOG-RIL: TX: FF 03
02-26 21:43:45.503 2022 2370 E use-Rlog/RLOG-RIL: RX: Time: 2083141087 / 684153
02-26 21:43:45.503 2022 2370 E use-Rlog/RLOG-RIL: RX: M:IPC_NET_CMD S:IPC_NET_REGIST T:IPC_CMD_RESP l:12 m:ff a:f
02-26 21:43:45.504 2022 2370 E use-Rlog/RLOG-RIL: RX: 04 03 02 01 B9 10 98 11 07 00 00
02-26 21:43:45.511 3501 3501 D RILJ : [3941]> QUERY_NETWORK_SELECTION_MODE [SUB0]
02-26 21:43:45.515 2022 2370 E use-Rlog/RLOG-RIL: TX: Time: 2083141099 / 684165
02-26 21:43:45.515 2022 2370 E use-Rlog/RLOG-RIL: TX: M:IPC_NET_CMD S:IPC_NET_REGIST T:IPC_CMD_GET l:9 m:10 a:0
02-26 21:43:45.516 2022 2370 E use-Rlog/RLOG-RIL: TX: FF 02
02-26 21:43:45.516 2022 2370 E use-Rlog/RLOG-RIL: RX: Time: 2083141100 / 684165
02-26 21:43:45.516 2022 2370 E use-Rlog/RLOG-RIL: RX: M:IPC_NET_CMD S:IPC_NET_REGIST T:IPC_CMD_RESP l:12 m:ff a:10
02-26 21:43:45.516 2022 2370 E use-Rlog/RLOG-RIL: RX: 04 02 02 01 B9 10 98 11 07 00 00
02-26 21:43:45.542 3501 3729 D RILJ : [3936]< VOICE_REGISTRATION_STATE {1, 10b9, 00071198} [SUB0]
02-26 21:43:45.550 3501 3729 D RILJ : [3937]< QUERY_NETWORK_SELECTION_MODE {0} [SUB0]
02-26 21:43:45.551 3501 3501 D SST : EVENT_POLL_STATE_NETWORK_SELECTION_MODE
02-26 21:43:45.551 3501 3729 D RILJ : [3938]< OPERATOR {Telekom.de, Telekom.de, 26201} [SUB0]
02-26 21:43:45.553 2022 2370 E use-Rlog/RLOG-RIL: TX: Time: 2083141136 / 684202
02-26 21:43:45.553 2022 2370 E use-Rlog/RLOG-RIL: TX: M:IPC_NET_CMD S:IPC_NET_PLMN_SEL T:IPC_CMD_GET l:7 m:11 a:0
02-26 21:43:45.553 3501 3729 D RILJ : [3939]< DATA_REGISTRATION_STATE {1, 10b9, 00071198, 3} [SUB0]
02-26 21:43:45.555 2022 2370 E use-Rlog/RLOG-RIL: RX: Time: 2083141139 / 684204
02-26 21:43:45.555 2022 2370 E use-Rlog/RLOG-RIL: RX: M:IPC_NET_CMD S:IPC_NET_PLMN_SEL T:IPC_CMD_RESP l:8 m:ff a:11
02-26 21:43:45.555 3501 3501 D SST : handlPollStateResultMessage: GsmSST setDataRegState=0 regState=1 dataRadioTechnology=3
02-26 21:43:45.555 2022 2370 E use-Rlog/RLOG-RIL: RX: 02
02-26 21:43:45.557 3501 3729 D RILJ : [3940]< VOICE_REGISTRATION_STATE {1, 10b9, 00071198} [SUB0]
02-26 21:43:45.558 3501 3729 D RILJ : [3941]< QUERY_NETWORK_SELECTION_MODE {0} [SUB0]
02-26 21:43:45.558 3501 3501 D SST : EVENT_POLL_STATE_NETWORK_SELECTION_MODE
02-26 21:43:45.560 3501 3501 D SST : Poll ServiceState done: oldSS=[0 0 voice home data home Telekom.de Telekom.de 26201 Telekom.de Telekom.de 26201 Unknown UMTS CSS not supported -1 -1 RoamInd=-1 DefRoamInd=-1 EmergOnly=false IsDataRoamingFromRegistration=false IsUsingCarrierAggregation=false] newSS=[0 0 voice home data home Telekom.de Telekom.de 26201 Telekom.de Telekom.de 26201 Unknown UMTS CSS not supported -1 -1 RoamInd=-1 DefRoamInd=-1 EmergOnly=false IsDataRoamingFromRegistration=false IsUsingCarrierAggregation=false] oldMaxDataCalls=1 mNewMaxDataCalls=1 oldReasonDataDenied=-1 mNewReasonDataDenied=-1
02-26 21:43:45.560 3501 3501 D SST : getCellLocation(): X good mCellLoc=[4281,463256,-1]
02-26 21:43:45.561 2432 3950 D TelephonyRegistry: notifyCellLocationForSubscriber: subId=1 cellLocation=Bundle[mParcelledData.dataSize=64]
02-26 21:43:50.597 2022 2370 E use-Rlog/RLOG-RIL: RX: Time: 2083146180 / 689246
02-26 21:43:50.597 2022 2370 E use-Rlog/RLOG-RIL: RX: M:IPC_DISP_CMD S:IPC_DISP_ICON_INFO T:IPC_CMD_NOTI l:b m:ff a:11
02-26 21:43:50.597 2022 2370 E use-Rlog/RLOG-RIL: RX: FF 01 00 05
02-26 21:43:53.156 2022 2370 E use-Rlog/RLOG-RIL: RX: Time: 2083148740 / 691806
02-26 21:43:53.157 2022 2370 E use-Rlog/RLOG-RIL: RX: M:IPC_DISP_CMD S:IPC_DISP_ICON_INFO T:IPC_CMD_NOTI l:b m:ff a:11
02-26 21:43:53.157 2022 2370 E use-Rlog/RLOG-RIL: RX: FF 02 00 05
02-26 21:44:19.640 3501 3736 D DCT : [0]hasMatchedTetherApnSetting: APN=null
02-26 21:44:19.746 3501 3501 D SIMRecords: [SIMRecords] getServiceProviderName: no brandOverride, providerName=congstar
02-26 21:44:19.746 3501 3501 D SIMRecords: [SIMRecords] getServiceProviderName: no brandOverride, providerName=congstar
02-26 21:44:19.938 3501 3501 D CAT : com.android.stk.StkAppService: onStart sim id: 0, op: 11, *****
02-26 21:44:19.938 3501 3767 D CAT : com.android.stk.StkAppService: handleMessage opcode[11], sim id[0]
02-26 21:44:19.938 3501 3767 D CAT : StkAppService$ServiceHandler: Locale Changed
02-26 21:44:19.938 3501 3767 D CAT : StkAppService: Event :7
02-26 21:44:19.938 3501 3767 E CAT : StkAppService: Event does not exist in the EventList
02-26 21:44:37.215 3501 3515 D DCT : [0]hasMatchedTetherApnSetting: APN=null
02-26 21:44:37.224 3501 3501 D SIMRecords: [SIMRecords] getServiceProviderName: no brandOverride, providerName=congstar
02-26 21:44:37.224 3501 3501 D SIMRecords: [SIMRecords] getServiceProviderName: no brandOverride, providerName=congstar
02-26 21:44:37.509 3501 3501 D CAT : com.android.stk.StkAppService: onStart sim id: 0, op: 11, *****
02-26 21:44:37.510 3501 3767 D CAT : com.android.stk.StkAppService: handleMessage opcode[11], sim id[0]
02-26 21:44:37.510 3501 3767 D CAT : StkAppService$ServiceHandler: Locale Changed
02-26 21:44:37.510 3501 3767 D CAT : StkAppService: Event :7
02-26 21:44:37.510 3501 3767 E CAT : StkAppService: Event does not exist in the EventList
02-26 21:44:48.379 3501 3501 D RILJ : [3942]> RIL_REQUEST_GET_ACTIVITY_INFO [SUB0]
02-26 21:44:50.805 3501 3736 D DCT : [0]hasMatchedTetherApnSetting: APN=null
02-26 21:44:55.699 3501 3515 D DCT : [0]hasMatchedTetherApnSetting: APN=null
02-26 21:44:55.707 3501 3514 D DCT : [0]hasMatchedTetherApnSetting: APN=null
02-26 21:44:55.709 3501 3768 D DCT : [0]hasMatchedTetherApnSetting: APN=null
02-26 21:44:55.711 3501 3759 D DCT : [0]hasMatchedTetherApnSetting: APN=null
02-26 21:45:01.921 3501 3501 D RILJ : [3943]> RIL_REQUEST_GET_ACTIVITY_INFO [SUB0]
02-26 21:45:38.028 2022 2370 E use-Rlog/RLOG-RIL: RX: Time: 2083253612 / 796678
02-26 21:45:38.029 2022 2370 E use-Rlog/RLOG-RIL: RX: M:IPC_NET_CMD S:IPC_NET_REGIST T:IPC_CMD_NOTI l:12 m:ff a:ff
02-26 21:45:38.029 2022 2370 E use-Rlog/RLOG-RIL: RX: 04 02 02 01 B9 10 01 72 07 00 00
02-26 21:45:38.030 2022 2370 E use-Rlog/RLOG-RIL: RX: Time: 2083253613 / 796679
02-26 21:45:38.030 2022 2370 E use-Rlog/RLOG-RIL: RX: M:IPC_NET_CMD S:IPC_NET_REGIST T:IPC_CMD_NOTI l:12 m:ff a:ff
02-26 21:45:38.030 2022 2370 E use-Rlog/RLOG-RIL: RX: 04 03 02 01 B9 10 01 72 07 00 00
02-26 21:45:38.032 3501 3729 D RILJ : [UNSL]< UNSOL_RESPONSE_VOICE_NETWORK_STATE_CHANGED [SUB0]
02-26 21:45:38.033 3501 3729 D RILJ : [UNSL]< UNSOL_RESPONSE_VOICE_NETWORK_STATE_CHANGED [SUB0]
02-26 21:45:38.034 3501 3501 D RILJ : [3944]> OPERATOR [SUB0]
02-26 21:45:38.040 3501 3501 D RILJ : [3945]> DATA_REGISTRATION_STATE [SUB0]
02-26 21:45:38.043 2022 2370 E use-Rlog/RLOG-RIL: TX: Time: 2083253627 / 796693
02-26 21:45:38.043 3501 3501 D RILJ : [3946]> VOICE_REGISTRATION_STATE [SUB0]
02-26 21:45:38.044 2022 2370 E use-Rlog/RLOG-RIL: TX: M:IPC_NET_CMD S:IPC_NET_SERVING_NETWORK T:IPC_CMD_GET l:7 m:12 a:0
02-26 21:45:38.047 2022 2370 E use-Rlog/RLOG-RIL: RX: Time: 2083253631 / 796696
02-26 21:45:38.047 2022 2370 E use-Rlog/RLOG-RIL: RX: M:IPC_NET_CMD S:IPC_NET_SERVING_NETWORK T:IPC_CMD_RESP l:12 m:ff a:12
02-26 21:45:38.047 2022 2370 E use-Rlog/RLOG-RIL: RX: 02 02 04 32 36 32 30 31 23 B9 10
02-26 21:45:38.048 2022 2370 E use-Rlog/RLOG-RIL: TX: Time: 2083253632 / 796697
02-26 21:45:38.048 3501 3501 D RILJ : [3947]> QUERY_NETWORK_SELECTION_MODE [SUB0]
02-26 21:45:38.048 2022 2370 E use-Rlog/RLOG-RIL: TX: M:IPC_NET_CMD S:IPC_NET_REGIST T:IPC_CMD_GET l:9 m:13 a:0
02-26 21:45:38.048 2022 2370 E use-Rlog/RLOG-RIL: TX: FF 03
02-26 21:45:38.050 3501 3729 D RILJ : [3944]< OPERATOR {Telekom.de, Telekom.de, 26201} [SUB0]
02-26 21:45:38.053 2022 2370 E use-Rlog/RLOG-RIL: RX: Time: 2083253637 / 796702
02-26 21:45:38.053 2022 2370 E use-Rlog/RLOG-RIL: RX: M:IPC_NET_CMD S:IPC_NET_REGIST T:IPC_CMD_RESP l:12 m:ff a:13
02-26 21:45:38.053 2022 2370 E use-Rlog/RLOG-RIL: RX: 04 03 02 01 B9 10 01 72 07 00 00
02-26 21:45:38.054 2022 2370 E use-Rlog/RLOG-RIL: TX: Time: 2083253638 / 796703
02-26 21:45:38.054 2022 2370 E use-Rlog/RLOG-RIL: TX: M:IPC_NET_CMD S:IPC_NET_REGIST T:IPC_CMD_GET l:9 m:14 a:0
02-26 21:45:38.054 2022 2370 E use-Rlog/RLOG-RIL: TX: FF 02
02-26 21:45:38.057 3501 3729 D RILJ : [3945]< DATA_REGISTRATION_STATE {1, 10b9, 00077201, 3} [SUB0]
02-26 21:45:38.058 2022 2370 E use-Rlog/RLOG-RIL: RX: Time: 2083253642 / 796707
02-26 21:45:38.058 2022 2370 E use-Rlog/RLOG-RIL: RX: M:IPC_NET_CMD S:IPC_NET_REGIST T:IPC_CMD_RESP l:12 m:ff a:14
02-26 21:45:38.058 2022 2370 E use-Rlog/RLOG-RIL: RX: 04 02 02 01 B9 10 01 72 07 00 00
02-26 21:45:38.059 2022 2370 E use-Rlog/RLOG-RIL: TX: Time: 2083253643 / 796708
02-26 21:45:38.059 2022 2370 E use-Rlog/RLOG-RIL: TX: M:IPC_NET_CMD S:IPC_NET_PLMN_SEL T:IPC_CMD_GET l:7 m:15 a:0
02-26 21:45:38.059 3501 3729 D RILJ : [3946]< VOICE_REGISTRATION_STATE {1, 10b9, 00077201} [SUB0]
02-26 21:45:38.060 3501 3501 D RILJ : [3948]> OPERATOR [SUB0]
02-26 21:45:38.062 2022 2370 E use-Rlog/RLOG-RIL: RX: Time: 2083253646 / 796712
02-26 21:45:38.062 2022 2370 E use-Rlog/RLOG-RIL: RX: M:IPC_NET_CMD S:IPC_NET_PLMN_SEL T:IPC_CMD_RESP l:8 m:ff a:15
02-26 21:45:38.062 2022 2370 E use-Rlog/RLOG-RIL: RX: 02
02-26 21:45:38.063 3501 3501 D RILJ : [3949]> DATA_REGISTRATION_STATE [SUB0]
02-26 21:45:38.065 3501 3729 D RILJ : [3947]< QUERY_NETWORK_SELECTION_MODE {0} [SUB0]
02-26 21:45:38.066 2022 2370 E use-Rlog/RLOG-RIL: TX: Time: 2083253650 / 796716
02-26 21:45:38.066 2022 2370 E use-Rlog/RLOG-RIL: TX: M:IPC_NET_CMD S:IPC_NET_SERVING_NETWORK T:IPC_CMD_GET l:7 m:16 a:0
02-26 21:45:38.069 3501 3501 D RILJ : [3950]> VOICE_REGISTRATION_STATE [SUB0]
02-26 21:45:38.070 2022 2370 E use-Rlog/RLOG-RIL: RX: Time: 2083253654 / 796719
02-26 21:45:38.070 2022 2370 E use-Rlog/RLOG-RIL: RX: M:IPC_NET_CMD S:IPC_NET_SERVING_NETWORK T:IPC_CMD_RESP l:12 m:ff a:16
02-26 21:45:38.070 2022 2370 E use-Rlog/RLOG-RIL: RX: 02 02 04 32 36 32 30 31 23 B9 10
02-26 21:45:38.071 2022 2370 E use-Rlog/RLOG-RIL: TX: Time: 2083253655 / 796721
02-26 21:45:38.071 2022 2370 E use-Rlog/RLOG-RIL: TX: M:IPC_NET_CMD S:IPC_NET_REGIST T:IPC_CMD_GET l:9 m:17 a:0
02-26 21:45:38.071 2022 2370 E use-Rlog/RLOG-RIL: TX: FF 03
02-26 21:45:38.073 2022 2370 E use-Rlog/RLOG-RIL: RX: Time: 2083253657 / 796723
02-26 21:45:38.073 2022 2370 E use-Rlog/RLOG-RIL: RX: M:IPC_NET_CMD S:IPC_NET_REGIST T:IPC_CMD_RESP l:12 m:ff a:17
02-26 21:45:38.074 2022 2370 E use-Rlog/RLOG-RIL: RX: 04 03 02 01 B9 10 01 72 07 00 00
02-26 21:45:38.076 3501 3729 D RILJ : [3948]< OPERATOR {Telekom.de, Telekom.de, 26201} [SUB0]
02-26 21:45:38.077 3501 3729 D RILJ : [3949]< DATA_REGISTRATION_STATE {1, 10b9, 00077201, 3} [SUB0]
02-26 21:45:38.078 3501 3501 D RILJ : [3951]> QUERY_NETWORK_SELECTION_MODE [SUB0]
02-26 21:45:38.080 2022 2370 E use-Rlog/RLOG-RIL: TX: Time: 2083253664 / 796729
02-26 21:45:38.080 2022 2370 E use-Rlog/RLOG-RIL: TX: M:IPC_NET_CMD S:IPC_NET_REGIST T:IPC_CMD_GET l:9 m:18 a:0
02-26 21:45:38.080 2022 2370 E use-Rlog/RLOG-RIL: TX: FF 02
02-26 21:45:38.083 2022 2370 E use-Rlog/RLOG-RIL: RX: Time: 2083253667 / 796733
02-26 21:45:38.083 3501 3501 D SST : EVENT_POLL_STATE_NETWORK_SELECTION_MODE
02-26 21:45:38.084 2022 2370 E use-Rlog/RLOG-RIL: RX: M:IPC_NET_CMD S:IPC_NET_REGIST T:IPC_CMD_RESP l:12 m:ff a:18
02-26 21:45:38.084 2022 2370 E use-Rlog/RLOG-RIL: RX: 04 02 02 01 B9 10 01 72 07 00 00
02-26 21:45:38.084 3501 3501 D SST : handlPollStateResultMessage: GsmSST setDataRegState=0 regState=1 dataRadioTechnology=3
02-26 21:45:38.084 2022 2370 E use-Rlog/RLOG-RIL: TX: Time: 2083253668 / 796734
02-26 21:45:38.085 2022 2370 E use-Rlog/RLOG-RIL: TX: M:IPC_NET_CMD S:IPC_NET_PLMN_SEL T:IPC_CMD_GET l:7 m:19 a:0
02-26 21:45:38.086 3501 3729 D RILJ : [3950]< VOICE_REGISTRATION_STATE {1, 10b9, 00077201} [SUB0]
02-26 21:45:38.087 2022 2370 E use-Rlog/RLOG-RIL: RX: Time: 2083253671 / 796737
02-26 21:45:38.087 2022 2370 E use-Rlog/RLOG-RIL: RX: M:IPC_NET_CMD S:IPC_NET_PLMN_SEL T:IPC_CMD_RESP l:8 m:ff a:19
02-26 21:45:38.088 2022 2370 E use-Rlog/RLOG-RIL: RX: 02
02-26 21:45:38.089 3501 3729 D RILJ : [3951]< QUERY_NETWORK_SELECTION_MODE {0} [SUB0]
02-26 21:45:38.089 3501 3501 D SST : EVENT_POLL_STATE_NETWORK_SELECTION_MODE
02-26 21:45:38.097 3501 3501 D SST : Poll ServiceState done: oldSS=[0 0 voice home data home Telekom.de Telekom.de 26201 Telekom.de Telekom.de 26201 Unknown UMTS CSS not supported -1 -1 RoamInd=-1 DefRoamInd=-1 EmergOnly=false IsDataRoamingFromRegistration=false IsUsingCarrierAggregation=false] newSS=[0 0 voice home data home Telekom.de Telekom.de 26201 Telekom.de Telekom.de 26201 Unknown UMTS CSS not supported -1 -1 RoamInd=-1 DefRoamInd=-1 EmergOnly=false IsDataRoamingFromRegistration=false IsUsingCarrierAggregation=false] oldMaxDataCalls=1 mNewMaxDataCalls=1 oldReasonDataDenied=-1 mNewReasonDataDenied=-1
02-26 21:45:38.097 3501 3501 D SST : getCellLocation(): X good mCellLoc=[4281,487937,-1]
02-26 21:45:38.099 2432 2482 D TelephonyRegistry: notifyCellLocationForSubscriber: subId=1 cellLocation=Bundle[mParcelledData.dataSize=64]
02-26 21:45:40.717 3501 3501 D RILJ : [3952]> RIL_REQUEST_GET_ACTIVITY_INFO [SUB0]
02-26 21:46:11.623 2022 2370 E use-Rlog/RLOG-RIL: RX: Time: 2083287206 / 830272
02-26 21:46:11.623 2022 2370 E use-Rlog/RLOG-RIL: RX: M:IPC_DISP_CMD S:IPC_DISP_ICON_INFO T:IPC_CMD_NOTI l:b m:ff a:19
02-26 21:46:11.623 2022 2370 E use-Rlog/RLOG-RIL: RX: FF 03 00 05
02-26 21:46:28.433 3501 3501 D DCT : [0]screen off
02-26 21:46:28.433 3501 3501 D DCT : [0]stopNetStatPoll
02-26 21:46:37.548 2022 2370 E use-Rlog/RLOG-RIL: RX: Time: 2083313132 / 856197
02-26 21:46:37.548 2022 2370 E use-Rlog/RLOG-RIL: RX: M:IPC_NET_CMD S:IPC_NET_REGIST T:IPC_CMD_NOTI l:12 m:ff a:ff
02-26 21:46:37.548 2022 2370 E use-Rlog/RLOG-RIL: RX: 04 02 02 01 B9 10 98 11 07 00 00
02-26 21:46:37.549 2022 2370 E use-Rlog/RLOG-RIL: RX: Time: 2083313133 / 856198
02-26 21:46:37.549 2022 2370 E use-Rlog/RLOG-RIL: RX: M:IPC_NET_CMD S:IPC_NET_REGIST T:IPC_CMD_NOTI l:12 m:ff a:ff
02-26 21:46:37.549 2022 2370 E use-Rlog/RLOG-RIL: RX: 04 03 02 01 B9 10 98 11 07 00 00
02-26 21:46:37.551 3501 3729 D RILJ : [UNSL]< UNSOL_RESPONSE_VOICE_NETWORK_STATE_CHANGED [SUB0]
02-26 21:46:37.552 3501 3729 D RILJ : [UNSL]< UNSOL_RESPONSE_VOICE_NETWORK_STATE_CHANGED [SUB0]
02-26 21:46:37.553 3501 3501 D RILJ : [3953]> OPERATOR [SUB0]
02-26 21:46:37.558 3501 3501 D RILJ : [3954]> DATA_REGISTRATION_STATE [SUB0]
02-26 21:46:37.560 2022 2370 E use-Rlog/RLOG-RIL: TX: Time: 2083313144 / 856210
02-26 21:46:37.561 2022 2370 E use-Rlog/RLOG-RIL: TX: M:IPC_NET_CMD S:IPC_NET_SERVING_NETWORK T:IPC_CMD_GET l:7 m:1a a:0
02-26 21:46:37.565 3501 3501 D RILJ : [3955]> VOICE_REGISTRATION_STATE [SUB0]
02-26 21:46:37.570 3501 3501 D RILJ : [3956]> QUERY_NETWORK_SELECTION_MODE [SUB0]
02-26 21:46:37.571 2022 2370 E use-Rlog/RLOG-RIL: RX: Time: 2083313155 / 856220
02-26 21:46:37.571 2022 2370 E use-Rlog/RLOG-RIL: RX: M:IPC_NET_CMD S:IPC_NET_SERVING_NETWORK T:IPC_CMD_RESP l:12 m:ff a:1a
02-26 21:46:37.571 2022 2370 E use-Rlog/RLOG-RIL: RX: 02 02 04 32 36 32 30 31 23 B9 10
02-26 21:46:37.572 2022 2370 E use-Rlog/RLOG-RIL: TX: Time: 2083313156 / 856222
02-26 21:46:37.572 2022 2370 E use-Rlog/RLOG-RIL: TX: M:IPC_NET_CMD S:IPC_NET_REGIST T:IPC_CMD_GET l:9 m:1b a:0
02-26 21:46:37.572 2022 2370 E use-Rlog/RLOG-RIL: TX: FF 03
02-26 21:46:37.574 3501 3729 D RILJ : [3953]< OPERATOR {Telekom.de, Telekom.de, 26201} [SUB0]
02-26 21:46:37.575 2022 2370 E use-Rlog/RLOG-RIL: RX: Time: 2083313159 / 856225
02-26 21:46:37.575 2022 2370 E use-Rlog/RLOG-RIL: RX: M:IPC_NET_CMD S:IPC_NET_REGIST T:IPC_CMD_RESP l:12 m:ff a:1b
02-26 21:46:37.575 2022 2370 E use-Rlog/RLOG-RIL: RX: 04 03 02 01 B9 10 98 11 07 00 00
02-26 21:46:37.580 2022 2370 E use-Rlog/RLOG-RIL: TX: Time: 2083313164 / 856230
02-26 21:46:37.580 2022 2370 E use-Rlog/RLOG-RIL: TX: M:IPC_NET_CMD S:IPC_NET_REGIST T:IPC_CMD_GET l:9 m:1c a:0
02-26 21:46:37.581 2022 2370 E use-Rlog/RLOG-RIL: TX: FF 02
02-26 21:46:37.581 2022 2370 E use-Rlog/RLOG-RIL: RX: Time: 2083313165 / 856230
02-26 21:46:37.581 2022 2370 E use-Rlog/RLOG-RIL: RX: M:IPC_NET_CMD S:IPC_NET_REGIST T:IPC_CMD_RESP l:12 m:ff a:1c
02-26 21:46:37.581 2022 2370 E use-Rlog/RLOG-RIL: RX: 04 02 02 01 B9 10 98 11 07 00 00
02-26 21:46:37.584 3501 3501 D RILJ : [3957]> OPERATOR [SUB0]
02-26 21:46:37.588 2022 2370 E use-Rlog/RLOG-RIL: TX: Time: 2083313171 / 856237
02-26 21:46:37.588 2022 2370 E use-Rlog/RLOG-RIL: TX: M:IPC_NET_CMD S:IPC_NET_PLMN_SEL T:IPC_CMD_GET l:7 m:1d a:0
02-26 21:46:37.590 3501 3729 D RILJ : [3954]< DATA_REGISTRATION_STATE {1, 10b9, 00071198, 3} [SUB0]
02-26 21:46:37.591 3501 3729 D RILJ : [3955]< VOICE_REGISTRATION_STATE {1, 10b9, 00071198} [SUB0]
02-26 21:46:37.592 2022 2370 E use-Rlog/RLOG-RIL: RX: Time: 2083313176 / 856242
02-26 21:46:37.592 2022 2370 E use-Rlog/RLOG-RIL: RX: M:IPC_NET_CMD S:IPC_NET_PLMN_SEL T:IPC_CMD_RESP l:8 m:ff a:1d
02-26 21:46:37.592 2022 2370 E use-Rlog/RLOG-RIL: RX: 02
02-26 21:46:37.594 3501 3729 D RILJ : [3956]< QUERY_NETWORK_SELECTION_MODE {0} [SUB0]
02-26 21:46:37.596 3501 3501 D RILJ : [3958]> DATA_REGISTRATION_STATE [SUB0]
02-26 21:46:37.600 2022 2370 E use-Rlog/RLOG-RIL: RX: Time: 2083313183 / 856249
02-26 21:46:37.600 2022 2370 E use-Rlog/RLOG-RIL: RX: M:IPC_DISP_CMD S:IPC_DISP_ICON_INFO T:IPC_CMD_NOTI l:b m:ff a:1d
02-26 21:46:37.600 2022 2370 E use-Rlog/RLOG-RIL: RX: FF 02 00 05
02-26 21:46:37.601 2022 2370 E use-Rlog/RLOG-RIL: TX: Time: 2083313185 / 856251
02-26 21:46:37.601 2022 2370 E use-Rlog/RLOG-RIL: TX: M:IPC_NET_CMD S:IPC_NET_SERVING_NETWORK T:IPC_CMD_GET l:7 m:1e a:0
02-26 21:46:37.605 3501 3501 D RILJ : [3959]> VOICE_REGISTRATION_STATE [SUB0]
02-26 21:46:37.609 2022 2370 E use-Rlog/RLOG-RIL: RX: Time: 2083313193 / 856259
02-26 21:46:37.609 2022 2370 E use-Rlog/RLOG-RIL: RX: M:IPC_NET_CMD S:IPC_NET_SERVING_NETWORK T:IPC_CMD_RESP l:12 m:ff a:1e
02-26 21:46:37.609 2022 2370 E use-Rlog/RLOG-RIL: RX: 02 02 04 32 36 32 30 31 23 B9 10
02-26 21:46:37.611 2022 2370 E use-Rlog/RLOG-RIL: TX: Time: 2083313195 / 856260
02-26 21:46:37.611 2022 2370 E use-Rlog/RLOG-RIL: TX: M:IPC_NET_CMD S:IPC_NET_REGIST T:IPC_CMD_GET l:9 m:1f a:0
02-26 21:46:37.611 2022 2370 E use-Rlog/RLOG-RIL: TX: FF 03
02-26 21:46:37.614 3501 3501 D RILJ : [3960]> QUERY_NETWORK_SELECTION_MODE [SUB0]
02-26 21:46:37.618 3501 3729 D RILJ : [3957]< OPERATOR {Telekom.de, Telekom.de, 26201} [SUB0]
02-26 21:46:37.620 3501 3501 D SST : EVENT_POLL_STATE_NETWORK_SELECTION_MODE
02-26 21:46:37.628 2022 2370 E use-Rlog/RLOG-RIL: RX: Time: 2083313212 / 856277
02-26 21:46:37.628 2022 2370 E use-Rlog/RLOG-RIL: RX: M:IPC_NET_CMD S:IPC_NET_REGIST T:IPC_CMD_RESP l:12 m:ff a:1f
02-26 21:46:37.628 2022 2370 E use-Rlog/RLOG-RIL: RX: 04 03 02 01 B9 10 98 11 07 00 00
02-26 21:46:37.630 2022 2370 E use-Rlog/RLOG-RIL: TX: Time: 2083313214 / 856279
02-26 21:46:37.630 2022 2370 E use-Rlog/RLOG-RIL: TX: M:IPC_NET_CMD S:IPC_NET_REGIST T:IPC_CMD_GET l:9 m:20 a:0
02-26 21:46:37.630 2022 2370 E use-Rlog/RLOG-RIL: TX: FF 02
02-26 21:46:37.632 3501 3729 D RILJ : [3958]< DATA_REGISTRATION_STATE {1, 10b9, 00071198, 3} [SUB0]
02-26 21:46:37.633 2022 2370 E use-Rlog/RLOG-RIL: RX: Time: 2083313217 / 856283
02-26 21:46:37.633 2022 2370 E use-Rlog/RLOG-RIL: RX: M:IPC_NET_CMD S:IPC_NET_REGIST T:IPC_CMD_RESP l:12 m:ff a:20
02-26 21:46:37.633 2022 2370 E use-Rlog/RLOG-RIL: RX: 04 02 02 01 B9 10 98 11 07 00 00
02-26 21:46:37.634 2022 2370 E use-Rlog/RLOG-RIL: TX: Time: 2083313218 / 856284
02-26 21:46:37.635 2022 2370 E use-Rlog/RLOG-RIL: TX: M:IPC_NET_CMD S:IPC_NET_PLMN_SEL T:IPC_CMD_GET l:7 m:21 a:0
02-26 21:46:37.639 3501 3729 D RILJ : [3959]< VOICE_REGISTRATION_STATE {1, 10b9, 00071198} [SUB0]
02-26 21:46:37.639 2022 2370 E use-Rlog/RLOG-RIL: RX: Time: 2083313223 / 856289
02-26 21:46:37.639 2022 2370 E use-Rlog/RLOG-RIL: RX: M:IPC_NET_CMD S:IPC_NET_PLMN_SEL T:IPC_CMD_RESP l:8 m:ff a:21
02-26 21:46:37.639 2022 2370 E use-Rlog/RLOG-RIL: RX: 02
02-26 21:46:37.641 3501 3729 D RILJ : [3960]< QUERY_NETWORK_SELECTION_MODE {0} [SUB0]
02-26 21:46:37.646 3501 3501 D SST : handlPollStateResultMessage: GsmSST setDataRegState=0 regState=1 dataRadioTechnology=3
02-26 21:46:37.646 3501 3501 D SST : EVENT_POLL_STATE_NETWORK_SELECTION_MODE
02-26 21:46:37.657 3501 3501 D SST : Poll ServiceState done: oldSS=[0 0 voice home data home Telekom.de Telekom.de 26201 Telekom.de Telekom.de 26201 Unknown UMTS CSS not supported -1 -1 RoamInd=-1 DefRoamInd=-1 EmergOnly=false IsDataRoamingFromRegistration=false IsUsingCarrierAggregation=false] newSS=[0 0 voice home data home Telekom.de Telekom.de 26201 Telekom.de Telekom.de 26201 Unknown UMTS CSS not supported -1 -1 RoamInd=-1 DefRoamInd=-1 EmergOnly=false IsDataRoamingFromRegistration=false IsUsingCarrierAggregation=false] oldMaxDataCalls=1 mNewMaxDataCalls=1 oldReasonDataDenied=-1 mNewReasonDataDenied=-1
02-26 21:46:37.658 3501 3501 D SST : getCellLocation(): X good mCellLoc=[4281,463256,-1]
02-26 21:46:37.661 2432 4020 D TelephonyRegistry: notifyCellLocationForSubscriber: subId=1 cellLocation=Bundle[mParcelledData.dataSize=64]
02-26 21:46:38.827 2022 2370 E use-Rlog/RLOG-RIL: RX: Time: 2083314411 / 857477
02-26 21:46:38.828 2022 2370 E use-Rlog/RLOG-RIL: RX: M:IPC_NET_CMD S:IPC_NET_REGIST T:IPC_CMD_NOTI l:12 m:ff a:ff
02-26 21:46:38.828 2022 2370 E use-Rlog/RLOG-RIL: RX: 04 02 02 01 B9 10 01 72 07 00 00
02-26 21:46:38.828 2022 2370 E use-Rlog/RLOG-RIL: RX: Time: 2083314412 / 857478
02-26 21:46:38.829 2022 2370 E use-Rlog/RLOG-RIL: RX: M:IPC_NET_CMD S:IPC_NET_REGIST T:IPC_CMD_NOTI l:12 m:ff a:ff
02-26 21:46:38.829 2022 2370 E use-Rlog/RLOG-RIL: RX: 04 03 02 01 B9 10 01 72 07 00 00
02-26 21:46:38.831 3501 3729 D RILJ : [UNSL]< UNSOL_RESPONSE_VOICE_NETWORK_STATE_CHANGED [SUB0]
02-26 21:46:38.832 3501 3729 D RILJ : [UNSL]< UNSOL_RESPONSE_VOICE_NETWORK_STATE_CHANGED [SUB0]
02-26 21:46:38.833 3501 3501 D RILJ : [3961]> OPERATOR [SUB0]
02-26 21:46:38.839 3501 3501 D RILJ : [3962]> DATA_REGISTRATION_STATE [SUB0]
02-26 21:46:38.841 2022 2370 E use-Rlog/RLOG-RIL: TX: Time: 2083314425 / 857490
02-26 21:46:38.841 2022 2370 E use-Rlog/RLOG-RIL: TX: M:IPC_NET_CMD S:IPC_NET_SERVING_NETWORK T:IPC_CMD_GET l:7 m:22 a:0
02-26 21:46:38.845 2022 2370 E use-Rlog/RLOG-RIL: RX: Time: 2083314428 / 857494
02-26 21:46:38.845 2022 2370 E use-Rlog/RLOG-RIL: RX: M:IPC_NET_CMD S:IPC_NET_SERVING_NETWORK T:IPC_CMD_RESP l:12 m:ff a:22
02-26 21:46:38.845 2022 2370 E use-Rlog/RLOG-RIL: RX: 02 02 04 32 36 32 30 31 23 B9 10
02-26 21:46:38.847 3501 3501 D RILJ : [3963]> VOICE_REGISTRATION_STATE [SUB0]
02-26 21:46:38.852 3501 3501 D RILJ : [3964]> QUERY_NETWORK_SELECTION_MODE [SUB0]
02-26 21:46:38.854 3501 3729 D RILJ : [3961]< OPERATOR {Telekom.de, Telekom.de, 26201} [SUB0]
02-26 21:46:38.857 2022 2370 E use-Rlog/RLOG-RIL: TX: Time: 2083314440 / 857506
02-26 21:46:38.857 2022 2370 E use-Rlog/RLOG-RIL: TX: M:IPC_NET_CMD S:IPC_NET_REGIST T:IPC_CMD_GET l:9 m:23 a:0
02-26 21:46:38.857 2022 2370 E use-Rlog/RLOG-RIL: TX: FF 03
02-26 21:46:38.858 2022 2370 E use-Rlog/RLOG-RIL: RX: Time: 2083314442 / 857508
02-26 21:46:38.858 2022 2370 E use-Rlog/RLOG-RIL: RX: M:IPC_NET_CMD S:IPC_NET_REGIST T:IPC_CMD_RESP l:12 m:ff a:23
02-26 21:46:38.858 2022 2370 E use-Rlog/RLOG-RIL: RX: 04 03 02 01 B9 10 01 72 07 00 00
02-26 21:46:38.863 3501 3729 D RILJ : [3962]< DATA_REGISTRATION_STATE {1, 10b9, 00077201, 3} [SUB0]
02-26 21:46:38.864 2022 2370 E use-Rlog/RLOG-RIL: TX: Time: 2083314448 / 857514
02-26 21:46:38.864 2022 2370 E use-Rlog/RLOG-RIL: TX: M:IPC_NET_CMD S:IPC_NET_REGIST T:IPC_CMD_GET l:9 m:24 a:0
02-26 21:46:38.864 2022 2370 E use-Rlog/RLOG-RIL: TX: FF 02
02-26 21:46:38.865 2022 2370 E use-Rlog/RLOG-RIL: RX: Time: 2083314448 / 857514
02-26 21:46:38.865 2022 2370 E use-Rlog/RLOG-RIL: RX: M:IPC_NET_CMD S:IPC_NET_REGIST T:IPC_CMD_RESP l:12 m:ff a:24
02-26 21:46:38.865 2022 2370 E use-Rlog/RLOG-RIL: RX: 04 02 02 01 B9 10 01 72 07 00 00
02-26 21:46:38.866 2022 2370 E use-Rlog/RLOG-RIL: TX: Time: 2083314450 / 857516
02-26 21:46:38.866 2022 2370 E use-Rlog/RLOG-RIL: TX: M:IPC_NET_CMD S:IPC_NET_PLMN_SEL T:IPC_CMD_GET l:7 m:25 a:0
02-26 21:46:38.868 3501 3501 D RILJ : [3965]> OPERATOR [SUB0]
02-26 21:46:38.872 3501 3729 D RILJ : [3963]< VOICE_REGISTRATION_STATE {1, 10b9, 00077201} [SUB0]
02-26 21:46:38.875 3501 3501 D RILJ : [3966]> DATA_REGISTRATION_STATE [SUB0]
02-26 21:46:38.878 2022 2370 E use-Rlog/RLOG-RIL: RX: Time: 2083314462 / 857528
02-26 21:46:38.878 2022 2370 E use-Rlog/RLOG-RIL: RX: M:IPC_NET_CMD S:IPC_NET_PLMN_SEL T:IPC_CMD_RESP l:8 m:ff a:25
02-26 21:46:38.878 2022 2370 E use-Rlog/RLOG-RIL: RX: 02
02-26 21:46:38.879 2022 2370 E use-Rlog/RLOG-RIL: TX: Time: 2083314463 / 857529
02-26 21:46:38.879 2022 2370 E use-Rlog/RLOG-RIL: TX: M:IPC_NET_CMD S:IPC_NET_SERVING_NETWORK T:IPC_CMD_GET l:7 m:26 a:0
02-26 21:46:38.881 2022 2370 E use-Rlog/RLOG-RIL: RX: Time: 2083314465 / 857531
02-26 21:46:38.881 2022 2370 E use-Rlog/RLOG-RIL: RX: M:IPC_NET_CMD S:IPC_NET_SERVING_NETWORK T:IPC_CMD_RESP l:12 m:ff a:26
02-26 21:46:38.882 2022 2370 E use-Rlog/RLOG-RIL: RX: 02 02 04 32 36 32 30 31 23 B9 10
02-26 21:46:38.884 3501 3729 D RILJ : [3964]< QUERY_NETWORK_SELECTION_MODE {0} [SUB0]
02-26 21:46:38.885 3501 3729 D RILJ : [3965]< OPERATOR {Telekom.de, Telekom.de, 26201} [SUB0]
02-26 21:46:38.888 2022 2370 E use-Rlog/RLOG-RIL: TX: Time: 2083314472 / 857537
02-26 21:46:38.888 2022 2370 E use-Rlog/RLOG-RIL: TX: M:IPC_NET_CMD S:IPC_NET_REGIST T:IPC_CMD_GET l:9 m:27 a:0
02-26 21:46:38.888 2022 2370 E use-Rlog/RLOG-RIL: TX: FF 03
02-26 21:46:38.889 3501 3501 D RILJ : [3967]> VOICE_REGISTRATION_STATE [SUB0]
02-26 21:46:38.890 2022 2370 E use-Rlog/RLOG-RIL: RX: Time: 2083314473 / 857539
02-26 21:46:38.890 2022 2370 E use-Rlog/RLOG-RIL: RX: M:IPC_NET_CMD S:IPC_NET_REGIST T:IPC_CMD_RESP l:12 m:ff a:27
02-26 21:46:38.890 2022 2370 E use-Rlog/RLOG-RIL: RX: 04 03 02 01 B9 10 01 72 07 00 00
02-26 21:46:38.896 2022 2370 E use-Rlog/RLOG-RIL: TX: Time: 2083314480 / 857545
02-26 21:46:38.896 2022 2370 E use-Rlog/RLOG-RIL: TX: M:IPC_NET_CMD S:IPC_NET_REGIST T:IPC_CMD_GET l:9 m:28 a:0
02-26 21:46:38.896 2022 2370 E use-Rlog/RLOG-RIL: TX: FF 02
02-26 21:46:38.898 3501 3501 D RILJ : [3968]> QUERY_NETWORK_SELECTION_MODE [SUB0]
02-26 21:46:38.902 2022 2370 E use-Rlog/RLOG-RIL: RX: Time: 2083314485 / 857551
02-26 21:46:38.902 2022 2370 E use-Rlog/RLOG-RIL: RX: M:IPC_NET_CMD S:IPC_NET_REGIST T:IPC_CMD_RESP l:12 m:ff a:28
02-26 21:46:38.902 2022 2370 E use-Rlog/RLOG-RIL: RX: 04 02 02 01 B9 10 01 72 07 00 00
02-26 21:46:38.904 3501 3729 D RILJ : [3966]< DATA_REGISTRATION_STATE {1, 10b9, 00077201, 3} [SUB0]
02-26 21:46:38.906 3501 3501 D SST : EVENT_POLL_STATE_NETWORK_SELECTION_MODE
02-26 21:46:38.907 3501 3501 D SST : handlPollStateResultMessage: GsmSST setDataRegState=0 regState=1 dataRadioTechnology=3
02-26 21:46:38.908 2022 2370 E use-Rlog/RLOG-RIL: TX: Time: 2083314492 / 857558
02-26 21:46:38.908 2022 2370 E use-Rlog/RLOG-RIL: TX: M:IPC_NET_CMD S:IPC_NET_PLMN_SEL T:IPC_CMD_GET l:7 m:29 a:0
02-26 21:46:38.910 2022 2370 E use-Rlog/RLOG-RIL: RX: Time: 2083314493 / 857559
02-26 21:46:38.910 2022 2370 E use-Rlog/RLOG-RIL: RX: M:IPC_NET_CMD S:IPC_NET_PLMN_SEL T:IPC_CMD_RESP l:8 m:ff a:29
02-26 21:46:38.910 2022 2370 E use-Rlog/RLOG-RIL: RX: 02
02-26 21:46:38.911 3501 3729 D RILJ : [3967]< VOICE_REGISTRATION_STATE {1, 10b9, 00077201} [SUB0]
02-26 21:46:38.913 3501 3729 D RILJ : [3968]< QUERY_NETWORK_SELECTION_MODE {0} [SUB0]
02-26 21:46:38.914 3501 3501 D SST : EVENT_POLL_STATE_NETWORK_SELECTION_MODE
