D/GSM ( 2598): [SimSmsInterfaceManager] enableCellBroadcastRange
D/GSM ( 2598): [SimSmsInterfaceManager] Calling setGsmBroadcastConfig with 1 configurations
D/RILJ ( 2598): [0049]> RIL_REQUEST_GSM_SET_BROADCAST_CONFIG with 1 configs :
D/RILJ ( 2598): SmsBroadcastConfigInfo: Id [4352,6399] Code [0,255] ENABLED
D/RIL-IPC ( 1892): Waiting for host wake failed
D/RIL-IPC ( 1892): Waited for host wake
D/RIL-IPC ( 1892): Waited for link connected
D/RIL ( 1892): Opened IPC FMT client
D/RIL ( 1892): Detected string with a size of 15 bytes
D/RIL ( 1892): 4 RIL requests in the queue (4 pending, 0 handled, 0 unhandled)
D/RIL-IPC ( 1892):
D/RIL-IPC ( 1892): xmm626_sec_modem_fmt_recv: Received FMT message
D/RIL-IPC ( 1892): xmm626_sec_modem_fmt_recv: Message: aseq=0xff, command=IPC_PWR_PHONE_PWR_UP, type=IPC_TYPE_NOTI, size=0
D/RIL ( 1892): Updating RIL radio state to 0
D/RILJ ( 2598): [UNSL]< UNSOL_RESPONSE_RADIO_STATE_CHANGED RADIO_OFF
D/RILB ( 2598): Notifying: radio available
D/RILJ ( 2598): [0050]> RADIO_POWER on
D/RILJ ( 2598): [0051]> SCREEN_STATE: true
D/RIL-IPC ( 1892):
D/RIL-IPC ( 1892): xmm626_sec_modem_fmt_recv: Received FMT message
D/RIL-IPC ( 1892): xmm626_sec_modem_fmt_recv: Message: aseq=0x00, command=IPC_MISC_ME_IMSI, type=IPC_TYPE_NOTI, size=16
D/RIL-IPC ( 1892): ================================= IPC FMT data =================================
D/RIL-IPC ( 1892): [0000] 0F 30 30 30 30 30 30 30 30 30 30 30 30 30 30 30 .0000000 00000000
D/RIL-IPC ( 1892): ================================================================================
D/GSM ( 2598): [GsmSST] Poll ServiceState done: oldSS=[1 home null null null Unknown CSS not supported -1 -1 RoamInd=-1 DefRoamInd=-1 EmergOnly=false] newSS=[3 home null null null Unknown CSS not supported -1 -1 RoamInd=-1 DefRoamInd=-1 EmergOnly=false] oldGprs=1 newData=1 oldMaxDataCalls=1 mNewMaxDataCalls=1 oldReasonDataDenied=-1 mNewReasonDataDenied=-1 oldType=Unknown newType=Unknown
D/GSM ( 2598): [GsmSST] updateSpnDisplay: radio is off w/ showPlmn=false plmn=null
D/RILJ ( 2598): [UNSL]< UNSOL_RESPONSE_CALL_STATE_CHANGED
D/GSM ( 2598): [GsmSST] updateSpnDisplay: changed sending intent rule=0 showPlmn='false' plmn='null' showSpn='false' spn=''
D/RIL ( 1892): 5 RIL requests in the queue (5 pending, 0 handled, 0 unhandled)
D/RIL ( 1892): 6 RIL requests in the queue (6 pending, 0 handled, 0 unhandled)
D/RIL ( 1892): 5 RIL requests in the queue (5 pending, 0 handled, 0 unhandled)
D/RIL ( 1892): 4 RIL requests in the queue (4 pending, 0 handled, 0 unhandled)
D/RIL ( 1892): Unhandled RIL request: 90
D/RIL ( 1892): 3 RIL requests in the queue (2 pending, 0 handled, 1 unhandled)
D/RIL ( 1892): Requesting normal power state
D/RIL-IPC ( 1892):
D/RIL-IPC ( 1892): xmm626_sec_modem_fmt_send: Sent FMT message
D/RIL-IPC ( 1892): xmm626_sec_modem_fmt_send: Message: mseq=0x01, command=IPC_PWR_PHONE_STATE, type=IPC_TYPE_EXEC, size=2
D/RIL-IPC ( 1892): ================================= IPC FMT data =================================
D/RIL-IPC ( 1892): [0000] 02 02 ..
D/RIL-IPC ( 1892): ================================================================================
D/RILJ ( 2598): [UNSL]< UNSOL_RESPONSE_VOICE_NETWORK_STATE_CHANGED
D/RILJ ( 2598): responseDataCallList ver=7 num=0
D/RILJ ( 2598): [UNSL]< UNSOL_DATA_CALL_LIST_CHANGED []
D/RILJ ( 2598): [UNSL]< UNSOL_RESPONSE_SIM_STATUS_CHANGED
D/RILJ ( 2598): [0046]< GET_CURRENT_CALLS
D/RILJ ( 2598): [0047]< GET_CURRENT_CALLS
D/RILJ ( 2598): [0049]< RIL_REQUEST_GSM_SET_BROADCAST_CONFIG error: com.android.internal.telephony.CommandException: REQUEST_NOT_SUPPORTED
D/GSM ( 2598): [GsmSST] operatorNumeric is null
D/GSM ( 2598): [GsmDCT] handleMessage msg={ what=270337 when=-14ms obj=android.os.AsyncResult@41c9d190 }
D/GSM ( 2598): [GsmDCT] onRadioAvailable
D/GSM ( 2598): [GsmDCT] overall state is IDLE
D/RILJ ( 2598): [0052]> BASEBAND_VERSION
D/RILJ ( 2598): [0053]> GET_IMEI
D/RIL ( 1892): 4 RIL requests in the queue (1 pending, 1 handled, 2 unhandled)
D/RILJ ( 2598): [0054]> GET_IMEISV
D/RILJ ( 2598): [0055]> GET_CURRENT_CALLS
D/GSM ( 2598): [GsmSST] Poll ServiceState done: oldSS=[3 home null null null Unknown CSS not supported -1 -1 RoamInd=-1 DefRoamInd=-1 EmergOnly=false] newSS=[3 home null null null Unknown CSS not supported -1 -1 RoamInd=-1 DefRoamInd=-1 EmergOnly=false] oldGprs=1 newData=1 oldMaxDataCalls=1 mNewMaxDataCalls=1 oldReasonDataDenied=-1 mNewReasonDataDenied=-1 oldType=Unknown newType=Unknown
D/GSM ( 2598): [GsmDCT] handleMessage msg={ what=270340 when=-13ms obj=android.os.AsyncResult@41c9f6c8 }
D/GSM ( 2598): [GsmDCT] onDataStateChanged(ar): E
D/GSM ( 2598): [GsmDCT] onDataStateChanged(ar): DataCallState size=0
D/GSM ( 2598): [GsmDCT] findApnContextToClean(ar): E dcacs=[]
D/GSM ( 2598): [GsmDCT] findApnContextToClean(ar): X list=[]
D/GSM ( 2598): [GsmDCT] onDataStateChanged: Data Activity updated to NONE. isAnyDataCallActive = false isAnyDataCallDormant = false
D/RIL ( 1892): 5 RIL requests in the queue (1 pending, 1 handled, 3 unhandled)
D/RIL ( 1892): 6 RIL requests in the queue (1 pending, 1 handled, 4 unhandled)
D/RIL ( 1892): 7 RIL requests in the queue (1 pending, 1 handled, 5 unhandled)
D/RIL ( 1892): 6 RIL requests in the queue (0 pending, 1 handled, 5 unhandled)
D/RILJ ( 2598): [0055]< GET_CURRENT_CALLS
D/GSM ( 2598): [GsmDCT] onDataStateChange(ar): apnsToCleanup=[]
D/GSM ( 2598): [GsmDCT] onDataStateChanged(ar): X
D/RIL_UiccController( 2598): Received EVENT_ICC_STATUS_CHANGED, calling getIccCardStatus
D/RILJ ( 2598): [0056]> GET_SIM_STATUS
D/GSM ( 2598): [SimSmsInterfaceManager] Failed to add cell broadcast subscription for MID range 4352 to 6399 from client com.android.cellbroadcastreceiver
D/RIL ( 1892): 7 RIL requests in the queue (1 pending, 1 handled, 5 unhandled)
D/GSM ( 2598): [SimSmsInterfaceManager] disableCellBroadcastRange
D/GSM ( 2598): [SimSmsInterfaceManager] Failed to remove cell broadcast subscription for MID range 50 to 50 from client com.android.cellbroadcastreceiver
D/RIL-IPC ( 1892):
D/RIL-IPC ( 1892): xmm626_sec_modem_fmt_recv: Received FMT message
D/RIL-IPC ( 1892): xmm626_sec_modem_fmt_recv: Message: aseq=0xff, command=IPC_NET_REGIST, type=IPC_TYPE_NOTI, size=11
D/RIL-IPC ( 1892): ================================= IPC FMT data =================================
D/RIL-IPC ( 1892): [0000] FF 02 01 00 00 00 00 00 00 00 00 ........ ...
D/RIL-IPC ( 1892): ================================================================================
D/RIL-IPC ( 1892):
D/RIL-IPC ( 1892): xmm626_sec_modem_fmt_recv: Received FMT message
D/RIL-IPC ( 1892): xmm626_sec_modem_fmt_recv: Message: aseq=0xff, command=IPC_NET_REGIST, type=IPC_TYPE_NOTI, size=11
D/RIL-IPC ( 1892): ================================= IPC FMT data =================================
D/RIL-IPC ( 1892): [0000] FF 03 01 00 00 00 00 00 00 00 00 ........ ...
D/RIL-IPC ( 1892): ================================================================================
D/RIL-IPC ( 1892):
D/RIL-IPC ( 1892): xmm626_sec_modem_fmt_recv: Received FMT message
D/RIL-IPC ( 1892): xmm626_sec_modem_fmt_recv: Message: aseq=0x00, command=IPC_DISP_ICON_INFO, type=IPC_TYPE_NOTI, size=4
D/RIL-IPC ( 1892): ================================= IPC FMT data =================================
D/RIL-IPC ( 1892): [0000] FF 00 00 00 ....
D/RIL-IPC ( 1892): ================================================================================
D/RIL-IPC ( 1892):
D/RIL-IPC ( 1892): xmm626_sec_modem_fmt_recv: Received FMT message
D/RIL-IPC ( 1892): xmm626_sec_modem_fmt_recv: Message: aseq=0x01, command=IPC_GEN_PHONE_RES, type=IPC_TYPE_RESP, size=5
D/RIL-IPC ( 1892): ================================= IPC FMT data =================================
D/RIL-IPC ( 1892): [0000] 01 07 01 00 80 .....
D/RIL-IPC ( 1892): ================================================================================
D/RIL ( 1892): Generic response was expected
D/RIL-IPC ( 1892):
D/RIL-IPC ( 1892): xmm626_sec_modem_fmt_recv: Received FMT message
D/RIL-IPC ( 1892): xmm626_sec_modem_fmt_recv: Message: aseq=0x01, command=IPC_PWR_PHONE_STATE, type=IPC_TYPE_NOTI, size=1
D/RIL-IPC ( 1892): ================================= IPC FMT data =================================
D/RIL-IPC ( 1892): [0000] 02 .
D/RIL-IPC ( 1892): ================================================================================
D/RIL ( 1892): Power state is normal
D/RIL ( 1892): 6 RIL requests in the queue (0 pending, 0 handled, 6 unhandled)
D/RIL ( 1892): Updating RIL radio state to 2
D/RIL-IPC ( 1892):
D/RIL-IPC ( 1892): xmm626_sec_modem_fmt_recv: Received FMT message
D/RIL-IPC ( 1892): xmm626_sec_modem_fmt_recv: Message: aseq=0xff, command=IPC_NET_REGIST, type=IPC_TYPE_NOTI, size=11
D/RIL-IPC ( 1892): ================================= IPC FMT data =================================
D/RIL-IPC ( 1892): [0000] FF 02 01 00 00 00 00 00 00 00 00 ........ ...
D/RIL-IPC ( 1892): ================================================================================
D/RIL-IPC ( 1892):
D/RIL-IPC ( 1892): xmm626_sec_modem_fmt_recv: Received FMT message
D/RIL-IPC ( 1892): xmm626_sec_modem_fmt_recv: Message: aseq=0xff, command=IPC_NET_REGIST, type=IPC_TYPE_NOTI, size=11
D/RIL-IPC ( 1892): ================================= IPC FMT data =================================
D/RIL-IPC ( 1892): [0000] FF 03 01 00 00 00 00 00 00 00 00 ........ ...
D/RIL-IPC ( 1892): ================================================================================
D/RIL-IPC ( 1892):
D/RIL-IPC ( 1892): xmm626_sec_modem_fmt_recv: Received FMT message
D/RIL-IPC ( 1892): xmm626_sec_modem_fmt_recv: Message: aseq=0x00, command=IPC_DISP_ICON_INFO, type=IPC_TYPE_NOTI, size=4
D/RIL-IPC ( 1892): ================================= IPC FMT data =================================
D/RIL-IPC ( 1892): [0000] FF 00 00 00 ....
D/RIL-IPC ( 1892): ================================================================================
D/RIL ( 1892): Signal strength is 1
D/RIL-IPC ( 1892):
D/RIL-IPC ( 1892): xmm626_sec_modem_fmt_send: Sent FMT message
D/RIL-IPC ( 1892): xmm626_sec_modem_fmt_send: Message: mseq=0x02, command=IPC_SEC_PIN_STATUS, type=IPC_TYPE_GET, size=0
D/RIL ( 1892): 5 RIL requests in the queue (4 pending, 1 handled, 0 unhandled)
D/RIL ( 1892): 2 RIL requests data in the queue
D/RIL-IPC ( 1892):
D/RIL-IPC ( 1892): xmm626_sec_modem_fmt_send: Sent FMT message
D/RIL-IPC ( 1892): xmm626_sec_modem_fmt_send: Message: mseq=0x03, command=IPC_MISC_ME_VERSION, type=IPC_TYPE_GET, size=1
D/RIL-IPC ( 1892): ================================= IPC FMT data =================================
D/RIL-IPC ( 1892): [0000] FF .
D/RIL-IPC ( 1892): ================================================================================
D/RIL-IPC ( 1892):
D/RIL-IPC ( 1892): xmm626_sec_modem_fmt_send: Sent FMT message
D/RIL-IPC ( 1892): xmm626_sec_modem_fmt_send: Message: mseq=0x04, command=IPC_MISC_ME_SN, type=IPC_TYPE_GET, size=1
D/RIL-IPC ( 1892): ================================= IPC FMT data =================================
D/RIL-IPC ( 1892): [0000] 01 .
D/RIL-IPC ( 1892): ================================================================================
D/RILJ ( 2598): [0050]< RADIO_POWER
D/RILJ ( 2598): [UNSL]< UNSOL_RESPONSE_RADIO_STATE_CHANGED RADIO_ON
D/RILB ( 2598): Notifying: Radio On
D/RILJ ( 2598): [UNSL]< UNSOL_RESPONSE_VOICE_NETWORK_STATE_CHANGED
D/RILJ ( 2598): [UNSL]< UNSOL_RESPONSE_VOICE_NETWORK_STATE_CHANGED
D/RILJ ( 2598): [UNSL]< UNSOL_RESPONSE_VOICE_NETWORK_STATE_CHANGED
D/RIL-IPC ( 1892):
D/RIL-IPC ( 1892): xmm626_sec_modem_fmt_recv: Received FMT message
D/RIL-IPC ( 1892): xmm626_sec_modem_fmt_recv: Message: aseq=0x02, command=IPC_GEN_PHONE_RES, type=IPC_TYPE_RESP, size=5
D/RIL-IPC ( 1892): ================================= IPC FMT data =================================
D/RILJ ( 2598): [0051]< SCREEN_STATE
D/RIL-IPC ( 1892): [0000] 05 01 02 0E 00 .....
D/RIL-IPC ( 1892): ================================================================================
D/RIL ( 1892): Ignoring generic response for command IPC_SEC_PIN_STATUS
D/RILJ ( 2598): [0057]> OPERATOR
D/RIL-IPC ( 1892):
D/RIL-IPC ( 1892): xmm626_sec_modem_fmt_recv: Received FMT message
D/RIL-IPC ( 1892): xmm626_sec_modem_fmt_recv: Message: aseq=0x03, command=IPC_MISC_ME_VERSION, type=IPC_TYPE_RESP, size=148
D/RIL-IPC ( 1892): ================================= IPC FMT data =================================
D/RIL-IPC ( 1892): [0000] 1F 49 39 33 30 30 42 55 55 47 4E 46 31 00 00 00 .I9300BU UGNF1...
D/RIL-IPC ( 1892): [0010] 00 00 00 00 00 00 00 00 00 00 00 00 00 00 00 00 ........ ........
D/RIL-IPC ( 1892): [0020] 00 4D 50 20 31 2E 31 30 30 00 00 00 00 00 00 00 .MP 1.10 0.......
D/RIL-IPC ( 1892): [0030] 00 00 00 00 00 00 00 00 00 00 00 00 00 00 00 00 ........ ........
D/RIL-IPC ( 1892): [0040] 00 32 30 31 32 2E 35 2E 32 39 00 00 00 00 00 00 .2012.5. 29......
D/RIL-IPC ( 1892): [0050] 00 00 00 00 00 00 00 00 00 00 00 00 00 00 00 00 ........ ........
D/RIL-IPC ( 1892): [0060] 00 47 54 2D 49 39 33 30 30 52 57 41 56 44 32 00 .GT-I930 0RWAVD2.
D/RIL-IPC ( 1892): [0070] 00 00 00 00 00 00 00 00 00 00 00 00 00 00 00 00 ........ ........
D/RIL-IPC ( 1892): [0080] 00 49 39 33 30 30 00 00 00 00 00 00 00 00 00 00 .I9300.. ........
D/RIL-IPC ( 1892): [0090] 00 00 00 00 ....
D/RIL-IPC ( 1892): ================================================================================
D/RIL ( 1892): 4 RIL requests in the queue (0 pending, 3 handled, 1 unhandled)
D/RIL ( 1892): 2 RIL requests data in the queue
D/RIL-IPC ( 1892):
D/RIL-IPC ( 1892): xmm626_sec_modem_fmt_recv: Received FMT message
D/RIL-IPC ( 1892): xmm626_sec_modem_fmt_recv: Message: aseq=0x04, command=IPC_MISC_ME_SN, type=IPC_TYPE_RESP, size=34
D/RIL-IPC ( 1892): ================================= IPC FMT data =================================
D/RIL-IPC ( 1892): [0000] 01 11 33 35 33 31 36 34 30 35 30 35 32 38 32 38 ..353164 05052828
D/RIL-IPC ( 1892): [0010] 37 31 35 00 00 00 00 00 00 00 00 00 00 00 00 00 715..... ........
D/RIL-IPC ( 1892): [0020] 00 4D .M
D/RIL-IPC ( 1892): ================================================================================
D/RIL ( 1892): 3 RIL requests in the queue (0 pending, 2 handled, 1 unhandled)
D/RIL ( 1892): 2 RIL requests data in the queue
D/RIL ( 1892): 2 RIL requests in the queue (0 pending, 1 handled, 1 unhandled)
D/RIL ( 1892): 2 RIL requests data in the queue
D/RILJ ( 2598): [0058]> DATA_REGISTRATION_STATE
D/RIL ( 1892): 3 RIL requests in the queue (1 pending, 1 handled, 1 unhandled)
D/RIL ( 1892): 2 RIL requests data in the queue
D/RIL-IPC ( 1892):
D/RIL-IPC ( 1892): xmm626_sec_modem_fmt_send: Sent FMT message
D/RIL-IPC ( 1892): xmm626_sec_modem_fmt_send: Message: mseq=0x05, command=IPC_NET_SERVING_NETWORK, type=IPC_TYPE_GET, size=0
D/RILJ ( 2598): [0059]> VOICE_REGISTRATION_STATE
D/RIL-IPC ( 1892):
D/RIL-IPC ( 1892): xmm626_sec_modem_fmt_recv: Received FMT message
D/RIL-IPC ( 1892): xmm626_sec_modem_fmt_recv: Message: aseq=0x05, command=IPC_NET_SERVING_NETWORK, type=IPC_TYPE_RESP, size=11
D/RIL-IPC ( 1892): ================================= IPC FMT data =================================
D/RIL-IPC ( 1892): [0000] 02 05 FF 30 30 30 30 30 23 00 00 ...00000 #..
D/RIL-IPC ( 1892): ================================================================================
E/RIL ( 1892): ipc2ril_net_operator: Finding operator with PLMN 00 failed
D/RIL ( 1892): 2 RIL requests in the queue (0 pending, 1 handled, 1 unhandled)
D/RIL ( 1892): 2 RIL requests data in the queue
D/RILJ ( 2598): [0052]< BASEBAND_VERSION I9300BUUGNF1
D/RILJ ( 2598): [0060]> QUERY_NETWORK_SELECTION_MODE
D/RIL_UiccController( 2598): Received EVENT_ICC_STATUS_CHANGED, calling getIccCardStatus
D/RILJ ( 2598): [0061]> GET_SIM_STATUS
D/RIL ( 1892): 3 RIL requests in the queue (1 pending, 1 handled, 1 unhandled)
D/RIL ( 1892): 2 RIL requests data in the queue
D/RIL ( 1892): 2 RIL requests in the queue (0 pending, 1 handled, 1 unhandled)
D/RIL ( 1892): 1 RIL request data in the queue
D/RIL ( 1892): 3 RIL requests in the queue (1 pending, 1 handled, 1 unhandled)
D/RIL ( 1892): 1 RIL request data in the queue
D/RIL ( 1892): 2 RIL requests in the queue (0 pending, 1 handled, 1 unhandled)
D/RIL ( 1892): 3 RIL requests in the queue (1 pending, 1 handled, 1 unhandled)
D/RIL-IPC ( 1892):
D/RIL-IPC ( 1892): xmm626_sec_modem_fmt_send: Sent FMT message
D/RIL-IPC ( 1892): xmm626_sec_modem_fmt_send: Message: mseq=0x06, command=IPC_NET_PLMN_SEL, type=IPC_TYPE_GET, size=0
D/RIL-IPC ( 1892):
D/RILJ ( 2598): [0053]< GET_IMEI
D/RIL-IPC ( 1892): xmm626_sec_modem_fmt_recv: Received FMT message
D/RIL-IPC ( 1892): xmm626_sec_modem_fmt_recv: Message: aseq=0x06, command=IPC_NET_PLMN_SEL, type=IPC_TYPE_RESP, size=1
D/RIL-IPC ( 1892): ================================= IPC FMT data =================================
D/RIL-IPC ( 1892): [0000] 02 .
D/RIL-IPC ( 1892): ================================================================================
D/RIL ( 1892): 2 RIL requests in the queue (0 pending, 1 handled, 1 unhandled)
D/RILJ ( 2598): [0054]< GET_IMEISV
D/RILJ ( 2598): [0057]< OPERATOR error: com.android.internal.telephony.CommandException: GENERIC_FAILURE
D/RILJ ( 2598): [0058]< DATA_REGISTRATION_STATE {0, 0, 0, 0, 3}
D/RILJ ( 2598): [0059]< VOICE_REGISTRATION_STATE {0, 0, 0, 0, null, null, null, null, null, null, null, null, null, null, null}
D/RILJ ( 2598): [0060]< QUERY_NETWORK_SELECTION_MODE {0}
D/RILJ ( 2598): [0062]> GET_CURRENT_CALLS
D/RIL ( 1892): 3 RIL requests in the queue (1 pending, 1 handled, 1 unhandled)
D/RILJ ( 2598): [0063]> RIL_REQUEST_VOICE_RADIO_TECH
D/RIL ( 1892): 4 RIL requests in the queue (1 pending, 1 handled, 2 unhandled)
D/RIL-IPC ( 1892):
D/RIL-IPC ( 1892): xmm626_sec_modem_fmt_send: Sent FMT message
D/RIL-IPC ( 1892): xmm626_sec_modem_fmt_send: Message: mseq=0x07, command=IPC_CALL_LIST, type=IPC_TYPE_GET, size=0
D/RILJ ( 2598): [0064]> RIL_REQUEST_CDMA_GET_SUBSCRIPTION_SOURCE
D/RIL-IPC ( 1892):
D/RIL-IPC ( 1892): xmm626_sec_modem_fmt_recv: Received FMT message
D/RIL-IPC ( 1892): xmm626_sec_modem_fmt_recv: Message: aseq=0x07, command=IPC_CALL_LIST, type=IPC_TYPE_RESP, size=1
D/RIL-IPC ( 1892): ================================= IPC FMT data =================================
D/RIL-IPC ( 1892): [0000] 00 .
D/RIL-IPC ( 1892): ================================================================================
D/RIL ( 1892): 3 RIL requests in the queue (0 pending, 1 handled, 2 unhandled)
D/RILJ ( 2598): [0063]< RIL_REQUEST_VOICE_RADIO_TECH {3}
D/RILJ ( 2598): [0062]< GET_CURRENT_CALLS
D/RILJ ( 2598): [0064]< RIL_REQUEST_CDMA_GET_SUBSCRIPTION_SOURCE {0}
D/RILJ ( 2598): [0065]> OPERATOR
D/RIL ( 1892): 4 RIL requests in the queue (1 pending, 1 handled, 2 unhandled)
D/RIL-IPC ( 1892):
D/RIL-IPC ( 1892): xmm626_sec_modem_fmt_send: Sent FMT message
D/RIL-IPC ( 1892): xmm626_sec_modem_fmt_send: Message: mseq=0x08, command=IPC_NET_SERVING_NETWORK, type=IPC_TYPE_GET, size=0
D/RILJ ( 2598): [0066]> DATA_REGISTRATION_STATE
D/RIL-IPC ( 1892):
D/RIL-IPC ( 1892): xmm626_sec_modem_fmt_recv: Received FMT message
D/RIL-IPC ( 1892): xmm626_sec_modem_fmt_recv: Message: aseq=0x08, command=IPC_NET_SERVING_NETWORK, type=IPC_TYPE_RESP, size=11
D/RIL-IPC ( 1892): ================================= IPC FMT data =================================
D/RIL-IPC ( 1892): [0000] 02 05 FF 30 30 30 30 30 23 00 00 ...00000 #..
D/RIL-IPC ( 1892): ================================================================================
E/RIL ( 1892): ipc2ril_net_operator: Finding operator with PLMN 00 failed
D/RIL ( 1892): 3 RIL requests in the queue (0 pending, 1 handled, 2 unhandled)
D/RIL ( 1892): 4 RIL requests in the queue (1 pending, 1 handled, 2 unhandled)
D/RIL-IPC ( 1892):
D/RIL-IPC ( 1892): xmm626_sec_modem_fmt_send: Sent FMT message
D/RIL-IPC ( 1892): xmm626_sec_modem_fmt_send: Message: mseq=0x09, command=IPC_NET_REGIST, type=IPC_TYPE_GET, size=2
D/RIL-IPC ( 1892): ================================= IPC FMT data =================================
D/RIL-IPC ( 1892): [0000] FF 03 ..
D/RIL-IPC ( 1892): ================================================================================
D/RILJ ( 2598): [0065]< OPERATOR error: com.android.internal.telephony.CommandException: GENERIC_FAILURE
D/RILJ ( 2598): [0067]> VOICE_REGISTRATION_STATE
D/RIL-IPC ( 1892):
D/RIL-IPC ( 1892): xmm626_sec_modem_fmt_recv: Received FMT message
D/RIL-IPC ( 1892): xmm626_sec_modem_fmt_recv: Message: aseq=0x09, command=IPC_NET_REGIST, type=IPC_TYPE_RESP, size=11
D/RIL-IPC ( 1892): ================================= IPC FMT data =================================
D/RIL-IPC ( 1892): [0000] FF 03 01 00 00 00 00 00 00 00 00 ........ ...
D/RIL-IPC ( 1892): ================================================================================
D/RIL ( 1892): 3 RIL requests in the queue (0 pending, 1 handled, 2 unhandled)
D/RILJ ( 2598): [0066]< DATA_REGISTRATION_STATE {0, 0, 0, 0, 3}
D/RIL ( 1892): 4 RIL requests in the queue (1 pending, 1 handled, 2 unhandled)
D/RIL-IPC ( 1892):
D/RIL-IPC ( 1892): xmm626_sec_modem_fmt_send: Sent FMT message
D/RIL-IPC ( 1892): xmm626_sec_modem_fmt_send: Message: mseq=0x0a, command=IPC_NET_REGIST, type=IPC_TYPE_GET, size=2
D/RIL-IPC ( 1892): ================================= IPC FMT data =================================
D/RIL-IPC ( 1892): [0000] FF 02 ..
D/RIL-IPC ( 1892): ================================================================================
D/RILJ ( 2598): [0068]> QUERY_NETWORK_SELECTION_MODE
D/RIL-IPC ( 1892):
D/RIL-IPC ( 1892): xmm626_sec_modem_fmt_recv: Received FMT message
D/RIL-IPC ( 1892): xmm626_sec_modem_fmt_recv: Message: aseq=0x0a, command=IPC_NET_REGIST, type=IPC_TYPE_RESP, size=11
D/RIL-IPC ( 1892): ================================= IPC FMT data =================================
D/RIL-IPC ( 1892): [0000] FF 02 01 00 00 00 00 00 00 00 00 ........ ...
D/RIL-IPC ( 1892): ================================================================================
D/RIL ( 1892): 3 RIL requests in the queue (0 pending, 1 handled, 2 unhandled)
D/RILJ ( 2598): [0067]< VOICE_REGISTRATION_STATE {0, 0, 0, 0, null, null, null, null, null, null, null, null, null, null, null}
D/RIL ( 1892): 4 RIL requests in the queue (1 pending, 1 handled, 2 unhandled)
D/RIL-IPC ( 1892):
D/RIL-IPC ( 1892): xmm626_sec_modem_fmt_send: Sent FMT message
D/RIL-IPC ( 1892): xmm626_sec_modem_fmt_send: Message: mseq=0x0b, command=IPC_NET_PLMN_SEL, type=IPC_TYPE_GET, size=0
D/RILJ ( 2598): [0069]> OPERATOR
D/RIL-IPC ( 1892):
D/RIL-IPC ( 1892): xmm626_sec_modem_fmt_recv: Received FMT message
D/RIL-IPC ( 1892): xmm626_sec_modem_fmt_recv: Message: aseq=0x0b, command=IPC_NET_PLMN_SEL, type=IPC_TYPE_RESP, size=1
D/RIL-IPC ( 1892): ================================= IPC FMT data =================================
D/RIL-IPC ( 1892): [0000] 02 .
D/RIL-IPC ( 1892): ================================================================================
D/RIL ( 1892): 3 RIL requests in the queue (0 pending, 1 handled, 2 unhandled)
D/RILJ ( 2598): [0068]< QUERY_NETWORK_SELECTION_MODE {0}
D/RIL ( 1892): 4 RIL requests in the queue (1 pending, 1 handled, 2 unhandled)
D/RIL-IPC ( 1892):
D/RIL-IPC ( 1892): xmm626_sec_modem_fmt_send: Sent FMT message
D/RIL-IPC ( 1892): xmm626_sec_modem_fmt_send: Message: mseq=0x0c, command=IPC_NET_SERVING_NETWORK, type=IPC_TYPE_GET, size=0
D/RILJ ( 2598): [0070]> DATA_REGISTRATION_STATE
D/RIL-IPC ( 1892):
D/RIL-IPC ( 1892): xmm626_sec_modem_fmt_recv: Received FMT message
D/RIL-IPC ( 1892): xmm626_sec_modem_fmt_recv: Message: aseq=0x0c, command=IPC_NET_SERVING_NETWORK, type=IPC_TYPE_RESP, size=11
D/RIL-IPC ( 1892): ================================= IPC FMT data =================================
D/RIL-IPC ( 1892): [0000] 02 05 FF 30 30 30 30 30 23 00 00 ...00000 #..
D/RIL-IPC ( 1892): ================================================================================
E/RIL ( 1892): ipc2ril_net_operator: Finding operator with PLMN 00 failed
D/RIL ( 1892): 3 RIL requests in the queue (0 pending, 1 handled, 2 unhandled)
D/RILJ ( 2598): [0069]< OPERATOR error: com.android.internal.telephony.CommandException: GENERIC_FAILURE
D/RIL ( 1892): 4 RIL requests in the queue (1 pending, 1 handled, 2 unhandled)
D/RIL-IPC ( 1892):
D/RIL-IPC ( 1892): xmm626_sec_modem_fmt_send: Sent FMT message
D/RIL-IPC ( 1892): xmm626_sec_modem_fmt_send: Message: mseq=0x0d, command=IPC_NET_REGIST, type=IPC_TYPE_GET, size=2
D/RIL-IPC ( 1892): ================================= IPC FMT data =================================
D/RIL-IPC ( 1892): [0000] FF 03 ..
D/RIL-IPC ( 1892): ================================================================================
D/RILJ ( 2598): [0071]> VOICE_REGISTRATION_STATE
D/RIL-IPC ( 1892):
D/RIL-IPC ( 1892): xmm626_sec_modem_fmt_recv: Received FMT message
D/RIL-IPC ( 1892): xmm626_sec_modem_fmt_recv: Message: aseq=0x0d, command=IPC_NET_REGIST, type=IPC_TYPE_RESP, size=11
D/RIL-IPC ( 1892): ================================= IPC FMT data =================================
D/RIL-IPC ( 1892): [0000] FF 03 01 00 00 00 00 00 00 00 00 ........ ...
D/RIL-IPC ( 1892): ================================================================================
D/RIL ( 1892): 3 RIL requests in the queue (0 pending, 1 handled, 2 unhandled)
D/RILJ ( 2598): [0070]< DATA_REGISTRATION_STATE {0, 0, 0, 0, 3}
D/RIL ( 1892): 4 RIL requests in the queue (1 pending, 1 handled, 2 unhandled)
D/RIL-IPC ( 1892):
D/RIL-IPC ( 1892): xmm626_sec_modem_fmt_send: Sent FMT message
D/RIL-IPC ( 1892): xmm626_sec_modem_fmt_send: Message: mseq=0x0e, command=IPC_NET_REGIST, type=IPC_TYPE_GET, size=2
D/RIL-IPC ( 1892): ================================= IPC FMT data =================================
D/RIL-IPC ( 1892): [0000] FF 02 ..
D/RIL-IPC ( 1892): ================================================================================
D/RILJ ( 2598): [0072]> QUERY_NETWORK_SELECTION_MODE
D/RIL-IPC ( 1892):
D/RIL-IPC ( 1892): xmm626_sec_modem_fmt_recv: Received FMT message
D/RIL-IPC ( 1892): xmm626_sec_modem_fmt_recv: Message: aseq=0x0e, command=IPC_NET_REGIST, type=IPC_TYPE_RESP, size=11
D/RIL-IPC ( 1892): ================================= IPC FMT data =================================
D/RIL-IPC ( 1892): [0000] FF 02 01 00 00 00 00 00 00 00 00 ........ ...
D/RIL-IPC ( 1892): ================================================================================
D/RIL ( 1892): 3 RIL requests in the queue (0 pending, 1 handled, 2 unhandled)
D/RILJ ( 2598): [0071]< VOICE_REGISTRATION_STATE {0, 0, 0, 0, null, null, null, null, null, null, null, null, null, null, null}
D/RIL ( 1892): 4 RIL requests in the queue (1 pending, 1 handled, 2 unhandled)
D/RIL-IPC ( 1892):
D/RIL-IPC ( 1892): xmm626_sec_modem_fmt_send: Sent FMT message
D/RIL-IPC ( 1892): xmm626_sec_modem_fmt_send: Message: mseq=0x0f, command=IPC_NET_PLMN_SEL, type=IPC_TYPE_GET, size=0
D/RIL-IPC ( 1892):
D/RIL-IPC ( 1892): xmm626_sec_modem_fmt_recv: Received FMT message
D/RIL-IPC ( 1892): xmm626_sec_modem_fmt_recv: Message: aseq=0x0f, command=IPC_NET_PLMN_SEL, type=IPC_TYPE_RESP, size=1
D/RIL-IPC ( 1892): ================================= IPC FMT data =================================
D/RIL-IPC ( 1892): [0000] 02 .
D/RIL-IPC ( 1892): ================================================================================
D/RIL ( 1892): 3 RIL requests in the queue (0 pending, 1 handled, 2 unhandled)
D/RILJ ( 2598): [0072]< QUERY_NETWORK_SELECTION_MODE {0}
D/RILJ ( 2598): [0073]> OPERATOR
D/RIL ( 1892): 4 RIL requests in the queue (1 pending, 1 handled, 2 unhandled)
D/RIL-IPC ( 1892):
D/RIL-IPC ( 1892): xmm626_sec_modem_fmt_send: Sent FMT message
D/RIL-IPC ( 1892): xmm626_sec_modem_fmt_send: Message: mseq=0x10, command=IPC_NET_SERVING_NETWORK, type=IPC_TYPE_GET, size=0
D/RILJ ( 2598): [0074]> DATA_REGISTRATION_STATE
D/RIL-IPC ( 1892):
D/RIL-IPC ( 1892): xmm626_sec_modem_fmt_recv: Received FMT message
D/RIL-IPC ( 1892): xmm626_sec_modem_fmt_recv: Message: aseq=0x10, command=IPC_NET_SERVING_NETWORK, type=IPC_TYPE_RESP, size=11
D/RIL-IPC ( 1892): ================================= IPC FMT data =================================
D/RIL-IPC ( 1892): [0000] 02 05 FF 30 30 30 30 30 23 00 00 ...00000 #..
D/RIL-IPC ( 1892): ================================================================================
E/RIL ( 1892): ipc2ril_net_operator: Finding operator with PLMN 00 failed
D/RIL ( 1892): 3 RIL requests in the queue (0 pending, 1 handled, 2 unhandled)
D/RILJ ( 2598): [0073]< OPERATOR error: com.android.internal.telephony.CommandException: GENERIC_FAILURE
D/RIL ( 1892): 4 RIL requests in the queue (1 pending, 1 handled, 2 unhandled)
D/RIL-IPC ( 1892):
D/RIL-IPC ( 1892): xmm626_sec_modem_fmt_send: Sent FMT message
D/RIL-IPC ( 1892): xmm626_sec_modem_fmt_send: Message: mseq=0x11, command=IPC_NET_REGIST, type=IPC_TYPE_GET, size=2
D/RIL-IPC ( 1892): ================================= IPC FMT data =================================
D/RIL-IPC ( 1892): [0000] FF 03 ..
D/RIL-IPC ( 1892): ================================================================================
D/RILJ ( 2598): [0075]> VOICE_REGISTRATION_STATE
D/RIL-IPC ( 1892):
D/RIL-IPC ( 1892): xmm626_sec_modem_fmt_recv: Received FMT message
D/RIL-IPC ( 1892): xmm626_sec_modem_fmt_recv: Message: aseq=0x11, command=IPC_NET_REGIST, type=IPC_TYPE_RESP, size=11
D/RIL-IPC ( 1892): ================================= IPC FMT data =================================
D/RIL-IPC ( 1892): [0000] FF 03 01 00 00 00 00 00 00 00 00 ........ ...
D/RIL-IPC ( 1892): ================================================================================
D/RIL ( 1892): 3 RIL requests in the queue (0 pending, 1 handled, 2 unhandled)
D/RIL ( 1892): 4 RIL requests in the queue (1 pending, 1 handled, 2 unhandled)
D/RIL-IPC ( 1892):
D/RIL-IPC ( 1892): xmm626_sec_modem_fmt_send: Sent FMT message
D/RIL-IPC ( 1892): xmm626_sec_modem_fmt_send: Message: mseq=0x12, command=IPC_NET_REGIST, type=IPC_TYPE_GET, size=2
D/RIL-IPC ( 1892): ================================= IPC FMT data =================================
D/RIL-IPC ( 1892): [0000] FF 02 ..
D/RIL-IPC ( 1892): ================================================================================
D/RILJ ( 2598): [0074]< DATA_REGISTRATION_STATE {0, 0, 0, 0, 3}
D/RILJ ( 2598): [0076]> QUERY_NETWORK_SELECTION_MODE
D/RIL-IPC ( 1892):
D/RIL-IPC ( 1892): xmm626_sec_modem_fmt_recv: Received FMT message
D/RIL-IPC ( 1892): xmm626_sec_modem_fmt_recv: Message: aseq=0x12, command=IPC_NET_REGIST, type=IPC_TYPE_RESP, size=11
D/RIL-IPC ( 1892): ================================= IPC FMT data =================================
D/RIL-IPC ( 1892): [0000] FF 02 01 00 00 00 00 00 00 00 00 ........ ...
D/RIL-IPC ( 1892): ================================================================================
D/RIL ( 1892): 3 RIL requests in the queue (0 pending, 1 handled, 2 unhandled)
D/RIL ( 1892): 4 RIL requests in the queue (1 pending, 1 handled, 2 unhandled)
D/RIL-IPC ( 1892):
D/RIL-IPC ( 1892): xmm626_sec_modem_fmt_send: Sent FMT message
D/RIL-IPC ( 1892): xmm626_sec_modem_fmt_send: Message: mseq=0x13, command=IPC_NET_PLMN_SEL, type=IPC_TYPE_GET, size=0
D/RILJ ( 2598): [0075]< VOICE_REGISTRATION_STATE {0, 0, 0, 0, null, null, null, null, null, null, null, null, null, null, null}
D/RIL-IPC ( 1892):
D/RIL-IPC ( 1892): xmm626_sec_modem_fmt_recv: Received FMT message
D/RIL-IPC ( 1892): xmm626_sec_modem_fmt_recv: Message: aseq=0x13, command=IPC_NET_PLMN_SEL, type=IPC_TYPE_RESP, size=1
D/RIL-IPC ( 1892): ================================= IPC FMT data =================================
D/RIL-IPC ( 1892): [0000] 02 .
D/RIL-IPC ( 1892): ================================================================================
D/GSM ( 2598): Baseband version: I9300BUUGNF1
D/RIL ( 1892): 3 RIL requests in the queue (0 pending, 1 handled, 2 unhandled)
D/RILJ ( 2598): [0076]< QUERY_NETWORK_SELECTION_MODE {0}
D/PHONE ( 2598): [PhoneProxy] Ignoring voice radio technology changed message. newVoiceRadioTech = 3 Active Phone = GSM
D/CDMA ( 2598): [CdmaSSM] CDMA_SUBSCRIPTION_SOURCE event = 2
E/GSM ( 2598): [GsmSST] RIL implementation has returned an error where it must succeedcom.android.internal.telephony.CommandException: GENERIC_FAILURE
D/GSM ( 2598): [GsmSST] Poll ServiceState done: oldSS=[3 home null null null Unknown CSS not supported -1 -1 RoamInd=-1 DefRoamInd=-1 EmergOnly=false] newSS=[1 home null null null Unknown CSS not supported -1 -1 RoamInd=-1 DefRoamInd=-1 EmergOnly=false] oldGprs=1 newData=1 oldMaxDataCalls=1 mNewMaxDataCalls=1 oldReasonDataDenied=-1 mNewReasonDataDenied=-1 oldType=Unknown newType=Unknown
D/GSM ( 2598): [GsmSST] updateSpnDisplay: radio is on but out of service, set plmn='No service.'
D/GSM ( 2598): [GsmSST] updateSpnDisplay: changed sending intent rule=0 showPlmn='true' plmn='No service.' showSpn='false' spn=''
D/RIL-IPC ( 1892): Reading RFS data failed
E/RIL-IPC ( 1892): Receiving from IPC RFS client failed
E/RIL ( 1892): IPC RFS client loop failed
D/GSM ( 2598): [GsmSST] operatorNumeric is null
D/RIL ( 1892): Closed IPC RFS client
D/RIL ( 1892): Opened IPC RFS client
D/GSM ( 2598): [GsmDCT] onReceive: action=android.intent.action.SCREEN_ON
D/GSM ( 2598): [GsmDCT] stopNetStatPoll
D/GSM ( 2598): [GsmDCT] overall state is IDLE
D/RILJ ( 2598): [0077]> SCREEN_STATE: true
D/RIL ( 1892): 4 RIL requests in the queue (1 pending, 1 handled, 2 unhandled)
D/RIL ( 1892): 3 RIL requests in the queue (0 pending, 1 handled, 2 unhandled)
D/RILJ ( 2598): [UNSL]< UNSOL_RESPONSE_VOICE_NETWORK_STATE_CHANGED
D/RILJ ( 2598): [0077]< SCREEN_STATE
D/RILJ ( 2598): [0078]> OPERATOR
D/RILJ ( 2598): [0079]> DATA_REGISTRATION_STATE
D/RIL ( 1892): 4 RIL requests in the queue (1 pending, 1 handled, 2 unhandled)
D/RIL-IPC ( 1892):
D/RIL-IPC ( 1892): xmm626_sec_modem_fmt_send: Sent FMT message
D/RIL-IPC ( 1892): xmm626_sec_modem_fmt_send: Message: mseq=0x14, command=IPC_NET_SERVING_NETWORK, type=IPC_TYPE_GET, size=0
D/RIL ( 1892): 5 RIL requests in the queue (1 pending, 2 handled, 2 unhandled)
D/RIL-IPC ( 1892):
D/RIL-IPC ( 1892): xmm626_sec_modem_fmt_send: Sent FMT message
D/RIL-IPC ( 1892): xmm626_sec_modem_fmt_send: Message: mseq=0x15, command=IPC_NET_REGIST, type=IPC_TYPE_GET, size=2
D/RIL-IPC ( 1892): ================================= IPC FMT data =================================
D/RIL-IPC ( 1892): [0000] FF 03 ..
D/RIL-IPC ( 1892): ================================================================================
D/RILJ ( 2598): [0080]> VOICE_REGISTRATION_STATE
D/RILJ ( 2598): [0081]> QUERY_NETWORK_SELECTION_MODE
D/RIL ( 1892): 6 RIL requests in the queue (1 pending, 3 handled, 2 unhandled)
D/RIL-IPC ( 1892):
D/RIL-IPC ( 1892): xmm626_sec_modem_fmt_send: Sent FMT message
D/RIL-IPC ( 1892): xmm626_sec_modem_fmt_send: Message: mseq=0x16, command=IPC_NET_REGIST, type=IPC_TYPE_GET, size=2
D/RIL-IPC ( 1892): ================================= IPC FMT data =================================
D/RIL-IPC ( 1892): [0000] FF 02 ..
D/RIL-IPC ( 1892): ================================================================================
D/RIL ( 1892): 7 RIL requests in the queue (1 pending, 4 handled, 2 unhandled)
D/RIL-IPC ( 1892):
D/RIL-IPC ( 1892): xmm626_sec_modem_fmt_send: Sent FMT message
D/RIL-IPC ( 1892): xmm626_sec_modem_fmt_send: Message: mseq=0x17, command=IPC_NET_PLMN_SEL, type=IPC_TYPE_GET, size=0
D/GSM ( 2598): [GsmDCT] onReceive: action=android.intent.action.SCREEN_OFF
D/GSM ( 2598): [GsmDCT] stopNetStatPoll
D/GSM ( 2598): [GsmDCT] overall state is IDLE
D/RILJ ( 2598): [0082]> SCREEN_STATE: false
D/RIL ( 1892): 8 RIL requests in the queue (1 pending, 5 handled, 2 unhandled)
D/RIL ( 1892): 7 RIL requests in the queue (0 pending, 5 handled, 2 unhandled)
D/RILJ ( 2598): [0082]< SCREEN_STATE
E/RIL-IPC ( 1892): Polling IPC FMT client failed
D/RIL ( 1892): Updating RIL radio state to 1
D/RIL ( 1892): 6 RIL requests in the queue (0 pending, 4 handled, 2 unhandled)
D/RIL ( 1892): 5 RIL requests in the queue (0 pending, 4 handled, 1 unhandled)
D/RIL ( 1892): 4 RIL requests in the queue (0 pending, 4 handled, 0 unhandled)
D/RIL ( 1892): 3 RIL requests in the queue (0 pending, 3 handled, 0 unhandled)
D/RIL ( 1892): 2 RIL requests in the queue (0 pending, 2 handled, 0 unhandled)
D/RIL ( 1892): 1 RIL request in the queue (0 pending, 1 handled, 0 unhandled)
D/RIL ( 1892): 0 RIL request in the queue (0 pending, 0 handled, 0 unhandled)
D/RIL ( 1892): 0 RIL request in the queue (0 pending, 0 handled, 0 unhandled)
E/RIL ( 1892): IPC FMT client loop failed
D/RILJ ( 2598): [UNSL]< UNSOL_RESPONSE_RADIO_STATE_CHANGED RADIO_UNAVAILABLE
D/RILB ( 2598): Notifying: radio not available
D/RILB ( 2598): Notifying: radio off or not available
D/RILJ ( 2598): [0048]< GET_SIM_STATUS error: com.android.internal.telephony.CommandException: RADIO_NOT_AVAILABLE
D/RILJ ( 2598): [0056]< GET_SIM_STATUS error: com.android.internal.telephony.CommandException: RADIO_NOT_AVAILABLE
D/GSM ( 2598): [GsmSST] Poll ServiceState done: oldSS=[1 home null null null Unknown CSS not supported -1 -1 RoamInd=-1 DefRoamInd=-1 EmergOnly=false] newSS=[1 home null null null Unknown CSS not supported -1 -1 RoamInd=-1 DefRoamInd=-1 EmergOnly=false] oldGprs=1 newData=1 oldMaxDataCalls=1 mNewMaxDataCalls=1 oldReasonDataDenied=-1 mNewReasonDataDenied=-1 oldType=Unknown newType=Unknown
D/RILJ ( 2598): [0083]> GET_CURRENT_CALLS
D/RILJ ( 2598): [0061]< GET_SIM_STATUS error: com.android.internal.telephony.CommandException: RADIO_NOT_AVAILABLE
D/GSM ( 2598): [GsmDCT] handleMessage msg={ what=270342 when=-1ms obj=android.os.AsyncResult@41cb1bb8 }
D/RILJ ( 2598): [0078]< OPERATOR error: com.android.internal.telephony.CommandException: RADIO_NOT_AVAILABLE
D/RILJ ( 2598): [0079]< DATA_REGISTRATION_STATE error: com.android.internal.telephony.CommandException: RADIO_NOT_AVAILABLE
D/RIL ( 1892): 1 RIL request in the queue (1 pending, 0 handled, 0 unhandled)
D/GSM ( 2598): [ApnContext:dun] setRetryCount: 0
D/RILJ ( 2598): [0080]< VOICE_REGISTRATION_STATE error: com.android.internal.telephony.CommandException: RADIO_NOT_AVAILABLE
D/RILJ ( 2598): [0081]< QUERY_NETWORK_SELECTION_MODE error: com.android.internal.telephony.CommandException: RADIO_NOT_AVAILABLE
D/RILJ ( 2598): [UNSL]< UNSOL_RESPONSE_CALL_STATE_CHANGED
D/GSM ( 2598): [ApnContext:supl] setRetryCount: 0
D/GSM ( 2598): [ApnContext:hipri] setRetryCount: 0
D/GSM ( 2598): [ApnContext:default] setRetryCount: 0
D/GSM ( 2598): [ApnContext:mms] setRetryCount: 0
D/GSM ( 2598): [GsmDCT] onRadioOffOrNotAvailable: is off and clean up all connections
D/GSM ( 2598): [GsmDCT] cleanUpAllConnections: tearDown=false reason=radioTurnedOff
D/GSM ( 2598): [ApnContext:dun] set reason as radioTurnedOff,current state IDLE
D/GSM ( 2598): [GsmDCT] cleanUpConnection: E tearDown=false reason=radioTurnedOff apnContext={mApnType=dun mState=IDLE mWaitingApns=null mWaitingApnsPermanentFailureCountDown=0 mApnSetting=null mDataConnectionAc=null mReason=radioTurnedOff mRetryCount=0 mDataEnabled=false mDependencyMet=true}
D/GSM ( 2598): [ApnContext:dun] setState: IDLE, previous state:IDLE
D/GSM ( 2598): [GsmDCT] isDataAllowed: not allowed due to - gprs= 1 - SIM not loaded
D/GSM ( 2598): [GsmDCT] isDataPossible(dun): possible=false isDataAllowed=false apnTypePossible=true apnContextisEnabled=false apnContextState()=IDLE
D/GSM ( 2598): [GsmDCT] get active apn string for type:dun
D/RILJ ( 2598): [UNSL]< UNSOL_RESPONSE_VOICE_NETWORK_STATE_CHANGED
D/RILJ ( 2598): responseDataCallList ver=7 num=0
D/RILJ ( 2598): [UNSL]< UNSOL_DATA_CALL_LIST_CHANGED []
D/RILJ ( 2598): [UNSL]< UNSOL_RESPONSE_SIM_STATUS_CHANGED
D/GSM ( 2598): [ApnContext:dun] setDataConnection: old dc=null new dc=null this={mApnType=dun mState=IDLE mWaitingApns=null mWaitingApnsPermanentFailureCountDown=0 mApnSetting=null mDataConnectionAc=null mReason=radioTurnedOff mRetryCount=0 mDataEnabled=false mDependencyMet=true}
D/GSM ( 2598): [ApnContext:dun] setDataConnectionAc: old dcac=null new dcac=null
D/GSM ( 2598): [GsmDCT] cleanUpConnection: X tearDown=false reason=radioTurnedOff apnContext={mApnType=dun mState=IDLE mWaitingApns=null mWaitingApnsPermanentFailureCountDown=0 mApnSetting=null mDataConnectionAc=null mReason=radioTurnedOff mRetryCount=0 mDataEnabled=false mDependencyMet=true} dc=null
D/GSM ( 2598): [ApnContext:supl] set reason as radioTurnedOff,current state IDLE
D/GSM ( 2598): [GsmDCT] cleanUpConnection: E tearDown=false reason=radioTurnedOff apnContext={mApnType=supl mState=IDLE mWaitingApns=null mWaitingApnsPermanentFailureCountDown=0 mApnSetting=null mDataConnectionAc=null mReason=radioTurnedOff mRetryCount=0 mDataEnabled=false mDependencyMet=true}
D/GSM ( 2598): [ApnContext:supl] setState: IDLE, previous state:IDLE
D/GSM ( 2598): [GsmDCT] isDataAllowed: not allowed due to - gprs= 1 - SIM not loaded
D/GSM ( 2598): [GsmDCT] isDataPossible(supl): possible=false isDataAllowed=false apnTypePossible=true apnContextisEnabled=false apnContextState()=IDLE
D/GSM ( 2598): [GsmDCT] get active apn string for type:supl
D/GSM ( 2598): [ApnContext:supl] setDataConnection: old dc=null new dc=null this={mApnType=supl mState=IDLE mWaitingApns=null mWaitingApnsPermanentFailureCountDown=0 mApnSetting=null mDataConnectionAc=null mReason=radioTurnedOff mRetryCount=0 mDataEnabled=false mDependencyMet=true}
D/GSM ( 2598): [ApnContext:supl] setDataConnectionAc: old dcac=null new dcac=null
D/GSM ( 2598): [GsmDCT] cleanUpConnection: X tearDown=false reason=radioTurnedOff apnContext={mApnType=supl mState=IDLE mWaitingApns=null mWaitingApnsPermanentFailureCountDown=0 mApnSetting=null mDataConnectionAc=null mReason=radioTurnedOff mRetryCount=0 mDataEnabled=false mDependencyMet=true} dc=null
D/GSM ( 2598): [ApnContext:hipri] set reason as radioTurnedOff,current state IDLE
D/GSM ( 2598): [GsmDCT] cleanUpConnection: E tearDown=false reason=radioTurnedOff apnContext={mApnType=hipri mState=IDLE mWaitingApns=null mWaitingApnsPermanentFailureCountDown=0 mApnSetting=null mDataConnectionAc=null mReason=radioTurnedOff mRetryCount=0 mDataEnabled=false mDependencyMet=true}
D/GSM ( 2598): [ApnContext:hipri] setState: IDLE, previous state:IDLE
D/GSM ( 2598): [GsmDCT] isDataAllowed: not allowed due to - gprs= 1 - SIM not loaded
D/GSM ( 2598): [GsmDCT] isDataPossible(hipri): possible=false isDataAllowed=false apnTypePossible=true apnContextisEnabled=false apnContextState()=IDLE
D/GSM ( 2598): [GsmDCT] get active apn string for type:hipri
D/GSM ( 2598): [ApnContext:hipri] setDataConnection: old dc=null new dc=null this={mApnType=hipri mState=IDLE mWaitingApns=null mWaitingApnsPermanentFailureCountDown=0 mApnSetting=null mDataConnectionAc=null mReason=radioTurnedOff mRetryCount=0 mDataEnabled=false mDependencyMet=true}
D/GSM ( 2598): [ApnContext:hipri] setDataConnectionAc: old dcac=null new dcac=null
D/GSM ( 2598): [GsmDCT] cleanUpConnection: X tearDown=false reason=radioTurnedOff apnContext={mApnType=hipri mState=IDLE mWaitingApns=null mWaitingApnsPermanentFailureCountDown=0 mApnSetting=null mDataConnectionAc=null mReason=radioTurnedOff mRetryCount=0 mDataEnabled=false mDependencyMet=true} dc=null
D/GSM ( 2598): [ApnContext:default] set reason as radioTurnedOff,current state IDLE
D/GSM ( 2598): [GsmDCT] cleanUpConnection: E tearDown=false reason=radioTurnedOff apnContext={mApnType=default mState=IDLE mWaitingApns=null mWaitingApnsPermanentFailureCountDown=0 mApnSetting=null mDataConnectionAc=null mReason=radioTurnedOff mRetryCount=0 mDataEnabled=true mDependencyMet=true}
D/GSM ( 2598): [ApnContext:default] setState: IDLE, previous state:IDLE
D/GSM ( 2598): [GsmDCT] isDataAllowed: not allowed due to - gprs= 1 - SIM not loaded
D/GSM ( 2598): [GsmDCT] isDataPossible(default): possible=false isDataAllowed=false apnTypePossible=true apnContextisEnabled=true apnContextState()=IDLE
D/GSM ( 2598): [GsmDCT] get active apn string for type:default
D/GSM ( 2598): [ApnContext:default] setDataConnection: old dc=null new dc=null this={mApnType=default mState=IDLE mWaitingApns=null mWaitingApnsPermanentFailureCountDown=0 mApnSetting=null mDataConnectionAc=null mReason=radioTurnedOff mRetryCount=0 mDataEnabled=true mDependencyMet=true}
D/GSM ( 2598): [ApnContext:default] setDataConnectionAc: old dcac=null new dcac=null
D/GSM ( 2598): [GsmDCT] cleanUpConnection: X tearDown=false reason=radioTurnedOff apnContext={mApnType=default mState=IDLE mWaitingApns=null mWaitingApnsPermanentFailureCountDown=0 mApnSetting=null mDataConnectionAc=null mReason=radioTurnedOff mRetryCount=0 mDataEnabled=true mDependencyMet=true} dc=null
D/GSM ( 2598): [ApnContext:mms] set reason as radioTurnedOff,current state IDLE
D/GSM ( 2598): [GsmDCT] cleanUpConnection: E tearDown=false reason=radioTurnedOff apnContext={mApnType=mms mState=IDLE mWaitingApns=null mWaitingApnsPermanentFailureCountDown=0 mApnSetting=null mDataConnectionAc=null mReason=radioTurnedOff mRetryCount=0 mDataEnabled=false mDependencyMet=true}
D/GSM ( 2598): [ApnContext:mms] setState: IDLE, previous state:IDLE
D/GSM ( 2598): [GsmDCT] isDataAllowed: not allowed due to - gprs= 1 - SIM not loaded
D/GSM ( 2598): [GsmDCT] isDataPossible(mms): possible=false isDataAllowed=false apnTypePossible=true apnContextisEnabled=false apnContextState()=IDLE
D/GSM ( 2598): [GsmDCT] get active apn string for type:mms
D/GSM ( 2598): [ApnContext:mms] setDataConnection: old dc=null new dc=null this={mApnType=mms mState=IDLE mWaitingApns=null mWaitingApnsPermanentFailureCountDown=0 mApnSetting=null mDataConnectionAc=null mReason=radioTurnedOff mRetryCount=0 mDataEnabled=false mDependencyMet=true}
D/GSM ( 2598): [ApnContext:mms] setDataConnectionAc: old dcac=null new dcac=null
D/GSM ( 2598): [GsmDCT] cleanUpConnection: X tearDown=false reason=radioTurnedOff apnContext={mApnType=mms mState=IDLE mWaitingApns=null mWaitingApnsPermanentFailureCountDown=0 mApnSetting=null mDataConnectionAc=null mReason=radioTurnedOff mRetryCount=0 mDataEnabled=false mDependencyMet=true} dc=null
D/GSM ( 2598): [GsmDCT] stopNetStatPoll
D/GSM ( 2598): [GsmDCT] notifyOffApnOfAvailability type:dun
D/GSM ( 2598): [GsmDCT] isDataAllowed: not allowed due to - gprs= 1 - SIM not loaded
D/GSM ( 2598): [GsmDCT] isDataPossible(dun): possible=false isDataAllowed=false apnTypePossible=true apnContextisEnabled=false apnContextState()=IDLE
D/GSM ( 2598): [GsmDCT] get active apn string for type:dun
D/GSM ( 2598): [GsmDCT] notifyOffApnOfAvailability type:supl
D/GSM ( 2598): [GsmDCT] isDataAllowed: not allowed due to - gprs= 1 - SIM not loaded
D/GSM ( 2598): [GsmDCT] isDataPossible(supl): possible=false isDataAllowed=false apnTypePossible=true apnContextisEnabled=false apnContextState()=IDLE
D/GSM ( 2598): [GsmDCT] get active apn string for type:supl
D/GSM ( 2598): [GsmDCT] notifyOffApnOfAvailability type:hipri
D/GSM ( 2598): [GsmDCT] isDataAllowed: not allowed due to - gprs= 1 - SIM not loaded
D/GSM ( 2598): [GsmDCT] isDataPossible(hipri): possible=false isDataAllowed=false apnTypePossible=true apnContextisEnabled=false apnContextState()=IDLE
D/GSM ( 2598): [GsmDCT] get active apn string for type:hipri
D/GSM ( 2598): [GsmDCT] notifyOffApnsOfAvailability skipped apn due to isReady==false: {mApnType=default mState=IDLE mWaitingApns=null mWaitingApnsPermanentFailureCountDown=0 mApnSetting=null mDataConnectionAc=null mReason=radioTurnedOff mRetryCount=0 mDataEnabled=true mDependencyMet=true}
D/GSM ( 2598): [GsmDCT] notifyOffApnOfAvailability type:mms
D/GSM ( 2598): [GsmDCT] isDataAllowed: not allowed due to - gprs= 1 - SIM not loaded
D/GSM ( 2598): [GsmDCT] isDataPossible(mms): possible=false isDataAllowed=false apnTypePossible=true apnContextisEnabled=false apnContextState()=IDLE
D/GSM ( 2598): [GsmDCT] get active apn string for type:mms
D/RIL_UiccController( 2598): Received EVENT_GET_ICC_STATUS_DONE
E/RIL_UiccController( 2598): Error getting ICC status. RIL_REQUEST_GET_ICC_STATUS should never return an error
E/RIL_UiccController( 2598): com.android.internal.telephony.CommandException: RADIO_NOT_AVAILABLE
E/RIL_UiccController( 2598): at com.android.internal.telephony.RILRequest.onError(RIL.java:185)
E/RIL_UiccController( 2598): at com.android.internal.telephony.RIL.processSolicited(RIL.java:2460)
E/RIL_UiccController( 2598): at com.android.internal.telephony.RIL.processResponse(RIL.java:2211)
E/RIL_UiccController( 2598): at com.android.internal.telephony.RIL$RILReceiver.run(RIL.java:598)
E/RIL_UiccController( 2598): at java.lang.Thread.run(Thread.java:856)
D/RIL_UiccController( 2598): Received EVENT_GET_ICC_STATUS_DONE
E/RIL_UiccController( 2598): Error getting ICC status. RIL_REQUEST_GET_ICC_STATUS should never return an error
E/RIL_UiccController( 2598): com.android.internal.telephony.CommandException: RADIO_NOT_AVAILABLE
E/RIL_UiccController( 2598): at com.android.internal.telephony.RILRequest.onError(RIL.java:185)
E/RIL_UiccController( 2598): at com.android.internal.telephony.RIL.processSolicited(RIL.java:2460)
E/RIL_UiccController( 2598): at com.android.internal.telephony.RIL.processResponse(RIL.java:2211)
E/RIL_UiccController( 2598): at com.android.internal.telephony.RIL$RILReceiver.run(RIL.java:598)
E/RIL_UiccController( 2598): at java.lang.Thread.run(Thread.java:856)
D/RIL_UiccController( 2598): Received EVENT_GET_ICC_STATUS_DONE
E/RIL_UiccController( 2598): Error getting ICC status. RIL_REQUEST_GET_ICC_STATUS should never return an error
E/RIL_UiccController( 2598): com.android.internal.telephony.CommandException: RADIO_NOT_AVAILABLE
E/RIL_UiccController( 2598): at com.android.internal.telephony.RILRequest.onError(RIL.java:185)
E/RIL_UiccController( 2598): at com.android.internal.telephony.RIL.processSolicited(RIL.java:2460)
E/RIL_UiccController( 2598): at com.android.internal.telephony.RIL.processResponse(RIL.java:2211)
E/RIL_UiccController( 2598): at com.android.internal.telephony.RIL$RILReceiver.run(RIL.java:598)
E/RIL_UiccController( 2598): at java.lang.Thread.run(Thread.java:856)
D/RIL ( 1892): Closed IPC FMT client
D/RILJ ( 2598): [0084]> GET_CURRENT_CALLS
E/RIL-IPC ( 1892): Opening IPC FMT client failed
E/RIL ( 1892): Opening IPC FMT client failed
D/RIL ( 1892): 2 RIL requests in the queue (2 pending, 0 handled, 0 unhandled)
