D/GSM ( 2598): [GsmSST] Poll ServiceState done: oldSS=[1 home null null null Unknown CSS not supported -1 -1 RoamInd=-1 DefRoamInd=-1 EmergOnly=false] newSS=[1 home null null null Unknown CSS not supported -1 -1 RoamInd=-1 DefRoamInd=-1 EmergOnly=false] oldGprs=1 newData=1 oldMaxDataCalls=1 mNewMaxDataCalls=1 oldReasonDataDenied=-1 mNewReasonDataDenied=-1 oldType=Unknown newType=Unknown
D/GSM ( 2598): [GsmDCT] handleMessage msg={ what=270340 when=-50ms obj=android.os.AsyncResult@41cb83f0 }
D/GSM ( 2598): [GsmDCT] onDataStateChanged(ar): E
D/GSM ( 2598): [GsmDCT] onDataStateChanged(ar): DataCallState size=0
D/GSM ( 2598): [GsmDCT] findApnContextToClean(ar): E dcacs=[]
D/GSM ( 2598): [GsmDCT] findApnContextToClean(ar): X list=[]
D/GSM ( 2598): [GsmDCT] onDataStateChanged: Data Activity updated to NONE. isAnyDataCallActive = false isAnyDataCallDormant = false
D/GSM ( 2598): [GsmDCT] onDataStateChange(ar): apnsToCleanup=[]
D/GSM ( 2598): [GsmDCT] onDataStateChanged(ar): X
D/RIL_UiccController( 2598): Received EVENT_ICC_STATUS_CHANGED, calling getIccCardStatus
D/RILJ ( 2598): [0085]> GET_SIM_STATUS
D/RIL ( 1892): 3 RIL requests in the queue (3 pending, 0 handled, 0 unhandled)
D/RIL ( 1892): Closed IPC FMT client
D/RIL-IPC ( 1892): Starting i9300 modem boot
D/RIL-IPC ( 1892): Opened modem image device
D/RIL-IPC ( 1892): Mapped modem image data to memory
D/RIL-IPC ( 1892): Opened modem boot device
D/RIL-IPC ( 1892): Opened modem link device
D/GSM ( 2598): [GsmDCT] onReceive: action=android.intent.action.SCREEN_ON
D/GSM ( 2598): [GsmDCT] stopNetStatPoll
D/GSM ( 2598): [GsmDCT] overall state is IDLE
D/RILJ ( 2598): [0086]> SCREEN_STATE: true
D/RIL-IPC ( 1892): Turned the modem off
D/RIL-IPC ( 1892): Turned the modem on
D/RIL-IPC ( 1892): Waited for link connected
D/RIL-IPC ( 1892): Wrote ATAT in ASCII
D/RIL-IPC ( 1892): Reading boot ACK failed
D/RIL-IPC ( 1892): Sending XMM626 HSIC PSI failed
E/RIL-IPC ( 1892): Booting IPC FMT client failed
E/RIL ( 1892): Opening IPC FMT client failed
D/RIL ( 1892): 4 RIL requests in the queue (4 pending, 0 handled, 0 unhandled)
D/RIL ( 1892): Closed IPC FMT client
D/RIL-IPC ( 1892): Starting i9300 modem boot
D/RIL-IPC ( 1892): Opened modem image device
D/RIL-IPC ( 1892): Mapped modem image data to memory
D/RIL-IPC ( 1892): Opened modem boot device
D/RIL-IPC ( 1892): Opened modem link device
D/RIL-IPC ( 1892): Turned the modem off
D/RIL-IPC ( 1892): Turned the modem on
D/RIL-IPC ( 1892): Waited for link connected
D/RIL-IPC ( 1892): Wrote ATAT in ASCII
D/RIL-IPC ( 1892): Read chip id (0x16)
D/RIL-IPC ( 1892): Wrote PSI header
D/RIL-IPC ( 1892): Wrote PSI, CRC is 0xc8
D/RIL-IPC ( 1892): Wrote PSI CRC (0xc8)
D/RIL-IPC ( 1892): Read PSI CRC ACK
D/RIL-IPC ( 1892): Read PSI ACK
D/RIL-IPC ( 1892): Sent XMM626 HSIC PSI
D/RIL-IPC ( 1892): Wrote EBL size
D/RIL-IPC ( 1892): Wrote EBL, CRC is 0xb5
D/RIL-IPC ( 1892): Wrote EBL CRC (0xb5)
D/RIL-IPC ( 1892): Sent XMM626 HSIC EBL
D/RIL-IPC ( 1892): Read port config
D/RIL-IPC ( 1892): Sent XMM626 HSIC port config
D/RIL-IPC ( 1892): Sent XMM626 HSIC SEC start
D/RIL-IPC ( 1892): Sent XMM626 HSIC firmware
D/RIL-IPC ( 1892): Checked nv_data path
D/RIL-IPC ( 1892): Checked nv_data md5 path
D/RIL-IPC ( 1892): Calculated nv_data md5: ebed76b5a243ed257e9b9159f108ad1c
D/RIL-IPC ( 1892): Read nv_data md5: ebed76b5a243ed257e9b9159f108ad1c
D/RIL-IPC ( 1892): Checked nv_data backup path
D/RIL-IPC ( 1892): Loaded nv_data
D/RIL-IPC ( 1892): Sent XMM626 HSIC nv_data
D/RIL-IPC ( 1892): Sent XMM626 HSIC SEC end
D/RIL-IPC ( 1892): Sent XMM626 HSIC HW reset
D/RIL-IPC ( 1892): Waiting for host wake failed
D/RIL-IPC ( 1892): Waited for host wake
D/RIL-IPC ( 1892): Waited for link connected
D/RIL ( 1892): Opened IPC FMT client
D/RIL-IPC ( 1892):
D/RIL-IPC ( 1892): xmm626_sec_modem_fmt_recv: Received FMT message
D/RIL-IPC ( 1892): xmm626_sec_modem_fmt_recv: Message: aseq=0xff, command=IPC_PWR_PHONE_PWR_UP, type=IPC_TYPE_NOTI, size=0
D/RIL ( 1892): Updating RIL radio state to 0
D/RILJ ( 2598): [UNSL]< UNSOL_RESPONSE_RADIO_STATE_CHANGED RADIO_OFF
D/RILB ( 2598): Notifying: radio available
D/RILJ ( 2598): [0087]> SCREEN_STATE: true
D/RIL-IPC ( 1892):
D/RIL-IPC ( 1892): xmm626_sec_modem_fmt_recv: Received FMT message
D/RIL-IPC ( 1892): xmm626_sec_modem_fmt_recv: Message: aseq=0x00, command=IPC_MISC_ME_IMSI, type=IPC_TYPE_NOTI, size=16
D/RIL-IPC ( 1892): ================================= IPC FMT data =================================
D/RIL-IPC ( 1892): [0000] 0F 30 30 30 30 30 30 30 30 30 30 30 30 30 30 30 .0000000 00000000
D/RIL-IPC ( 1892): ================================================================================
D/RILJ ( 2598): [0088]> RADIO_POWER on
D/RILJ ( 2598): [UNSL]< UNSOL_RESPONSE_CALL_STATE_CHANGED
D/RILJ ( 2598): [UNSL]< UNSOL_RESPONSE_VOICE_NETWORK_STATE_CHANGED
D/RIL ( 1892): 5 RIL requests in the queue (5 pending, 0 handled, 0 unhandled)
D/RIL ( 1892): 4 RIL requests in the queue (4 pending, 0 handled, 0 unhandled)
D/RIL ( 1892): 3 RIL requests in the queue (3 pending, 0 handled, 0 unhandled)
D/RIL ( 1892): 4 RIL requests in the queue (1 pending, 0 handled, 3 unhandled)
D/RIL ( 1892): Requesting normal power state
D/RIL-IPC ( 1892):
D/RIL-IPC ( 1892): xmm626_sec_modem_fmt_send: Sent FMT message
D/RIL-IPC ( 1892): xmm626_sec_modem_fmt_send: Message: mseq=0x01, command=IPC_PWR_PHONE_STATE, type=IPC_TYPE_EXEC, size=2
D/RIL-IPC ( 1892): ================================= IPC FMT data =================================
D/RIL-IPC ( 1892): [0000] 02 02 ..
D/RIL-IPC ( 1892): ================================================================================
D/RILJ ( 2598): responseDataCallList ver=7 num=0
D/RILJ ( 2598): [UNSL]< UNSOL_DATA_CALL_LIST_CHANGED []
D/RILJ ( 2598): [UNSL]< UNSOL_RESPONSE_SIM_STATUS_CHANGED
D/GSM ( 2598): [GsmSST] Poll ServiceState done: oldSS=[1 home null null null Unknown CSS not supported -1 -1 RoamInd=-1 DefRoamInd=-1 EmergOnly=false] newSS=[3 home null null null Unknown CSS not supported -1 -1 RoamInd=-1 DefRoamInd=-1 EmergOnly=false] oldGprs=1 newData=1 oldMaxDataCalls=1 mNewMaxDataCalls=1 oldReasonDataDenied=-1 mNewReasonDataDenied=-1 oldType=Unknown newType=Unknown
D/GSM ( 2598): [GsmSST] updateSpnDisplay: radio is off w/ showPlmn=false plmn=null
D/RILJ ( 2598): [0083]< GET_CURRENT_CALLS
D/GSM ( 2598): [GsmSST] updateSpnDisplay: changed sending intent rule=0 showPlmn='false' plmn='null' showSpn='false' spn=''
D/RILJ ( 2598): [0084]< GET_CURRENT_CALLS
D/GSM ( 2598): [GsmSST] operatorNumeric is null
D/GSM ( 2598): [GsmDCT] handleMessage msg={ what=270337 when=-15ms obj=android.os.AsyncResult@41cdac10 }
D/GSM ( 2598): [GsmDCT] onRadioAvailable
D/GSM ( 2598): [GsmDCT] overall state is IDLE
D/RILJ ( 2598): [0089]> BASEBAND_VERSION
D/RIL ( 1892): 5 RIL requests in the queue (1 pending, 1 handled, 3 unhandled)
D/RILJ ( 2598): [0090]> GET_IMEI
D/RIL ( 1892): 6 RIL requests in the queue (1 pending, 1 handled, 4 unhandled)
D/RILJ ( 2598): [0091]> GET_IMEISV
D/RILJ ( 2598): [0092]> GET_CURRENT_CALLS
D/RIL ( 1892): 7 RIL requests in the queue (1 pending, 1 handled, 5 unhandled)
D/GSM ( 2598): [GsmSST] Poll ServiceState done: oldSS=[3 home null null null Unknown CSS not supported -1 -1 RoamInd=-1 DefRoamInd=-1 EmergOnly=false] newSS=[3 home null null null Unknown CSS not supported -1 -1 RoamInd=-1 DefRoamInd=-1 EmergOnly=false] oldGprs=1 newData=1 oldMaxDataCalls=1 mNewMaxDataCalls=1 oldReasonDataDenied=-1 mNewReasonDataDenied=-1 oldType=Unknown newType=Unknown
D/GSM ( 2598): [GsmDCT] handleMessage msg={ what=270340 when=-21ms obj=android.os.AsyncResult@41cdb7c0 }
D/GSM ( 2598): [GsmDCT] onDataStateChanged(ar): E
D/GSM ( 2598): [GsmDCT] onDataStateChanged(ar): DataCallState size=0
D/RIL ( 1892): 8 RIL requests in the queue (1 pending, 1 handled, 6 unhandled)
D/GSM ( 2598): [GsmDCT] findApnContextToClean(ar): E dcacs=[]
D/RIL ( 1892): 7 RIL requests in the queue (0 pending, 1 handled, 6 unhandled)
D/GSM ( 2598): [GsmDCT] findApnContextToClean(ar): X list=[]
D/GSM ( 2598): [GsmDCT] onDataStateChanged: Data Activity updated to NONE. isAnyDataCallActive = false isAnyDataCallDormant = false
D/RILJ ( 2598): [0092]< GET_CURRENT_CALLS
D/GSM ( 2598): [GsmDCT] onDataStateChange(ar): apnsToCleanup=[]
D/GSM ( 2598): [GsmDCT] onDataStateChanged(ar): X
D/RIL_UiccController( 2598): Received EVENT_ICC_STATUS_CHANGED, calling getIccCardStatus
D/RILJ ( 2598): [0093]> GET_SIM_STATUS
D/RIL ( 1892): 8 RIL requests in the queue (1 pending, 1 handled, 6 unhandled)
D/RIL-IPC ( 1892):
D/RIL-IPC ( 1892): xmm626_sec_modem_fmt_recv: Received FMT message
D/RIL-IPC ( 1892): xmm626_sec_modem_fmt_recv: Message: aseq=0xff, command=IPC_NET_REGIST, type=IPC_TYPE_NOTI, size=11
D/RIL-IPC ( 1892): ================================= IPC FMT data =================================
D/RIL-IPC ( 1892): [0000] FF 02 01 00 00 00 00 00 00 00 00 ........ ...
D/RIL-IPC ( 1892): ================================================================================
D/RIL-IPC ( 1892):
D/RIL-IPC ( 1892): xmm626_sec_modem_fmt_recv: Received FMT message
D/RIL-IPC ( 1892): xmm626_sec_modem_fmt_recv: Message: aseq=0xff, command=IPC_NET_REGIST, type=IPC_TYPE_NOTI, size=11
D/RIL-IPC ( 1892): ================================= IPC FMT data =================================
D/RIL-IPC ( 1892): [0000] FF 03 01 00 00 00 00 00 00 00 00 ........ ...
D/RIL-IPC ( 1892): ================================================================================
D/RIL-IPC ( 1892):
D/RIL-IPC ( 1892): xmm626_sec_modem_fmt_recv: Received FMT message
D/RIL-IPC ( 1892): xmm626_sec_modem_fmt_recv: Message: aseq=0x00, command=IPC_DISP_ICON_INFO, type=IPC_TYPE_NOTI, size=4
D/RIL-IPC ( 1892): ================================= IPC FMT data =================================
D/RIL-IPC ( 1892): [0000] FF 00 00 00 ....
D/RIL-IPC ( 1892): ================================================================================
D/RIL-IPC ( 1892):
D/RIL-IPC ( 1892): xmm626_sec_modem_fmt_recv: Received FMT message
D/RIL-IPC ( 1892): xmm626_sec_modem_fmt_recv: Message: aseq=0x01, command=IPC_GEN_PHONE_RES, type=IPC_TYPE_RESP, size=5
D/RIL-IPC ( 1892): ================================= IPC FMT data =================================
D/RIL-IPC ( 1892): [0000] 01 07 01 00 80 .....
D/RIL-IPC ( 1892): ================================================================================
D/RIL ( 1892): Generic response was expected
D/RIL-IPC ( 1892):
D/RIL-IPC ( 1892): xmm626_sec_modem_fmt_recv: Received FMT message
D/RIL-IPC ( 1892): xmm626_sec_modem_fmt_recv: Message: aseq=0x01, command=IPC_PWR_PHONE_STATE, type=IPC_TYPE_NOTI, size=1
D/RIL-IPC ( 1892): ================================= IPC FMT data =================================
D/RIL-IPC ( 1892): [0000] 02 .
D/RIL-IPC ( 1892): ================================================================================
D/RIL ( 1892): Power state is normal
D/RIL ( 1892): 7 RIL requests in the queue (0 pending, 0 handled, 7 unhandled)
D/RIL ( 1892): Updating RIL radio state to 2
D/RIL-IPC ( 1892):
D/RIL-IPC ( 1892): xmm626_sec_modem_fmt_send: Sent FMT message
D/RIL-IPC ( 1892): xmm626_sec_modem_fmt_send: Message: mseq=0x02, command=IPC_SEC_PIN_STATUS, type=IPC_TYPE_GET, size=0
D/RIL ( 1892): 6 RIL requests in the queue (5 pending, 1 handled, 0 unhandled)
D/RIL ( 1892): 5 RIL requests in the queue (4 pending, 1 handled, 0 unhandled)
D/RIL-IPC ( 1892):
D/RIL-IPC ( 1892): xmm626_sec_modem_fmt_send: Sent FMT message
D/RIL-IPC ( 1892): xmm626_sec_modem_fmt_send: Message: mseq=0x03, command=IPC_MISC_ME_VERSION, type=IPC_TYPE_GET, size=1
D/RIL-IPC ( 1892): ================================= IPC FMT data =================================
D/RILJ ( 2598): [0088]< RADIO_POWER
D/RIL-IPC ( 1892): [0000] FF .
D/RIL-IPC ( 1892): ================================================================================
D/RIL-IPC ( 1892):
D/RIL-IPC ( 1892): xmm626_sec_modem_fmt_send: Sent FMT message
D/RIL-IPC ( 1892): xmm626_sec_modem_fmt_send: Message: mseq=0x04, command=IPC_MISC_ME_SN, type=IPC_TYPE_GET, size=1
D/RIL-IPC ( 1892): ================================= IPC FMT data =================================
D/RIL-IPC ( 1892): [0000] 01 .
D/RIL-IPC ( 1892): ================================================================================
D/RIL-IPC ( 1892):
D/RIL-IPC ( 1892): xmm626_sec_modem_fmt_recv: Received FMT message
D/RIL-IPC ( 1892): xmm626_sec_modem_fmt_recv: Message: aseq=0xff, command=IPC_NET_REGIST, type=IPC_TYPE_NOTI, size=11
D/RIL-IPC ( 1892): ================================= IPC FMT data =================================
D/RIL-IPC ( 1892): [0000] FF 02 01 00 00 00 00 00 00 00 00 ........ ...
D/RIL-IPC ( 1892): ================================================================================
D/RILJ ( 2598): [UNSL]< UNSOL_RESPONSE_RADIO_STATE_CHANGED RADIO_ON
D/RILB ( 2598): Notifying: Radio On
D/RIL-IPC ( 1892):
D/RIL-IPC ( 1892): xmm626_sec_modem_fmt_recv: Received FMT message
D/RIL-IPC ( 1892): xmm626_sec_modem_fmt_recv: Message: aseq=0xff, command=IPC_NET_REGIST, type=IPC_TYPE_NOTI, size=11
D/RIL-IPC ( 1892): ================================= IPC FMT data =================================
D/RILJ ( 2598): [0094]> OPERATOR
D/RIL-IPC ( 1892): [0000] FF 03 01 00 00 00 00 00 00 00 00 ........ ...
D/RIL-IPC ( 1892): ================================================================================
D/RIL-IPC ( 1892):
D/RIL-IPC ( 1892): xmm626_sec_modem_fmt_recv: Received FMT message
D/RIL-IPC ( 1892): xmm626_sec_modem_fmt_recv: Message: aseq=0x00, command=IPC_DISP_ICON_INFO, type=IPC_TYPE_NOTI, size=4
D/RIL-IPC ( 1892): ================================= IPC FMT data =================================
D/RIL-IPC ( 1892): [0000] FF 00 00 00 ....
D/RIL-IPC ( 1892): ================================================================================
D/RIL ( 1892): Signal strength is 1
D/RIL-IPC ( 1892):
D/RIL-IPC ( 1892): xmm626_sec_modem_fmt_recv: Received FMT message
D/RIL-IPC ( 1892): xmm626_sec_modem_fmt_recv: Message: aseq=0x02, command=IPC_GEN_PHONE_RES, type=IPC_TYPE_RESP, size=5
D/RIL-IPC ( 1892): ================================= IPC FMT data =================================
D/RIL-IPC ( 1892): [0000] 05 01 02 0E 00 .....
D/RIL-IPC ( 1892): ================================================================================
D/RIL ( 1892): Ignoring generic response for command IPC_SEC_PIN_STATUS
D/RIL-IPC ( 1892):
D/RIL-IPC ( 1892): xmm626_sec_modem_fmt_recv: Received FMT message
D/RIL-IPC ( 1892): xmm626_sec_modem_fmt_recv: Message: aseq=0x03, command=IPC_MISC_ME_VERSION, type=IPC_TYPE_RESP, size=148
D/RIL-IPC ( 1892): ================================= IPC FMT data =================================
D/RIL-IPC ( 1892): [0000] 1F 49 39 33 30 30 42 55 55 47 4E 46 31 00 00 00 .I9300BU UGNF1...
D/RIL-IPC ( 1892): [0010] 00 00 00 00 00 00 00 00 00 00 00 00 00 00 00 00 ........ ........
D/RIL-IPC ( 1892): [0020] 00 4D 50 20 31 2E 31 30 30 00 00 00 00 00 00 00 .MP 1.10 0.......
D/RIL-IPC ( 1892): [0030] 00 00 00 00 00 00 00 00 00 00 00 00 00 00 00 00 ........ ........
D/RIL-IPC ( 1892): [0040] 00 32 30 31 32 2E 35 2E 32 39 00 00 00 00 00 00 .2012.5. 29......
D/RIL-IPC ( 1892): [0050] 00 00 00 00 00 00 00 00 00 00 00 00 00 00 00 00 ........ ........
D/RIL-IPC ( 1892): [0060] 00 47 54 2D 49 39 33 30 30 52 57 41 56 44 32 00 .GT-I930 0RWAVD2.
D/RIL-IPC ( 1892): [0070] 00 00 00 00 00 00 00 00 00 00 00 00 00 00 00 00 ........ ........
D/RIL-IPC ( 1892): [0080] 00 49 39 33 30 30 00 00 00 00 00 00 00 00 00 00 .I9300.. ........
D/RIL-IPC ( 1892): [0090] 00 00 00 00 ....
D/RIL-IPC ( 1892): ================================================================================
D/RIL ( 1892): 4 RIL requests in the queue (0 pending, 3 handled, 1 unhandled)
D/RIL ( 1892): 2 RIL requests data in the queue
D/RIL ( 1892): 5 RIL requests in the queue (1 pending, 3 handled, 1 unhandled)
D/RILJ ( 2598): [0095]> DATA_REGISTRATION_STATE
D/RIL ( 1892): 2 RIL requests data in the queue
D/RIL-IPC ( 1892):
D/RILJ ( 2598): [UNSL]< UNSOL_RESPONSE_VOICE_NETWORK_STATE_CHANGED
D/RIL-IPC ( 1892): xmm626_sec_modem_fmt_send: Sent FMT message
D/RIL-IPC ( 1892): xmm626_sec_modem_fmt_send: Message: mseq=0x05, command=IPC_NET_SERVING_NETWORK, type=IPC_TYPE_GET, size=0
D/RIL-IPC ( 1892):
D/RIL-IPC ( 1892): xmm626_sec_modem_fmt_recv: Received FMT message
D/RIL-IPC ( 1892): xmm626_sec_modem_fmt_recv: Message: aseq=0x04, command=IPC_MISC_ME_SN, type=IPC_TYPE_RESP, size=34
D/RIL-IPC ( 1892): ================================= IPC FMT data =================================
D/RIL-IPC ( 1892): [0000] 01 11 33 35 33 31 36 34 30 35 30 35 32 38 32 38 ..353164 05052828
D/RIL-IPC ( 1892): [0010] 37 31 35 00 00 00 00 00 00 00 00 00 00 00 00 00 715..... ........
D/RIL-IPC ( 1892): [0020] 00 4D .M
D/RIL-IPC ( 1892): ================================================================================
D/RIL ( 1892): 4 RIL requests in the queue (0 pending, 3 handled, 1 unhandled)
D/RIL ( 1892): 2 RIL requests data in the queue
D/RIL ( 1892): 3 RIL requests in the queue (0 pending, 2 handled, 1 unhandled)
D/RIL ( 1892): 2 RIL requests data in the queue
D/RIL-IPC ( 1892):
D/RIL-IPC ( 1892): xmm626_sec_modem_fmt_recv: Received FMT message
D/RIL-IPC ( 1892): xmm626_sec_modem_fmt_recv: Message: aseq=0x05, command=IPC_NET_SERVING_NETWORK, type=IPC_TYPE_RESP, size=11
D/RIL-IPC ( 1892): ================================= IPC FMT data =================================
D/RIL-IPC ( 1892): [0000] 02 05 FF 30 30 30 30 30 23 00 00 ...00000 #..
D/RIL-IPC ( 1892): ================================================================================
D/RIL ( 1892): 4 RIL requests in the queue (1 pending, 2 handled, 1 unhandled)
D/RIL ( 1892): 2 RIL requests data in the queue
D/RIL ( 1892): 3 RIL requests in the queue (0 pending, 2 handled, 1 unhandled)
D/RIL ( 1892): 1 RIL request data in the queue
D/RILJ ( 2598): [0096]> VOICE_REGISTRATION_STATE
D/RILJ ( 2598): [0086]< SCREEN_STATE
E/RIL ( 1892): ipc2ril_net_operator: Finding operator with PLMN 00 failed
D/RIL ( 1892): 2 RIL requests in the queue (0 pending, 1 handled, 1 unhandled)
D/RIL ( 1892): 1 RIL request data in the queue
D/RIL ( 1892): 3 RIL requests in the queue (1 pending, 1 handled, 1 unhandled)
D/RIL ( 1892): 1 RIL request data in the queue
D/RIL ( 1892): 2 RIL requests in the queue (0 pending, 1 handled, 1 unhandled)
D/RILJ ( 2598): [UNSL]< UNSOL_RESPONSE_VOICE_NETWORK_STATE_CHANGED
D/RILJ ( 2598): [0097]> QUERY_NETWORK_SELECTION_MODE
D/RILJ ( 2598): [0087]< SCREEN_STATE
D/RILJ ( 2598): [UNSL]< UNSOL_RESPONSE_VOICE_NETWORK_STATE_CHANGED
D/RILJ ( 2598): [UNSL]< UNSOL_RESPONSE_VOICE_NETWORK_STATE_CHANGED
D/RIL ( 1892): 3 RIL requests in the queue (1 pending, 1 handled, 1 unhandled)
D/RIL_UiccController( 2598): Received EVENT_ICC_STATUS_CHANGED, calling getIccCardStatus
D/RIL-IPC ( 1892):
D/RIL-IPC ( 1892): xmm626_sec_modem_fmt_send: Sent FMT message
D/RIL-IPC ( 1892): xmm626_sec_modem_fmt_send: Message: mseq=0x06, command=IPC_NET_PLMN_SEL, type=IPC_TYPE_GET, size=0
D/RILJ ( 2598): [0098]> GET_SIM_STATUS
D/RIL-IPC ( 1892):
D/RIL-IPC ( 1892): xmm626_sec_modem_fmt_recv: Received FMT message
D/RIL-IPC ( 1892): xmm626_sec_modem_fmt_recv: Message: aseq=0x06, command=IPC_NET_PLMN_SEL, type=IPC_TYPE_RESP, size=1
D/RIL-IPC ( 1892): ================================= IPC FMT data =================================
D/RIL-IPC ( 1892): [0000] 02 .
D/RIL-IPC ( 1892): ================================================================================
D/RIL ( 1892): 2 RIL requests in the queue (0 pending, 1 handled, 1 unhandled)
D/RIL ( 1892): 3 RIL requests in the queue (1 pending, 1 handled, 1 unhandled)
D/RILJ ( 2598): [0099]> GET_CURRENT_CALLS
D/RILJ ( 2598): [0089]< BASEBAND_VERSION I9300BUUGNF1
D/RILJ ( 2598): [0090]< GET_IMEI
D/RIL ( 1892): 4 RIL requests in the queue (1 pending, 1 handled, 2 unhandled)
D/RIL-IPC ( 1892):
D/RIL-IPC ( 1892): xmm626_sec_modem_fmt_send: Sent FMT message
D/RIL-IPC ( 1892): xmm626_sec_modem_fmt_send: Message: mseq=0x07, command=IPC_CALL_LIST, type=IPC_TYPE_GET, size=0
D/RILJ ( 2598): [0091]< GET_IMEISV
D/RILJ ( 2598): [0100]> RIL_REQUEST_VOICE_RADIO_TECH
D/RIL-IPC ( 1892):
D/RIL-IPC ( 1892): xmm626_sec_modem_fmt_recv: Received FMT message
D/RIL-IPC ( 1892): xmm626_sec_modem_fmt_recv: Message: aseq=0x07, command=IPC_CALL_LIST, type=IPC_TYPE_RESP, size=1
D/RIL-IPC ( 1892): ================================= IPC FMT data =================================
D/RIL-IPC ( 1892): [0000] 00 .
D/RIL-IPC ( 1892): ================================================================================
D/RIL ( 1892): 3 RIL requests in the queue (0 pending, 1 handled, 2 unhandled)
D/RILJ ( 2598): [0095]< DATA_REGISTRATION_STATE {0, 0, 0, 0, 3}
D/RILJ ( 2598): [0101]> RIL_REQUEST_CDMA_GET_SUBSCRIPTION_SOURCE
D/RILJ ( 2598): [0094]< OPERATOR error: com.android.internal.telephony.CommandException: GENERIC_FAILURE
D/RILJ ( 2598): [0102]> OPERATOR
D/RILJ ( 2598): [0103]> DATA_REGISTRATION_STATE
D/RILJ ( 2598): [0104]> VOICE_REGISTRATION_STATE
D/RIL ( 1892): 4 RIL requests in the queue (1 pending, 1 handled, 2 unhandled)
D/RIL-IPC ( 1892):
D/RIL-IPC ( 1892): xmm626_sec_modem_fmt_send: Sent FMT message
D/RIL-IPC ( 1892): xmm626_sec_modem_fmt_send: Message: mseq=0x08, command=IPC_NET_SERVING_NETWORK, type=IPC_TYPE_GET, size=0
D/RIL-IPC ( 1892):
D/RIL-IPC ( 1892): xmm626_sec_modem_fmt_recv: Received FMT message
D/RIL-IPC ( 1892): xmm626_sec_modem_fmt_recv: Message: aseq=0x08, command=IPC_NET_SERVING_NETWORK, type=IPC_TYPE_RESP, size=11
D/RIL-IPC ( 1892): ================================= IPC FMT data =================================
D/RIL-IPC ( 1892): [0000] 02 05 FF 30 30 30 30 30 23 00 00 ...00000 #..
D/RIL-IPC ( 1892): ================================================================================
D/RILJ ( 2598): [0105]> QUERY_NETWORK_SELECTION_MODE
E/RIL ( 1892): ipc2ril_net_operator: Finding operator with PLMN 00 failed
D/RIL ( 1892): 3 RIL requests in the queue (0 pending, 1 handled, 2 unhandled)
D/RIL ( 1892): 4 RIL requests in the queue (1 pending, 1 handled, 2 unhandled)
D/RIL-IPC ( 1892):
D/RIL-IPC ( 1892): xmm626_sec_modem_fmt_send: Sent FMT message
D/RIL-IPC ( 1892): xmm626_sec_modem_fmt_send: Message: mseq=0x09, command=IPC_NET_REGIST, type=IPC_TYPE_GET, size=2
D/RIL-IPC ( 1892): ================================= IPC FMT data =================================
D/RIL-IPC ( 1892): [0000] FF 03 ..
D/RIL-IPC ( 1892): ================================================================================
D/RILJ ( 2598): [0106]> OPERATOR
D/RILJ ( 2598): [0096]< VOICE_REGISTRATION_STATE {0, 0, 0, 0, null, null, null, null, null, null, null, null, null, null, null}
D/RILJ ( 2598): [0107]> DATA_REGISTRATION_STATE
D/RIL ( 1892): 5 RIL requests in the queue (1 pending, 2 handled, 2 unhandled)
D/RIL-IPC ( 1892):
D/RIL-IPC ( 1892): xmm626_sec_modem_fmt_send: Sent FMT message
D/RIL-IPC ( 1892): xmm626_sec_modem_fmt_send: Message: mseq=0x0a, command=IPC_NET_REGIST, type=IPC_TYPE_GET, size=2
D/RIL-IPC ( 1892): ================================= IPC FMT data =================================
D/RIL-IPC ( 1892): [0000] FF 02 ..
D/RIL-IPC ( 1892): ================================================================================
D/RILJ ( 2598): [0108]> VOICE_REGISTRATION_STATE
D/RIL ( 1892): 6 RIL requests in the queue (1 pending, 3 handled, 2 unhandled)
D/RIL-IPC ( 1892):
D/RIL-IPC ( 1892): xmm626_sec_modem_fmt_send: Sent FMT message
D/RIL-IPC ( 1892): xmm626_sec_modem_fmt_send: Message: mseq=0x0b, command=IPC_NET_PLMN_SEL, type=IPC_TYPE_GET, size=0
D/RILJ ( 2598): [0097]< QUERY_NETWORK_SELECTION_MODE {0}
D/RILJ ( 2598): [0099]< GET_CURRENT_CALLS
D/RILJ ( 2598): [0100]< RIL_REQUEST_VOICE_RADIO_TECH {3}
D/RIL-IPC ( 1892): Reading RFS data failed
D/RILJ ( 2598): [0109]> QUERY_NETWORK_SELECTION_MODE
E/RIL-IPC ( 1892): Receiving from IPC RFS client failed
E/RIL ( 1892): IPC RFS client loop failed
D/RIL-IPC ( 1892):
D/RIL-IPC ( 1892): xmm626_sec_modem_fmt_recv: Received FMT message
D/RIL-IPC ( 1892): xmm626_sec_modem_fmt_recv: Message: aseq=0x09, command=IPC_NET_REGIST, type=IPC_TYPE_RESP, size=11
D/RIL-IPC ( 1892): ================================= IPC FMT data =================================
D/RILJ ( 2598): [0101]< RIL_REQUEST_CDMA_GET_SUBSCRIPTION_SOURCE {0}
D/RIL-IPC ( 1892): [0000] FF 03 01 00 00 00 00 00 00 00 00 ........ ...
D/RIL-IPC ( 1892): ================================================================================
D/RIL ( 1892): 5 RIL requests in the queue (0 pending, 3 handled, 2 unhandled)
D/RIL-IPC ( 1892):
D/RIL-IPC ( 1892): xmm626_sec_modem_fmt_recv: Received FMT message
D/RIL-IPC ( 1892): xmm626_sec_modem_fmt_recv: Message: aseq=0x0a, command=IPC_NET_REGIST, type=IPC_TYPE_RESP, size=11
D/RIL-IPC ( 1892): ================================= IPC FMT data =================================
D/RIL-IPC ( 1892): [0000] FF 02 01 00 00 00 00 00 00 00 00 ........ ...
D/RIL-IPC ( 1892): ================================================================================
D/RIL ( 1892): 4 RIL requests in the queue (0 pending, 2 handled, 2 unhandled)
D/RIL-IPC ( 1892):
D/RIL-IPC ( 1892): xmm626_sec_modem_fmt_recv: Received FMT message
D/RIL-IPC ( 1892): xmm626_sec_modem_fmt_recv: Message: aseq=0x0b, command=IPC_NET_PLMN_SEL, type=IPC_TYPE_RESP, size=1
D/RIL-IPC ( 1892): ================================= IPC FMT data =================================
D/RIL-IPC ( 1892): [0000] 02 .
D/RIL-IPC ( 1892): ================================================================================
D/RIL ( 1892): 3 RIL requests in the queue (0 pending, 1 handled, 2 unhandled)
D/RIL ( 1892): 4 RIL requests in the queue (1 pending, 1 handled, 2 unhandled)
D/RIL-IPC ( 1892):
D/RIL-IPC ( 1892): xmm626_sec_modem_fmt_send: Sent FMT message
D/RIL-IPC ( 1892): xmm626_sec_modem_fmt_send: Message: mseq=0x0c, command=IPC_NET_SERVING_NETWORK, type=IPC_TYPE_GET, size=0
D/RIL-IPC ( 1892):
D/RIL-IPC ( 1892): xmm626_sec_modem_fmt_recv: Received FMT message
D/RIL-IPC ( 1892): xmm626_sec_modem_fmt_recv: Message: aseq=0x0c, command=IPC_NET_SERVING_NETWORK, type=IPC_TYPE_RESP, size=11
D/RIL-IPC ( 1892): ================================= IPC FMT data =================================
D/RIL-IPC ( 1892): [0000] 02 05 FF 30 30 30 30 30 23 00 00 ...00000 #..
D/RIL-IPC ( 1892): ================================================================================
E/RIL ( 1892): ipc2ril_net_operator: Finding operator with PLMN 00 failed
D/RIL ( 1892): 3 RIL requests in the queue (0 pending, 1 handled, 2 unhandled)
D/RILJ ( 2598): [0110]> OPERATOR
D/RILJ ( 2598): [0111]> DATA_REGISTRATION_STATE
D/RILJ ( 2598): [0112]> VOICE_REGISTRATION_STATE
D/RILJ ( 2598): [0102]< OPERATOR error: com.android.internal.telephony.CommandException: GENERIC_FAILURE
D/RILJ ( 2598): [0113]> QUERY_NETWORK_SELECTION_MODE
D/RIL ( 1892): 4 RIL requests in the queue (1 pending, 1 handled, 2 unhandled)
D/RIL-IPC ( 1892):
D/RIL-IPC ( 1892): xmm626_sec_modem_fmt_send: Sent FMT message
D/RIL-IPC ( 1892): xmm626_sec_modem_fmt_send: Message: mseq=0x0d, command=IPC_NET_REGIST, type=IPC_TYPE_GET, size=2
D/RIL-IPC ( 1892): ================================= IPC FMT data =================================
D/RIL-IPC ( 1892): [0000] FF 03 ..
D/RIL-IPC ( 1892): ================================================================================
D/RILJ ( 2598): [0114]> OPERATOR
D/RILJ ( 2598): [0103]< DATA_REGISTRATION_STATE {0, 0, 0, 0, 3}
D/RIL-IPC ( 1892):
D/RIL-IPC ( 1892): xmm626_sec_modem_fmt_recv: Received FMT message
D/RIL-IPC ( 1892): xmm626_sec_modem_fmt_recv: Message: aseq=0x0d, command=IPC_NET_REGIST, type=IPC_TYPE_RESP, size=11
D/RIL-IPC ( 1892): ================================= IPC FMT data =================================
D/RIL-IPC ( 1892): [0000] FF 03 01 00 00 00 00 00 00 00 00 ........ ...
D/RIL-IPC ( 1892): ================================================================================
D/RIL ( 1892): 3 RIL requests in the queue (0 pending, 1 handled, 2 unhandled)
D/RIL ( 1892): 4 RIL requests in the queue (1 pending, 1 handled, 2 unhandled)
D/RIL ( 1892): 5 RIL requests in the queue (2 pending, 1 handled, 2 unhandled)
D/RIL-IPC ( 1892):
D/RIL-IPC ( 1892): xmm626_sec_modem_fmt_send: Sent FMT message
D/RIL-IPC ( 1892): xmm626_sec_modem_fmt_send: Message: mseq=0x0e, command=IPC_NET_REGIST, type=IPC_TYPE_GET, size=2
D/RIL-IPC ( 1892): ================================= IPC FMT data =================================
D/RIL-IPC ( 1892): [0000] FF 02 ..
D/RIL-IPC ( 1892): ================================================================================
D/RIL-IPC ( 1892):
D/RIL-IPC ( 1892): xmm626_sec_modem_fmt_send: Sent FMT message
D/RIL-IPC ( 1892): xmm626_sec_modem_fmt_send: Message: mseq=0x0f, command=IPC_NET_PLMN_SEL, type=IPC_TYPE_GET, size=0
D/RIL ( 1892): 6 RIL requests in the queue (1 pending, 3 handled, 2 unhandled)
D/RIL-IPC ( 1892):
D/RIL-IPC ( 1892): xmm626_sec_modem_fmt_send: Sent FMT message
D/RIL-IPC ( 1892): xmm626_sec_modem_fmt_send: Message: mseq=0x10, command=IPC_NET_SERVING_NETWORK, type=IPC_TYPE_GET, size=0
D/RILJ ( 2598): [0104]< VOICE_REGISTRATION_STATE {0, 0, 0, 0, null, null, null, null, null, null, null, null, null, null, null}
D/RIL-IPC ( 1892):
D/RIL-IPC ( 1892): xmm626_sec_modem_fmt_recv: Received FMT message
D/RIL-IPC ( 1892): xmm626_sec_modem_fmt_recv: Message: aseq=0x0e, command=IPC_NET_REGIST, type=IPC_TYPE_RESP, size=11
D/RIL-IPC ( 1892): ================================= IPC FMT data =================================
D/RIL-IPC ( 1892): [0000] FF 02 01 00 00 00 00 00 00 00 00 ........ ...
D/RIL-IPC ( 1892): ================================================================================
D/RIL ( 1892): 5 RIL requests in the queue (0 pending, 3 handled, 2 unhandled)
D/RIL ( 1892): 6 RIL requests in the queue (1 pending, 3 handled, 2 unhandled)
D/RIL-IPC ( 1892):
D/RIL-IPC ( 1892): xmm626_sec_modem_fmt_send: Sent FMT message
D/RIL-IPC ( 1892): xmm626_sec_modem_fmt_send: Message: mseq=0x11, command=IPC_NET_REGIST, type=IPC_TYPE_GET, size=2
D/RIL-IPC ( 1892): ================================= IPC FMT data =================================
D/RIL-IPC ( 1892): [0000] FF 03 ..
D/RIL-IPC ( 1892): ================================================================================
D/RIL-IPC ( 1892):
D/RIL-IPC ( 1892): xmm626_sec_modem_fmt_recv: Received FMT message
D/RIL-IPC ( 1892): xmm626_sec_modem_fmt_recv: Message: aseq=0x0f, command=IPC_NET_PLMN_SEL, type=IPC_TYPE_RESP, size=1
D/RIL-IPC ( 1892): ================================= IPC FMT data =================================
D/RIL-IPC ( 1892): [0000] 02 .
D/RIL-IPC ( 1892): ================================================================================
D/RIL ( 1892): 5 RIL requests in the queue (0 pending, 3 handled, 2 unhandled)
D/RIL-IPC ( 1892):
D/RIL-IPC ( 1892): xmm626_sec_modem_fmt_recv: Received FMT message
D/RIL-IPC ( 1892): xmm626_sec_modem_fmt_recv: Message: aseq=0x10, command=IPC_NET_SERVING_NETWORK, type=IPC_TYPE_RESP, size=11
D/RIL-IPC ( 1892): ================================= IPC FMT data =================================
D/RIL-IPC ( 1892): [0000] 02 05 FF 30 30 30 30 30 23 00 00 ...00000 #..
D/RIL-IPC ( 1892): ================================================================================
E/RIL ( 1892): ipc2ril_net_operator: Finding operator with PLMN 00 failed
D/RIL ( 1892): 4 RIL requests in the queue (0 pending, 2 handled, 2 unhandled)
D/RIL-IPC ( 1892):
D/RIL-IPC ( 1892): xmm626_sec_modem_fmt_recv: Received FMT message
D/RIL-IPC ( 1892): xmm626_sec_modem_fmt_recv: Message: aseq=0x11, command=IPC_NET_REGIST, type=IPC_TYPE_RESP, size=11
D/RIL-IPC ( 1892): ================================= IPC FMT data =================================
D/RIL-IPC ( 1892): [0000] FF 03 01 00 00 00 00 00 00 00 00 ........ ...
D/RIL-IPC ( 1892): ================================================================================
D/RIL ( 1892): 3 RIL requests in the queue (0 pending, 1 handled, 2 unhandled)
D/RILJ ( 2598): [0105]< QUERY_NETWORK_SELECTION_MODE {0}
D/RILJ ( 2598): [0106]< OPERATOR error: com.android.internal.telephony.CommandException: GENERIC_FAILURE
D/RILJ ( 2598): [0107]< DATA_REGISTRATION_STATE {0, 0, 0, 0, 3}
D/RILJ ( 2598): [0108]< VOICE_REGISTRATION_STATE {0, 0, 0, 0, null, null, null, null, null, null, null, null, null, null, null}
D/RIL ( 1892): 4 RIL requests in the queue (1 pending, 1 handled, 2 unhandled)
D/RIL-IPC ( 1892):
D/RIL-IPC ( 1892): xmm626_sec_modem_fmt_send: Sent FMT message
D/RIL-IPC ( 1892): xmm626_sec_modem_fmt_send: Message: mseq=0x12, command=IPC_NET_REGIST, type=IPC_TYPE_GET, size=2
D/RIL-IPC ( 1892): ================================= IPC FMT data =================================
D/RIL-IPC ( 1892): [0000] FF 02 ..
D/RIL-IPC ( 1892): ================================================================================
D/RIL ( 1892): 5 RIL requests in the queue (1 pending, 2 handled, 2 unhandled)
D/RIL-IPC ( 1892):
D/RIL-IPC ( 1892): xmm626_sec_modem_fmt_send: Sent FMT message
D/RIL-IPC ( 1892): xmm626_sec_modem_fmt_send: Message: mseq=0x13, command=IPC_NET_PLMN_SEL, type=IPC_TYPE_GET, size=0
D/RIL-IPC ( 1892):
D/RIL-IPC ( 1892): xmm626_sec_modem_fmt_recv: Received FMT message
D/RIL-IPC ( 1892): xmm626_sec_modem_fmt_recv: Message: aseq=0x12, command=IPC_NET_REGIST, type=IPC_TYPE_RESP, size=11
D/RIL-IPC ( 1892): ================================= IPC FMT data =================================
D/RIL-IPC ( 1892): [0000] FF 02 01 00 00 00 00 00 00 00 00 ........ ...
D/RIL-IPC ( 1892): ================================================================================
D/RIL ( 1892): 4 RIL requests in the queue (0 pending, 2 handled, 2 unhandled)
D/RIL-IPC ( 1892):
D/RIL-IPC ( 1892): xmm626_sec_modem_fmt_recv: Received FMT message
D/RIL-IPC ( 1892): xmm626_sec_modem_fmt_recv: Message: aseq=0x13, command=IPC_NET_PLMN_SEL, type=IPC_TYPE_RESP, size=1
D/RIL-IPC ( 1892): ================================= IPC FMT data =================================
D/RIL-IPC ( 1892): [0000] 02 .
D/RIL-IPC ( 1892): ================================================================================
D/RIL ( 1892): 3 RIL requests in the queue (0 pending, 1 handled, 2 unhandled)
D/RILJ ( 2598): [0109]< QUERY_NETWORK_SELECTION_MODE {0}
D/RIL ( 1892): 4 RIL requests in the queue (1 pending, 1 handled, 2 unhandled)
D/RIL-IPC ( 1892):
D/RIL-IPC ( 1892): xmm626_sec_modem_fmt_send: Sent FMT message
D/RIL-IPC ( 1892): xmm626_sec_modem_fmt_send: Message: mseq=0x14, command=IPC_NET_SERVING_NETWORK, type=IPC_TYPE_GET, size=0
D/RILJ ( 2598): [0110]< OPERATOR error: com.android.internal.telephony.CommandException: GENERIC_FAILURE
D/RILJ ( 2598): [0111]< DATA_REGISTRATION_STATE {0, 0, 0, 0, 3}
D/RILJ ( 2598): [0115]> DATA_REGISTRATION_STATE
D/RIL-IPC ( 1892):
D/RIL-IPC ( 1892): xmm626_sec_modem_fmt_recv: Received FMT message
D/RIL-IPC ( 1892): xmm626_sec_modem_fmt_recv: Message: aseq=0x14, command=IPC_NET_SERVING_NETWORK, type=IPC_TYPE_RESP, size=11
D/RIL-IPC ( 1892): ================================= IPC FMT data =================================
D/RIL-IPC ( 1892): [0000] 02 05 FF 30 30 30 30 30 23 00 00 ...00000 #..
D/RIL-IPC ( 1892): ================================================================================
E/RIL ( 1892): ipc2ril_net_operator: Finding operator with PLMN 00 failed
D/RIL ( 1892): 3 RIL requests in the queue (0 pending, 1 handled, 2 unhandled)
D/RILJ ( 2598): [0116]> VOICE_REGISTRATION_STATE
D/RIL ( 1892): 4 RIL requests in the queue (1 pending, 1 handled, 2 unhandled)
D/RIL-IPC ( 1892):
D/RIL-IPC ( 1892): xmm626_sec_modem_fmt_send: Sent FMT message
D/RIL-IPC ( 1892): xmm626_sec_modem_fmt_send: Message: mseq=0x15, command=IPC_NET_REGIST, type=IPC_TYPE_GET, size=2
D/RIL-IPC ( 1892): ================================= IPC FMT data =================================
D/RIL-IPC ( 1892): [0000] FF 03 ..
D/RIL-IPC ( 1892): ================================================================================
D/RILJ ( 2598): [0112]< VOICE_REGISTRATION_STATE {0, 0, 0, 0, null, null, null, null, null, null, null, null, null, null, null}
D/RIL-IPC ( 1892):
D/RIL-IPC ( 1892): xmm626_sec_modem_fmt_recv: Received FMT message
D/RIL-IPC ( 1892): xmm626_sec_modem_fmt_recv: Message: aseq=0x15, command=IPC_NET_REGIST, type=IPC_TYPE_RESP, size=11
D/RIL-IPC ( 1892): ================================= IPC FMT data =================================
D/RIL-IPC ( 1892): [0000] FF 03 01 00 00 00 00 00 00 00 00 ........ ...
D/RIL-IPC ( 1892): ================================================================================
D/RIL ( 1892): 3 RIL requests in the queue (0 pending, 1 handled, 2 unhandled)
D/RIL ( 1892): Closed IPC RFS client
D/RIL ( 1892): Opened IPC RFS client
D/RILJ ( 2598): [0113]< QUERY_NETWORK_SELECTION_MODE {0}
D/RIL ( 1892): 4 RIL requests in the queue (1 pending, 1 handled, 2 unhandled)
D/RILJ ( 2598): [0117]> QUERY_NETWORK_SELECTION_MODE
D/RIL-IPC ( 1892):
D/RIL-IPC ( 1892): xmm626_sec_modem_fmt_send: Sent FMT message
D/RIL-IPC ( 1892): xmm626_sec_modem_fmt_send: Message: mseq=0x16, command=IPC_NET_REGIST, type=IPC_TYPE_GET, size=2
D/RIL-IPC ( 1892): ================================= IPC FMT data =================================
D/RIL-IPC ( 1892): [0000] FF 02 ..
D/RIL-IPC ( 1892): ================================================================================
D/RIL ( 1892): 5 RIL requests in the queue (1 pending, 2 handled, 2 unhandled)
D/RIL-IPC ( 1892):
D/RIL-IPC ( 1892): xmm626_sec_modem_fmt_send: Sent FMT message
D/RIL-IPC ( 1892): xmm626_sec_modem_fmt_send: Message: mseq=0x17, command=IPC_NET_PLMN_SEL, type=IPC_TYPE_GET, size=0
D/RILJ ( 2598): [0114]< OPERATOR error: com.android.internal.telephony.CommandException: GENERIC_FAILURE
D/RILJ ( 2598): [0115]< DATA_REGISTRATION_STATE {0, 0, 0, 0, 3}
D/GSM ( 2598): Baseband version: I9300BUUGNF1
D/PHONE ( 2598): [PhoneProxy] Ignoring voice radio technology changed message. newVoiceRadioTech = 3 Active Phone = GSM
D/CDMA ( 2598): [CdmaSSM] CDMA_SUBSCRIPTION_SOURCE event = 2
E/GSM ( 2598): [GsmSST] RIL implementation has returned an error where it must succeedcom.android.internal.telephony.CommandException: GENERIC_FAILURE
D/GSM ( 2598): [GsmDCT] onReceive: action=android.intent.action.SCREEN_OFF
D/GSM ( 2598): [GsmDCT] stopNetStatPoll
D/GSM ( 2598): [GsmDCT] overall state is IDLE
D/RILJ ( 2598): [0118]> SCREEN_STATE: false
D/RIL ( 1892): 6 RIL requests in the queue (1 pending, 3 handled, 2 unhandled)
D/RIL ( 1892): 5 RIL requests in the queue (0 pending, 3 handled, 2 unhandled)
D/RILJ ( 2598): [0118]< SCREEN_STATE