D/RIL ( 1892): Created IPC FMT client
D/RIL ( 1892): Created IPC RFS client
D/RIL ( 1892): Created SRS client
D/RIL-IPC ( 1892): Starting i9300 modem boot
D/RIL-IPC ( 1892): Opened modem image device
D/RIL-IPC ( 1892): Mapped modem image data to memory
D/RIL-IPC ( 1892): Opened modem boot device
D/RIL-IPC ( 1892): Opened modem link device
D/RIL-IPC ( 1892): Turned the modem off
D/RIL-IPC ( 1892): Turned the modem on
D/RIL-IPC ( 1892): Waited for link connected
D/RIL-IPC ( 1892): Wrote ATAT in ASCII
D/RIL-IPC ( 1892): Read chip id (0x16)
D/RIL-IPC ( 1892): Wrote PSI header
D/RIL-IPC ( 1892): Wrote PSI, CRC is 0xc8
D/RIL-IPC ( 1892): Wrote PSI CRC (0xc8)
D/RIL-IPC ( 1892): Read PSI CRC ACK
D/RIL-IPC ( 1892): Read PSI ACK
D/RIL-IPC ( 1892): Sent XMM626 HSIC PSI
D/RIL-IPC ( 1892): Wrote EBL size
D/RIL-IPC ( 1892): Wrote EBL, CRC is 0xb5
D/RIL-IPC ( 1892): Wrote EBL CRC (0xb5)
D/RIL-IPC ( 1892): Sent XMM626 HSIC EBL
D/RIL-IPC ( 1892): Read port config
D/RIL-IPC ( 1892): Sent XMM626 HSIC port config
D/RIL-IPC ( 1892): Sent XMM626 HSIC SEC start
D/RIL-IPC ( 1892): Sent XMM626 HSIC firmware
D/RIL-IPC ( 1892): Checked nv_data path
D/RIL-IPC ( 1892): Checked nv_data md5 path
D/RIL-IPC ( 1892): Calculated nv_data md5: ebed76b5a243ed257e9b9159f108ad1c
D/RIL-IPC ( 1892): Read nv_data md5: ebed76b5a243ed257e9b9159f108ad1c
D/RIL-IPC ( 1892): Checked nv_data backup path
D/RIL-IPC ( 1892): Loaded nv_data
D/RIL-IPC ( 1892): Sent XMM626 HSIC nv_data
D/RIL-IPC ( 1892): Sent XMM626 HSIC SEC end
D/RIL-IPC ( 1892): Sent XMM626 HSIC HW reset
D/RIL-IPC ( 1892): Waiting for host wake failed
D/RIL-IPC ( 1892): Waited for host wake
D/RIL-IPC ( 1892): Waited for link connected
D/RIL ( 1892): Opened IPC FMT client
D/RIL ( 1892): Started IPC FMT client loop
D/RIL ( 1892): Opened IPC RFS client
D/RIL ( 1892): Started IPC RFS client loop
D/RIL-SRS ( 1892): Started SRS server loop
D/RIL ( 1892): Opened SRS client
D/RIL ( 1892): Started SRS client loop
E/RILC ( 1892): RIL_register: RIL version 7
D/RIL-IPC ( 1892):
D/RIL-IPC ( 1892): xmm626_sec_modem_fmt_recv: Received FMT message
D/RIL-IPC ( 1892): xmm626_sec_modem_fmt_recv: Message: aseq=0xff, command=IPC_PWR_PHONE_PWR_UP, type=IPC_TYPE_NOTI, size=0
D/RIL ( 1892): Updating RIL radio state to 0
D/RIL-IPC ( 1892):
D/RIL-IPC ( 1892): xmm626_sec_modem_fmt_recv: Received FMT message
D/RIL-IPC ( 1892): xmm626_sec_modem_fmt_recv: Message: aseq=0x00, command=IPC_MISC_ME_IMSI, type=IPC_TYPE_NOTI, size=16
D/RIL-IPC ( 1892): ================================= IPC FMT data =================================
D/RIL-IPC ( 1892): [0000] 0F 30 30 30 30 30 30 30 30 30 30 30 30 30 30 30 .0000000 00000000
D/RIL-IPC ( 1892): ================================================================================
D/RIL-IPC ( 1892):
D/RIL-IPC ( 1892): xmm626_sec_modem_fmt_recv: Received FMT message
D/RIL-IPC ( 1892): xmm626_sec_modem_fmt_recv: Message: aseq=0xff, command=IPC_NET_REGIST, type=IPC_TYPE_NOTI, size=11
D/RIL-IPC ( 1892): ================================= IPC FMT data =================================
D/RIL-IPC ( 1892): [0000] FF 02 01 00 00 00 00 00 00 00 00 ........ ...
D/RIL-IPC ( 1892): ================================================================================
D/RIL-IPC ( 1892):
D/RIL-IPC ( 1892): xmm626_sec_modem_fmt_recv: Received FMT message
D/RIL-IPC ( 1892): xmm626_sec_modem_fmt_recv: Message: aseq=0xff, command=IPC_NET_REGIST, type=IPC_TYPE_NOTI, size=11
D/RIL-IPC ( 1892): ================================= IPC FMT data =================================
D/RIL-IPC ( 1892): [0000] FF 03 01 00 00 00 00 00 00 00 00 ........ ...
D/RIL-IPC ( 1892): ================================================================================
D/RIL-IPC ( 1892):
D/RIL-IPC ( 1892): xmm626_sec_modem_fmt_recv: Received FMT message
D/RIL-IPC ( 1892): xmm626_sec_modem_fmt_recv: Message: aseq=0x00, command=IPC_DISP_ICON_INFO, type=IPC_TYPE_NOTI, size=4
D/RIL-IPC ( 1892): ================================= IPC FMT data =================================
D/RIL-IPC ( 1892): [0000] FF 00 00 00 ....
D/RIL-IPC ( 1892): ================================================================================
D/RIL-IPC ( 1892): Reading RFS data failed
E/RIL-IPC ( 1892): Receiving from IPC RFS client failed
E/RIL ( 1892): IPC RFS client loop failed
D/RIL ( 1892): Closed IPC RFS client
D/RIL ( 1892): Opened IPC RFS client
I/PHONE ( 2598): Network Mode set to 0
I/PHONE ( 2598): Cdma Subscription set to 1
I/PHONE ( 2598): RILClassname is RIL
D/RILJ ( 2598): RIL(context, preferredNetworkType=0 cdmaSubscription=1)
D/RILJ ( 2598): Starting RILReceiver
I/RILC ( 1892): libril: new connection
I/RILC ( 1892): RIL Daemon version: Samsung-RIL
I/RILJ ( 2598): Connected to 'rild' socket
D/RIL_UiccController( 2598): Creating UiccController
I/PHONE ( 2598): Creating GSMPhone
D/RILJ ( 2598): [UNSL]< UNSOL_RIL_CONNECTED {7}
D/PHONE ( 2598): mDoesRilSendMultipleCallRing=false
D/PHONE ( 2598): mCallRingDelay=3000
D/RILJ ( 2598): [0000]> RADIO_POWER off
D/RILJ ( 2598): setPhoneType=1 old value=0
D/RILJ ( 2598): [0001]> REQUEST_SET_PREFERRED_NETWORK_TYPE : 0
D/RIL ( 1892): 1 RIL request in the queue (1 pending, 0 handled, 0 unhandled)
D/RIL ( 1892): Requesting low power mode power state
D/RIL-IPC ( 1892):
D/RIL-IPC ( 1892): xmm626_sec_modem_fmt_send: Sent FMT message
D/RIL-IPC ( 1892): xmm626_sec_modem_fmt_send: Message: mseq=0x01, command=IPC_PWR_PHONE_STATE, type=IPC_TYPE_EXEC, size=2
D/RIL-IPC ( 1892): ================================= IPC FMT data =================================
D/RIL-IPC ( 1892): [0000] 01 00 ..
D/RIL-IPC ( 1892): ================================================================================
D/RILJ ( 2598): [0002]> RIL_REQUEST_CDMA_SET_SUBSCRIPTION_SOURCE : 1
D/RILJ ( 2598): [UNSL]< UNSOL_RESPONSE_RADIO_STATE_CHANGED RADIO_OFF
D/RILB ( 2598): Notifying: radio available
D/RILJ ( 2598): [0003]> SCREEN_STATE: true
D/RIL ( 1892): 2 RIL requests in the queue (1 pending, 1 handled, 0 unhandled)
D/RIL-IPC ( 1892):
D/RIL-IPC ( 1892): xmm626_sec_modem_fmt_send: Sent FMT message
D/RIL-IPC ( 1892): xmm626_sec_modem_fmt_send: Message: mseq=0x02, command=IPC_NET_MODE_SEL, type=IPC_TYPE_SET, size=1
D/RIL-IPC ( 1892): ================================= IPC FMT data =================================
D/RIL-IPC ( 1892): [0000] 01 .
D/RIL-IPC ( 1892): ================================================================================
D/RIL ( 1892): 3 RIL requests in the queue (1 pending, 2 handled, 0 unhandled)
D/RIL ( 1892): Unhandled RIL request: 77
D/RIL ( 1892): 2 RIL requests in the queue (0 pending, 2 handled, 0 unhandled)
D/RILJ ( 2598): [0002]< RIL_REQUEST_CDMA_SET_SUBSCRIPTION_SOURCE error: com.android.internal.telephony.CommandException: REQUEST_NOT_SUPPORTED
D/RIL ( 1892): 3 RIL requests in the queue (1 pending, 2 handled, 0 unhandled)
D/SMS ( 2598): SMSDispatcher: ctor mSmsCapable=true format=3gpp mSmsReceiveDisabled=false mSmsSendDisabled=false
D/GSM ( 2598): [GsmDCT] DCT.constructor
D/GSM ( 2598): [GsmDCT] GsmDCT.constructor
D/GSM ( 2598): [ApnContext:default] set mDependencyMet as false current state is true
D/GSM ( 2598): [ApnContext:default] set enabled as true, current state is false
D/GSM ( 2598): [GsmDCT] applyNewState(default, true(true), true(false))
D/GSM ( 2598): [ApnContext:default] set reason as dependencyMet,current state IDLE
D/GSM ( 2598): [ApnContext:default] set enabled as true, current state is true
D/GSM ( 2598): [ApnContext:default] set mDependencyMet as true current state is false
D/GSM ( 2598): [GsmDCT] trySetupData for type:default due to dependencyMet
D/GSM ( 2598): [GsmDCT] trySetupData with mIsPsRestricted=false
D/GSM ( 2598): [GsmDCT] isDataAllowed: not allowed due to - gprs= 1 - SIM not loaded
D/GSM ( 2598): [GsmDCT] notifyOffApnsOfAvailability skipped apn due to isReady==false: {mApnType=default mState=IDLE mWaitingApns=null mWaitingApnsPermanentFailureCountDown=0 mApnSetting=null mDataConnectionAc=null mReason=dependencyMet mRetryCount=0 mDataEnabled=true mDependencyMet=true}
D/GSM ( 2598): [ApnContext:mms] set mDependencyMet as false current state is true
D/GSM ( 2598): [GsmDCT] applyNewState(mms, false(false), true(false))
D/GSM ( 2598): [ApnContext:mms] set enabled as false, current state is false
D/GSM ( 2598): [ApnContext:mms] set mDependencyMet as true current state is false
D/GSM ( 2598): [ApnContext:supl] set mDependencyMet as false current state is true
D/GSM ( 2598): [GsmDCT] applyNewState(supl, false(false), true(false))
D/GSM ( 2598): [ApnContext:supl] set enabled as false, current state is false
D/GSM ( 2598): [ApnContext:supl] set mDependencyMet as true current state is false
D/GSM ( 2598): [ApnContext:dun] set mDependencyMet as false current state is true
D/GSM ( 2598): [GsmDCT] applyNewState(dun, false(false), true(false))
D/GSM ( 2598): [ApnContext:dun] set enabled as false, current state is false
D/GSM ( 2598): [ApnContext:dun] set mDependencyMet as true current state is false
D/GSM ( 2598): [ApnContext:hipri] set mDependencyMet as false current state is true
D/GSM ( 2598): [GsmDCT] applyNewState(hipri, false(false), true(false))
D/GSM ( 2598): [ApnContext:hipri] set enabled as false, current state is false
D/GSM ( 2598): [ApnContext:hipri] set mDependencyMet as true current state is false
D/RILB ( 2598): registerForRilConnected h=Handler (com.android.internal.telephony.PhoneProxy) {41b8d2e0} w=4
D/RILB ( 2598): Notifying: ril connected mRilVersion=7
D/RIL_IccCardProxy( 2598): Creating
D/RIL_IccCardProxy( 2598): Broadcasting intent ACTION_SIM_STATE_CHANGED NOT_READY reason null
D/RIL_IccCardProxy( 2598): Setting radio tech UMTS
D/RIL_IccCardProxy( 2598): updateQuietMode: 3GPP subscription -> newQuietMode=false
D/RIL_IccCardProxy( 2598): updateQuietMode: QuietMode is false (app_type=1 isLteOnCdmaMode=false cdmaSource=-1)
D/RILJ ( 2598): [0004]> SET_SUPP_SVC_NOTIFICATION
D/RIL ( 1892): 4 RIL requests in the queue (1 pending, 2 handled, 1 unhandled)
D/RIL ( 1892): Unhandled RIL request: 62
D/RIL ( 1892): 3 RIL requests in the queue (0 pending, 2 handled, 1 unhandled)
D/RILJ ( 2598): [0004]< SET_SUPP_SVC_NOTIFICATION error: com.android.internal.telephony.CommandException: REQUEST_NOT_SUPPORTED
D/RILJ ( 2598): [0005]> GET_CURRENT_CALLS
D/RILJ ( 2598): [0006]> RADIO_POWER on
D/RIL ( 1892): 4 RIL requests in the queue (1 pending, 2 handled, 1 unhandled)
D/RIL ( 1892): 3 RIL requests in the queue (0 pending, 2 handled, 1 unhandled)
D/RIL ( 1892): 4 RIL requests in the queue (1 pending, 2 handled, 1 unhandled)
D/GSM ( 2598): [GsmSST] Poll ServiceState done: oldSS=[1 home null null null Unknown CSS not supported 0 0 RoamInd=0 DefRoamInd=0 EmergOnly=false] newSS=[3 home null null null Unknown CSS not supported -1 -1 RoamInd=-1 DefRoamInd=-1 EmergOnly=false] oldGprs=1 newData=1 oldMaxDataCalls=1 mNewMaxDataCalls=1 oldReasonDataDenied=-1 mNewReasonDataDenied=-1 oldType=Unknown newType=Unknown
D/GSM ( 2598): [GsmSST] updateSpnDisplay: radio is off w/ showPlmn=false plmn=null
D/GSM ( 2598): [GsmSST] updateSpnDisplay: changed sending intent rule=0 showPlmn='false' plmn='null' showSpn='false' spn=''
D/GSM ( 2598): [GsmSST] operatorNumeric is null
D/RILJ ( 2598): [0005]< GET_CURRENT_CALLS
D/RILJ ( 2598): [0007]> RADIO_POWER on
D/GSM ( 2598): [GsmSST] Poll ServiceState done: oldSS=[3 home null null null Unknown CSS not supported -1 -1 RoamInd=-1 DefRoamInd=-1 EmergOnly=false] newSS=[3 home null null null Unknown CSS not supported -1 -1 RoamInd=-1 DefRoamInd=-1 EmergOnly=false] oldGprs=1 newData=1 oldMaxDataCalls=1 mNewMaxDataCalls=1 oldReasonDataDenied=-1 mNewReasonDataDenied=-1 oldType=Unknown newType=Unknown
D/RIL ( 1892): 5 RIL requests in the queue (1 pending, 2 handled, 2 unhandled)
D/GSM ( 2598): [GsmDCT] handleMessage msg={ what=270369 when=-176ms obj=android.os.AsyncResult@41b9e6f8 }
D/GSM ( 2598): [GsmDCT] handleMessage msg={ what=270337 when=-165ms obj=android.os.AsyncResult@41b9f290 }
D/GSM ( 2598): [GsmDCT] onRadioAvailable
D/GSM ( 2598): [GsmDCT] overall state is IDLE
D/GSM ( 2598): [GsmDCT] handleMessage msg={ what=270342 when=-165ms obj=android.os.AsyncResult@41b9f340 }
D/GSM ( 2598): [ApnContext:dun] setRetryCount: 0
D/GSM ( 2598): [ApnContext:supl] setRetryCount: 0
D/GSM ( 2598): [ApnContext:hipri] setRetryCount: 0
D/GSM ( 2598): [ApnContext:default] setRetryCount: 0
D/GSM ( 2598): [ApnContext:mms] setRetryCount: 0
D/GSM ( 2598): [GsmDCT] onRadioOffOrNotAvailable: is off and clean up all connections
D/GSM ( 2598): [GsmDCT] cleanUpAllConnections: tearDown=false reason=radioTurnedOff
D/GSM ( 2598): [ApnContext:dun] set reason as radioTurnedOff,current state IDLE
D/GSM ( 2598): [GsmDCT] cleanUpConnection: E tearDown=false reason=radioTurnedOff apnContext={mApnType=dun mState=IDLE mWaitingApns=null mWaitingApnsPermanentFailureCountDown=0 mApnSetting=null mDataConnectionAc=null mReason=radioTurnedOff mRetryCount=0 mDataEnabled=false mDependencyMet=true}
D/GSM ( 2598): [ApnContext:dun] setState: IDLE, previous state:IDLE
D/GSM ( 2598): [GsmDCT] isDataAllowed: not allowed due to - gprs= 1 - SIM not loaded
D/GSM ( 2598): [GsmDCT] isDataPossible(dun): possible=false isDataAllowed=false apnTypePossible=true apnContextisEnabled=false apnContextState()=IDLE
D/GSM ( 2598): [GsmDCT] get active apn string for type:dun
D/GSM ( 2598): [ApnContext:dun] setDataConnection: old dc=null new dc=null this={mApnType=dun mState=IDLE mWaitingApns=null mWaitingApnsPermanentFailureCountDown=0 mApnSetting=null mDataConnectionAc=null mReason=radioTurnedOff mRetryCount=0 mDataEnabled=false mDependencyMet=true}
D/GSM ( 2598): [ApnContext:dun] setDataConnectionAc: old dcac=null new dcac=null
D/GSM ( 2598): [GsmDCT] cleanUpConnection: X tearDown=false reason=radioTurnedOff apnContext={mApnType=dun mState=IDLE mWaitingApns=null mWaitingApnsPermanentFailureCountDown=0 mApnSetting=null mDataConnectionAc=null mReason=radioTurnedOff mRetryCount=0 mDataEnabled=false mDependencyMet=true} dc=null
D/GSM ( 2598): [ApnContext:supl] set reason as radioTurnedOff,current state IDLE
D/GSM ( 2598): [GsmDCT] cleanUpConnection: E tearDown=false reason=radioTurnedOff apnContext={mApnType=supl mState=IDLE mWaitingApns=null mWaitingApnsPermanentFailureCountDown=0 mApnSetting=null mDataConnectionAc=null mReason=radioTurnedOff mRetryCount=0 mDataEnabled=false mDependencyMet=true}
D/GSM ( 2598): [ApnContext:supl] setState: IDLE, previous state:IDLE
D/GSM ( 2598): [GsmDCT] isDataAllowed: not allowed due to - gprs= 1 - SIM not loaded
D/GSM ( 2598): [GsmDCT] isDataPossible(supl): possible=false isDataAllowed=false apnTypePossible=true apnContextisEnabled=false apnContextState()=IDLE
D/GSM ( 2598): [GsmDCT] get active apn string for type:supl
D/GSM ( 2598): [ApnContext:supl] setDataConnection: old dc=null new dc=null this={mApnType=supl mState=IDLE mWaitingApns=null mWaitingApnsPermanentFailureCountDown=0 mApnSetting=null mDataConnectionAc=null mReason=radioTurnedOff mRetryCount=0 mDataEnabled=false mDependencyMet=true}
D/GSM ( 2598): [ApnContext:supl] setDataConnectionAc: old dcac=null new dcac=null
D/GSM ( 2598): [GsmDCT] cleanUpConnection: X tearDown=false reason=radioTurnedOff apnContext={mApnType=supl mState=IDLE mWaitingApns=null mWaitingApnsPermanentFailureCountDown=0 mApnSetting=null mDataConnectionAc=null mReason=radioTurnedOff mRetryCount=0 mDataEnabled=false mDependencyMet=true} dc=null
D/GSM ( 2598): [ApnContext:hipri] set reason as radioTurnedOff,current state IDLE
D/GSM ( 2598): [GsmDCT] cleanUpConnection: E tearDown=false reason=radioTurnedOff apnContext={mApnType=hipri mState=IDLE mWaitingApns=null mWaitingApnsPermanentFailureCountDown=0 mApnSetting=null mDataConnectionAc=null mReason=radioTurnedOff mRetryCount=0 mDataEnabled=false mDependencyMet=true}
D/GSM ( 2598): [ApnContext:hipri] setState: IDLE, previous state:IDLE
D/GSM ( 2598): [GsmDCT] isDataAllowed: not allowed due to - gprs= 1 - SIM not loaded
D/GSM ( 2598): [GsmDCT] isDataPossible(hipri): possible=false isDataAllowed=false apnTypePossible=true apnContextisEnabled=false apnContextState()=IDLE
D/GSM ( 2598): [GsmDCT] get active apn string for type:hipri
D/GSM ( 2598): [ApnContext:hipri] setDataConnection: old dc=null new dc=null this={mApnType=hipri mState=IDLE mWaitingApns=null mWaitingApnsPermanentFailureCountDown=0 mApnSetting=null mDataConnectionAc=null mReason=radioTurnedOff mRetryCount=0 mDataEnabled=false mDependencyMet=true}
D/GSM ( 2598): [ApnContext:hipri] setDataConnectionAc: old dcac=null new dcac=null
D/GSM ( 2598): [GsmDCT] cleanUpConnection: X tearDown=false reason=radioTurnedOff apnContext={mApnType=hipri mState=IDLE mWaitingApns=null mWaitingApnsPermanentFailureCountDown=0 mApnSetting=null mDataConnectionAc=null mReason=radioTurnedOff mRetryCount=0 mDataEnabled=false mDependencyMet=true} dc=null
D/GSM ( 2598): [ApnContext:default] set reason as radioTurnedOff,current state IDLE
D/GSM ( 2598): [GsmDCT] cleanUpConnection: E tearDown=false reason=radioTurnedOff apnContext={mApnType=default mState=IDLE mWaitingApns=null mWaitingApnsPermanentFailureCountDown=0 mApnSetting=null mDataConnectionAc=null mReason=radioTurnedOff mRetryCount=0 mDataEnabled=true mDependencyMet=true}
D/GSM ( 2598): [ApnContext:default] setState: IDLE, previous state:IDLE
D/GSM ( 2598): [GsmDCT] isDataAllowed: not allowed due to - gprs= 1 - SIM not loaded
D/GSM ( 2598): [GsmDCT] isDataPossible(default): possible=false isDataAllowed=false apnTypePossible=true apnContextisEnabled=true apnContextState()=IDLE
D/GSM ( 2598): [GsmDCT] get active apn string for type:default
D/GSM ( 2598): [ApnContext:default] setDataConnection: old dc=null new dc=null this={mApnType=default mState=IDLE mWaitingApns=null mWaitingApnsPermanentFailureCountDown=0 mApnSetting=null mDataConnectionAc=null mReason=radioTurnedOff mRetryCount=0 mDataEnabled=true mDependencyMet=true}
D/GSM ( 2598): [ApnContext:default] setDataConnectionAc: old dcac=null new dcac=null
D/GSM ( 2598): [GsmDCT] cleanUpConnection: X tearDown=false reason=radioTurnedOff apnContext={mApnType=default mState=IDLE mWaitingApns=null mWaitingApnsPermanentFailureCountDown=0 mApnSetting=null mDataConnectionAc=null mReason=radioTurnedOff mRetryCount=0 mDataEnabled=true mDependencyMet=true} dc=null
D/GSM ( 2598): [ApnContext:mms] set reason as radioTurnedOff,current state IDLE
D/GSM ( 2598): [GsmDCT] cleanUpConnection: E tearDown=false reason=radioTurnedOff apnContext={mApnType=mms mState=IDLE mWaitingApns=null mWaitingApnsPermanentFailureCountDown=0 mApnSetting=null mDataConnectionAc=null mReason=radioTurnedOff mRetryCount=0 mDataEnabled=false mDependencyMet=true}
D/GSM ( 2598): [ApnContext:mms] setState: IDLE, previous state:IDLE
D/GSM ( 2598): [GsmDCT] isDataAllowed: not allowed due to - gprs= 1 - SIM not loaded
D/GSM ( 2598): [GsmDCT] isDataPossible(mms): possible=false isDataAllowed=false apnTypePossible=true apnContextisEnabled=false apnContextState()=IDLE
D/GSM ( 2598): [GsmDCT] get active apn string for type:mms
D/GSM ( 2598): [ApnContext:mms] setDataConnection: old dc=null new dc=null this={mApnType=mms mState=IDLE mWaitingApns=null mWaitingApnsPermanentFailureCountDown=0 mApnSetting=null mDataConnectionAc=null mReason=radioTurnedOff mRetryCount=0 mDataEnabled=false mDependencyMet=true}
D/GSM ( 2598): [ApnContext:mms] setDataConnectionAc: old dcac=null new dcac=null
D/GSM ( 2598): [GsmDCT] cleanUpConnection: X tearDown=false reason=radioTurnedOff apnContext={mApnType=mms mState=IDLE mWaitingApns=null mWaitingApnsPermanentFailureCountDown=0 mApnSetting=null mDataConnectionAc=null mReason=radioTurnedOff mRetryCount=0 mDataEnabled=false mDependencyMet=true} dc=null
D/GSM ( 2598): [GsmDCT] stopNetStatPoll
D/GSM ( 2598): [GsmDCT] notifyOffApnOfAvailability type:dun
D/GSM ( 2598): [GsmDCT] isDataAllowed: not allowed due to - gprs= 1 - SIM not loaded
D/GSM ( 2598): [GsmDCT] isDataPossible(dun): possible=false isDataAllowed=false apnTypePossible=true apnContextisEnabled=false apnContextState()=IDLE
D/GSM ( 2598): [GsmDCT] get active apn string for type:dun
D/GSM ( 2598): [GsmDCT] notifyOffApnOfAvailability type:supl
D/GSM ( 2598): [GsmDCT] isDataAllowed: not allowed due to - gprs= 1 - SIM not loaded
D/GSM ( 2598): [GsmDCT] isDataPossible(supl): possible=false isDataAllowed=false apnTypePossible=true apnContextisEnabled=false apnContextState()=IDLE
D/GSM ( 2598): [GsmDCT] get active apn string for type:supl
D/GSM ( 2598): [GsmDCT] notifyOffApnOfAvailability type:hipri
D/GSM ( 2598): [GsmDCT] isDataAllowed: not allowed due to - gprs= 1 - SIM not loaded
D/GSM ( 2598): [GsmDCT] isDataPossible(hipri): possible=false isDataAllowed=false apnTypePossible=true apnContextisEnabled=false apnContextState()=IDLE
D/GSM ( 2598): [GsmDCT] get active apn string for type:hipri
D/GSM ( 2598): [GsmDCT] notifyOffApnsOfAvailability skipped apn due to isReady==false: {mApnType=default mState=IDLE mWaitingApns=null mWaitingApnsPermanentFailureCountDown=0 mApnSetting=null mDataConnectionAc=null mReason=radioTurnedOff mRetryCount=0 mDataEnabled=true mDependencyMet=true}
D/GSM ( 2598): [GsmDCT] notifyOffApnOfAvailability type:mms
D/GSM ( 2598): [GsmDCT] isDataAllowed: not allowed due to - gprs= 1 - SIM not loaded
D/GSM ( 2598): [GsmDCT] isDataPossible(mms): possible=false isDataAllowed=false apnTypePossible=true apnContextisEnabled=false apnContextState()=IDLE
D/GSM ( 2598): [GsmDCT] get active apn string for type:mms
D/GSM ( 2598): [GsmDCT] handleMessage msg={ what=270345 when=-217ms obj=android.os.AsyncResult@41b9f5d8 }
D/GSM ( 2598): [GsmDCT] onDataConnectionDetached: stop polling and notify detached
D/GSM ( 2598): [GsmDCT] stopNetStatPoll
D/GSM ( 2598): [GsmDCT] notifyDataConnection: reason=dataDetached
D/GSM ( 2598): [GsmDCT] notifyDataConnection: type:default
D/GSM ( 2598): [GsmDCT] isDataAllowed: not allowed due to - gprs= 1 - SIM not loaded
D/GSM ( 2598): [GsmDCT] isDataPossible(default): possible=false isDataAllowed=false apnTypePossible=true apnContextisEnabled=true apnContextState()=IDLE
D/GSM ( 2598): [GsmDCT] get active apn string for type:default
D/GSM ( 2598): [GsmDCT] notifyOffApnOfAvailability type:dun
D/GSM ( 2598): [GsmDCT] isDataAllowed: not allowed due to - gprs= 1 - SIM not loaded
D/GSM ( 2598): [GsmDCT] isDataPossible(dun): possible=false isDataAllowed=false apnTypePossible=true apnContextisEnabled=false apnContextState()=IDLE
D/GSM ( 2598): [GsmDCT] get active apn string for type:dun
D/GSM ( 2598): [GsmDCT] notifyOffApnOfAvailability type:supl
D/GSM ( 2598): [GsmDCT] isDataAllowed: not allowed due to - gprs= 1 - SIM not loaded
D/GSM ( 2598): [GsmDCT] isDataPossible(supl): possible=false isDataAllowed=false apnTypePossible=true apnContextisEnabled=false apnContextState()=IDLE
D/GSM ( 2598): [GsmDCT] get active apn string for type:supl
D/GSM ( 2598): [GsmDCT] notifyOffApnOfAvailability type:hipri
D/GSM ( 2598): [GsmDCT] isDataAllowed: not allowed due to - gprs= 1 - SIM not loaded
D/GSM ( 2598): [GsmDCT] isDataPossible(hipri): possible=false isDataAllowed=false apnTypePossible=true apnContextisEnabled=false apnContextState()=IDLE
D/GSM ( 2598): [GsmDCT] get active apn string for type:hipri
D/GSM ( 2598): [GsmDCT] notifyOffApnsOfAvailability skipped apn due to isReady==false: {mApnType=default mState=IDLE mWaitingApns=null mWaitingApnsPermanentFailureCountDown=0 mApnSetting=null mDataConnectionAc=null mReason=radioTurnedOff mRetryCount=0 mDataEnabled=true mDependencyMet=true}
D/GSM ( 2598): [GsmDCT] notifyOffApnOfAvailability type:mms
D/GSM ( 2598): [GsmDCT] isDataAllowed: not allowed due to - gprs= 1 - SIM not loaded
D/GSM ( 2598): [GsmDCT] isDataPossible(mms): possible=false isDataAllowed=false apnTypePossible=true apnContextisEnabled=false apnContextState()=IDLE
D/GSM ( 2598): [GsmDCT] get active apn string for type:mms
D/GSM ( 2598): [GsmDCT] handleMessage msg={ what=270348 when=-236ms obj=android.os.AsyncResult@41b9f730 }
D/GSM ( 2598): [ApnContext:dun] setRetryCount: 0
D/GSM ( 2598): [ApnContext:supl] setRetryCount: 0
D/GSM ( 2598): [ApnContext:hipri] setRetryCount: 0
D/GSM ( 2598): [ApnContext:default] setRetryCount: 0
D/GSM ( 2598): [ApnContext:mms] setRetryCount: 0
D/GSM ( 2598): [GsmDCT] onRoamingOff
D/RILJ ( 2598): [0008]> BASEBAND_VERSION
D/RILJ ( 2598): [0009]> GET_IMEI
D/RIL ( 1892): 6 RIL requests in the queue (1 pending, 2 handled, 3 unhandled)
D/RILJ ( 2598): [0010]> GET_IMEISV
D/RIL ( 1892): 7 RIL requests in the queue (1 pending, 2 handled, 4 unhandled)
D/RIL ( 1892): 8 RIL requests in the queue (1 pending, 2 handled, 5 unhandled)
E/RIL-IPC ( 1892): Polling IPC FMT client failed
D/RIL ( 1892): Updating RIL radio state to 1
D/RIL ( 1892): 7 RIL requests in the queue (0 pending, 1 handled, 6 unhandled)
D/RIL ( 1892): 6 RIL requests in the queue (0 pending, 0 handled, 6 unhandled)
D/RIL ( 1892): 5 RIL requests in the queue (0 pending, 0 handled, 5 unhandled)
D/RIL ( 1892): 4 RIL requests in the queue (0 pending, 0 handled, 4 unhandled)
D/RIL ( 1892): 3 RIL requests in the queue (0 pending, 0 handled, 3 unhandled)
D/RIL ( 1892): 2 RIL requests in the queue (0 pending, 0 handled, 2 unhandled)
D/RIL ( 1892): 1 RIL request in the queue (0 pending, 0 handled, 1 unhandled)
D/RIL ( 1892): 0 RIL request in the queue (0 pending, 0 handled, 0 unhandled)
D/RIL ( 1892): 0 RIL request in the queue (0 pending, 0 handled, 0 unhandled)
E/RIL ( 1892): IPC FMT client loop failed
D/RILJ ( 2598): [UNSL]< UNSOL_RESPONSE_RADIO_STATE_CHANGED RADIO_UNAVAILABLE
D/RILB ( 2598): Notifying: radio not available
D/GSM ( 2598): [GsmSST] Poll ServiceState done: oldSS=[3 home null null null Unknown CSS not supported -1 -1 RoamInd=-1 DefRoamInd=-1 EmergOnly=false] newSS=[1 home null null null Unknown CSS not supported -1 -1 RoamInd=-1 DefRoamInd=-1 EmergOnly=false] oldGprs=1 newData=1 oldMaxDataCalls=1 mNewMaxDataCalls=1 oldReasonDataDenied=-1 mNewReasonDataDenied=-1 oldType=Unknown newType=Unknown
D/RILJ ( 2598): [0000]< RADIO_POWER error: com.android.internal.telephony.CommandException: RADIO_NOT_AVAILABLE
D/RILJ ( 2598): [0001]< REQUEST_SET_PREFERRED_NETWORK_TYPE error: com.android.internal.telephony.CommandException: RADIO_NOT_AVAILABLE
D/GSM ( 2598): [GsmSST] updateSpnDisplay: radio is on but out of service, set plmn='No service.'
D/RILJ ( 2598): [0003]< SCREEN_STATE error: com.android.internal.telephony.CommandException: RADIO_NOT_AVAILABLE
D/GSM ( 2598): [GsmSST] updateSpnDisplay: changed sending intent rule=0 showPlmn='true' plmn='No service.' showSpn='false' spn=''
D/RILJ ( 2598): [0006]< RADIO_POWER error: com.android.internal.telephony.CommandException: RADIO_NOT_AVAILABLE
D/RILJ ( 2598): [0007]< RADIO_POWER error: com.android.internal.telephony.CommandException: RADIO_NOT_AVAILABLE
D/RILJ ( 2598): [0008]< BASEBAND_VERSION error: com.android.internal.telephony.CommandException: RADIO_NOT_AVAILABLE
D/RILJ ( 2598): [0009]< GET_IMEI error: com.android.internal.telephony.CommandException: RADIO_NOT_AVAILABLE
D/RILJ ( 2598): [0010]< GET_IMEISV error: com.android.internal.telephony.CommandException: RADIO_NOT_AVAILABLE
D/RILJ ( 2598): [UNSL]< UNSOL_RESPONSE_CALL_STATE_CHANGED
D/RILJ ( 2598): [UNSL]< UNSOL_RESPONSE_VOICE_NETWORK_STATE_CHANGED
D/RILJ ( 2598): responseDataCallList ver=7 num=0
D/RILJ ( 2598): [UNSL]< UNSOL_DATA_CALL_LIST_CHANGED []
D/RILJ ( 2598): [UNSL]< UNSOL_RESPONSE_SIM_STATUS_CHANGED
D/GSM ( 2598): [GsmSST] operatorNumeric is null
D/RILJ ( 2598): [0011]> GET_CURRENT_CALLS
D/RILJ ( 2598): [0012]> GET_CURRENT_CALLS
D/RIL ( 1892): 1 RIL request in the queue (1 pending, 0 handled, 0 unhandled)
D/RIL ( 1892): 2 RIL requests in the queue (2 pending, 0 handled, 0 unhandled)
D/GSM ( 2598): [GsmSST] Poll ServiceState done: oldSS=[1 home null null null Unknown CSS not supported -1 -1 RoamInd=-1 DefRoamInd=-1 EmergOnly=false] newSS=[1 home null null null Unknown CSS not supported -1 -1 RoamInd=-1 DefRoamInd=-1 EmergOnly=false] oldGprs=1 newData=1 oldMaxDataCalls=1 mNewMaxDataCalls=1 oldReasonDataDenied=-1 mNewReasonDataDenied=-1 oldType=Unknown newType=Unknown
D/GSM ( 2598): [GsmDCT] handleMessage msg={ what=270340 when=-13ms obj=android.os.AsyncResult@41c10b88 }
D/GSM ( 2598): [GsmDCT] onDataStateChanged(ar): E
D/GSM ( 2598): [GsmDCT] onDataStateChanged(ar): DataCallState size=0
D/GSM ( 2598): [GsmDCT] findApnContextToClean(ar): E dcacs=[]
D/GSM ( 2598): [GsmDCT] findApnContextToClean(ar): X list=[]
D/GSM ( 2598): [GsmDCT] onDataStateChanged: Data Activity updated to NONE. isAnyDataCallActive = false isAnyDataCallDormant = false
D/GSM ( 2598): [GsmDCT] onDataStateChange(ar): apnsToCleanup=[]
D/GSM ( 2598): [GsmDCT] onDataStateChanged(ar): X
D/RIL_UiccController( 2598): Received EVENT_ICC_STATUS_CHANGED, calling getIccCardStatus
D/RILJ ( 2598): [0013]> GET_SIM_STATUS
D/RIL ( 1892): 3 RIL requests in the queue (3 pending, 0 handled, 0 unhandled)
D/RIL ( 1892): Closed IPC FMT client
E/RIL-IPC ( 1892): Opening IPC FMT client failed
E/RIL ( 1892): Opening IPC FMT client failed
D/RIL ( 1892): Closed IPC FMT client
D/RIL-IPC ( 1892): Starting i9300 modem boot
D/RIL-IPC ( 1892): Opened modem image device
D/RIL-IPC ( 1892): Mapped modem image data to memory
D/RIL-IPC ( 1892): Opened modem boot device
D/RIL-IPC ( 1892): Opened modem link device
D/RIL-IPC ( 1892): Turned the modem off
D/RIL-IPC ( 1892): Turned the modem on
D/RIL-IPC ( 1892): Waited for link connected
D/RIL-IPC ( 1892): Wrote ATAT in ASCII
D/RIL-IPC ( 1892): Reading boot ACK failed
D/RIL-IPC ( 1892): Sending XMM626 HSIC PSI failed
E/RIL-IPC ( 1892): Booting IPC FMT client failed
E/RIL ( 1892): Opening IPC FMT client failed
D/RIL ( 1892): Closed IPC FMT client
D/RIL-IPC ( 1892): Starting i9300 modem boot
D/RIL-IPC ( 1892): Opened modem image device
D/RIL-IPC ( 1892): Mapped modem image data to memory
D/RIL-IPC ( 1892): Opened modem boot device
D/RIL-IPC ( 1892): Opened modem link device
D/RILJ ( 2598): [0014]> OEM_HOOK_RAW[01010007011400]
D/RILJ ( 2598): [0015]> OEM_HOOK_RAW[010300063200]
D/RILJ ( 2598): [0016]> OEM_HOOK_RAW[010300063300]
D/RILJ ( 2598): [0017]> OEM_HOOK_RAW[0102000501]
D/RIL-IPC ( 1892): Turned the modem off
D/RIL-IPC ( 1892): Turned the modem on
D/RIL-IPC ( 1892): Waited for link connected
D/RIL-IPC ( 1892): Wrote ATAT in ASCII
D/RIL-IPC ( 1892): Read chip id (0x16)
D/RIL-IPC ( 1892): Wrote PSI header
D/RIL-IPC ( 1892): Wrote PSI, CRC is 0xc8
D/RIL-IPC ( 1892): Wrote PSI CRC (0xc8)
D/RIL-IPC ( 1892): Read PSI CRC ACK
D/RIL-IPC ( 1892): Read PSI ACK
D/RIL-IPC ( 1892): Sent XMM626 HSIC PSI
D/RIL-IPC ( 1892): Wrote EBL size
D/RIL-IPC ( 1892): Wrote EBL, CRC is 0xb5
D/RIL-IPC ( 1892): Wrote EBL CRC (0xb5)
D/RIL-IPC ( 1892): Sent XMM626 HSIC EBL
D/RIL-IPC ( 1892): Read port config
D/RIL-IPC ( 1892): Sent XMM626 HSIC port config
D/RIL-IPC ( 1892): Sent XMM626 HSIC SEC start
D/RIL-IPC ( 1892): Sent XMM626 HSIC firmware
D/RIL-IPC ( 1892): Checked nv_data path
D/RIL-IPC ( 1892): Checked nv_data md5 path
D/RIL-IPC ( 1892): Calculated nv_data md5: ebed76b5a243ed257e9b9159f108ad1c
D/RIL-IPC ( 1892): Read nv_data md5: ebed76b5a243ed257e9b9159f108ad1c
D/RIL-IPC ( 1892): Checked nv_data backup path
D/RIL-IPC ( 1892): Loaded nv_data
D/RIL-IPC ( 1892): Sent XMM626 HSIC nv_data
D/RIL-IPC ( 1892): Sent XMM626 HSIC SEC end
D/RIL-IPC ( 1892): Sent XMM626 HSIC HW reset
D/RIL-IPC ( 1892): Waiting for host wake failed
D/RIL-IPC ( 1892): Waited for host wake
D/RIL-IPC ( 1892): Waited for link connected
D/RIL ( 1892): Opened IPC FMT client
D/RIL ( 1892): 4 RIL requests in the queue (4 pending, 0 handled, 0 unhandled)
D/RIL ( 1892): 5 RIL requests in the queue (5 pending, 0 handled, 0 unhandled)
D/RIL ( 1892): 6 RIL requests in the queue (6 pending, 0 handled, 0 unhandled)
D/RIL ( 1892): 7 RIL requests in the queue (7 pending, 0 handled, 0 unhandled)
D/RIL-IPC ( 1892):
D/RIL-IPC ( 1892): xmm626_sec_modem_fmt_recv: Received FMT message
D/RIL-IPC ( 1892): xmm626_sec_modem_fmt_recv: Message: aseq=0xff, command=IPC_PWR_PHONE_PWR_UP, type=IPC_TYPE_NOTI, size=0
D/RIL ( 1892): Updating RIL radio state to 0
D/RILJ ( 2598): [UNSL]< UNSOL_RESPONSE_RADIO_STATE_CHANGED RADIO_OFF
D/RILB ( 2598): Notifying: radio available
D/RIL-IPC ( 1892):
D/RIL-IPC ( 1892): xmm626_sec_modem_fmt_recv: Received FMT message
D/RIL-IPC ( 1892): xmm626_sec_modem_fmt_recv: Message: aseq=0x00, command=IPC_MISC_ME_IMSI, type=IPC_TYPE_NOTI, size=16
D/RIL-IPC ( 1892): ================================= IPC FMT data =================================
D/RIL-IPC ( 1892): [0000] 0F 30 30 30 30 30 30 30 30 30 30 30 30 30 30 30 .0000000 00000000
D/RIL-IPC ( 1892): ================================================================================
D/RILJ ( 2598): [0019]> RADIO_POWER on
D/RILJ ( 2598): [0018]> SCREEN_STATE: true
D/RIL ( 1892): 8 RIL requests in the queue (8 pending, 0 handled, 0 unhandled)
D/GSM ( 2598): [GsmSST] Poll ServiceState done: oldSS=[1 home null null null Unknown CSS not supported -1 -1 RoamInd=-1 DefRoamInd=-1 EmergOnly=false] newSS=[3 home null null null Unknown CSS not supported -1 -1 RoamInd=-1 DefRoamInd=-1 EmergOnly=false] oldGprs=1 newData=1 oldMaxDataCalls=1 mNewMaxDataCalls=1 oldReasonDataDenied=-1 mNewReasonDataDenied=-1 oldType=Unknown newType=Unknown
D/RIL ( 1892): 7 RIL requests in the queue (7 pending, 0 handled, 0 unhandled)
D/RIL ( 1892): 6 RIL requests in the queue (6 pending, 0 handled, 0 unhandled)
D/GSM ( 2598): [GsmSST] updateSpnDisplay: radio is off w/ showPlmn=false plmn=null
D/GSM ( 2598): [GsmSST] updateSpnDisplay: changed sending intent rule=0 showPlmn='false' plmn='null' showSpn='false' spn=''
D/RIL-IPC ( 1892):
D/RIL-IPC ( 1892): xmm626_sec_modem_fmt_send: Sent FMT message
D/RIL-IPC ( 1892): xmm626_sec_modem_fmt_send: Message: mseq=0x01, command=IPC_SVC_ENTER, type=IPC_TYPE_SET, size=3
D/RIL-IPC ( 1892): ================================= IPC FMT data =================================
D/RIL-IPC ( 1892): [0000] 01 14 10 ...
D/RIL-IPC ( 1892): ================================================================================
D/RIL ( 1892): Requesting normal power state
D/RIL-IPC ( 1892):
D/RIL-IPC ( 1892): xmm626_sec_modem_fmt_send: Sent FMT message
D/RIL-IPC ( 1892): xmm626_sec_modem_fmt_send: Message: mseq=0x02, command=IPC_PWR_PHONE_STATE, type=IPC_TYPE_EXEC, size=2
D/RIL-IPC ( 1892): ================================= IPC FMT data =================================
D/RIL-IPC ( 1892): [0000] 02 02 ..
D/RIL-IPC ( 1892): ================================================================================
D/RIL ( 1892): 7 RIL requests in the queue (1 pending, 2 handled, 4 unhandled)
D/RILJ ( 2598): [UNSL]< UNSOL_RESPONSE_CALL_STATE_CHANGED
D/RILJ ( 2598): [UNSL]< UNSOL_RESPONSE_VOICE_NETWORK_STATE_CHANGED
D/RILJ ( 2598): responseDataCallList ver=7 num=0
D/RILJ ( 2598): [UNSL]< UNSOL_DATA_CALL_LIST_CHANGED []
D/RILJ ( 2598): [UNSL]< UNSOL_RESPONSE_SIM_STATUS_CHANGED
D/RILJ ( 2598): [0011]< GET_CURRENT_CALLS
D/RILJ ( 2598): [0012]< GET_CURRENT_CALLS
D/GSM ( 2598): [GsmSST] operatorNumeric is null
D/GSM ( 2598): [GsmDCT] handleMessage msg={ what=270337 when=-9ms obj=android.os.AsyncResult@41c42190 }
D/GSM ( 2598): [GsmDCT] onRadioAvailable
D/GSM ( 2598): [GsmDCT] overall state is IDLE
D/RILJ ( 2598): [0020]> BASEBAND_VERSION
D/RILJ ( 2598): [0021]> GET_IMEI
D/RIL ( 1892): 8 RIL requests in the queue (1 pending, 2 handled, 5 unhandled)
D/RILJ ( 2598): [0022]> GET_IMEISV
D/RIL ( 1892): 9 RIL requests in the queue (1 pending, 2 handled, 6 unhandled)
D/RILJ ( 2598): [0023]> GET_CURRENT_CALLS
D/RIL ( 1892): 10 RIL requests in the queue (1 pending, 2 handled, 7 unhandled)
D/RIL ( 1892): 11 RIL requests in the queue (1 pending, 2 handled, 8 unhandled)
D/RIL ( 1892): 10 RIL requests in the queue (0 pending, 2 handled, 8 unhandled)
D/GSM ( 2598): [GsmSST] Poll ServiceState done: oldSS=[3 home null null null Unknown CSS not supported -1 -1 RoamInd=-1 DefRoamInd=-1 EmergOnly=false] newSS=[3 home null null null Unknown CSS not supported -1 -1 RoamInd=-1 DefRoamInd=-1 EmergOnly=false] oldGprs=1 newData=1 oldMaxDataCalls=1 mNewMaxDataCalls=1 oldReasonDataDenied=-1 mNewReasonDataDenied=-1 oldType=Unknown newType=Unknown
D/RILJ ( 2598): [0023]< GET_CURRENT_CALLS
D/GSM ( 2598): [GsmDCT] handleMessage msg={ what=270340 when=-9ms obj=android.os.AsyncResult@41c44700 }
D/GSM ( 2598): [GsmDCT] onDataStateChanged(ar): E
D/GSM ( 2598): [GsmDCT] onDataStateChanged(ar): DataCallState size=0
D/GSM ( 2598): [GsmDCT] findApnContextToClean(ar): E dcacs=[]
D/GSM ( 2598): [GsmDCT] findApnContextToClean(ar): X list=[]
D/GSM ( 2598): [GsmDCT] onDataStateChanged: Data Activity updated to NONE. isAnyDataCallActive = false isAnyDataCallDormant = false
D/GSM ( 2598): [GsmDCT] onDataStateChange(ar): apnsToCleanup=[]
D/GSM ( 2598): [GsmDCT] onDataStateChanged(ar): X
D/RIL_UiccController( 2598): Received EVENT_ICC_STATUS_CHANGED, calling getIccCardStatus
D/RILJ ( 2598): [0024]> GET_SIM_STATUS
D/RIL ( 1892): 11 RIL requests in the queue (1 pending, 2 handled, 8 unhandled)
D/RIL-IPC ( 1892):
D/RIL-IPC ( 1892): xmm626_sec_modem_fmt_recv: Received FMT message
D/RIL-IPC ( 1892): xmm626_sec_modem_fmt_recv: Message: aseq=0xff, command=IPC_NET_REGIST, type=IPC_TYPE_NOTI, size=11
D/RIL-IPC ( 1892): ================================= IPC FMT data =================================
D/RIL-IPC ( 1892): [0000] FF 02 01 00 00 00 00 00 00 00 00 ........ ...
D/RIL-IPC ( 1892): ================================================================================
D/RIL-IPC ( 1892):
D/RIL-IPC ( 1892): xmm626_sec_modem_fmt_recv: Received FMT message
D/RIL-IPC ( 1892): xmm626_sec_modem_fmt_recv: Message: aseq=0xff, command=IPC_NET_REGIST, type=IPC_TYPE_NOTI, size=11
D/RIL-IPC ( 1892): ================================= IPC FMT data =================================
D/RIL-IPC ( 1892): [0000] FF 03 01 00 00 00 00 00 00 00 00 ........ ...
D/RIL-IPC ( 1892): ================================================================================
D/RIL-IPC ( 1892):
D/RIL-IPC ( 1892): xmm626_sec_modem_fmt_recv: Received FMT message
D/RIL-IPC ( 1892): xmm626_sec_modem_fmt_recv: Message: aseq=0x00, command=IPC_DISP_ICON_INFO, type=IPC_TYPE_NOTI, size=4
D/RIL-IPC ( 1892): ================================= IPC FMT data =================================
D/RIL-IPC ( 1892): [0000] FF 00 00 00 ....
D/RIL-IPC ( 1892): ================================================================================
D/RIL-IPC ( 1892):
D/RIL-IPC ( 1892): xmm626_sec_modem_fmt_recv: Received FMT message
D/RIL-IPC ( 1892): xmm626_sec_modem_fmt_recv: Message: aseq=0x01, command=IPC_GEN_PHONE_RES, type=IPC_TYPE_RESP, size=5
D/RIL-IPC ( 1892): ================================= IPC FMT data =================================
D/RIL-IPC ( 1892): [0000] 0B 01 03 00 80 .....
D/RIL-IPC ( 1892): ================================================================================
D/RIL ( 1892): Generic response was expected
D/RIL-IPC ( 1892):
D/RIL-IPC ( 1892): xmm626_sec_modem_fmt_recv: Received FMT message
D/RIL-IPC ( 1892): xmm626_sec_modem_fmt_recv: Message: aseq=0xff, command=IPC_SVC_SCREEN_CFG, type=IPC_TYPE_NOTI, size=2
D/RIL-IPC ( 1892): ================================= IPC FMT data =================================
D/RIL-IPC ( 1892): [0000] 0B 01 ..
D/RIL-IPC ( 1892): ================================================================================
D/RIL-IPC ( 1892): Unhandled IPC FMT message: IPC_SVC_SCREEN_CFG
D/RIL-IPC ( 1892):
D/RIL-IPC ( 1892): xmm626_sec_modem_fmt_recv: Received FMT message
D/RIL-IPC ( 1892): xmm626_sec_modem_fmt_recv: Message: aseq=0x00, command=IPC_SVC_DISPLAY_SCREEN, type=IPC_TYPE_NOTI, size=545
D/RIL-IPC ( 1892): ================================= IPC FMT data =================================
D/RIL-IPC ( 1892): [0000] 10 00 00 20 52 52 43 28 48 53 50 41 29 20 43 4F ... RRC( HSPA) CO
D/RIL-IPC ( 1892): [0010] 4E 54 52 4F 4C 00 20 20 20 20 20 20 20 20 20 20 NTROL.
D/RIL-IPC ( 1892): [0020] 20 20 00 01 00 20 5B 31 5D 20 44 49 53 50 4C 41 ... [1 ] DISPLA
D/RIL-IPC ( 1892): [0030] 59 20 52 45 56 49 53 49 4F 4E 00 20 20 20 20 20 Y REVISI ON.
D/RIL-IPC ( 1892): [0040] 20 20 20 20 00 02 00 20 5B 32 5D 20 43 48 41 4E ... [2] CHAN
D/RIL-IPC ( 1892): [0050] 47 45 20 52 45 56 49 53 49 4F 4E 00 20 20 20 20 GE REVIS ION.
D/RIL-IPC ( 1892): [0060] 20 20 20 20 20 20 00 03 00 20 20 20 20 20 20 20 .. .
D/RIL-IPC ( 1892): [0070] 20 20 20 20 20 20 20 20 20 20 20 20 20 20 20 20
D/RIL-IPC ( 1892): [0080] 20 20 20 20 20 20 20 20 00 04 00 20 20 20 20 20 ...
D/RIL-IPC ( 1892): [0090] 20 20 20 20 20 20 20 20 20 20 20 20 20 20 20 20
D/RIL-IPC ( 1892): [00a0] 20 20 20 20 20 20 20 20 20 20 00 05 00 20 20 20 ...
D/RIL-IPC ( 1892): [00b0] 20 20 20 20 20 20 20 20 20 20 20 20 20 20 20 20
D/RIL-IPC ( 1892): [00c0] 20 20 20 20 20 20 20 20 20 20 20 20 00 06 00 20 ...
D/RIL-IPC ( 1892): [00d0] 20 20 20 20 20 20 20 20 20 20 20 20 20 20 20 20
D/RIL-IPC ( 1892): [00e0] 20 20 20 20 20 20 20 20 20 20 20 20 20 20 00 07 ..
D/RIL-IPC ( 1892): [00f0] 00 20 20 20 20 20 20 20 20 20 20 20 20 20 20 20 .
D/RIL-IPC ( 1892): ================================================================================
D/RIL ( 1892): 10 RIL requests in the queue (0 pending, 1 handled, 9 unhandled)
D/RIL-IPC ( 1892):
D/RIL-IPC ( 1892): xmm626_sec_modem_fmt_recv: Received FMT message
D/RIL-IPC ( 1892): xmm626_sec_modem_fmt_recv: Message: aseq=0x00, command=IPC_SVC_DISPLAY_SCREEN, type=IPC_TYPE_NOTI, size=35
D/RIL-IPC ( 1892): ================================= IPC FMT data =================================
D/RIL-IPC ( 1892): [0000] 01 00 01 20 52 52 43 28 48 53 50 41 29 20 43 4F ... RRC( HSPA) CO
D/RIL-IPC ( 1892): [0010] 4E 54 52 4F 4C 00 20 20 20 20 20 20 20 20 20 20 NTROL.
D/RIL-IPC ( 1892): [0020] 20 20 00 .
D/RIL-IPC ( 1892): ================================================================================
D/RIL-IPC ( 1892):
D/RIL-IPC ( 1892): xmm626_sec_modem_fmt_send: Sent FMT message
D/RIL-IPC ( 1892): xmm626_sec_modem_fmt_send: Message: mseq=0x03, command=IPC_SVC_PRO_KEYCODE, type=IPC_TYPE_SET, size=1
D/RIL-IPC ( 1892): ================================= IPC FMT data =================================
D/RIL-IPC ( 1892): [0000] 32 2
D/RIL-IPC ( 1892): ================================================================================
D/RILJ ( 2598): [0014]< OEM_HOOK_RAW [B@41c49190
D/RIL-IPC ( 1892):
D/RIL-IPC ( 1892): xmm626_sec_modem_fmt_recv: Received FMT message
D/RIL-IPC ( 1892): xmm626_sec_modem_fmt_recv: Message: aseq=0x02, command=IPC_GEN_PHONE_RES, type=IPC_TYPE_RESP, size=5
D/RIL-IPC ( 1892): ================================= IPC FMT data =================================
D/RIL-IPC ( 1892): [0000] 01 07 01 00 80 .....
D/RIL-IPC ( 1892): ================================================================================
D/RIL ( 1892): Generic response was expected
D/RIL-IPC ( 1892):
D/RIL-IPC ( 1892): xmm626_sec_modem_fmt_recv: Received FMT message
D/RIL-IPC ( 1892): xmm626_sec_modem_fmt_recv: Message: aseq=0x02, command=IPC_PWR_PHONE_STATE, type=IPC_TYPE_NOTI, size=1
D/RIL-IPC ( 1892): ================================= IPC FMT data =================================
D/RIL-IPC ( 1892): [0000] 02 .
D/RIL-IPC ( 1892): ================================================================================
D/RIL ( 1892): Power state is normal
D/RIL ( 1892): 9 RIL requests in the queue (0 pending, 1 handled, 8 unhandled)
D/RIL ( 1892): Updating RIL radio state to 2
D/RIL-IPC ( 1892):
D/RIL-IPC ( 1892): xmm626_sec_modem_fmt_send: Sent FMT message
D/RIL-IPC ( 1892): xmm626_sec_modem_fmt_send: Message: mseq=0x04, command=IPC_SEC_PIN_STATUS, type=IPC_TYPE_GET, size=0
D/RIL ( 1892): 8 RIL requests in the queue (4 pending, 2 handled, 2 unhandled)
D/RIL-IPC ( 1892):
D/RIL-IPC ( 1892): xmm626_sec_modem_fmt_send: Sent FMT message
D/RIL-IPC ( 1892): xmm626_sec_modem_fmt_send: Message: mseq=0x05, command=IPC_MISC_ME_VERSION, type=IPC_TYPE_GET, size=1
D/RIL-IPC ( 1892): ================================= IPC FMT data =================================
D/RIL-IPC ( 1892): [0000] FF .
D/RIL-IPC ( 1892): ================================================================================
D/RIL-IPC ( 1892):
D/RIL-IPC ( 1892): xmm626_sec_modem_fmt_send: Sent FMT message
D/RIL-IPC ( 1892): xmm626_sec_modem_fmt_send: Message: mseq=0x06, command=IPC_MISC_ME_SN, type=IPC_TYPE_GET, size=1
D/RIL-IPC ( 1892): ================================= IPC FMT data =================================
D/RIL-IPC ( 1892): [0000] 01 .
D/RIL-IPC ( 1892): ================================================================================
D/RIL-IPC ( 1892):
D/RIL-IPC ( 1892): xmm626_sec_modem_fmt_recv: Received FMT message
D/RIL-IPC ( 1892): xmm626_sec_modem_fmt_recv: Message: aseq=0xff, command=IPC_NET_REGIST, type=IPC_TYPE_NOTI, size=11
D/RILJ ( 2598): [0019]< RADIO_POWER
D/RIL-IPC ( 1892): ================================= IPC FMT data =================================
D/RIL-IPC ( 1892): [0000] FF 02 01 00 00 00 00 00 00 00 00 ........ ...
D/RIL-IPC ( 1892): ================================================================================
D/RIL-IPC ( 1892):
D/RIL-IPC ( 1892): xmm626_sec_modem_fmt_recv: Received FMT message
D/RIL-IPC ( 1892): xmm626_sec_modem_fmt_recv: Message: aseq=0xff, command=IPC_NET_REGIST, type=IPC_TYPE_NOTI, size=11
D/RIL-IPC ( 1892): ================================= IPC FMT data =================================
D/RIL-IPC ( 1892): [0000] FF 03 01 00 00 00 00 00 00 00 00 ........ ...
D/RIL-IPC ( 1892): ================================================================================
D/RIL-IPC ( 1892):
D/RIL-IPC ( 1892): xmm626_sec_modem_fmt_recv: Received FMT message
D/RIL-IPC ( 1892): xmm626_sec_modem_fmt_recv: Message: aseq=0x00, command=IPC_DISP_ICON_INFO, type=IPC_TYPE_NOTI, size=4
D/RIL-IPC ( 1892): ================================= IPC FMT data =================================
D/RIL-IPC ( 1892): [0000] FF 00 00 00 ....
D/RIL-IPC ( 1892): ================================================================================
D/RIL ( 1892): Signal strength is 1
D/RILJ ( 2598): [UNSL]< UNSOL_VOICE_RADIO_TECH_CHANGED {3}
D/RIL-IPC ( 1892):
D/RIL-IPC ( 1892): xmm626_sec_modem_fmt_recv: Received FMT message
D/RIL-IPC ( 1892): xmm626_sec_modem_fmt_recv: Message: aseq=0x03, command=IPC_GEN_PHONE_RES, type=IPC_TYPE_RESP, size=5
D/RIL-IPC ( 1892): ================================= IPC FMT data =================================
D/RIL-IPC ( 1892): [0000] 0B 03 03 00 80 .....
D/RIL-IPC ( 1892): ================================================================================
D/RIL ( 1892): Generic response was expected
D/RIL-IPC ( 1892):
D/RIL-IPC ( 1892): xmm626_sec_modem_fmt_recv: Received FMT message
D/RIL-IPC ( 1892): xmm626_sec_modem_fmt_recv: Message: aseq=0xff, command=IPC_SVC_DISPLAY_SCREEN, type=IPC_TYPE_NOTI, size=35
D/RIL-IPC ( 1892): ================================= IPC FMT data =================================
D/RIL-IPC ( 1892): [0000] 01 09 00 20 32 00 20 20 20 20 20 20 20 20 20 20 ... 2.
D/RIL-IPC ( 1892): [0010] 20 20 20 20 20 20 20 20 20 20 20 20 20 20 20 20
D/RIL-IPC ( 1892): [0020] 20 20 00 .
D/RIL-IPC ( 1892): ================================================================================
D/RILJ ( 2598): [UNSL]< UNSOL_RESPONSE_RADIO_STATE_CHANGED RADIO_ON
D/RILB ( 2598): Notifying: Radio On
D/RIL-IPC ( 1892):
D/RIL-IPC ( 1892): xmm626_sec_modem_fmt_recv: Received FMT message
D/RIL-IPC ( 1892): xmm626_sec_modem_fmt_recv: Message: aseq=0x00, command=IPC_SVC_DISPLAY_SCREEN, type=IPC_TYPE_NOTI, size=545
D/RIL-IPC ( 1892): ================================= IPC FMT data =================================
D/RIL-IPC ( 1892): [0000] 10 00 00 20 43 48 41 4E 47 45 20 48 53 50 41 20 ... CHAN GE HSPA
D/RIL-IPC ( 1892): [0010] 52 45 56 49 53 49 4F 4E 00 20 20 20 20 20 20 20 REVISION .
D/RILJ ( 2598): [UNSL]< UNSOL_RESPONSE_VOICE_NETWORK_STATE_CHANGED
D/RIL-IPC ( 1892): [0020] 20 20 00 01 00 20 5B 31 5D 20 52 45 4C 45 41 53 ... [1 ] RELEAS
D/RIL-IPC ( 1892): [0030] 45 20 52 39 39 28 48 53 50 41 20 4F 46 46 29 00 E R99(HS PA OFF).
D/RIL-IPC ( 1892): [0040] 20 20 20 20 00 02 00 20 5B 32 5D 20 52 45 4C 45 ... [2] RELE
D/RIL-IPC ( 1892): [0050] 41 53 45 20 35 28 48 53 44 50 41 20 4F 4E 4C 59 ASE 5(HS DPA ONLY
D/RIL-IPC ( 1892): [0060] 29 00 20 20 20 20 00 03 00 20 5B 33 5D 20 52 45 ). .. . [3] RE
D/RIL-IPC ( 1892): [0070] 4C 45 41 53 45 20 36 28 48 53 44 50 41 2F 48 53 LEASE 6( HSDPA/HS
D/RIL-IPC ( 1892): [0080] 55 50 41 29 00 20 20 20 00 04 00 20 20 20 20 20 UPA). ...
D/RIL-IPC ( 1892): [0090] 20 20 20 20 20 20 20 20 20 20 20 20 20 20 20 20
D/RIL-IPC ( 1892): [00a0] 20 20 20 20 20 20 20 20 20 20 00 05 00 20 20 20 ...
D/RIL-IPC ( 1892): [00b0] 20 20 20 20 20 20 20 20 20 20 20 20 20 20 20 20
D/RIL-IPC ( 1892): [00c0] 20 20 20 20 20 20 20 20 20 20 20 20 00 06 00 20 ...
D/RIL-IPC ( 1892): [00d0] 20 20 20 20 20 20 20 20 20 20 20 20 20 20 20 20
D/RIL-IPC ( 1892): [00e0] 20 20 20 20 20 20 20 20 20 20 20 20 20 20 00 07 ..
D/RIL-IPC ( 1892): [00f0] 00 20 20 20 20 20 20 20 20 20 20 20 20 20 20 20 .
D/RIL-IPC ( 1892): ================================================================================
D/RIL ( 1892): 7 RIL requests in the queue (0 pending, 4 handled, 3 unhandled)
D/RIL ( 1892): 2 RIL requests data in the queue
D/PHONE ( 2598): [PhoneProxy] Ignoring voice radio technology changed message. newVoiceRadioTech = 3 Active Phone = GSM
D/RIL-IPC ( 1892):
D/RIL-IPC ( 1892): xmm626_sec_modem_fmt_recv: Received FMT message
D/RIL-IPC ( 1892): xmm626_sec_modem_fmt_recv: Message: aseq=0x00, command=IPC_SVC_DISPLAY_SCREEN, type=IPC_TYPE_NOTI, size=35
D/RIL-IPC ( 1892): ================================= IPC FMT data =================================
D/RIL-IPC ( 1892): [0000] 01 00 01 20 43 48 41 4E 47 45 20 48 53 50 41 20 ... CHAN GE HSPA
D/RIL-IPC ( 1892): [0010] 52 45 56 49 53 49 4F 4E 00 20 20 20 20 20 20 20 REVISION .
D/RIL-IPC ( 1892): [0020] 20 20 00 .
D/RIL-IPC ( 1892): ================================================================================
D/RIL-IPC ( 1892):
D/RIL-IPC ( 1892): xmm626_sec_modem_fmt_send: Sent FMT message
D/RIL-IPC ( 1892): xmm626_sec_modem_fmt_send: Message: mseq=0x07, command=IPC_SVC_PRO_KEYCODE, type=IPC_TYPE_SET, size=1
