01-22 19:07:20.535 1955 2206 D use-Rlog/RLOG-RIL-IPC: ================================= IPC FMT data =================================
01-22 19:07:20.535 1955 2206 D use-Rlog/RLOG-RIL-IPC: [0000] 02 .
01-22 19:07:20.535 1955 2206 D use-Rlog/RLOG-RIL-IPC: ================================================================================
01-22 19:07:20.535 1955 2206 D use-Rlog/RLOG-RIL: 10 RIL requests in the queue (0 pending, 4 handled, 6 unhandled)
01-22 19:07:20.535 1955 2206 D use-Rlog/RLOG-RIL-IPC:
01-22 19:07:20.535 1955 2206 D use-Rlog/RLOG-RIL-IPC: xmm626_sec_modem_fmt_recv: Received FMT message
01-22 19:07:20.535 1955 2206 D use-Rlog/RLOG-RIL-IPC: xmm626_sec_modem_fmt_recv: Message: aseq=0x13, command=IPC_NET_SERVING_NETWORK, type=IPC_TYPE_RESP, size=11
01-22 19:07:20.535 1955 2206 D use-Rlog/RLOG-RIL-IPC: ================================= IPC FMT data =================================
01-22 19:07:20.535 1955 2206 D use-Rlog/RLOG-RIL-IPC: [0000] 02 05 FF 30 30 30 30 30 23 00 00 ...00000 #..
01-22 19:07:20.535 1955 2206 D use-Rlog/RLOG-RIL-IPC: ================================================================================
01-22 19:07:20.535 1955 2206 D use-Rlog/RLOG-RIL: 9 RIL requests in the queue (0 pending, 3 handled, 6 unhandled)
01-22 19:07:20.535 1955 2206 D use-Rlog/RLOG-RIL-IPC:
01-22 19:07:20.535 1955 2206 D use-Rlog/RLOG-RIL-IPC: xmm626_sec_modem_fmt_recv: Received FMT message
01-22 19:07:20.535 1955 2206 D use-Rlog/RLOG-RIL-IPC: xmm626_sec_modem_fmt_recv: Message: aseq=0x14, command=IPC_NET_REGIST, type=IPC_TYPE_RESP, size=11
01-22 19:07:20.535 1955 2206 D use-Rlog/RLOG-RIL-IPC: ================================= IPC FMT data =================================
01-22 19:07:20.535 1955 2206 D use-Rlog/RLOG-RIL-IPC: [0000] FF 03 01 00 00 00 00 00 00 00 00 ........ ...
01-22 19:07:20.535 1955 2206 D use-Rlog/RLOG-RIL-IPC: ================================================================================
01-22 19:07:20.536 1955 2206 D use-Rlog/RLOG-RIL: 8 RIL requests in the queue (0 pending, 2 handled, 6 unhandled)
01-22 19:07:20.536 1955 2206 D use-Rlog/RLOG-RIL-IPC:
01-22 19:07:20.536 1955 2206 D use-Rlog/RLOG-RIL-IPC: xmm626_sec_modem_fmt_recv: Received FMT message
01-22 19:07:20.536 1955 2206 D use-Rlog/RLOG-RIL-IPC: xmm626_sec_modem_fmt_recv: Message: aseq=0x15, command=IPC_NET_REGIST, type=IPC_TYPE_RESP, size=11
01-22 19:07:20.536 1955 2206 D use-Rlog/RLOG-RIL-IPC: ================================= IPC FMT data =================================
01-22 19:07:20.536 1955 2206 D use-Rlog/RLOG-RIL-IPC: [0000] FF 02 01 00 00 00 00 00 00 00 00 ........ ...
01-22 19:07:20.536 1955 2206 D use-Rlog/RLOG-RIL-IPC: ================================================================================
01-22 19:07:20.536 1955 2206 D use-Rlog/RLOG-RIL: 7 RIL requests in the queue (0 pending, 1 handled, 6 unhandled)
01-22 19:07:20.536 1955 2206 D use-Rlog/RLOG-RIL-IPC:
01-22 19:07:20.536 1955 2206 D use-Rlog/RLOG-RIL-IPC: xmm626_sec_modem_fmt_recv: Received FMT message
01-22 19:07:20.536 1955 2206 D use-Rlog/RLOG-RIL-IPC: xmm626_sec_modem_fmt_recv: Message: aseq=0x16, command=IPC_SEC_PIN_STATUS, type=IPC_TYPE_RESP, size=2
01-22 19:07:20.536 1955 2206 D use-Rlog/RLOG-RIL-IPC: ================================= IPC FMT data =================================
01-22 19:07:20.536 1955 2206 D use-Rlog/RLOG-RIL-IPC: [0000] 00 00 ..
01-22 19:07:20.536 1955 2206 D use-Rlog/RLOG-RIL-IPC: ================================================================================
01-22 19:07:20.536 1955 2206 D use-Rlog/RLOG-RIL: ipc2ril_sec_pin_status_response: Selecting status application 2 on 10
01-22 19:07:20.536 1955 2206 D use-Rlog/RLOG-RIL: 6 RIL requests in the queue (0 pending, 0 handled, 6 unhandled)
01-22 19:07:20.536 1955 2210 D use-Rlog/RLOG-RIL-IPC:
01-22 19:07:20.536 1955 2210 D use-Rlog/RLOG-RIL-IPC: xmm626_sec_modem_fmt_send: Sent FMT message
01-22 19:07:20.536 1955 2210 D use-Rlog/RLOG-RIL-IPC: xmm626_sec_modem_fmt_send: Message: mseq=0x17, command=IPC_SEC_PIN_STATUS, type=IPC_TYPE_GET, size=0
01-22 19:07:20.536 1955 2210 D use-Rlog/RLOG-RIL-IPC:
01-22 19:07:20.536 1955 2210 D use-Rlog/RLOG-RIL-IPC: xmm626_sec_modem_fmt_send: Sent FMT message
01-22 19:07:20.536 1955 2210 D use-Rlog/RLOG-RIL-IPC: xmm626_sec_modem_fmt_send: Message: mseq=0x18, command=IPC_NET_SERVING_NETWORK, type=IPC_TYPE_GET, size=0
01-22 19:07:20.536 1955 2210 D use-Rlog/RLOG-RIL-IPC:
01-22 19:07:20.537 1955 2210 D use-Rlog/RLOG-RIL-IPC: xmm626_sec_modem_fmt_send: Sent FMT message
01-22 19:07:20.537 1955 2210 D use-Rlog/RLOG-RIL-IPC: xmm626_sec_modem_fmt_send: Message: mseq=0x19, command=IPC_NET_REGIST, type=IPC_TYPE_GET, size=2
01-22 19:07:20.537 1955 2210 D use-Rlog/RLOG-RIL-IPC: ================================= IPC FMT data =================================
01-22 19:07:20.537 1955 2210 D use-Rlog/RLOG-RIL-IPC: [0000] FF 03 ..
01-22 19:07:20.537 1955 2210 D use-Rlog/RLOG-RIL-IPC: ================================================================================
01-22 19:07:20.537 1955 2210 D use-Rlog/RLOG-RIL-IPC:
01-22 19:07:20.537 1955 2210 D use-Rlog/RLOG-RIL-IPC: xmm626_sec_modem_fmt_send: Sent FMT message
01-22 19:07:20.537 1955 2210 D use-Rlog/RLOG-RIL-IPC: xmm626_sec_modem_fmt_send: Message: mseq=0x1a, command=IPC_NET_REGIST, type=IPC_TYPE_GET, size=2
01-22 19:07:20.537 1955 2210 D use-Rlog/RLOG-RIL-IPC: ================================= IPC FMT data =================================
01-22 19:07:20.537 1955 2210 D use-Rlog/RLOG-RIL-IPC: [0000] FF 02 ..
01-22 19:07:20.537 1955 2210 D use-Rlog/RLOG-RIL-IPC: ================================================================================
01-22 19:07:20.537 2862 2862 D UiccCard: 1 applications
01-22 19:07:20.538 2862 2862 D UiccCardApplication: Creating UiccApp: {APPTYPE_SIM,APPSTATE_READY}
01-22 19:07:20.542 2862 2862 D SpnOverride: No SPN in OEM image = /oem/telephony/spn-conf.xml Load SPN from system image
01-22 19:07:20.543 2862 2862 W SpnOverride: Can not open /system/etc/spn-conf.xml
01-22 19:07:20.544 2862 2987 D RILJ : [3689]< QUERY_NETWORK_SELECTION_MODE {0} [SUB0]
01-22 19:07:20.545 2862 2987 D RILJ : [3693]< QUERY_NETWORK_SELECTION_MODE {0} [SUB0]
01-22 19:07:20.545 2862 2987 D RILJ : [3678]< OPERATOR {null, null, 00000} [SUB0]
01-22 19:07:20.545 2862 2987 D RILJ : [3687]< DATA_REGISTRATION_STATE {0, 0, 0, 0, 3} [SUB0]
01-22 19:07:20.545 2862 2987 D RILJ : [3688]< VOICE_REGISTRATION_STATE {0, 0, 0, 0, null, null, null, null, null, null, null, null, null, null, null} [SUB0]
01-22 19:07:20.545 2862 2987 D RILJ : [3683]< GET_SIM_STATUS IccCardState {CARDSTATE_PRESENT,PINSTATE_UNKNOWN,num_apps=1,gsm_id=0{APPTYPE_SIM,APPSTATE_READY},cdma_id=-1,ims_id=-1} [SUB0]
01-22 19:07:20.546 1955 2206 D use-Rlog/RLOG-RIL-IPC:
01-22 19:07:20.546 1955 2206 D use-Rlog/RLOG-RIL-IPC: xmm626_sec_modem_fmt_recv: Received FMT message
01-22 19:07:20.546 1955 2206 D use-Rlog/RLOG-RIL-IPC: xmm626_sec_modem_fmt_recv: Message: aseq=0x17, command=IPC_SEC_PIN_STATUS, type=IPC_TYPE_RESP, size=2
01-22 19:07:20.546 1955 2206 D use-Rlog/RLOG-RIL-IPC: ================================= IPC FMT data =================================
01-22 19:07:20.546 1955 2206 D use-Rlog/RLOG-RIL-IPC: [0000] 00 00 ..
01-22 19:07:20.546 1955 2206 D use-Rlog/RLOG-RIL-IPC: ================================================================================
01-22 19:07:20.546 1955 2206 D use-Rlog/RLOG-RIL: ipc2ril_sec_pin_status_response: Selecting status application 2 on 10
01-22 19:07:20.546 1955 2206 D use-Rlog/RLOG-RIL: 5 RIL requests in the queue (0 pending, 3 handled, 2 unhandled)
01-22 19:07:20.546 2862 2987 D RILJ : [3684]< GET_SIM_STATUS IccCardState {CARDSTATE_PRESENT,PINSTATE_UNKNOWN,num_apps=1,gsm_id=0{APPTYPE_SIM,APPSTATE_READY},cdma_id=-1,ims_id=-1} [SUB0]
01-22 19:07:20.546 1955 2210 D use-Rlog/RLOG-RIL-IPC:
01-22 19:07:20.546 1955 2210 D use-Rlog/RLOG-RIL-IPC: xmm626_sec_modem_fmt_send: Sent FMT message
01-22 19:07:20.546 1955 2210 D use-Rlog/RLOG-RIL-IPC: xmm626_sec_modem_fmt_send: Message: mseq=0x1b, command=IPC_SEC_PIN_STATUS, type=IPC_TYPE_GET, size=0
01-22 19:07:20.546 1955 2206 D use-Rlog/RLOG-RIL-IPC:
01-22 19:07:20.546 1955 2206 D use-Rlog/RLOG-RIL-IPC: xmm626_sec_modem_fmt_recv: Received FMT message
01-22 19:07:20.546 1955 2206 D use-Rlog/RLOG-RIL-IPC: xmm626_sec_modem_fmt_recv: Message: aseq=0x18, command=IPC_NET_SERVING_NETWORK, type=IPC_TYPE_RESP, size=11
01-22 19:07:20.546 1955 2206 D use-Rlog/RLOG-RIL-IPC: ================================= IPC FMT data =================================
01-22 19:07:20.546 1955 2206 D use-Rlog/RLOG-RIL-IPC: [0000] 02 05 FF 30 30 30 30 30 23 00 00 ...00000 #..
01-22 19:07:20.546 1955 2206 D use-Rlog/RLOG-RIL-IPC: ================================================================================
01-22 19:07:20.547 2422 3188 D SubscriptionManager: getSimStateForSubscriber: simState=6 slotIdx=0
01-22 19:07:20.547 1955 2206 D use-Rlog/RLOG-RIL: 4 RIL requests in the queue (0 pending, 3 handled, 1 unhandled)
01-22 19:07:20.547 2422 3188 D TelephonyManager: getSimState: default sim:-1, sim state for slotIdx=0 is 6, return state as unknown
01-22 19:07:20.547 2862 2987 D RILJ : [3686]< OPERATOR {null, null, 00000} [SUB0]
01-22 19:07:20.547 1955 2210 D use-Rlog/RLOG-RIL-IPC:
01-22 19:07:20.547 1955 2210 D use-Rlog/RLOG-RIL-IPC: xmm626_sec_modem_fmt_send: Sent FMT message
01-22 19:07:20.547 1955 2210 D use-Rlog/RLOG-RIL-IPC: xmm626_sec_modem_fmt_send: Message: mseq=0x1c, command=IPC_NET_SERVING_NETWORK, type=IPC_TYPE_GET, size=0
01-22 19:07:20.547 1955 2206 D use-Rlog/RLOG-RIL-IPC:
01-22 19:07:20.547 1955 2206 D use-Rlog/RLOG-RIL-IPC: xmm626_sec_modem_fmt_recv: Received FMT message
01-22 19:07:20.547 1955 2206 D use-Rlog/RLOG-RIL-IPC: xmm626_sec_modem_fmt_recv: Message: aseq=0x19, command=IPC_NET_REGIST, type=IPC_TYPE_RESP, size=11
01-22 19:07:20.547 1955 2206 D use-Rlog/RLOG-RIL-IPC: ================================= IPC FMT data =================================
01-22 19:07:20.547 1955 2206 D use-Rlog/RLOG-RIL-IPC: [0000] FF 03 01 00 00 00 00 00 00 00 00 ........ ...
01-22 19:07:20.547 1955 2206 D use-Rlog/RLOG-RIL-IPC: ================================================================================
01-22 19:07:20.547 1955 2206 D use-Rlog/RLOG-RIL: 3 RIL requests in the queue (0 pending, 3 handled, 0 unhandled)
01-22 19:07:20.548 2862 2987 D RILJ : [3691]< DATA_REGISTRATION_STATE {0, 0, 0, 0, 3} [SUB0]
01-22 19:07:20.548 1955 2206 D use-Rlog/RLOG-RIL-IPC:
01-22 19:07:20.548 1955 2206 D use-Rlog/RLOG-RIL-IPC: xmm626_sec_modem_fmt_recv: Received FMT message
01-22 19:07:20.548 1955 2206 D use-Rlog/RLOG-RIL-IPC: xmm626_sec_modem_fmt_recv: Message: aseq=0x1a, command=IPC_NET_REGIST, type=IPC_TYPE_RESP, size=11
01-22 19:07:20.548 1955 2206 D use-Rlog/RLOG-RIL-IPC: ================================= IPC FMT data =================================
01-22 19:07:20.548 1955 2206 D use-Rlog/RLOG-RIL-IPC: [0000] FF 02 01 00 00 00 00 00 00 00 00 ........ ...
01-22 19:07:20.548 1955 2206 D use-Rlog/RLOG-RIL-IPC: ================================================================================
01-22 19:07:20.548 1955 2206 D use-Rlog/RLOG-RIL: 2 RIL requests in the queue (0 pending, 2 handled, 0 unhandled)
01-22 19:07:20.548 2862 2987 D RILJ : [3692]< VOICE_REGISTRATION_STATE {0, 0, 0, 0, null, null, null, null, null, null, null, null, null, null, null} [SUB0]
01-22 19:07:20.548 1955 2206 D use-Rlog/RLOG-RIL-IPC:
01-22 19:07:20.548 1955 2206 D use-Rlog/RLOG-RIL-IPC: xmm626_sec_modem_fmt_recv: Received FMT message
01-22 19:07:20.548 1955 2206 D use-Rlog/RLOG-RIL-IPC: xmm626_sec_modem_fmt_recv: Message: aseq=0x1b, command=IPC_SEC_PIN_STATUS, type=IPC_TYPE_RESP, size=2
01-22 19:07:20.549 1955 2206 D use-Rlog/RLOG-RIL-IPC: ================================= IPC FMT data =================================
01-22 19:07:20.549 1955 2206 D use-Rlog/RLOG-RIL-IPC: [0000] 00 00 ..
01-22 19:07:20.549 1955 2206 D use-Rlog/RLOG-RIL-IPC: ================================================================================
01-22 19:07:20.549 1955 2206 D use-Rlog/RLOG-RIL: ipc2ril_sec_pin_status_response: Selecting status application 2 on 10
01-22 19:07:20.549 1955 2206 D use-Rlog/RLOG-RIL: 1 RIL request in the queue (0 pending, 1 handled, 0 unhandled)
01-22 19:07:20.549 2862 2987 D RILJ : [3685]< GET_SIM_STATUS IccCardState {CARDSTATE_PRESENT,PINSTATE_UNKNOWN,num_apps=1,gsm_id=0{APPTYPE_SIM,APPSTATE_READY},cdma_id=-1,ims_id=-1} [SUB0]
01-22 19:07:20.549 1955 2206 D use-Rlog/RLOG-RIL-IPC:
01-22 19:07:20.549 1955 2206 D use-Rlog/RLOG-RIL-IPC: xmm626_sec_modem_fmt_recv: Received FMT message
01-22 19:07:20.549 1955 2206 D use-Rlog/RLOG-RIL-IPC: xmm626_sec_modem_fmt_recv: Message: aseq=0x1c, command=IPC_NET_SERVING_NETWORK, type=IPC_TYPE_RESP, size=11
01-22 19:07:20.549 1955 2206 D use-Rlog/RLOG-RIL-IPC: ================================= IPC FMT data =================================
01-22 19:07:20.549 1955 2206 D use-Rlog/RLOG-RIL-IPC: [0000] 02 05 FF 30 30 30 30 30 23 00 00 ...00000 #..
01-22 19:07:20.549 1955 2206 D use-Rlog/RLOG-RIL-IPC: ================================================================================
01-22 19:07:20.549 1955 2206 D use-Rlog/RLOG-RIL: 0 RIL request in the queue (0 pending, 0 handled, 0 unhandled)
01-22 19:07:20.551 2862 2987 D RILJ : [3690]< OPERATOR {null, null, 00000} [SUB0]
01-22 19:07:20.552 2862 2862 W VoiceMailConstants: Can't open /system/etc/voicemail-conf.xml
01-22 19:07:20.552 2862 2862 D SIMRecords: [SIMRecords] setting0 mMncLength-1
01-22 19:07:20.552 2862 2862 D SIMRecords: [SIMRecords] SIMRecords: onRadioOffOrNotAvailable set 'gsm.sim.operator.numeric' to operator=null
01-22 19:07:20.552 2862 2862 D SIMRecords: [SIMRecords] update icc_operator_numeric=null
01-22 19:07:20.552 2862 2862 D TelephonyManager: setTelephonyProperty: success phoneId=0 property=gsm.sim.operator.numeric value: propVal=
01-22 19:07:20.553 2862 2862 D TelephonyManager: setTelephonyProperty: success phoneId=0 property=gsm.sim.operator.alpha value: propVal=
01-22 19:07:20.553 2862 2862 D TelephonyManager: setTelephonyProperty: success phoneId=0 property=gsm.sim.operator.iso-country value: propVal=
01-22 19:07:20.554 2862 2862 D UiccCardApplication: Notifying 1 registrant: READY
01-22 19:07:20.555 2862 2862 D SIMRecords: [SIMRecords] getOperatorNumeric: IMSI == null
01-22 19:07:20.555 2862 2862 D SIMRecords: [SIMRecords] SIMRecords X ctor this=SimRecords: mDestroyed=false mContext=com.android.phone.PhoneGlobals@6ae8e0 mCi=com.android.internal.telephony.RIL@3901469 mFh=Handler (com.android.internal.telephony.uicc.SIMFileHandler) {db99799} mParentApp=com.android.internal.telephony.uicc.UiccCardApplication@d8c5a5e mSpnOverride=mSpnOverride recordsLoadedRegistrants=android.os.RegistrantList@aff4e3f mImsiReadyRegistrants=android.os.RegistrantList@c45b30c mRecordsEventsRegistrants=android.os.RegistrantList@d831455 mNewSmsRegistrants=android.os.RegistrantList@fbfbe6a mNetworkSelectionModeAutomaticRegistrants=android.os.RegistrantList@a48f5b recordsToLoad=0 adnCache=Handler (com.android.internal.telephony.uicc.AdnRecordCache) {520f3f8} recordsRequested=false iccid=null msisdnTag=null voiceMailNum=null voiceMailTag=null newVoiceMailNum=null newVoiceMailTag=null isVoiceMailFixed=false mncLength=-1 mailboxIndex=0 spn=null mVmConfigcom.android.internal.telephony.uicc.VoiceMailConstants@32da0d1 callForwardingEnabled=0 spnState=null mCphsInfo=null mCspPlmnEnabled=true efMWIS=null efCPHS_MWI=null mEfCff=null mEfCfis=null getOperatorNumeric=null
01-22 19:07:20.555 2862 2862 D RILJ : [3694]> QUERY_FACILITY_LOCK [SUB0]
01-22 19:07:20.561 2862 2862 D RILJ : [3695]> QUERY_FACILITY_LOCK [SUB0]
01-22 19:07:20.562 1955 1974 D use-Rlog/RLOG-RIL: 1 RIL request in the queue (1 pending, 0 handled, 0 unhandled)
01-22 19:07:20.562 1955 2210 D use-Rlog/RLOG-RIL-IPC:
01-22 19:07:20.562 1955 2210 D use-Rlog/RLOG-RIL-IPC: xmm626_sec_modem_fmt_send: Sent FMT message
01-22 19:07:20.562 1955 2210 D use-Rlog/RLOG-RIL-IPC: xmm626_sec_modem_fmt_send: Message: mseq=0x1d, command=IPC_SEC_PHONE_LOCK, type=IPC_TYPE_GET, size=1
01-22 19:07:20.562 1955 2210 D use-Rlog/RLOG-RIL-IPC: ================================= IPC FMT data =================================
01-22 19:07:20.562 1955 2210 D use-Rlog/RLOG-RIL-IPC: [0000] 04 .
01-22 19:07:20.562 1955 2210 D use-Rlog/RLOG-RIL-IPC: ================================================================================
01-22 19:07:20.565 1955 2206 D use-Rlog/RLOG-RIL-IPC:
01-22 19:07:20.565 1955 2206 D use-Rlog/RLOG-RIL-IPC: xmm626_sec_modem_fmt_recv: Received FMT message
01-22 19:07:20.565 1955 2206 D use-Rlog/RLOG-RIL-IPC: xmm626_sec_modem_fmt_recv: Message: aseq=0x1d, command=IPC_SEC_PHONE_LOCK, type=IPC_TYPE_RESP, size=2
01-22 19:07:20.565 1955 2206 D use-Rlog/RLOG-RIL-IPC: ================================= IPC FMT data =================================
01-22 19:07:20.565 1955 2206 D use-Rlog/RLOG-RIL-IPC: [0000] 04 00 ..
01-22 19:07:20.565 1955 2206 D use-Rlog/RLOG-RIL-IPC: ================================================================================
01-22 19:07:20.565 1955 2206 D use-Rlog/RLOG-RIL: 0 RIL request in the queue (0 pending, 0 handled, 0 unhandled)
01-22 19:07:20.565 1955 1974 D use-Rlog/RLOG-RIL: 1 RIL request in the queue (1 pending, 0 handled, 0 unhandled)
01-22 19:07:20.566 2862 2987 D RILJ : [3694]< QUERY_FACILITY_LOCK {0} [SUB0]
01-22 19:07:20.566 1955 2210 D use-Rlog/RLOG-RIL-IPC:
01-22 19:07:20.566 1955 2210 D use-Rlog/RLOG-RIL-IPC: xmm626_sec_modem_fmt_send: Sent FMT message
01-22 19:07:20.566 1955 2210 D use-Rlog/RLOG-RIL-IPC: xmm626_sec_modem_fmt_send: Message: mseq=0x1e, command=IPC_SEC_PHONE_LOCK, type=IPC_TYPE_GET, size=1
01-22 19:07:20.566 1955 2210 D use-Rlog/RLOG-RIL-IPC: ================================= IPC FMT data =================================
01-22 19:07:20.566 1955 2210 D use-Rlog/RLOG-RIL-IPC: [0000] 03 .
01-22 19:07:20.566 1955 2210 D use-Rlog/RLOG-RIL-IPC: ================================================================================
01-22 19:07:20.569 1955 2206 D use-Rlog/RLOG-RIL-IPC:
01-22 19:07:20.569 1955 2206 D use-Rlog/RLOG-RIL-IPC: xmm626_sec_modem_fmt_recv: Received FMT message
01-22 19:07:20.569 1955 2206 D use-Rlog/RLOG-RIL-IPC: xmm626_sec_modem_fmt_recv: Message: aseq=0x1e, command=IPC_SEC_PHONE_LOCK, type=IPC_TYPE_RESP, size=2
01-22 19:07:20.569 1955 2206 D use-Rlog/RLOG-RIL-IPC: ================================= IPC FMT data =================================
01-22 19:07:20.569 1955 2206 D use-Rlog/RLOG-RIL-IPC: [0000] 03 00 ..
01-22 19:07:20.569 1955 2206 D use-Rlog/RLOG-RIL-IPC: ================================================================================
01-22 19:07:20.569 1955 2206 D use-Rlog/RLOG-RIL: 0 RIL request in the queue (0 pending, 0 handled, 0 unhandled)
01-22 19:07:20.569 2862 2987 D RILJ : [3695]< QUERY_FACILITY_LOCK {0} [SUB0]
01-22 19:07:20.570 2862 3103 D SubscriptionController: [getActiveSubInfoList]- no info return
01-22 19:07:20.586 2862 2862 D CAT : CatService: registerForRecordsLoaded slotid=0 instance:Handler (com.android.internal.telephony.cat.CatService) {335b0c2}
01-22 19:07:20.587 2862 2862 D CAT : CatService: Running CAT service on Slotid: 0. STK app installed:true
01-22 19:07:20.587 2862 2862 D UiccCard: Before privilege rules: null : CARDSTATE_PRESENT
01-22 19:07:20.588 2862 2862 D RILJ : [3696]> RIL_REQUEST_SIM_OPEN_CHANNEL [SUB0]
01-22 19:07:20.593 2862 2862 D UiccCard: update: radioState=RADIO_ON mLastRadioState=RADIO_UNAVAILABLE
01-22 19:07:20.594 2862 2862 D UiccController: Notifying IccChangedRegistrants
01-22 19:07:20.595 1955 1974 D use-Rlog/RLOG-RIL: Detected string with a size of 19 bytes
01-22 19:07:20.595 1955 1974 D use-Rlog/RLOG-RIL: 1 RIL request in the queue (1 pending, 0 handled, 0 unhandled)
01-22 19:07:20.595 1955 2210 D use-Rlog/RLOG-RIL: Unhandled RIL request: 115
01-22 19:07:20.595 1955 2210 D use-Rlog/RLOG-RIL: 0 RIL request in the queue (0 pending, 0 handled, 0 unhandled)
01-22 19:07:20.595 2862 2987 D RilRequest: [3696]< RIL_REQUEST_SIM_OPEN_CHANNEL error: com.android.internal.telephony.CommandException: REQUEST_NOT_SUPPORTED ret=
01-22 19:07:20.604 2862 2862 D PhoneProxy: [PhoneProxy] EVENT_REQUEST_VOICE_RADIO_TECH_DONE: newVoiceTech=3
01-22 19:07:20.604 2862 2862 D PhoneProxy: [PhoneProxy] phoneObjectUpdater: newVoiceRadioTech=3
01-22 19:07:20.604 2862 2862 D PhoneProxy: [PhoneProxy] phoneObjectUpdater: No change ignore, newVoiceRadioTech=3 mActivePhone=GSM
01-22 19:07:20.605 2862 2862 E RIL_ImsSms: IMS State query failed with exp com.android.internal.telephony.CommandException: REQUEST_NOT_SUPPORTED
01-22 19:07:20.605 2862 2862 D CdmaSSM : CDMA_SUBSCRIPTION_SOURCE event = 2
01-22 19:07:20.611 2862 2862 D DctController: handleMessage msg={ when=-94ms what=100 target=com.android.internal.telephony.dataconnection.DctController }
01-22 19:07:20.612 2862 2862 D DcSwitchAsyncChannel: [DcSwitchAsyncChannel-0]: rspIsIdle=true
01-22 19:07:20.612 2862 2862 D SubscriptionController: [getPhoneId]- no sims, returning default phoneId=2147483647
01-22 19:07:20.613 2862 2862 D DcSwitchAsyncChannel: [DcSwitchAsyncChannel-0]: rspIsIdle=true
01-22 19:07:20.613 2862 2862 D DctController: onProcessRequest requestedPhoneId=-1, activePhoneId=-1
01-22 19:07:20.621 2862 2862 D UiccController: Received EVENT_GET_ICC_STATUS_DONE
01-22 19:07:20.622 2862 2862 D UiccCard: 1 applications
01-22 19:07:20.622 2862 2862 D UiccCardApplication: APPTYPE_SIM update. New {APPTYPE_SIM,APPSTATE_READY}
01-22 19:07:20.622 2862 2862 D UiccCard: Before privilege rules: Handler (com.android.internal.telephony.uicc.UiccCarrierPrivilegeRules) {1c38ed3} : CARDSTATE_PRESENT
01-22 19:07:20.622 2862 2862 D UiccCard: update: radioState=RADIO_ON mLastRadioState=RADIO_ON
01-22 19:07:20.622 2862 2862 D UiccController: Notifying IccChangedRegistrants
01-22 19:07:20.622 2862 2862 D UiccController: Received EVENT_GET_ICC_STATUS_DONE
01-22 19:07:20.622 2862 2862 D UiccCard: 1 applications
01-22 19:07:20.622 2862 2862 D UiccCardApplication: APPTYPE_SIM update. New {APPTYPE_SIM,APPSTATE_READY}
01-22 19:07:20.622 2862 2862 D UiccCard: Before privilege rules: Handler (com.android.internal.telephony.uicc.UiccCarrierPrivilegeRules) {1c38ed3} : CARDSTATE_PRESENT
01-22 19:07:20.622 2862 2862 D UiccCard: update: radioState=RADIO_ON mLastRadioState=RADIO_ON
01-22 19:07:20.622 2862 2862 D UiccController: Notifying IccChangedRegistrants
01-22 19:07:20.622 2862 2862 D UiccController: Received EVENT_GET_ICC_STATUS_DONE
01-22 19:07:20.622 2862 2862 D UiccCard: 1 applications
01-22 19:07:20.622 2862 2862 D UiccCardApplication: APPTYPE_SIM update. New {APPTYPE_SIM,APPSTATE_READY}
01-22 19:07:20.622 2862 2862 D UiccCard: Before privilege rules: Handler (com.android.internal.telephony.uicc.UiccCarrierPrivilegeRules) {1c38ed3} : CARDSTATE_PRESENT
01-22 19:07:20.622 2862 2862 D UiccCard: update: radioState=RADIO_ON mLastRadioState=RADIO_ON
01-22 19:07:20.622 2862 2862 D UiccController: Notifying IccChangedRegistrants
01-22 19:07:20.622 2862 2862 D PHONE : [ServiceState] setDataRegState=1
01-22 19:07:20.622 2862 2862 D PHONE : [ServiceState] setDataRadioTechnology=0
01-22 19:07:20.622 2862 2862 D GsmSST : [GsmSST] handlPollStateResultMessage: GsmSST setDataRegState=1 regState=0 dataRadioTechnology=0
01-22 19:07:20.622 2862 2862 D PHONE : [ServiceState] setVoiceRegState=1
01-22 19:07:20.622 2862 2862 E PHONE : [ServiceState] setState deprecated use setVoiceRegState()
01-22 19:07:20.622 2862 2862 D UiccController: Received EVENT_GET_ICC_STATUS_DONE
01-22 19:07:20.622 2862 2862 D UiccCard: 1 applications
01-22 19:07:20.623 2862 2862 D UiccCardApplication: APPTYPE_SIM update. New {APPTYPE_SIM,APPSTATE_READY}
01-22 19:07:20.623 2862 2862 D UiccCard: Before privilege rules: Handler (com.android.internal.telephony.uicc.UiccCarrierPrivilegeRules) {1c38ed3} : CARDSTATE_PRESENT
01-22 19:07:20.623 2862 2862 D UiccCard: update: radioState=RADIO_ON mLastRadioState=RADIO_ON
01-22 19:07:20.623 2862 2862 D UiccController: Notifying IccChangedRegistrants
01-22 19:07:20.624 2862 2862 D SubscriptionController: [getSubId]- sSlotIdxToSubId.size == 0, return DummySubIds slotIdx=0
01-22 19:07:20.625 2862 2862 D GsmSST : [GsmSST] Poll ServiceState done: oldSS=[3 3 voice home data home null null null null null null Unknown Unknown CSS not supported -1 -1 RoamInd=-1 DefRoamInd=-1 EmergOnly=false IsDataRoamingFromRegistration=false] newSS=[1 1 voice home data home null null 00000 null null 00000 Unknown Unknown CSS not supported -1 -1 RoamInd=-1 DefRoamInd=-1 EmergOnly=false IsDataRoamingFromRegistration=false] oldMaxDataCalls=1 mNewMaxDataCalls=1 oldReasonDataDenied=-1 mNewReasonDataDenied=-1
01-22 19:07:20.625 2862 2862 D PHONE : [ServiceState] setNullState=1
01-22 19:07:20.625 2862 2862 D GsmSST : [GsmSST] updateSpnDisplay: radio is on but out of service, set plmn='Aucun service'
01-22 19:07:20.626 2862 2862 D SubscriptionController: [getSubId]- sSlotIdxToSubId.size == 0, return DummySubIds slotIdx=0
01-22 19:07:20.627 2862 2862 D GsmSST : [GsmSST] updateSpnDisplay: changed sending intent rule=0 showPlmn='true' plmn='Aucun service' showSpn='false' spn='' dataSpn='' subId='-2'
01-22 19:07:20.627 2862 2862 D SubscriptionController: [getSubId]- sSlotIdxToSubId.size == 0, return DummySubIds slotIdx=0
01-22 19:07:20.630 2862 2862 D SubscriptionController: [getSubId]- sSlotIdxToSubId.size == 0, return DummySubIds slotIdx=0
01-22 19:07:20.631 2862 2862 D SubscriptionController: [setPlmnSpn] No valid subscription to store info
01-22 19:07:20.634 2862 2862 D SubscriptionController: notifySubscriptionInfoChanged:
01-22 19:07:20.641 2862 3171 D SubscriptionController: [getActiveSubInfoList]+
01-22 19:07:20.650 2862 2862 D TelephonyManager: setTelephonyProperty: success phoneId=0 property=gsm.operator.alpha value: null propVal=null
01-22 19:07:20.651 2862 2862 D TelephonyManager: setTelephonyProperty: success phoneId=0 property=gsm.operator.numeric value: 00000 propVal=00000
01-22 19:07:20.652 2862 2862 D GsmSST : [GsmSST] update mccmnc=00000 fromServiceState=true
01-22 19:07:20.664 2862 3103 D SubscriptionController: [getSlotId]- subId invalid
01-22 19:07:20.668 2862 2862 D SubscriptionController: [getPhoneId]- no sims, returning default phoneId=2147483647
01-22 19:07:20.668 2862 2862 D TelephonyManager: setTelephonyProperty: success phoneId=0 property=gsm.operator.iso-country value: propVal=
01-22 19:07:20.675 2862 2862 D GsmSST : [GsmSST] shouldFixTimeZoneNow: retVal=false iccCardExist=false operatorNumeric=00000 mcc=0 prevOperatorNumeric= prevMcc=1 needToFixTimeZone=false ltod=01-22 19:07:20.675
01-22 19:07:20.675 2862 2862 D TelephonyManager: setTelephonyProperty: success phoneId=0 property=gsm.operator.isroaming value: false propVal=false
01-22 19:07:20.676 2862 2862 D GsmSST : [GsmSST] Broadcasting ServiceState : 1 1 voice home data home null null 00000 null null 00000 Unknown Unknown CSS not supported -1 -1 RoamInd=-1 DefRoamInd=-1 EmergOnly=false IsDataRoamingFromRegistration=false
01-22 19:07:20.677 2862 2862 D SubscriptionController: [getSubId]- sSlotIdxToSubId.size == 0, return DummySubIds slotIdx=0
01-22 19:07:20.677 2862 2862 D DefaultPhoneNotifier: nofityServiceState: mRegistry=com.android.internal.telephony.ITelephonyRegistry$Stub$Proxy@e36374d ss=1 1 voice home data home null null 00000 null null 00000 Unknown Unknown CSS not supported -1 -1 RoamInd=-1 DefRoamInd=-1 EmergOnly=false IsDataRoamingFromRegistration=false sender=Handler (com.android.internal.telephony.gsm.GSMPhone) {1b64a95} phondId=0 subId=-2
01-22 19:07:20.679 2862 3171 D SubscriptionController: selection:sim_id>=0 null
01-22 19:07:20.680 2862 3103 D SubscriptionController: getSimStateForSlotIdx: simState=NOT_READY ordinal=6
01-22 19:07:20.680 2422 3188 D SubscriptionManager: getSimStateForSubscriber: simState=6 slotIdx=0
01-22 19:07:20.680 2422 3188 D TelephonyManager: getSimState: default sim:-1, sim state for slotIdx=0 is 6, return state as unknown
01-22 19:07:20.703 2862 2862 D SubscriptionController: [getSlotId]- subId invalid
01-22 19:07:20.704 2862 2862 D SubscriptionController: getSimStateForSlotIdx: simState=NOT_READY ordinal=6
01-22 19:07:20.704 2310 2482 D SubscriptionManager: getSimStateForSubscriber: simState=6 slotIdx=0
01-22 19:07:20.704 2310 2482 D TelephonyManager: getSimState: default sim:-1, sim state for slotIdx=0 is 6, return state as unknown
01-22 19:07:20.705 2862 2862 D GsmSST : [GsmSST] notifyDataRegStateRilRadioTechnologyChanged: drs=1 rat=0
01-22 19:07:20.705 2862 2862 D TelephonyManager: setTelephonyProperty: success phoneId=0 property=gsm.network.type value: Unknown propVal=Unknown
01-22 19:07:20.706 2862 2862 D DCT : [0]get all active apn types
01-22 19:07:20.706 2862 2862 D SubscriptionController: [getSubId]- sSlotIdxToSubId.size == 0, return DummySubIds slotIdx=0
01-22 19:07:20.706 2862 2862 D GsmSST : [GsmSST] getCellLocation(): X good mCellLoc=[0,0,-1]
01-22 19:07:20.707 2310 2935 D TelephonyRegistry: notifyCellLocationForSubscriber: subId=-2 cellLocation=Bundle[mParcelledData.dataSize=64]
01-22 19:07:20.708 2862 2862 D SIMRecords: [SIMRecords] fetchSimRecords 0
01-22 19:07:20.708 2862 2862 D RILJ : [3697]> getIMSI: GET_IMSI aid: null [SUB0]
01-22 19:07:20.709 2862 2862 D RILJ : [3698]> iccIO: SIM_IO 0xc0 0x2fe2 path: 3F00,0,0,0 aid: null [SUB0]
01-22 19:07:20.710 1955 1974 D use-Rlog/RLOG-RIL: 1 RIL request in the queue (1 pending, 0 handled, 0 unhandled)
01-22 19:07:20.710 1955 2210 D use-Rlog/RLOG-RIL-IPC:
01-22 19:07:20.710 1955 2210 D use-Rlog/RLOG-RIL-IPC: xmm626_sec_modem_fmt_send: Sent FMT message
01-22 19:07:20.710 1955 2210 D use-Rlog/RLOG-RIL-IPC: xmm626_sec_modem_fmt_send: Message: mseq=0x1f, command=IPC_MISC_ME_IMSI, type=IPC_TYPE_GET, size=0
01-22 19:07:20.711 2862 2862 D RILJ : [3699]> iccIO: SIM_IO 0xc0 0x6f40 path: 3F007F10,0,0,15 aid: null [SUB0]
01-22 19:07:20.711 1955 1974 D use-Rlog/RLOG-RIL: 2 RIL requests in the queue (1 pending, 1 handled, 0 unhandled)
01-22 19:07:20.711 1955 2210 D use-Rlog/RLOG-RIL-IPC:
01-22 19:07:20.711 1955 2210 D use-Rlog/RLOG-RIL-IPC: xmm626_sec_modem_fmt_send: Sent FMT message
01-22 19:07:20.711 1955 2210 D use-Rlog/RLOG-RIL-IPC: xmm626_sec_modem_fmt_send: Message: mseq=0x20, command=IPC_SEC_RSIM_ACCESS, type=IPC_TYPE_GET, size=6
01-22 19:07:20.711 1955 2210 D use-Rlog/RLOG-RIL-IPC: ================================= IPC FMT data =================================
01-22 19:07:20.712 1955 2210 D use-Rlog/RLOG-RIL-IPC: [0000] C0 E2 2F 00 00 00 ../...
01-22 19:07:20.712 1955 2210 D use-Rlog/RLOG-RIL-IPC: ================================================================================
01-22 19:07:20.712 1955 1974 D use-Rlog/RLOG-RIL: 3 RIL requests in the queue (1 pending, 2 handled, 0 unhandled)
01-22 19:07:20.712 2862 2862 D RILJ : [3700]> iccIO: SIM_IO 0xc0 0x6fc9 path: 3F007F20,0,0,15 aid: null [SUB0]
01-22 19:07:20.714 1955 2206 D use-Rlog/RLOG-RIL-IPC:
01-22 19:07:20.714 1955 2206 D use-Rlog/RLOG-RIL-IPC: xmm626_sec_modem_fmt_recv: Received FMT message
01-22 19:07:20.714 1955 2206 D use-Rlog/RLOG-RIL-IPC: xmm626_sec_modem_fmt_recv: Message: aseq=0x1f, command=IPC_MISC_ME_IMSI, type=IPC_TYPE_RESP, size=16
01-22 19:07:20.714 1955 2206 D use-Rlog/RLOG-RIL-IPC: ================================= IPC FMT data =================================
01-22 19:07:20.714 1955 2206 D use-Rlog/RLOG-RIL-IPC: [0000] XX XX XX XX XX XX XX XX XX XX XX XX XX XX XX XX .XXXXXXX XXXXXXXX
01-22 19:07:20.714 1955 2206 D use-Rlog/RLOG-RIL-IPC: ================================================================================
01-22 19:07:20.714 1955 2206 D use-Rlog/RLOG-RIL: 2 RIL requests in the queue (0 pending, 1 handled, 1 unhandled)
01-22 19:07:20.714 2862 2987 D RILJ : [3697]< GET_IMSI [SUB0]
01-22 19:07:20.715 1955 1974 D use-Rlog/RLOG-RIL: 3 RIL requests in the queue (1 pending, 1 handled, 1 unhandled)
01-22 19:07:20.715 2862 2862 D RILJ : [3701]> iccIO: SIM_IO 0xc0 0x6fad path: 3F007F20,0,0,0 aid: null [SUB0]
01-22 19:07:20.723 2862 2862 D RILJ : [3702]> iccIO: SIM_IO 0xc0 0x6fca path: 3F007F20,0,0,15 aid: null [SUB0]
01-22 19:07:20.724 1955 1974 D use-Rlog/RLOG-RIL: 4 RIL requests in the queue (1 pending, 1 handled, 2 unhandled)
01-22 19:07:20.725 2862 2862 D RILJ : [3703]> iccIO: SIM_IO 0xc0 0x6f11 path: 3F007F20,0,0,0 aid: null [SUB0]
01-22 19:07:20.725 1955 1974 D use-Rlog/RLOG-RIL: 5 RIL requests in the queue (1 pending, 1 handled, 3 unhandled)
01-22 19:07:20.727 2862 2862 D RILJ : [3704]> iccIO: SIM_IO 0xc0 0x6fcb path: 3F007F20,0,0,15 aid: null [SUB0]
01-22 19:07:20.728 1955 1974 D use-Rlog/RLOG-RIL: 6 RIL requests in the queue (1 pending, 1 handled, 4 unhandled)
01-22 19:07:20.729 2862 2862 D RILJ : [3705]> iccIO: SIM_IO 0xc0 0x6f13 path: 3F007F20,0,0,0 aid: null [SUB0]
01-22 19:07:20.729 1955 1974 D use-Rlog/RLOG-RIL: 7 RIL requests in the queue (1 pending, 1 handled, 5 unhandled)
01-22 19:07:20.729 1955 2206 D use-Rlog/RLOG-RIL-IPC:
01-22 19:07:20.729 1955 2206 D use-Rlog/RLOG-RIL-IPC: xmm626_sec_modem_fmt_recv: Received FMT message
01-22 19:07:20.729 1955 2206 D use-Rlog/RLOG-RIL-IPC: xmm626_sec_modem_fmt_recv: Message: aseq=0x20, command=IPC_SEC_RSIM_ACCESS, type=IPC_TYPE_RESP, size=37
01-22 19:07:20.729 1955 2206 D use-Rlog/RLOG-RIL-IPC: ================================= IPC FMT data =================================
01-22 19:07:20.729 1955 2206 D use-Rlog/RLOG-RIL-IPC: [0000] 90 00 22 62 20 82 02 41 21 83 02 2F E2 A5 03 C0 .."b ..A !../....
01-22 19:07:20.729 1955 2206 D use-Rlog/RLOG-RIL-IPC: [0010] 01 40 8A 01 05 8B 06 2F 06 01 07 00 00 80 02 00 .@...../ ........
01-22 19:07:20.729 1955 2206 D use-Rlog/RLOG-RIL-IPC: [0020] 0A 81 02 00 1C .....
01-22 19:07:20.729 1955 2206 D use-Rlog/RLOG-RIL-IPC: ================================================================================
01-22 19:07:20.729 1955 2206 D use-Rlog/RLOG-RIL: 6 RIL requests in the queue (0 pending, 0 handled, 6 unhandled)
01-22 19:07:20.730 2862 2862 D RILJ : [3706]> iccIO: SIM_IO 0xc0 0x6f46 path: 3F007F20,0,0,0 aid: null [SUB0]
01-22 19:07:20.730 2862 2987 D RILJ : [3698]< SIM_IO IccIoResponse sw1:0x90 sw2:0x0 [SUB0]
01-22 19:07:20.730 1955 2210 D use-Rlog/RLOG-RIL-IPC:
01-22 19:07:20.730 1955 2210 D use-Rlog/RLOG-RIL-IPC: xmm626_sec_modem_fmt_send: Sent FMT message
01-22 19:07:20.730 1955 2210 D use-Rlog/RLOG-RIL-IPC: xmm626_sec_modem_fmt_send: Message: mseq=0x21, command=IPC_SEC_RSIM_ACCESS, type=IPC_TYPE_GET, size=6
01-22 19:07:20.730 1955 2210 D use-Rlog/RLOG-RIL-IPC: ================================= IPC FMT data =================================
01-22 19:07:20.730 1955 2210 D use-Rlog/RLOG-RIL-IPC: [0000] C0 40 6F 00 00 0F .@o...
01-22 19:07:20.730 1955 2210 D use-Rlog/RLOG-RIL-IPC: ================================================================================
01-22 19:07:20.730 2862 2862 D RILJ : [3707]> iccIO: SIM_IO 0xc0 0x6fcd path: 3F007F20,0,0,0 aid: null [SUB0]
01-22 19:07:20.730 1955 1974 D use-Rlog/RLOG-RIL: 7 RIL requests in the queue (1 pending, 1 handled, 5 unhandled)
01-22 19:07:20.731 1955 1974 D use-Rlog/RLOG-RIL: 8 RIL requests in the queue (1 pending, 1 handled, 6 unhandled)
01-22 19:07:20.731 2862 2862 D RILJ : [3708]> iccIO: SIM_IO 0xc0 0x6fc5 path: 3F007F20,0,0,15 aid: null [SUB0]
01-22 19:07:20.732 2862 2862 D RILJ : [3709]> iccIO: SIM_IO 0xc0 0x6f38 path: 3F007F20,0,0,0 aid: null [SUB0]
01-22 19:07:20.732 2862 2862 D RILJ : [3710]> iccIO: SIM_IO 0xc0 0x6f16 path: 3F007F20,0,0,0 aid: null [SUB0]
01-22 19:07:20.733 1955 1974 D use-Rlog/RLOG-RIL: 9 RIL requests in the queue (1 pending, 1 handled, 7 unhandled)
01-22 19:07:20.733 1955 1974 D use-Rlog/RLOG-RIL: 10 RIL requests in the queue (2 pending, 1 handled, 7 unhandled)
01-22 19:07:20.733 1955 1974 D use-Rlog/RLOG-RIL: 11 RIL requests in the queue (3 pending, 1 handled, 7 unhandled)
01-22 19:07:20.734 2862 2862 D RILJ : [3711]> iccIO: SIM_IO 0xc0 0x6f15 path: 3F007F20,0,0,0 aid: null [SUB0]
01-22 19:07:20.735 1955 1974 D use-Rlog/RLOG-RIL: 12 RIL requests in the queue (1 pending, 1 handled, 10 unhandled)
01-22 19:07:20.735 2862 2862 D RILJ : [3712]> iccIO: SIM_IO 0xc0 0x6f3e path: 3F007F20,0,0,0 aid: null [SUB0]
01-22 19:07:20.735 1955 1974 D use-Rlog/RLOG-RIL: 13 RIL requests in the queue (1 pending, 1 handled, 11 unhandled)
01-22 19:07:20.736 2862 2862 D RILJ : [3713]> iccIO: SIM_IO 0xc0 0x6f3f path: 3F007F20,0,0,0 aid: null [SUB0]
01-22 19:07:20.736 1955 1974 D use-Rlog/RLOG-RIL: 14 RIL requests in the queue (1 pending, 1 handled, 12 unhandled)
01-22 19:07:20.736 2862 2862 D RILJ : [3714]> iccIO: SIM_IO 0xc0 0x6f3c path: 3F007F10,0,0,15 aid: null [SUB0]
01-22 19:07:20.736 1955 1974 D use-Rlog/RLOG-RIL: 15 RIL requests in the queue (1 pending, 1 handled, 13 unhandled)
01-22 19:07:20.742 2862 2862 D SIMRecords: [SIMRecords] fetchSimRecords 17 requested: true
01-22 19:07:20.742 2862 2862 D UiccCardApplication: Query facility FDN : FDN service available: true enabled: false
01-22 19:07:20.742 2862 2862 D UiccCardApplication: Query facility lock : 0
01-22 19:07:20.742 2862 2862 D UiccCardApplication: Ignoring: pin1state=PINSTATE_UNKNOWN
01-22 19:07:20.742 1955 1974 D use-Rlog/RLOG-RIL: 16 RIL requests in the queue (1 pending, 1 handled, 14 unhandled)
01-22 19:07:20.742 2862 2862 D CAT : CatService: handleMessage[8]
01-22 19:07:20.742 2862 2862 D CAT : CatService: MSG_ID_ICC_CHANGED
01-22 19:07:20.742 2862 2862 D CAT : CatService: New Card State = CARDSTATE_PRESENT Old Card State = CARDSTATE_ABSENT
01-22 19:07:20.742 2862 2862 D RILJ : [3715]> RIL_REQUEST_REPORT_STK_SERVICE_IS_RUNNING [SUB0]
01-22 19:07:20.743 2862 2862 D GSMPhone: [GSMPhone] New Uicc application found
01-22 19:07:20.743 2862 2862 D GsmSST : [GsmSST] New card found
01-22 19:07:20.744 2862 2862 D UiccCardApplication: Notifying 1 registrant: READY
01-22 19:07:20.744 2862 2862 D DCT : [0]handleMessage msg={ when=-150ms what=270369 obj=android.os.AsyncResult@ffa4a10 target=com.android.internal.telephony.dataconnection.DcTracker }
01-22 19:07:20.744 2862 2862 D DCT : [0]onUpdateIcc: newIccRecords null
01-22 19:07:20.744 2862 2862 D SubscriptionController: [getSubId]- sSlotIdxToSubId.size == 0, return DummySubIds slotIdx=0
01-22 19:07:20.744 2862 2862 D GsmSMSDispatcher: GsmSMSDispatcher: subId = -2 slotId = 0
01-22 19:07:20.744 2862 2862 D GsmSMSDispatcher: New Uicc application found
01-22 19:07:20.744 2862 2862 D IccCardProxy: Icc changed. Reregestering.
01-22 19:07:20.744 2862 2862 D UiccCardApplication: Notifying 1 registrant: READY
01-22 19:07:20.744 2862 2862 E IccCardProxy: setExternalState: set mPhoneId=0 mExternalState=READY
01-22 19:07:20.744 2862 2862 D TelephonyManager: setTelephonyProperty: success phoneId=0 property=gsm.sim.state value: READY propVal=READY
01-22 19:07:20.745 1955 1974 D use-Rlog/RLOG-RIL: 17 RIL requests in the queue (1 pending, 1 handled, 15 unhandled)
01-22 19:07:20.745 1955 2210 D use-Rlog/RLOG-RIL: Unhandled RIL request: 103
01-22 19:07:20.745 1955 2210 D use-Rlog/RLOG-RIL: 16 RIL requests in the queue (0 pending, 1 handled, 15 unhandled)
01-22 19:07:20.745 2862 2987 D RilRequest: [3715]< RIL_REQUEST_REPORT_STK_SERVICE_IS_RUNNING error: com.android.internal.telephony.CommandException: REQUEST_NOT_SUPPORTED ret=
01-22 19:07:20.749 1955 2206 D use-Rlog/RLOG-RIL-IPC:
01-22 19:07:20.749 1955 2206 D use-Rlog/RLOG-RIL-IPC: xmm626_sec_modem_fmt_recv: Received FMT message
01-22 19:07:20.749 1955 2206 D use-Rlog/RLOG-RIL-IPC: xmm626_sec_modem_fmt_recv: Message: aseq=0x21, command=IPC_SEC_RSIM_ACCESS, type=IPC_TYPE_RESP, size=42
01-22 19:07:20.750 1955 2206 D use-Rlog/RLOG-RIL-IPC: ================================= IPC FMT data =================================
01-22 19:07:20.750 1955 2206 D use-Rlog/RLOG-RIL-IPC: [0000] 90 00 27 62 25 82 05 42 21 00 1C 05 83 02 6F 40 ..'b%..B !.....o@
01-22 19:07:20.750 1955 2206 D use-Rlog/RLOG-RIL-IPC: [0010] A5 03 C0 01 40 8A 01 05 8B 06 6F 06 01 13 00 00 ....@... ..o.....
01-22 19:07:20.750 1955 2206 D use-Rlog/RLOG-RIL-IPC: [0020] 80 02 00 8C 81 02 00 A0 88 00 ........ ..
01-22 19:07:20.750 1955 2206 D use-Rlog/RLOG-RIL-IPC: ================================================================================
01-22 19:07:20.750 1955 2206 D use-Rlog/RLOG-RIL: 15 RIL requests in the queue (0 pending, 0 handled, 15 unhandled)
01-22 19:07:20.750 2862 2987 D RILJ : [3699]< SIM_IO IccIoResponse sw1:0x90 sw2:0x0 [SUB0]
01-22 19:07:20.750 1955 2210 D use-Rlog/RLOG-RIL-IPC:
01-22 19:07:20.750 1955 2210 D use-Rlog/RLOG-RIL-IPC: xmm626_sec_modem_fmt_send: Sent FMT message
01-22 19:07:20.750 1955 2210 D use-Rlog/RLOG-RIL-IPC: xmm626_sec_modem_fmt_send: Message: mseq=0x22, command=IPC_SEC_RSIM_ACCESS, type=IPC_TYPE_GET, size=6
01-22 19:07:20.750 1955 2210 D use-Rlog/RLOG-RIL-IPC: ================================= IPC FMT data =================================
01-22 19:07:20.750 1955 2210 D use-Rlog/RLOG-RIL-IPC: [0000] C0 C9 6F 00 00 0F ..o...
01-22 19:07:20.750 1955 2210 D use-Rlog/RLOG-RIL-IPC: ================================================================================
01-22 19:07:20.753 2862 2862 D SubscriptionController: [getSubId]- sSlotIdxToSubId.size == 0, return DummySubIds slotIdx=0
01-22 19:07:20.753 2862 2862 D IccCardProxy: broadcastIccStateChangedIntent intent ACTION_SIM_STATE_CHANGED value=READY reason=null for mPhoneId=0
01-22 19:07:20.757 2862 2862 D CAT : CatService: handleMessage[8]
01-22 19:07:20.757 2862 2862 D CAT : CatService: MSG_ID_ICC_CHANGED
01-22 19:07:20.757 2862 2862 D CAT : CatService: New Card State = CARDSTATE_PRESENT Old Card State = CARDSTATE_PRESENT
01-22 19:07:20.757 2862 2862 D UiccCard: Error in SIM access with exceptioncom.android.internal.telephony.CommandException: REQUEST_NOT_SUPPORTED
01-22 19:07:20.757 2862 2862 D DCT : [0]handleMessage msg={ when=-135ms what=270369 obj=android.os.AsyncResult@8829909 target=com.android.internal.telephony.dataconnection.DcTracker }
01-22 19:07:20.757 2862 2862 D DCT : [0]onUpdateIcc: newIccRecords null
01-22 19:07:20.757 2862 2862 D SubscriptionController: [getSubId]- sSlotIdxToSubId.size == 0, return DummySubIds slotIdx=0
01-22 19:07:20.757 2862 2862 D GsmSMSDispatcher: GsmSMSDispatcher: subId = -2 slotId = 0
01-22 19:07:20.757 2862 2862 E IccCardProxy: setExternalState: !override and newstate unchanged from READY
01-22 19:07:20.757 2862 2862 D CAT : CatService: handleMessage[8]
01-22 19:07:20.757 2862 2862 D CAT : CatService: MSG_ID_ICC_CHANGED
01-22 19:07:20.757 2862 2862 D CAT : CatService: New Card State = CARDSTATE_PRESENT Old Card State = CARDSTATE_PRESENT
01-22 19:07:20.757 2862 2862 D DCT : [0]handleMessage msg={ when=-136ms what=270369 obj=android.os.AsyncResult@32170e target=com.android.internal.telephony.dataconnection.DcTracker }
01-22 19:07:20.757 2862 2862 D DCT : [0]onUpdateIcc: newIccRecords null
01-22 19:07:20.758 2862 2862 D SubscriptionController: [getSubId]- sSlotIdxToSubId.size == 0, return DummySubIds slotIdx=0
01-22 19:07:20.758 2862 2862 D GsmSMSDispatcher: GsmSMSDispatcher: subId = -2 slotId = 0
01-22 19:07:20.758 2862 2862 E IccCardProxy: setExternalState: !override and newstate unchanged from READY
01-22 19:07:20.758 2862 2862 D CAT : CatService: handleMessage[8]
01-22 19:07:20.758 2862 2862 D CAT : CatService: MSG_ID_ICC_CHANGED
01-22 19:07:20.758 2862 2862 D CAT : CatService: New Card State = CARDSTATE_PRESENT Old Card State = CARDSTATE_PRESENT
01-22 19:07:20.758 2862 2862 D DCT : [0]handleMessage msg={ when=-136ms what=270369 obj=android.os.AsyncResult@b2e452f target=com.android.internal.telephony.dataconnection.DcTracker }
01-22 19:07:20.758 2862 2862 D DCT : [0]onUpdateIcc: newIccRecords null
01-22 19:07:20.758 2862 2862 D SubscriptionController: [getSubId]- sSlotIdxToSubId.size == 0, return DummySubIds slotIdx=0
01-22 19:07:20.758 2862 2862 D GsmSMSDispatcher: GsmSMSDispatcher: subId = -2 slotId = 0
01-22 19:07:20.758 2862 2862 E IccCardProxy: setExternalState: !override and newstate unchanged from READY
01-22 19:07:20.758 2862 2862 D CAT : CatService: handleMessage[8]
01-22 19:07:20.758 2862 2862 D CAT : CatService: MSG_ID_ICC_CHANGED
01-22 19:07:20.758 2862 2862 D CAT : CatService: New Card State = CARDSTATE_PRESENT Old Card State = CARDSTATE_PRESENT
01-22 19:07:20.758 2862 2862 D DCT : [0]handleMessage msg={ when=-134ms what=270369 obj=android.os.AsyncResult@d21f73c target=com.android.internal.telephony.dataconnection.DcTracker }
01-22 19:07:20.758 2862 2862 D DCT : [0]onUpdateIcc: newIccRecords null
01-22 19:07:20.758 2862 2862 D SubscriptionController: [getSubId]- sSlotIdxToSubId.size == 0, return DummySubIds slotIdx=0
01-22 19:07:20.758 2862 2862 D GsmSMSDispatcher: GsmSMSDispatcher: subId = -2 slotId = 0
01-22 19:07:20.758 2862 2862 E IccCardProxy: setExternalState: !override and newstate unchanged from READY
01-22 19:07:20.758 2862 2862 D CAT : CatService: handleMessage[8]
01-22 19:07:20.758 2862 2862 D CAT : CatService: MSG_ID_ICC_CHANGED
01-22 19:07:20.758 2862 2862 D CAT : CatService: New Card State = CARDSTATE_PRESENT Old Card State = CARDSTATE_PRESENT
01-22 19:07:20.758 2862 2862 D GsmSST : [GsmSST] SubscriptionListener.onSubscriptionInfoChanged
01-22 19:07:20.758 2862 2862 D SubscriptionController: [getSubId]- sSlotIdxToSubId.size == 0, return DummySubIds slotIdx=0
01-22 19:07:20.759 2862 2862 D DCT : [0]SubscriptionListener.onSubscriptionInfoChanged
01-22 19:07:20.759 2862 2862 D SubscriptionController: [getSubId]- sSlotIdxToSubId.size == 0, return DummySubIds slotIdx=0
01-22 19:07:20.768 1955 2206 D use-Rlog/RLOG-RIL-IPC:
01-22 19:07:20.769 1955 2206 D use-Rlog/RLOG-RIL-IPC: xmm626_sec_modem_fmt_recv: Received FMT message
01-22 19:07:20.769 1955 2206 D use-Rlog/RLOG-RIL-IPC: xmm626_sec_modem_fmt_recv: Message: aseq=0x22, command=IPC_SEC_RSIM_ACCESS, type=IPC_TYPE_RESP, size=42
01-22 19:07:20.769 1955 2206 D use-Rlog/RLOG-RIL-IPC: ================================= IPC FMT data =================================
01-22 19:07:20.769 1955 2206 D use-Rlog/RLOG-RIL-IPC: [0000] 90 00 27 62 25 82 05 42 21 00 04 05 83 02 6F C9 ..'b%..B !.....o.
01-22 19:07:20.769 1955 2206 D use-Rlog/RLOG-RIL-IPC: [0010] A5 03 C0 01 40 8A 01 05 8B 06 6F 06 01 13 00 00 ....@... ..o.....
01-22 19:07:20.769 1955 2206 D use-Rlog/RLOG-RIL-IPC: [0020] 80 02 00 14 81 02 00 28 88 00 .......( ..
01-22 19:07:20.769 1955 2206 D use-Rlog/RLOG-RIL-IPC: ================================================================================
01-22 19:07:20.769 1955 2206 D use-Rlog/RLOG-RIL: 14 RIL requests in the queue (0 pending, 0 handled, 14 unhandled)
01-22 19:07:20.769 2862 2987 D RILJ : [3700]< SIM_IO IccIoResponse sw1:0x90 sw2:0x0 [SUB0]
01-22 19:07:20.769 1955 2210 D use-Rlog/RLOG-RIL-IPC:
01-22 19:07:20.769 1955 2210 D use-Rlog/RLOG-RIL-IPC: xmm626_sec_modem_fmt_send: Sent FMT message
01-22 19:07:20.769 1955 2210 D use-Rlog/RLOG-RIL-IPC: xmm626_sec_modem_fmt_send: Message: mseq=0x23, command=IPC_SEC_RSIM_ACCESS, type=IPC_TYPE_GET, size=6
01-22 19:07:20.769 1955 2210 D use-Rlog/RLOG-RIL-IPC: ================================= IPC FMT data =================================
01-22 19:07:20.769 1955 2210 D use-Rlog/RLOG-RIL-IPC: [0000] C0 AD 6F 00 00 00 ..o...
01-22 19:07:20.769 1955 2210 D use-Rlog/RLOG-RIL-IPC: ================================================================================
01-22 19:07:20.774 2862 2862 D SubscriptionController: [getActiveSubInfoList]+
01-22 19:07:20.775 2862 2862 D SubscriptionController: selection:sim_id>=0 null
01-22 19:07:20.787 2862 2862 D SubscriptionController: [getActiveSubInfoList]- no info return
01-22 19:07:20.788 2862 2862 E PhoneBase: Error! unregisterForCallWaiting() in PhoneBase should not be called, CDMAPhone inactive.
01-22 19:07:20.789 1955 2206 D use-Rlog/RLOG-RIL-IPC:
01-22 19:07:20.789 1955 2206 D use-Rlog/RLOG-RIL-IPC: xmm626_sec_modem_fmt_recv: Received FMT message
01-22 19:07:20.789 1955 2206 D use-Rlog/RLOG-RIL-IPC: xmm626_sec_modem_fmt_recv: Message: aseq=0x23, command=IPC_SEC_RSIM_ACCESS, type=IPC_TYPE_RESP, size=40
01-22 19:07:20.790 1955 2206 D use-Rlog/RLOG-RIL-IPC: ================================= IPC FMT data =================================
01-22 19:07:20.790 1955 2206 D use-Rlog/RLOG-RIL-IPC: [0000] 90 00 25 62 23 82 02 41 21 83 02 6F AD A5 03 C0 ..%b#..A !..o....
01-22 19:07:20.790 1955 2206 D use-Rlog/RLOG-RIL-IPC: [0010] 01 40 8A 01 05 8B 06 6F 06 01 12 00 00 80 02 00 .@.....o ........
01-22 19:07:20.790 1955 2206 D use-Rlog/RLOG-RIL-IPC: [0020] 04 81 02 00 16 88 01 18 ........
01-22 19:07:20.790 1955 2206 D use-Rlog/RLOG-RIL-IPC: ================================================================================
01-22 19:07:20.790 1955 2206 D use-Rlog/RLOG-RIL: 13 RIL requests in the queue (0 pending, 0 handled, 13 unhandled)
01-22 19:07:20.790 2862 2987 D RILJ : [3701]< SIM_IO IccIoResponse sw1:0x90 sw2:0x0 [SUB0]
01-22 19:07:20.790 1955 2210 D use-Rlog/RLOG-RIL-IPC:
01-22 19:07:20.790 1955 2210 D use-Rlog/RLOG-RIL-IPC: xmm626_sec_modem_fmt_send: Sent FMT message
01-22 19:07:20.790 1955 2210 D use-Rlog/RLOG-RIL-IPC: xmm626_sec_modem_fmt_send: Message: mseq=0x24, command=IPC_SEC_RSIM_ACCESS, type=IPC_TYPE_GET, size=6
01-22 19:07:20.790 1955 2210 D use-Rlog/RLOG-RIL-IPC: ================================= IPC FMT data =================================
01-22 19:07:20.790 1955 2210 D use-Rlog/RLOG-RIL-IPC: [0000] C0 CA 6F 00 00 0F ..o...
01-22 19:07:20.790 1955 2210 D use-Rlog/RLOG-RIL-IPC: ================================================================================
01-22 19:07:20.803 2862 2862 D SubscriptionController: [getSubId]- sSlotIdxToSubId.size == 0, return DummySubIds slotIdx=0
01-22 19:07:20.804 2862 2862 D SubscriptionController: [getSubId]- sSlotIdxToSubId.size == 0, return DummySubIds slotIdx=0
01-22 19:07:20.805 2862 2862 D SubscriptionController: [getPhoneId]- invalid subId return=-1
01-22 19:07:20.806 2862 2862 D SubscriptionController: [getSubId]- sSlotIdxToSubId.size == 0, return DummySubIds slotIdx=0
01-22 19:07:20.806 2862 2862 D SubscriptionController: [getSubId]- sSlotIdxToSubId.size == 0, return DummySubIds slotIdx=0
