01-22 19:06:53.680 1955 1955 D RILD : **RIL Daemon Started**
01-22 19:06:53.680 1955 1955 D RILD : **RILd param count=1**
01-22 19:06:53.741 1955 1955 I chatty : uid=1001(radio) /system/bin/rild expire 56 lines
01-22 19:06:57.721 1955 2206 I chatty : uid=1001(radio) /system/bin/rild expire 78 lines
01-22 19:06:59.027 1962 1962 D TelephonyManager: /proc/cmdline=console=ttySAC2,115200 consoleblank=0 androidboot.hardware=smdk4210 loglevel=4 console=ram androidboot.serialno=xxxxxxxxxxxxxx sec_debug.enable=0 sec_debug.enable_user=0 c1_watchdog.sec_pet=5 sec_log=0x100000@0x4d900000 s3cfb.bootloaderfb=0x5ec00000 ld9040.get_lcdtype=0x0 consoleblank=0 lpj=3981312 vmalloc=144m
01-22 19:07:12.507 2310 2485 D TelephonyRegistry: listen oscl: hasNotifySubscriptionInfoChangedOccurred==false no callback
01-22 19:07:14.933 2310 2310 D TelephonyRegistry: systemRunning register for intents
01-22 19:07:17.646 2862 2862 I chatty : uid=1001(radio) com.android.phone expire 68 lines
01-22 19:07:17.760 1955 1974 I chatty : uid=1001(radio) /system/bin/rild expire 8 lines
01-22 19:07:17.761 2862 2987 I chatty : uid=1001(radio) RILReceiver0 expire 12 lines
01-22 19:07:17.764 1955 2210 I chatty : uid=1001(radio) /system/bin/rild expire 13 lines
01-22 19:07:17.788 2862 2887 I chatty : uid=1001(radio) Binder_1 expire 2 lines
01-22 19:07:17.872 1955 2206 I chatty : uid=1001(radio) /system/bin/rild expire 15 lines
01-22 19:07:17.903 2310 2461 D TelephonyRegistry: listen oscl: hasNotifySubscriptionInfoChangedOccurred==false no callback
01-22 19:07:17.965 2310 2321 D TelephonyRegistry: listen oscl: hasNotifySubscriptionInfoChangedOccurred==false no callback
01-22 19:07:17.973 2862 2999 I chatty : uid=1001(radio) DcHandlerThread expire 3 lines
01-22 19:07:18.216 2862 2862 I chatty : uid=1001(radio) com.android.phone expire 156 lines
01-22 19:07:18.332 2862 3050 I chatty : uid=1001(radio) com.android.phone expire 2 lines
01-22 19:07:18.384 2862 3051 I chatty : uid=1001(radio) DcSwitchStateMa expire 1 line
01-22 19:07:18.411 2310 2461 D TelephonyRegistry: listen oscl: hasNotifySubscriptionInfoChangedOccurred==false no callback
01-22 19:07:18.414 2862 3011 I chatty : uid=1001(radio) GsmInboundSmsHa expire 5 lines
01-22 19:07:18.414 2862 3029 I chatty : uid=1001(radio) CdmaInboundSmsH expire 5 lines
01-22 19:07:18.629 1955 1974 I chatty : uid=1001(radio) /system/bin/rild expire 7 lines
01-22 19:07:18.629 1955 2210 I chatty : uid=1001(radio) /system/bin/rild expire 36 lines
01-22 19:07:18.629 2862 2987 I chatty : uid=1001(radio) RILReceiver0 expire 7 lines
01-22 19:07:18.760 2310 2310 D TelephonyRegistry: notifyCellLocationForSubscriber: subId=0 cellLocation=Bundle[{}]
01-22 19:07:18.769 2862 2887 I chatty : uid=1001(radio) Binder_1 expire 1 line
01-22 19:07:18.788 2310 2916 D TelephonyRegistry: listen oscl: hasNotifySubscriptionInfoChangedOccurred==false no callback
01-22 19:07:18.824 2310 2923 D TelephonyRegistry: listen oscl: hasNotifySubscriptionInfoChangedOccurred==false no callback
01-22 19:07:18.999 2310 2482 D TelephonyRegistry: listen oscl: hasNotifySubscriptionInfoChangedOccurred==false no callback
01-22 19:07:19.054 2862 2910 I chatty : uid=1001(radio) Binder_2 expire 1 line
01-22 19:07:19.070 2310 2765 D TelephonyRegistry: notifySubscriptionInfoChanged: first invocation mRecords.size=14
01-22 19:07:19.093 2310 2322 D SubscriptionManager: getSimStateForSubscriber: simState=6 slotIdx=0
01-22 19:07:19.093 2310 2322 D TelephonyManager: getSimState: default sim:-1, sim state for slotIdx=0 is 6, return state as unknown
01-22 19:07:19.126 1955 2206 I chatty : uid=1001(radio) /system/bin/rild expire 20 lines
01-22 19:07:19.127 1955 2207 I chatty : uid=1001(radio) /system/bin/rild expire 14 lines
01-22 19:07:19.232 1955 2206 D use-Rlog/RLOG-RIL-IPC: [0000] 02 .
01-22 19:07:19.232 1955 2206 D use-Rlog/RLOG-RIL-IPC: ================================================================================
01-22 19:07:19.232 1955 2206 D use-Rlog/RLOG-RIL-IPC:
01-22 19:07:19.232 1955 2206 D use-Rlog/RLOG-RIL-IPC: xmm626_sec_modem_fmt_recv: Received FMT message
01-22 19:07:19.232 1955 2206 D use-Rlog/RLOG-RIL-IPC: xmm626_sec_modem_fmt_recv: Message: aseq=0x02, command=IPC_SEC_PIN_STATUS, type=IPC_TYPE_NOTI, size=2
01-22 19:07:19.232 1955 2206 D use-Rlog/RLOG-RIL-IPC: ================================= IPC FMT data =================================
01-22 19:07:19.232 1955 2206 D use-Rlog/RLOG-RIL-IPC: [0000] 00 00 ..
01-22 19:07:19.232 1955 2206 D use-Rlog/RLOG-RIL-IPC: ================================================================================
01-22 19:07:19.232 1955 2206 D use-Rlog/RLOG-RIL: ipc2ril_sec_pin_status_response: Selecting status application 2 on 10
01-22 19:07:19.232 1955 2206 D use-Rlog/RLOG-RIL: Updating RIL radio state to 4
01-22 19:07:19.232 1955 2206 D use-Rlog/RLOG-RIL-IPC:
01-22 19:07:19.232 1955 2206 D use-Rlog/RLOG-RIL-IPC: xmm626_sec_modem_fmt_recv: Received FMT message
01-22 19:07:19.232 1955 2206 D use-Rlog/RLOG-RIL-IPC: xmm626_sec_modem_fmt_recv: Message: aseq=0x02, command=IPC_SEC_PIN_STATUS, type=IPC_TYPE_NOTI, size=2
01-22 19:07:19.232 1955 2206 D use-Rlog/RLOG-RIL-IPC: ================================= IPC FMT data =================================
01-22 19:07:19.232 1955 2206 D use-Rlog/RLOG-RIL-IPC: [0000] 82 00 ..
01-22 19:07:19.232 1955 2206 D use-Rlog/RLOG-RIL-IPC: ================================================================================
01-22 19:07:19.233 1955 2206 D use-Rlog/RLOG-RIL: ipc2ril_sec_pin_status_response: Selecting status application 2 on 10
01-22 19:07:19.233 1955 2206 D use-Rlog/RLOG-RIL-IPC:
01-22 19:07:19.233 1955 2206 D use-Rlog/RLOG-RIL-IPC: xmm626_sec_modem_fmt_recv: Received FMT message
01-22 19:07:19.233 1955 2206 D use-Rlog/RLOG-RIL-IPC: xmm626_sec_modem_fmt_recv: Message: aseq=0x02, command=IPC_SMS_DEVICE_READY, type=IPC_TYPE_NOTI, size=1
01-22 19:07:19.233 1955 2206 D use-Rlog/RLOG-RIL-IPC: ================================= IPC FMT data =================================
01-22 19:07:19.233 1955 2206 D use-Rlog/RLOG-RIL-IPC: [0000] 02 .
01-22 19:07:19.233 1955 2206 D use-Rlog/RLOG-RIL-IPC: ================================================================================
01-22 19:07:19.233 1955 2206 D use-Rlog/RLOG-RIL-IPC: Unhandled IPC FMT message: IPC_SMS_DEVICE_READY
01-22 19:07:19.233 1955 2206 D use-Rlog/RLOG-RIL-IPC:
01-22 19:07:19.233 1955 2206 D use-Rlog/RLOG-RIL-IPC: xmm626_sec_modem_fmt_recv: Received FMT message
01-22 19:07:19.233 1955 2206 D use-Rlog/RLOG-RIL-IPC: xmm626_sec_modem_fmt_recv: Message: aseq=0x02, command=IPC_PB_3GPB_CAPA, type=IPC_TYPE_NOTI, size=86
01-22 19:07:19.233 1955 2206 D use-Rlog/RLOG-RIL-IPC: ================================= IPC FMT data =================================
01-22 19:07:19.233 1955 2206 D use-Rlog/RLOG-RIL-IPC: [0000] 00 0C 01 FA 00 0E 00 11 00 02 FA 00 28 00 11 00 ........ ....(...
01-22 19:07:19.233 1955 2206 D use-Rlog/RLOG-RIL-IPC: [0010] 03 FA 00 28 00 11 00 04 FA 00 32 00 11 00 05 FA ...(.... ..2.....
01-22 19:07:19.233 1955 2206 D use-Rlog/RLOG-RIL-IPC: [0020] 00 0C 00 11 00 06 10 00 0E 00 00 00 08 FA 00 28 ........ .......(
01-22 19:07:19.233 1955 2206 D use-Rlog/RLOG-RIL-IPC: [0030] 00 11 00 09 00 00 28 00 00 00 0A 00 00 28 00 00 ......(. .....(..
01-22 19:07:19.233 1955 2206 D use-Rlog/RLOG-RIL-IPC: [0040] 00 0B 00 00 FF 00 00 00 0C 00 00 FD 00 00 00 0D ........ ........
01-22 19:07:19.233 1955 2206 D use-Rlog/RLOG-RIL-IPC: [0050] 00 00 F2 00 00 00 ......
01-22 19:07:19.233 1955 2206 D use-Rlog/RLOG-RIL-IPC: ================================================================================
01-22 19:07:19.233 1955 2206 D use-Rlog/RLOG-RIL-IPC: Unhandled IPC FMT message: IPC_PB_3GPB_CAPA
01-22 19:07:19.233 1955 2206 D use-Rlog/RLOG-RIL-IPC:
01-22 19:07:19.233 1955 2206 D use-Rlog/RLOG-RIL-IPC: xmm626_sec_modem_fmt_recv: Received FMT message
01-22 19:07:19.233 1955 2206 D use-Rlog/RLOG-RIL-IPC: xmm626_sec_modem_fmt_recv: Message: aseq=0x02, command=IPC_SEC_PIN_STATUS, type=IPC_TYPE_NOTI, size=2
01-22 19:07:19.233 1955 2206 D use-Rlog/RLOG-RIL-IPC: ================================= IPC FMT data =================================
01-22 19:07:19.233 1955 2206 D use-Rlog/RLOG-RIL-IPC: [0000] 83 00 ..
01-22 19:07:19.233 1955 2206 D use-Rlog/RLOG-RIL-IPC: ================================================================================
01-22 19:07:19.233 1955 2206 D use-Rlog/RLOG-RIL: ipc2ril_sec_pin_status_response: Selecting status application 2 on 10
01-22 19:07:19.233 1955 2206 D use-Rlog/RLOG-RIL-IPC:
01-22 19:07:19.233 1955 2206 D use-Rlog/RLOG-RIL-IPC: xmm626_sec_modem_fmt_recv: Received FMT message
01-22 19:07:19.233 1955 2206 D use-Rlog/RLOG-RIL-IPC: xmm626_sec_modem_fmt_recv: Message: aseq=0xff, command=IPC_NET_REGIST, type=IPC_TYPE_NOTI, size=11
01-22 19:07:19.233 1955 2206 D use-Rlog/RLOG-RIL-IPC: ================================= IPC FMT data =================================
01-22 19:07:19.233 1955 2206 D use-Rlog/RLOG-RIL-IPC: [0000] FF 02 01 00 00 00 00 00 00 00 00 ........ ...
01-22 19:07:19.233 1955 2206 D use-Rlog/RLOG-RIL-IPC: ================================================================================
01-22 19:07:19.233 1955 2206 D use-Rlog/RLOG-RIL-IPC:
01-22 19:07:19.234 1955 2206 D use-Rlog/RLOG-RIL-IPC: xmm626_sec_modem_fmt_recv: Received FMT message
01-22 19:07:19.234 1955 2206 D use-Rlog/RLOG-RIL-IPC: xmm626_sec_modem_fmt_recv: Message: aseq=0xff, command=IPC_NET_REGIST, type=IPC_TYPE_NOTI, size=11
01-22 19:07:19.234 1955 2206 D use-Rlog/RLOG-RIL-IPC: ================================= IPC FMT data =================================
01-22 19:07:19.234 1955 2206 D use-Rlog/RLOG-RIL-IPC: [0000] FF 03 01 00 00 00 00 00 00 00 00 ........ ...
01-22 19:07:19.234 1955 2206 D use-Rlog/RLOG-RIL-IPC: ================================================================================
01-22 19:07:19.234 1955 2206 D use-Rlog/RLOG-RIL-IPC:
01-22 19:07:19.234 1955 2206 D use-Rlog/RLOG-RIL-IPC: xmm626_sec_modem_fmt_recv: Received FMT message
01-22 19:07:19.234 1955 2206 D use-Rlog/RLOG-RIL-IPC: xmm626_sec_modem_fmt_recv: Message: aseq=0xff, command=IPC_DISP_ICON_INFO, type=IPC_TYPE_NOTI, size=4
01-22 19:07:19.234 1955 2206 D use-Rlog/RLOG-RIL-IPC: ================================= IPC FMT data =================================
01-22 19:07:19.234 1955 2206 D use-Rlog/RLOG-RIL-IPC: [0000] FF 00 00 05 ....
01-22 19:07:19.234 1955 2206 D use-Rlog/RLOG-RIL-IPC: ================================================================================
01-22 19:07:19.234 1955 2206 D use-Rlog/RLOG-RIL: Signal strength is 1
01-22 19:07:19.234 1955 2206 D use-Rlog/RLOG-RIL-IPC:
01-22 19:07:19.234 1955 2206 D use-Rlog/RLOG-RIL-IPC: xmm626_sec_modem_fmt_recv: Received FMT message
01-22 19:07:19.234 1955 2206 D use-Rlog/RLOG-RIL-IPC: xmm626_sec_modem_fmt_recv: Message: aseq=0x03, command=IPC_DISP_ICON_INFO, type=IPC_TYPE_RESP, size=4
01-22 19:07:19.234 1955 2206 D use-Rlog/RLOG-RIL-IPC: ================================= IPC FMT data =================================
01-22 19:07:19.234 1955 2206 D use-Rlog/RLOG-RIL-IPC: [0000] 01 00 00 05 ....
01-22 19:07:19.234 1955 2206 D use-Rlog/RLOG-RIL-IPC: ================================================================================
01-22 19:07:19.234 1955 2206 D use-Rlog/RLOG-RIL: Signal strength is 1
01-22 19:07:19.234 1955 2206 D use-Rlog/RLOG-RIL: 4 RIL requests in the queue (0 pending, 4 handled, 0 unhandled)
01-22 19:07:19.234 1955 2206 D use-Rlog/RLOG-RIL: 3 RIL requests data in the queue
01-22 19:07:19.234 1955 2206 D use-Rlog/RLOG-RIL-IPC:
01-22 19:07:19.234 1955 2206 D use-Rlog/RLOG-RIL-IPC: xmm626_sec_modem_fmt_recv: Received FMT message
01-22 19:07:19.234 1955 2206 D use-Rlog/RLOG-RIL-IPC: xmm626_sec_modem_fmt_recv: Message: aseq=0x04, command=IPC_NET_SERVING_NETWORK, type=IPC_TYPE_RESP, size=11
01-22 19:07:19.234 1955 2206 D use-Rlog/RLOG-RIL-IPC: ================================= IPC FMT data =================================
01-22 19:07:19.234 1955 2206 D use-Rlog/RLOG-RIL-IPC: [0000] 02 05 FF 30 30 30 30 30 23 00 00 ...00000 #..
01-22 19:07:19.234 1955 2206 D use-Rlog/RLOG-RIL-IPC: ================================================================================
01-22 19:07:19.234 2862 2987 D RILJ : [UNSL]< UNSOL_RESPONSE_SIM_STATUS_CHANGED [SUB0]
01-22 19:07:19.235 2862 2987 D RILJ : [UNSL]< UNSOL_RESPONSE_RADIO_STATE_CHANGED RADIO_ON [SUB0]
01-22 19:07:19.235 2862 2987 D RILJ : [UNSL]< UNSOL_RESPONSE_SIM_STATUS_CHANGED [SUB0]
01-22 19:07:19.235 2862 2987 D RILJ : [UNSL]< UNSOL_RESPONSE_SIM_STATUS_CHANGED [SUB0]
01-22 19:07:19.235 2862 2987 D RILJ : [UNSL]< UNSOL_RESPONSE_SIM_STATUS_CHANGED [SUB0]
01-22 19:07:19.235 2862 2987 D RILJ : [UNSL]< UNSOL_RESPONSE_VOICE_NETWORK_STATE_CHANGED [SUB0]
01-22 19:07:19.235 2862 2987 D RILJ : [UNSL]< UNSOL_RESPONSE_VOICE_NETWORK_STATE_CHANGED [SUB0]
01-22 19:07:19.235 2862 2987 D RILJ : [3654]< SIGNAL_STRENGTH SignalStrength: 1 99 -1 -1 -1 -1 -1 -1 -1 -1 -1 -1 2147483647 gsm|lte [SUB0]
01-22 19:07:19.236 1955 2206 D use-Rlog/RLOG-RIL: 3 RIL requests in the queue (0 pending, 3 handled, 0 unhandled)
01-22 19:07:19.236 1955 2206 D use-Rlog/RLOG-RIL: 3 RIL requests data in the queue
01-22 19:07:19.236 1955 2206 D use-Rlog/RLOG-RIL-IPC:
01-22 19:07:19.236 1955 2206 D use-Rlog/RLOG-RIL-IPC: xmm626_sec_modem_fmt_recv: Received FMT message
01-22 19:07:19.236 1955 2206 D use-Rlog/RLOG-RIL-IPC: xmm626_sec_modem_fmt_recv: Message: aseq=0x05, command=IPC_NET_REGIST, type=IPC_TYPE_RESP, size=11
01-22 19:07:19.236 1955 2206 D use-Rlog/RLOG-RIL-IPC: ================================= IPC FMT data =================================
01-22 19:07:19.236 1955 2206 D use-Rlog/RLOG-RIL-IPC: [0000] FF 03 01 00 00 00 00 00 00 00 00 ........ ...
01-22 19:07:19.236 1955 2206 D use-Rlog/RLOG-RIL-IPC: ================================================================================
01-22 19:07:19.236 1955 2206 D use-Rlog/RLOG-RIL: 2 RIL requests in the queue (0 pending, 2 handled, 0 unhandled)
01-22 19:07:19.236 1955 2206 D use-Rlog/RLOG-RIL: 3 RIL requests data in the queue
01-22 19:07:19.236 1955 2206 D use-Rlog/RLOG-RIL-IPC:
01-22 19:07:19.236 1955 2206 D use-Rlog/RLOG-RIL-IPC: xmm626_sec_modem_fmt_recv: Received FMT message
01-22 19:07:19.236 1955 2206 D use-Rlog/RLOG-RIL-IPC: xmm626_sec_modem_fmt_recv: Message: aseq=0x06, command=IPC_NET_REGIST, type=IPC_TYPE_RESP, size=11
01-22 19:07:19.236 1955 2206 D use-Rlog/RLOG-RIL-IPC: ================================= IPC FMT data =================================
01-22 19:07:19.236 1955 2206 D use-Rlog/RLOG-RIL-IPC: [0000] FF 02 01 00 00 00 00 00 00 00 00 ........ ...
01-22 19:07:19.236 1955 2206 D use-Rlog/RLOG-RIL-IPC: ================================================================================
01-22 19:07:19.236 1955 2206 D use-Rlog/RLOG-RIL: 1 RIL request in the queue (0 pending, 1 handled, 0 unhandled)
01-22 19:07:19.236 1955 2206 D use-Rlog/RLOG-RIL: 3 RIL requests data in the queue
01-22 19:07:19.236 2862 2987 D RILJ : [3658]< OPERATOR {null, null, 00000} [SUB0]
01-22 19:07:19.236 2862 2987 D RILJ : [3659]< DATA_REGISTRATION_STATE {0, 0, 0, 0, 3} [SUB0]
01-22 19:07:19.237 2862 2987 D RILJ : [3660]< VOICE_REGISTRATION_STATE {0, 0, 0, 0, null, null, null, null, null, null, null, null, null, null, null} [SUB0]
01-22 19:07:19.237 1955 2206 D use-Rlog/RLOG-RIL-IPC:
01-22 19:07:19.237 1955 2206 D use-Rlog/RLOG-RIL-IPC: xmm626_sec_modem_fmt_recv: Received FMT message
01-22 19:07:19.237 1955 2206 D use-Rlog/RLOG-RIL-IPC: xmm626_sec_modem_fmt_recv: Message: aseq=0x07, command=IPC_NET_PLMN_SEL, type=IPC_TYPE_RESP, size=1
01-22 19:07:19.237 1955 2206 D use-Rlog/RLOG-RIL-IPC: ================================= IPC FMT data =================================
01-22 19:07:19.237 1955 2206 D use-Rlog/RLOG-RIL-IPC: [0000] 02 .
01-22 19:07:19.237 1955 2206 D use-Rlog/RLOG-RIL-IPC: ================================================================================
01-22 19:07:19.237 1955 2206 D use-Rlog/RLOG-RIL: 0 RIL request in the queue (0 pending, 0 handled, 0 unhandled)
01-22 19:07:19.237 1955 2206 D use-Rlog/RLOG-RIL: 3 RIL requests data in the queue
01-22 19:07:19.241 2862 2987 D RILJ : [3661]< QUERY_NETWORK_SELECTION_MODE {0} [SUB0]
01-22 19:07:19.850 2862 2862 D SipService: start:
01-22 19:07:19.851 2862 2862 D RILJ : [3668]> RIL_REQUEST_QUERY_TTY_MODE [SUB0]
01-22 19:07:19.852 2862 2862 D GsmSST : [GsmSST] SubscriptionListener.onSubscriptionInfoChanged
01-22 19:07:19.853 2862 2862 D SubscriptionController: [getSubId]- sSlotIdxToSubId.size == 0, return DummySubIds slotIdx=0
01-22 19:07:19.853 2862 2862 D DCT : [0]SubscriptionListener.onSubscriptionInfoChanged
01-22 19:07:19.853 2862 2862 D SubscriptionController: [getSubId]- sSlotIdxToSubId.size == 0, return DummySubIds slotIdx=0
01-22 19:07:19.854 1955 1974 D use-Rlog/RLOG-RIL: 1 RIL request in the queue (1 pending, 0 handled, 0 unhandled)
01-22 19:07:19.854 1955 1974 D use-Rlog/RLOG-RIL: 3 RIL requests data in the queue
01-22 19:07:19.855 1955 2210 D use-Rlog/RLOG-RIL: Unhandled RIL request: 81
01-22 19:07:19.855 1955 2210 D use-Rlog/RLOG-RIL: 0 RIL request in the queue (0 pending, 0 handled, 0 unhandled)
01-22 19:07:19.855 1955 2210 D use-Rlog/RLOG-RIL: 3 RIL requests data in the queue
01-22 19:07:19.855 2862 2862 D SubscriptionController: [getActiveSubInfoList]+
01-22 19:07:19.856 2862 2862 D SubscriptionController: selection:sim_id>=0 null
01-22 19:07:19.861 2862 2987 D RilRequest: [3668]< RIL_REQUEST_QUERY_TTY_MODE error: com.android.internal.telephony.CommandException: REQUEST_NOT_SUPPORTED ret=
01-22 19:07:19.871 2862 2910 D SubscriptionController: [getActiveSubInfoList]- no info return
01-22 19:07:19.937 2862 2862 D SubscriptionController: [getActiveSubInfoList]- no info return
01-22 19:07:20.004 2862 2887 D SubscriptionController: [getActiveSubInfoList]+
01-22 19:07:20.011 2862 2862 D SubscriptionController: [getSubId]- sSlotIdxToSubId.size == 0, return DummySubIds slotIdx=0
01-22 19:07:20.013 2862 2862 D SubscriptionController: [getSubId]- sSlotIdxToSubId.size == 0, return DummySubIds slotIdx=0
01-22 19:07:20.054 2862 2862 D SubscriptionController: [getPhoneId]- invalid subId return=-1
01-22 19:07:20.193 2862 2862 D SubscriptionController: [getSubId]- sSlotIdxToSubId.size == 0, return DummySubIds slotIdx=0
01-22 19:07:20.195 2862 2862 D SubscriptionController: [getSubId]- sSlotIdxToSubId.size == 0, return DummySubIds slotIdx=0
01-22 19:07:20.199 2862 2862 D SubscriptionController: [getSubId]- sSlotIdxToSubId.size == 0, return DummySubIds slotIdx=0
01-22 19:07:20.240 2862 2887 D SubscriptionController: selection:sim_id>=0 null
01-22 19:07:20.367 2862 2862 E PhoneBase: Error! registerForCallWaiting() in PhoneBase should not be called, CDMAPhone inactive.
01-22 19:07:20.435 2862 2862 D DCT : [0]handleMessage msg={ when=-1s340ms what=270377 obj=android.os.AsyncResult@44b26e3 target=com.android.internal.telephony.dataconnection.DcTracker }
01-22 19:07:20.435 2862 2862 D DCT : [0]onUpdateIcc: newIccRecords null
01-22 19:07:20.435 2862 2862 D DCT : [0]setupDataOnConnectableApns: nwTypeChanged
01-22 19:07:20.435 2862 2862 D DCT : [0]setupDataOnConnectableApns: apnContext {mApnType=dun mState=IDLE mWaitingApns={null} mWaitingApnsPermanentFailureCountDown=0 mApnSetting={null} mReason=radioTurnedOff mDataEnabled=false mDependencyMet=true}
01-22 19:07:20.435 2862 2862 D DCT : [0]setupDataOnConnectableApns: apnContext {mApnType=hipri mState=IDLE mWaitingApns={null} mWaitingApnsPermanentFailureCountDown=0 mApnSetting={null} mReason=radioTurnedOff mDataEnabled=false mDependencyMet=true}
01-22 19:07:20.435 2862 2862 D DCT : [0]setupDataOnConnectableApns: apnContext {mApnType=supl mState=IDLE mWaitingApns={null} mWaitingApnsPermanentFailureCountDown=0 mApnSetting={null} mReason=radioTurnedOff mDataEnabled=false mDependencyMet=true}
01-22 19:07:20.435 2862 2862 D DCT : [0]setupDataOnConnectableApns: apnContext {mApnType=default mState=IDLE mWaitingApns={null} mWaitingApnsPermanentFailureCountDown=0 mApnSetting={null} mReason=radioTurnedOff mDataEnabled=false mDependencyMet=true}
01-22 19:07:20.435 2862 2862 D DCT : [0]setupDataOnConnectableApns: apnContext {mApnType=mms mState=IDLE mWaitingApns={null} mWaitingApnsPermanentFailureCountDown=0 mApnSetting={null} mReason=radioTurnedOff mDataEnabled=false mDependencyMet=true}
01-22 19:07:20.435 2862 2862 D PhoneProxy: [PhoneProxy] EVENT_VOICE_RADIO_TECH_CHANGED: newVoiceTech=3
01-22 19:07:20.435 2862 2862 D PhoneProxy: [PhoneProxy] phoneObjectUpdater: newVoiceRadioTech=3
01-22 19:07:20.435 2862 2862 D PhoneProxy: [PhoneProxy] phoneObjectUpdater: No change ignore, newVoiceRadioTech=3 mActivePhone=GSM
01-22 19:07:20.435 2862 2862 D GsmSST : [GsmSST] mDeviceShuttingDown = false
01-22 19:07:20.435 2862 2862 D GsmSST : [GsmSST] mDesiredPowerState = true
01-22 19:07:20.435 2862 2862 D GsmSST : [GsmSST] getRadioState = RADIO_ON
01-22 19:07:20.435 2862 2862 D GsmSST : [GsmSST] mPowerOffDelayNeed = true
01-22 19:07:20.435 2862 2862 D GsmSST : [GsmSST] mAlarmSwitch = false
01-22 19:07:20.435 2862 2862 D RILJ : [3669]> OPERATOR [SUB0]
01-22 19:07:20.436 2862 2862 D RILJ : [3670]> DATA_REGISTRATION_STATE [SUB0]
01-22 19:07:20.436 1955 1974 D use-Rlog/RLOG-RIL: 1 RIL request in the queue (1 pending, 0 handled, 0 unhandled)
01-22 19:07:20.436 1955 1974 D use-Rlog/RLOG-RIL: 3 RIL requests data in the queue
01-22 19:07:20.437 1955 2210 D use-Rlog/RLOG-RIL-IPC:
01-22 19:07:20.437 1955 2210 D use-Rlog/RLOG-RIL-IPC: xmm626_sec_modem_fmt_send: Sent FMT message
01-22 19:07:20.437 1955 2210 D use-Rlog/RLOG-RIL-IPC: xmm626_sec_modem_fmt_send: Message: mseq=0x0a, command=IPC_NET_SERVING_NETWORK, type=IPC_TYPE_GET, size=0
01-22 19:07:20.446 2862 2862 D RILJ : [3671]> VOICE_REGISTRATION_STATE [SUB0]
01-22 19:07:20.446 1955 1974 D use-Rlog/RLOG-RIL: 2 RIL requests in the queue (1 pending, 1 handled, 0 unhandled)
01-22 19:07:20.446 1955 1974 D use-Rlog/RLOG-RIL: 3 RIL requests data in the queue
01-22 19:07:20.446 1955 2210 D use-Rlog/RLOG-RIL: 1 RIL request in the queue (0 pending, 1 handled, 0 unhandled)
01-22 19:07:20.446 1955 2210 D use-Rlog/RLOG-RIL: 2 RIL requests data in the queue
01-22 19:07:20.446 2862 2987 D RILJ : [3670]< DATA_REGISTRATION_STATE {0, 0, 0, 0, 3} [SUB0]
01-22 19:07:20.448 2862 2862 D RILJ : [3672]> QUERY_NETWORK_SELECTION_MODE [SUB0]
01-22 19:07:20.448 1955 1974 D use-Rlog/RLOG-RIL: 2 RIL requests in the queue (1 pending, 1 handled, 0 unhandled)
01-22 19:07:20.448 1955 1974 D use-Rlog/RLOG-RIL: 2 RIL requests data in the queue
01-22 19:07:20.448 1955 2210 D use-Rlog/RLOG-RIL: 1 RIL request in the queue (0 pending, 1 handled, 0 unhandled)
01-22 19:07:20.448 1955 2210 D use-Rlog/RLOG-RIL: 1 RIL request data in the queue
01-22 19:07:20.448 2862 2862 D UiccController: Received EVENT_ICC_STATUS_CHANGED, calling getIccCardStatus
01-22 19:07:20.448 2862 2862 D RILJ : [3673]> GET_SIM_STATUS [SUB0]
01-22 19:07:20.449 2862 2987 D RILJ : [3671]< VOICE_REGISTRATION_STATE {0, 0, 0, 0, null, null, null, null, null, null, null, null, null, null, null} [SUB0]
01-22 19:07:20.449 1955 1974 D use-Rlog/RLOG-RIL: 2 RIL requests in the queue (1 pending, 1 handled, 0 unhandled)
01-22 19:07:20.449 1955 1974 D use-Rlog/RLOG-RIL: 1 RIL request data in the queue
01-22 19:07:20.449 1955 2210 D use-Rlog/RLOG-RIL-IPC:
01-22 19:07:20.449 1955 2210 D use-Rlog/RLOG-RIL-IPC: xmm626_sec_modem_fmt_send: Sent FMT message
01-22 19:07:20.449 1955 2210 D use-Rlog/RLOG-RIL-IPC: xmm626_sec_modem_fmt_send: Message: mseq=0x0b, command=IPC_NET_PLMN_SEL, type=IPC_TYPE_GET, size=0
01-22 19:07:20.449 1955 1974 D use-Rlog/RLOG-RIL: 3 RIL requests in the queue (1 pending, 2 handled, 0 unhandled)
01-22 19:07:20.449 1955 1974 D use-Rlog/RLOG-RIL: 1 RIL request data in the queue
01-22 19:07:20.449 2862 2862 D RILJ : [3674]> GET_CURRENT_CALLS [SUB0]
01-22 19:07:20.449 1955 2210 D use-Rlog/RLOG-RIL: 2 RIL requests in the queue (0 pending, 2 handled, 0 unhandled)
01-22 19:07:20.457 2862 2862 D SubscriptionController: [getSubId]- sSlotIdxToSubId.size == 0, return DummySubIds slotIdx=0
01-22 19:07:20.457 2862 2862 D RILJ : [3675]> RIL_REQUEST_VOICE_RADIO_TECH [SUB0]
01-22 19:07:20.457 1955 1974 D use-Rlog/RLOG-RIL: 3 RIL requests in the queue (1 pending, 2 handled, 0 unhandled)
01-22 19:07:20.457 1955 2210 D use-Rlog/RLOG-RIL-IPC:
01-22 19:07:20.457 1955 2210 D use-Rlog/RLOG-RIL-IPC: xmm626_sec_modem_fmt_send: Sent FMT message
01-22 19:07:20.458 1955 2210 D use-Rlog/RLOG-RIL-IPC: xmm626_sec_modem_fmt_send: Message: mseq=0x0c, command=IPC_CALL_LIST, type=IPC_TYPE_GET, size=0
01-22 19:07:20.458 2862 2862 D RILJ : [3676]> RIL_REQUEST_IMS_REGISTRATION_STATE [SUB0]
01-22 19:07:20.459 2862 2862 D RILJ : [3677]> RIL_REQUEST_CDMA_GET_SUBSCRIPTION_SOURCE [SUB0]
01-22 19:07:20.460 1955 1974 D use-Rlog/RLOG-RIL: 4 RIL requests in the queue (1 pending, 3 handled, 0 unhandled)
01-22 19:07:20.460 1955 2210 D use-Rlog/RLOG-RIL: Unhandled RIL request: 112
01-22 19:07:20.460 1955 2210 D use-Rlog/RLOG-RIL: 3 RIL requests in the queue (0 pending, 3 handled, 0 unhandled)
01-22 19:07:20.460 2862 2862 D RILJ : [3678]> OPERATOR [SUB0]
01-22 19:07:20.461 2862 2862 D RILJ : [3679]> DATA_REGISTRATION_STATE [SUB0]
01-22 19:07:20.462 1955 1974 D use-Rlog/RLOG-RIL: 4 RIL requests in the queue (1 pending, 3 handled, 0 unhandled)
01-22 19:07:20.462 2862 2862 D RILJ : [3680]> VOICE_REGISTRATION_STATE [SUB0]
01-22 19:07:20.463 1955 1974 D use-Rlog/RLOG-RIL: 5 RIL requests in the queue (1 pending, 3 handled, 1 unhandled)
01-22 19:07:20.463 1955 2210 D use-Rlog/RLOG-RIL-IPC:
01-22 19:07:20.463 1955 2210 D use-Rlog/RLOG-RIL-IPC: xmm626_sec_modem_fmt_send: Sent FMT message
01-22 19:07:20.463 1955 2210 D use-Rlog/RLOG-RIL-IPC: xmm626_sec_modem_fmt_send: Message: mseq=0x0d, command=IPC_NET_REGIST, type=IPC_TYPE_GET, size=2
01-22 19:07:20.463 1955 2210 D use-Rlog/RLOG-RIL-IPC: ================================= IPC FMT data =================================
01-22 19:07:20.463 1955 2210 D use-Rlog/RLOG-RIL-IPC: [0000] FF 03 ..
01-22 19:07:20.463 1955 2210 D use-Rlog/RLOG-RIL-IPC: ================================================================================
01-22 19:07:20.465 2862 2987 D RILJ : [3673]< GET_SIM_STATUS IccCardState {CARDSTATE_PRESENT,PINSTATE_UNKNOWN,num_apps=1,gsm_id=0{APPTYPE_SIM,APPSTATE_READY},cdma_id=-1,ims_id=-1} [SUB0]
01-22 19:07:20.465 2862 2987 D RILJ : [3675]< RIL_REQUEST_VOICE_RADIO_TECH {3} [SUB0]
01-22 19:07:20.465 2862 2987 D RilRequest: [3676]< RIL_REQUEST_IMS_REGISTRATION_STATE error: com.android.internal.telephony.CommandException: REQUEST_NOT_SUPPORTED ret=
01-22 19:07:20.465 2862 2987 D RILJ : [3677]< RIL_REQUEST_CDMA_GET_SUBSCRIPTION_SOURCE {0} [SUB0]
01-22 19:07:20.465 2862 2862 D RILJ : [3681]> QUERY_NETWORK_SELECTION_MODE [SUB0]
01-22 19:07:20.466 1955 1974 D use-Rlog/RLOG-RIL: 6 RIL requests in the queue (1 pending, 4 handled, 1 unhandled)
01-22 19:07:20.466 1955 2210 D use-Rlog/RLOG-RIL-IPC:
01-22 19:07:20.466 1955 2210 D use-Rlog/RLOG-RIL-IPC: xmm626_sec_modem_fmt_send: Sent FMT message
01-22 19:07:20.466 1955 2210 D use-Rlog/RLOG-RIL-IPC: xmm626_sec_modem_fmt_send: Message: mseq=0x0e, command=IPC_NET_REGIST, type=IPC_TYPE_GET, size=2
01-22 19:07:20.466 1955 2210 D use-Rlog/RLOG-RIL-IPC: ================================= IPC FMT data =================================
01-22 19:07:20.466 1955 2210 D use-Rlog/RLOG-RIL-IPC: [0000] FF 02 ..
01-22 19:07:20.466 1955 2210 D use-Rlog/RLOG-RIL-IPC: ================================================================================
01-22 19:07:20.466 2862 2862 D UiccController: Received EVENT_ICC_STATUS_CHANGED, calling getIccCardStatus
01-22 19:07:20.466 2862 2862 D RILJ : [3682]> GET_SIM_STATUS [SUB0]
01-22 19:07:20.466 1955 1974 D use-Rlog/RLOG-RIL: 7 RIL requests in the queue (1 pending, 5 handled, 1 unhandled)
01-22 19:07:20.466 1955 2210 D use-Rlog/RLOG-RIL-IPC:
01-22 19:07:20.466 1955 2210 D use-Rlog/RLOG-RIL-IPC: xmm626_sec_modem_fmt_send: Sent FMT message
01-22 19:07:20.466 1955 2210 D use-Rlog/RLOG-RIL-IPC: xmm626_sec_modem_fmt_send: Message: mseq=0x0f, command=IPC_NET_PLMN_SEL, type=IPC_TYPE_GET, size=0
01-22 19:07:20.478 2862 2887 D SubscriptionController: [getActiveSubInfoList]- no info return
01-22 19:07:20.480 2862 2862 D UiccController: Received EVENT_ICC_STATUS_CHANGED, calling getIccCardStatus
01-22 19:07:20.480 2862 2862 D RILJ : [3683]> GET_SIM_STATUS [SUB0]
01-22 19:07:20.480 1955 1974 D use-Rlog/RLOG-RIL: 8 RIL requests in the queue (1 pending, 6 handled, 1 unhandled)
01-22 19:07:20.480 1955 2210 D use-Rlog/RLOG-RIL-IPC:
01-22 19:07:20.480 1955 2210 D use-Rlog/RLOG-RIL-IPC: xmm626_sec_modem_fmt_send: Sent FMT message
01-22 19:07:20.481 1955 2210 D use-Rlog/RLOG-RIL-IPC: xmm626_sec_modem_fmt_send: Message: mseq=0x10, command=IPC_SEC_PIN_STATUS, type=IPC_TYPE_GET, size=0
01-22 19:07:20.481 2862 2862 D UiccController: Received EVENT_ICC_STATUS_CHANGED, calling getIccCardStatus
01-22 19:07:20.481 2862 2862 D RILJ : [3684]> GET_SIM_STATUS [SUB0]
01-22 19:07:20.481 1955 1974 D use-Rlog/RLOG-RIL: 9 RIL requests in the queue (1 pending, 7 handled, 1 unhandled)
01-22 19:07:20.486 2862 2862 D UiccController: Received EVENT_ICC_STATUS_CHANGED, calling getIccCardStatus
01-22 19:07:20.486 2862 2862 D RILJ : [3685]> GET_SIM_STATUS [SUB0]
01-22 19:07:20.487 1955 1974 D use-Rlog/RLOG-RIL: 10 RIL requests in the queue (1 pending, 7 handled, 2 unhandled)
01-22 19:07:20.487 2862 2862 D RILJ : [3686]> OPERATOR [SUB0]
01-22 19:07:20.487 1955 1974 D use-Rlog/RLOG-RIL: 11 RIL requests in the queue (1 pending, 7 handled, 3 unhandled)
01-22 19:07:20.488 2862 2862 D RILJ : [3687]> DATA_REGISTRATION_STATE [SUB0]
01-22 19:07:20.488 1955 1974 D use-Rlog/RLOG-RIL: 12 RIL requests in the queue (1 pending, 7 handled, 4 unhandled)
01-22 19:07:20.489 2862 2862 D RILJ : [3688]> VOICE_REGISTRATION_STATE [SUB0]
01-22 19:07:20.490 1955 1974 D use-Rlog/RLOG-RIL: 13 RIL requests in the queue (1 pending, 7 handled, 5 unhandled)
01-22 19:07:20.490 2862 2862 D RILJ : [3689]> QUERY_NETWORK_SELECTION_MODE [SUB0]
01-22 19:07:20.490 1955 1974 D use-Rlog/RLOG-RIL: 14 RIL requests in the queue (1 pending, 7 handled, 6 unhandled)
01-22 19:07:20.493 2862 2862 D RILJ : [3690]> OPERATOR [SUB0]
01-22 19:07:20.493 1955 1974 D use-Rlog/RLOG-RIL: 15 RIL requests in the queue (1 pending, 7 handled, 7 unhandled)
01-22 19:07:20.493 1955 2210 D use-Rlog/RLOG-RIL-IPC:
01-22 19:07:20.493 1955 2210 D use-Rlog/RLOG-RIL-IPC: xmm626_sec_modem_fmt_send: Sent FMT message
01-22 19:07:20.493 1955 2210 D use-Rlog/RLOG-RIL-IPC: xmm626_sec_modem_fmt_send: Message: mseq=0x11, command=IPC_NET_PLMN_SEL, type=IPC_TYPE_GET, size=0
01-22 19:07:20.495 2862 2862 D RILJ : [3691]> DATA_REGISTRATION_STATE [SUB0]
01-22 19:07:20.496 1955 1974 D use-Rlog/RLOG-RIL: 16 RIL requests in the queue (1 pending, 8 handled, 7 unhandled)
01-22 19:07:20.496 2862 2862 D RILJ : [3692]> VOICE_REGISTRATION_STATE [SUB0]
01-22 19:07:20.497 1955 1974 D use-Rlog/RLOG-RIL: 17 RIL requests in the queue (1 pending, 8 handled, 8 unhandled)
01-22 19:07:20.497 2862 2862 D RILJ : [3693]> QUERY_NETWORK_SELECTION_MODE [SUB0]
01-22 19:07:20.498 1955 1974 D use-Rlog/RLOG-RIL: 18 RIL requests in the queue (1 pending, 8 handled, 9 unhandled)
01-22 19:07:20.498 2862 2862 D SubscriptionController: [getSubId]- sSlotIdxToSubId.size == 0, return DummySubIds slotIdx=0
01-22 19:07:20.498 2862 2862 D DefaultPhoneNotifier: notifySignalStrength: mRegistry=com.android.internal.telephony.ITelephonyRegistry$Stub$Proxy@e36374d ss=SignalStrength: 1 99 -120 -160 -120 -1 -1 99 2147483647 2147483647 2147483647 -1 2147483647 gsm|lte sender=Handler (com.android.internal.telephony.gsm.GSMPhone) {1b64a95}
01-22 19:07:20.499 1955 1974 D use-Rlog/RLOG-RIL: 19 RIL requests in the queue (1 pending, 8 handled, 10 unhandled)
01-22 19:07:20.499 1955 2210 D use-Rlog/RLOG-RIL-IPC:
01-22 19:07:20.499 1955 2210 D use-Rlog/RLOG-RIL-IPC: xmm626_sec_modem_fmt_send: Sent FMT message
01-22 19:07:20.499 1955 2210 D use-Rlog/RLOG-RIL-IPC: xmm626_sec_modem_fmt_send: Message: mseq=0x12, command=IPC_NET_PLMN_SEL, type=IPC_TYPE_GET, size=0
01-22 19:07:20.500 2310 2322 D TelephonyRegistry: notifySignalStrengthForSubscriber: invalid phoneId=-1
01-22 19:07:20.503 2862 3103 D SubscriptionController: [getActiveSubInfoList]+
01-22 19:07:20.504 2862 2862 D SubscriptionController: [getSubId]- sSlotIdxToSubId.size == 0, return DummySubIds slotIdx=0
01-22 19:07:20.504 2862 2862 D DefaultPhoneNotifier: notifySignalStrength: mRegistry=com.android.internal.telephony.ITelephonyRegistry$Stub$Proxy@e36374d ss=SignalStrength: 1 99 -120 -160 -120 -1 -1 99 2147483647 2147483647 2147483647 -1 2147483647 gsm|lte sender=Handler (com.android.internal.telephony.gsm.GSMPhone) {1b64a95}
01-22 19:07:20.504 2310 3099 D TelephonyRegistry: notifySignalStrengthForSubscriber: invalid phoneId=-1
01-22 19:07:20.514 2862 2862 D PhoneProxy: [PhoneProxy] EVENT_REQUEST_VOICE_RADIO_TECH_DONE: newVoiceTech=3
01-22 19:07:20.514 2862 2862 D PhoneProxy: [PhoneProxy] phoneObjectUpdater: newVoiceRadioTech=3
01-22 19:07:20.514 2862 2862 D PhoneProxy: [PhoneProxy] phoneObjectUpdater: No change ignore, newVoiceRadioTech=3 mActivePhone=GSM
01-22 19:07:20.514 2862 2862 D SubscriptionController: [getSubId]- sSlotIdxToSubId.size == 0, return DummySubIds slotIdx=0
01-22 19:07:20.514 2862 2862 D PhoneBase: EVENT_GET_RADIO_CAPABILITY :phone rc : {mPhoneId = 0 mVersion=1 mSession=0 mPhase=0 mRadioAccessFamily=36366 mLogicModemId= mStatus=1}
01-22 19:07:20.515 2862 2862 D PhoneBase: config LCE service failed: com.android.internal.telephony.CommandException: REQUEST_NOT_SUPPORTED
01-22 19:07:20.515 2862 2862 D GSMPhone: Baseband version: I9100XXMS3
01-22 19:07:20.516 2862 2862 D DctController: handleMessage msg={ when=-663ms what=107 target=com.android.internal.telephony.dataconnection.DctController }
01-22 19:07:20.516 2862 2862 D DctController: onSubInfoReady mPhoneNum=1
01-22 19:07:20.516 2862 2862 D SubscriptionController: [getSubId]- sSlotIdxToSubId.size == 0, return DummySubIds slotIdx=0
01-22 19:07:20.516 2862 2862 D DctController: onSubInfoReady handle pending requests subId=-2
01-22 19:07:20.516 2862 2862 D DctController: onSubInfoReady: SIM card absent on phoneId = 0
01-22 19:07:20.516 2862 2862 D SubscriptionController: [getSubId]- sSlotIdxToSubId.size == 0, return DummySubIds slotIdx=0
01-22 19:07:20.516 2862 2862 D DctController: [TNF -2]evalPendingRequest, pending request size is 1
01-22 19:07:20.517 2862 2862 D SubscriptionController: [getSubId]- sSlotIdxToSubId.size == 0, return DummySubIds slotIdx=0
01-22 19:07:20.517 2862 2862 D DctController: [TNF -2]evalPendingRequest: request = NetworkRequest [ id=1, legacyType=-1, [ Capabilities: INTERNET&NOT_RESTRICTED&TRUSTED&NOT_VPN] ]
01-22 19:07:20.517 2862 2862 D SubscriptionController: [getSubId]- sSlotIdxToSubId.size == 0, return DummySubIds slotIdx=0
01-22 19:07:20.517 2862 2862 D DctController: [TNF -2]Cellular needs Network for NetworkRequest [ id=1, legacyType=-1, [ Capabilities: INTERNET&NOT_RESTRICTED&TRUSTED&NOT_VPN] ]
01-22 19:07:20.517 2862 2862 D SubscriptionController: [getSubId]- sSlotIdxToSubId.size == 0, return DummySubIds slotIdx=0
01-22 19:07:20.517 2862 2862 D SubscriptionController: [getSubId]- sSlotIdxToSubId.size == 0, return DummySubIds slotIdx=0
01-22 19:07:20.517 2862 2862 D DctController: [TNF -2]Request not useable, pending request.
01-22 19:07:20.517 2862 2862 D DctController: processRequests
01-22 19:07:20.518 2862 2862 D SubscriptionController: [getSubId]- sSlotIdxToSubId.size == 0, return DummySubIds slotIdx=0
01-22 19:07:20.518 2862 2862 D SubscriptionController: [getSubId]- sSlotIdxToSubId.size == 0, return DummySubIds slotIdx=0
01-22 19:07:20.518 2862 2862 D DCT : [0]getDataOnRoamingEnabled: phoneSubId=-2 isDataRoamingEnabled=false
01-22 19:07:20.518 2862 2862 D SubscriptionController: [getSubId]- sSlotIdxToSubId.size == 0, return DummySubIds slotIdx=0
01-22 19:07:20.518 2862 2862 D DCT : [0]getDataOnRoamingEnabled: phoneSubId=-2 isDataRoamingEnabled=false
01-22 19:07:20.518 2862 2862 D SubscriptionController: [getSubId]- sSlotIdxToSubId.size == 0, return DummySubIds slotIdx=0
01-22 19:07:20.518 2862 2862 D DCT : [0]getDataOnRoamingEnabled: phoneSubId=-2 isDataRoamingEnabled=false
01-22 19:07:20.519 2862 2862 D SubscriptionController: [getSubId]- sSlotIdxToSubId.size == 0, return DummySubIds slotIdx=0
01-22 19:07:20.519 2862 2862 D DCT : [0]getDataOnRoamingEnabled: phoneSubId=-2 isDataRoamingEnabled=false
01-22 19:07:20.519 2862 2862 D SubscriptionController: [getSubId]- sSlotIdxToSubId.size == 0, return DummySubIds slotIdx=0
01-22 19:07:20.519 2862 2862 D DCT : [0]getDataOnRoamingEnabled: phoneSubId=-2 isDataRoamingEnabled=false
01-22 19:07:20.519 2862 3103 D SubscriptionController: selection:sim_id>=0 null
01-22 19:07:20.519 2862 2862 D SubscriptionController: [getSubId]- sSlotIdxToSubId.size == 0, return DummySubIds slotIdx=0
01-22 19:07:20.519 2862 2862 D DCT : [0]getDataOnRoamingEnabled: phoneSubId=-2 isDataRoamingEnabled=false
01-22 19:07:20.519 2862 2862 D SubscriptionController: [getSubId]- sSlotIdxToSubId.size == 0, return DummySubIds slotIdx=0
01-22 19:07:20.519 2862 2862 D DCT : [0]getDataOnRoamingEnabled: phoneSubId=-2 isDataRoamingEnabled=false
01-22 19:07:20.519 2862 2862 D SubscriptionController: [getSubId]- sSlotIdxToSubId.size == 0, return DummySubIds slotIdx=0
01-22 19:07:20.519 2862 2862 D DCT : [0]getDataOnRoamingEnabled: phoneSubId=-2 isDataRoamingEnabled=false
01-22 19:07:20.520 2862 2862 D SubscriptionController: [getSubId]- sSlotIdxToSubId.size == 0, return DummySubIds slotIdx=0
01-22 19:07:20.520 2862 2862 D DCT : [0]getDataOnRoamingEnabled: phoneSubId=-2 isDataRoamingEnabled=false
01-22 19:07:20.520 2862 2862 D SubscriptionController: [getSubId]- sSlotIdxToSubId.size == 0, return DummySubIds slotIdx=0
01-22 19:07:20.520 2862 2862 D DCT : [0]getDataOnRoamingEnabled: phoneSubId=-2 isDataRoamingEnabled=false
01-22 19:07:20.521 2862 2862 D SubscriptionController: [getSubId]- sSlotIdxToSubId.size == 0, return DummySubIds slotIdx=0
01-22 19:07:20.521 2862 2862 D DCT : [0]getDataOnRoamingEnabled: phoneSubId=-2 isDataRoamingEnabled=false
01-22 19:07:20.521 2862 2862 D SubscriptionController: [getSubId]- sSlotIdxToSubId.size == 0, return DummySubIds slotIdx=0
01-22 19:07:20.521 2862 2862 D DCT : [0]getDataOnRoamingEnabled: phoneSubId=-2 isDataRoamingEnabled=false
01-22 19:07:20.521 2862 2862 D SubscriptionController: [getSubId]- sSlotIdxToSubId.size == 0, return DummySubIds slotIdx=0
01-22 19:07:20.521 2862 2862 D DCT : [0]getDataOnRoamingEnabled: phoneSubId=-2 isDataRoamingEnabled=false
01-22 19:07:20.521 2862 2862 D SubscriptionController: [getSubId]- sSlotIdxToSubId.size == 0, return DummySubIds slotIdx=0
01-22 19:07:20.521 2862 2862 D DCT : [0]getDataOnRoamingEnabled: phoneSubId=-2 isDataRoamingEnabled=false
01-22 19:07:20.521 2862 2862 D SubscriptionController: [getSubId]- sSlotIdxToSubId.size == 0, return DummySubIds slotIdx=0
01-22 19:07:20.521 2862 2862 D DCT : [0]getDataOnRoamingEnabled: phoneSubId=-2 isDataRoamingEnabled=false
01-22 19:07:20.522 2862 2862 D SubscriptionController: [getSubId]- sSlotIdxToSubId.size == 0, return DummySubIds slotIdx=0
01-22 19:07:20.522 2862 2862 D DCT : [0]getDataOnRoamingEnabled: phoneSubId=-2 isDataRoamingEnabled=false
01-22 19:07:20.522 2862 2862 D SubscriptionController: [getSubId]- sSlotIdxToSubId.size == 0, return DummySubIds slotIdx=0
01-22 19:07:20.522 2862 2862 D DCT : [0]getDataOnRoamingEnabled: phoneSubId=-2 isDataRoamingEnabled=false
01-22 19:07:20.522 2862 2862 D SubscriptionController: [getSubId]- sSlotIdxToSubId.size == 0, return DummySubIds slotIdx=0
01-22 19:07:20.522 2862 2862 D DCT : [0]getDataOnRoamingEnabled: phoneSubId=-2 isDataRoamingEnabled=false
01-22 19:07:20.522 2862 2862 D SubscriptionController: [getSubId]- sSlotIdxToSubId.size == 0, return DummySubIds slotIdx=0
01-22 19:07:20.522 2862 2862 D DCT : [0]getDataOnRoamingEnabled: phoneSubId=-2 isDataRoamingEnabled=false
01-22 19:07:20.522 2862 2887 D SubscriptionController: [getSlotId]- subId invalid
01-22 19:07:20.522 2862 2862 D SubscriptionController: [getSubId]- sSlotIdxToSubId.size == 0, return DummySubIds slotIdx=0
01-22 19:07:20.522 2862 2862 D DCT : [0]getDataOnRoamingEnabled: phoneSubId=-2 isDataRoamingEnabled=false
01-22 19:07:20.522 2862 2862 D SubscriptionController: [getSubId]- sSlotIdxToSubId.size == 0, return DummySubIds slotIdx=0
01-22 19:07:20.523 1955 2206 D use-Rlog/RLOG-RIL-IPC:
01-22 19:07:20.523 1955 2206 D use-Rlog/RLOG-RIL-IPC: xmm626_sec_modem_fmt_recv: Received FMT message
01-22 19:07:20.523 1955 2206 D use-Rlog/RLOG-RIL-IPC: xmm626_sec_modem_fmt_recv: Message: aseq=0x0a, command=IPC_NET_SERVING_NETWORK, type=IPC_TYPE_RESP, size=11
01-22 19:07:20.523 1955 2206 D use-Rlog/RLOG-RIL-IPC: ================================= IPC FMT data =================================
01-22 19:07:20.523 1955 2206 D use-Rlog/RLOG-RIL-IPC: [0000] 02 05 FF 30 30 30 30 30 23 00 00 ...00000 #..
01-22 19:07:20.523 1955 2206 D use-Rlog/RLOG-RIL-IPC: ================================================================================
01-22 19:07:20.523 1955 2206 D use-Rlog/RLOG-RIL: 18 RIL requests in the queue (0 pending, 8 handled, 10 unhandled)
01-22 19:07:20.523 2862 2987 D RILJ : [3669]< OPERATOR {null, null, 00000} [SUB0]
01-22 19:07:20.523 1955 2210 D use-Rlog/RLOG-RIL-IPC:
01-22 19:07:20.523 1955 2210 D use-Rlog/RLOG-RIL-IPC: xmm626_sec_modem_fmt_send: Sent FMT message
01-22 19:07:20.523 1955 2210 D use-Rlog/RLOG-RIL-IPC: xmm626_sec_modem_fmt_send: Message: mseq=0x13, command=IPC_NET_SERVING_NETWORK, type=IPC_TYPE_GET, size=0
01-22 19:07:20.524 1955 2206 D use-Rlog/RLOG-RIL-IPC:
01-22 19:07:20.524 1955 2206 D use-Rlog/RLOG-RIL-IPC: xmm626_sec_modem_fmt_recv: Received FMT message
01-22 19:07:20.524 1955 2206 D use-Rlog/RLOG-RIL-IPC: xmm626_sec_modem_fmt_recv: Message: aseq=0x0b, command=IPC_NET_PLMN_SEL, type=IPC_TYPE_RESP, size=1
01-22 19:07:20.524 1955 2206 D use-Rlog/RLOG-RIL-IPC: ================================= IPC FMT data =================================
01-22 19:07:20.524 1955 2206 D use-Rlog/RLOG-RIL-IPC: [0000] 02 .
01-22 19:07:20.524 1955 2206 D use-Rlog/RLOG-RIL-IPC: ================================================================================
01-22 19:07:20.524 1955 2206 D use-Rlog/RLOG-RIL: 17 RIL requests in the queue (0 pending, 8 handled, 9 unhandled)
01-22 19:07:20.524 2862 2987 D RILJ : [3672]< QUERY_NETWORK_SELECTION_MODE {0} [SUB0]
01-22 19:07:20.524 2862 2910 D SubscriptionController: getSimStateForSlotIdx: simState=NOT_READY ordinal=6
01-22 19:07:20.525 1955 2206 D use-Rlog/RLOG-RIL-IPC:
01-22 19:07:20.525 1955 2206 D use-Rlog/RLOG-RIL-IPC: xmm626_sec_modem_fmt_recv: Received FMT message
01-22 19:07:20.525 1955 2206 D use-Rlog/RLOG-RIL-IPC: xmm626_sec_modem_fmt_recv: Message: aseq=0x0c, command=IPC_CALL_LIST, type=IPC_TYPE_RESP, size=1
01-22 19:07:20.525 1955 2206 D use-Rlog/RLOG-RIL-IPC: ================================= IPC FMT data =================================
01-22 19:07:20.525 1955 2206 D use-Rlog/RLOG-RIL-IPC: [0000] 00 .
01-22 19:07:20.526 1955 2206 D use-Rlog/RLOG-RIL-IPC: ================================================================================
01-22 19:07:20.526 1955 2206 D use-Rlog/RLOG-RIL: 16 RIL requests in the queue (0 pending, 7 handled, 9 unhandled)
01-22 19:07:20.526 2862 2987 D RILJ : [3674]< GET_CURRENT_CALLS {} [SUB0]
01-22 19:07:20.526 1955 2206 D use-Rlog/RLOG-RIL-IPC:
01-22 19:07:20.526 1955 2206 D use-Rlog/RLOG-RIL-IPC: xmm626_sec_modem_fmt_recv: Received FMT message
01-22 19:07:20.526 1955 2206 D use-Rlog/RLOG-RIL-IPC: xmm626_sec_modem_fmt_recv: Message: aseq=0x0d, command=IPC_NET_REGIST, type=IPC_TYPE_RESP, size=11
01-22 19:07:20.526 1955 2206 D use-Rlog/RLOG-RIL-IPC: ================================= IPC FMT data =================================
01-22 19:07:20.526 1955 2206 D use-Rlog/RLOG-RIL-IPC: [0000] FF 03 01 00 00 00 00 00 00 00 00 ........ ...
01-22 19:07:20.526 1955 2206 D use-Rlog/RLOG-RIL-IPC: ================================================================================
01-22 19:07:20.526 1955 2206 D use-Rlog/RLOG-RIL: 15 RIL requests in the queue (0 pending, 6 handled, 9 unhandled)
01-22 19:07:20.527 1955 2210 D use-Rlog/RLOG-RIL-IPC:
01-22 19:07:20.527 1955 2210 D use-Rlog/RLOG-RIL-IPC: xmm626_sec_modem_fmt_send: Sent FMT message
01-22 19:07:20.527 1955 2210 D use-Rlog/RLOG-RIL-IPC: xmm626_sec_modem_fmt_send: Message: mseq=0x14, command=IPC_NET_REGIST, type=IPC_TYPE_GET, size=2
01-22 19:07:20.527 1955 2210 D use-Rlog/RLOG-RIL-IPC: ================================= IPC FMT data =================================
01-22 19:07:20.527 2862 2987 D RILJ : [3679]< DATA_REGISTRATION_STATE {0, 0, 0, 0, 3} [SUB0]
01-22 19:07:20.527 1955 2210 D use-Rlog/RLOG-RIL-IPC: [0000] FF 03 ..
01-22 19:07:20.527 1955 2210 D use-Rlog/RLOG-RIL-IPC: ================================================================================
01-22 19:07:20.528 1955 2206 D use-Rlog/RLOG-RIL-IPC:
01-22 19:07:20.528 1955 2206 D use-Rlog/RLOG-RIL-IPC: xmm626_sec_modem_fmt_recv: Received FMT message
01-22 19:07:20.528 1955 2206 D use-Rlog/RLOG-RIL-IPC: xmm626_sec_modem_fmt_recv: Message: aseq=0x0e, command=IPC_NET_REGIST, type=IPC_TYPE_RESP, size=11
01-22 19:07:20.528 1955 2206 D use-Rlog/RLOG-RIL-IPC: ================================= IPC FMT data =================================
01-22 19:07:20.528 1955 2206 D use-Rlog/RLOG-RIL-IPC: [0000] FF 02 01 00 00 00 00 00 00 00 00 ........ ...
01-22 19:07:20.528 1955 2206 D use-Rlog/RLOG-RIL-IPC: ================================================================================
01-22 19:07:20.528 1955 2206 D use-Rlog/RLOG-RIL: 14 RIL requests in the queue (0 pending, 6 handled, 8 unhandled)
01-22 19:07:20.528 1955 2210 D use-Rlog/RLOG-RIL-IPC:
01-22 19:07:20.528 1955 2210 D use-Rlog/RLOG-RIL-IPC: xmm626_sec_modem_fmt_send: Sent FMT message
01-22 19:07:20.529 1955 2210 D use-Rlog/RLOG-RIL-IPC: xmm626_sec_modem_fmt_send: Message: mseq=0x15, command=IPC_NET_REGIST, type=IPC_TYPE_GET, size=2
01-22 19:07:20.529 1955 2210 D use-Rlog/RLOG-RIL-IPC: ================================= IPC FMT data =================================
01-22 19:07:20.529 2862 2987 D RILJ : [3680]< VOICE_REGISTRATION_STATE {0, 0, 0, 0, null, null, null, null, null, null, null, null, null, null, null} [SUB0]
01-22 19:07:20.529 1955 2210 D use-Rlog/RLOG-RIL-IPC: [0000] FF 02 ..
01-22 19:07:20.529 1955 2210 D use-Rlog/RLOG-RIL-IPC: ================================================================================
01-22 19:07:20.530 1955 2206 D use-Rlog/RLOG-RIL-IPC:
01-22 19:07:20.530 1955 2206 D use-Rlog/RLOG-RIL-IPC: xmm626_sec_modem_fmt_recv: Received FMT message
01-22 19:07:20.530 1955 2206 D use-Rlog/RLOG-RIL-IPC: xmm626_sec_modem_fmt_recv: Message: aseq=0x0f, command=IPC_NET_PLMN_SEL, type=IPC_TYPE_RESP, size=1
01-22 19:07:20.530 1955 2206 D use-Rlog/RLOG-RIL-IPC: ================================= IPC FMT data =================================
01-22 19:07:20.530 1955 2206 D use-Rlog/RLOG-RIL-IPC: [0000] 02 .
01-22 19:07:20.530 1955 2206 D use-Rlog/RLOG-RIL-IPC: ================================================================================
01-22 19:07:20.530 1955 2206 D use-Rlog/RLOG-RIL: 13 RIL requests in the queue (0 pending, 6 handled, 7 unhandled)
01-22 19:07:20.530 1955 2206 D use-Rlog/RLOG-RIL-IPC:
01-22 19:07:20.530 1955 2206 D use-Rlog/RLOG-RIL-IPC: xmm626_sec_modem_fmt_recv: Received FMT message
01-22 19:07:20.530 1955 2206 D use-Rlog/RLOG-RIL-IPC: xmm626_sec_modem_fmt_recv: Message: aseq=0x10, command=IPC_SEC_PIN_STATUS, type=IPC_TYPE_RESP, size=2
01-22 19:07:20.530 1955 2206 D use-Rlog/RLOG-RIL-IPC: ================================= IPC FMT data =================================
01-22 19:07:20.530 1955 2206 D use-Rlog/RLOG-RIL-IPC: [0000] 00 00 ..
01-22 19:07:20.530 1955 2206 D use-Rlog/RLOG-RIL-IPC: ================================================================================
01-22 19:07:20.530 1955 2206 D use-Rlog/RLOG-RIL: ipc2ril_sec_pin_status_response: Selecting status application 2 on 10
01-22 19:07:20.530 1955 2206 D use-Rlog/RLOG-RIL: 12 RIL requests in the queue (0 pending, 5 handled, 7 unhandled)
01-22 19:07:20.530 1955 2210 D use-Rlog/RLOG-RIL-IPC:
01-22 19:07:20.530 1955 2210 D use-Rlog/RLOG-RIL-IPC: xmm626_sec_modem_fmt_send: Sent FMT message
01-22 19:07:20.530 1955 2210 D use-Rlog/RLOG-RIL-IPC: xmm626_sec_modem_fmt_send: Message: mseq=0x16, command=IPC_SEC_PIN_STATUS, type=IPC_TYPE_GET, size=0
01-22 19:07:20.530 2862 2987 D RILJ : [3681]< QUERY_NETWORK_SELECTION_MODE {0} [SUB0]
01-22 19:07:20.530 2862 2987 D RILJ : [3682]< GET_SIM_STATUS IccCardState {CARDSTATE_PRESENT,PINSTATE_UNKNOWN,num_apps=1,gsm_id=0{APPTYPE_SIM,APPSTATE_READY},cdma_id=-1,ims_id=-1} [SUB0]
01-22 19:07:20.532 2862 2862 D UiccController: Received EVENT_GET_ICC_STATUS_DONE
01-22 19:07:20.534 1955 2206 D use-Rlog/RLOG-RIL-IPC:
01-22 19:07:20.534 1955 2206 D use-Rlog/RLOG-RIL-IPC: xmm626_sec_modem_fmt_recv: Received FMT message
01-22 19:07:20.534 1955 2206 D use-Rlog/RLOG-RIL-IPC: xmm626_sec_modem_fmt_recv: Message: aseq=0x11, command=IPC_NET_PLMN_SEL, type=IPC_TYPE_RESP, size=1
01-22 19:07:20.534 1955 2206 D use-Rlog/RLOG-RIL-IPC: ================================= IPC FMT data =================================
01-22 19:07:20.534 1955 2206 D use-Rlog/RLOG-RIL-IPC: [0000] 02 .
01-22 19:07:20.534 1955 2206 D use-Rlog/RLOG-RIL-IPC: ================================================================================
01-22 19:07:20.535 1955 2206 D use-Rlog/RLOG-RIL: 11 RIL requests in the queue (0 pending, 5 handled, 6 unhandled)
01-22 19:07:20.535 1955 2206 D use-Rlog/RLOG-RIL-IPC:
01-22 19:07:20.535 1955 2206 D use-Rlog/RLOG-RIL-IPC: xmm626_sec_modem_fmt_recv: Received FMT message
01-22 19:07:20.535 1955 2206 D use-Rlog/RLOG-RIL-IPC: xmm626_sec_modem_fmt_recv: Message: aseq=0x12, command=IPC_NET_PLMN_SEL, type=IPC_TYPE_RESP, size=1
