01-22 19:07:24.198 2862 2862 D DCT : [0]isDataAllowed: not allowed due to - Attached= false - SIM not loaded - SIM not loaded and not NV subscription
01-22 19:07:24.199 2862 2862 D SubscriptionController: [getPhoneId]- invalid subId return=-1
01-22 19:07:24.201 2862 2862 D DCT : [0]setupDataForSinglePdn: reason = nwTypeChanged isDisconnected = true
01-22 19:07:24.201 2862 2862 D DCT : [0]isOnlySingleDcAllowed(9): false
01-22 19:07:24.201 2862 2862 D DCT : [0]cleanUpConnection: X tearDown=false reason=nwTypeChanged apnContext={mApnType=mms mState=IDLE mWaitingApns={null} mWaitingApnsPermanentFailureCountDown=0 mApnSetting={null} mReason=nwTypeChanged mDataEnabled=false mDependencyMet=true} dcac=null
01-22 19:07:24.201 2862 2862 D DCT : [0]cleanUpConnection: tearDown=false reason=nwTypeChanged apnContext={mApnType=supl mState=IDLE mWaitingApns={null} mWaitingApnsPermanentFailureCountDown=0 mApnSetting={null} mReason=nwTypeChanged mDataEnabled=false mDependencyMet=true}
01-22 19:07:24.201 2862 2862 D SubscriptionController: [getSubId]- sSlotIdxToSubId.size == 0, return DummySubIds slotIdx=0
01-22 19:07:24.203 2862 2862 D DCT : [0]isDataAllowed: not allowed due to - Attached= false - SIM not loaded - SIM not loaded and not NV subscription
01-22 19:07:24.209 2862 2862 D SubscriptionController: [getPhoneId]- invalid subId return=-1
01-22 19:07:24.210 2862 2862 D DCT : [0]setupDataForSinglePdn: reason = nwTypeChanged isDisconnected = true
01-22 19:07:24.210 2862 2862 D DCT : [0]isOnlySingleDcAllowed(9): false
01-22 19:07:24.210 2862 2862 D DCT : [0]cleanUpConnection: X tearDown=false reason=nwTypeChanged apnContext={mApnType=supl mState=IDLE mWaitingApns={null} mWaitingApnsPermanentFailureCountDown=0 mApnSetting={null} mReason=nwTypeChanged mDataEnabled=false mDependencyMet=true} dcac=null
01-22 19:07:24.211 2862 2862 D DCT : [0]cleanUpConnection: tearDown=false reason=nwTypeChanged apnContext={mApnType=dun mState=IDLE mWaitingApns={null} mWaitingApnsPermanentFailureCountDown=0 mApnSetting={null} mReason=nwTypeChanged mDataEnabled=false mDependencyMet=true}
01-22 19:07:24.211 2862 2862 D SubscriptionController: [getSubId]- sSlotIdxToSubId.size == 0, return DummySubIds slotIdx=0
01-22 19:07:24.211 2862 2862 D DCT : [0]isDataAllowed: not allowed due to - Attached= false - SIM not loaded - SIM not loaded and not NV subscription
01-22 19:07:24.212 2862 2862 D SubscriptionController: [getPhoneId]- invalid subId return=-1
01-22 19:07:24.213 2862 2862 D DCT : [0]setupDataForSinglePdn: reason = nwTypeChanged isDisconnected = true
01-22 19:07:24.213 2862 2862 D DCT : [0]isOnlySingleDcAllowed(9): false
01-22 19:07:24.213 2862 2862 D DCT : [0]cleanUpConnection: X tearDown=false reason=nwTypeChanged apnContext={mApnType=dun mState=IDLE mWaitingApns={null} mWaitingApnsPermanentFailureCountDown=0 mApnSetting={null} mReason=nwTypeChanged mDataEnabled=false mDependencyMet=true} dcac=null
01-22 19:07:24.213 2862 2862 D DCT : [0]cleanUpConnection: tearDown=false reason=nwTypeChanged apnContext={mApnType=hipri mState=IDLE mWaitingApns={null} mWaitingApnsPermanentFailureCountDown=0 mApnSetting={null} mReason=nwTypeChanged mDataEnabled=false mDependencyMet=true}
01-22 19:07:24.214 2862 2862 D SubscriptionController: [getSubId]- sSlotIdxToSubId.size == 0, return DummySubIds slotIdx=0
01-22 19:07:24.217 2862 2862 D DCT : [0]isDataAllowed: not allowed due to - Attached= false - SIM not loaded - SIM not loaded and not NV subscription
01-22 19:07:24.217 2862 2862 D SubscriptionController: [getPhoneId]- invalid subId return=-1
01-22 19:07:24.219 2862 2862 D DCT : [0]setupDataForSinglePdn: reason = nwTypeChanged isDisconnected = true
01-22 19:07:24.219 2862 2862 D DCT : [0]isOnlySingleDcAllowed(9): false
01-22 19:07:24.219 2862 2862 D DCT : [0]cleanUpConnection: X tearDown=false reason=nwTypeChanged apnContext={mApnType=hipri mState=IDLE mWaitingApns={null} mWaitingApnsPermanentFailureCountDown=0 mApnSetting={null} mReason=nwTypeChanged mDataEnabled=false mDependencyMet=true} dcac=null
01-22 19:07:24.219 2862 2862 D DCT : [0]stopNetStatPoll
01-22 19:07:24.219 2862 2862 D SubscriptionController: [getSubId]- sSlotIdxToSubId.size == 0, return DummySubIds slotIdx=0
01-22 19:07:24.219 2862 2862 D DCT : [0]cleanUpConnection: mDisconnectPendingCount = 0
01-22 19:07:24.219 2862 2862 D DCT : [0]setupDataOnConnectableApns: nwTypeChanged
01-22 19:07:24.219 2862 2862 D DCT : [0]setupDataOnConnectableApns: apnContext {mApnType=dun mState=IDLE mWaitingApns={null} mWaitingApnsPermanentFailureCountDown=0 mApnSetting={null} mReason=nwTypeChanged mDataEnabled=false mDependencyMet=true}
01-22 19:07:24.219 2862 2862 D DCT : [0]setupDataOnConnectableApns: apnContext {mApnType=hipri mState=IDLE mWaitingApns={null} mWaitingApnsPermanentFailureCountDown=0 mApnSetting={null} mReason=nwTypeChanged mDataEnabled=false mDependencyMet=true}
01-22 19:07:24.219 2862 2862 D DCT : [0]setupDataOnConnectableApns: apnContext {mApnType=supl mState=IDLE mWaitingApns={null} mWaitingApnsPermanentFailureCountDown=0 mApnSetting={null} mReason=nwTypeChanged mDataEnabled=false mDependencyMet=true}
01-22 19:07:24.219 2862 2862 D DCT : [0]setupDataOnConnectableApns: apnContext {mApnType=default mState=IDLE mWaitingApns={null} mWaitingApnsPermanentFailureCountDown=0 mApnSetting={null} mReason=nwTypeChanged mDataEnabled=false mDependencyMet=true}
01-22 19:07:24.219 2862 2862 D DCT : [0]setupDataOnConnectableApns: apnContext {mApnType=mms mState=IDLE mWaitingApns={null} mWaitingApnsPermanentFailureCountDown=0 mApnSetting={null} mReason=nwTypeChanged mDataEnabled=false mDependencyMet=true}
01-22 19:07:24.220 2862 2862 D DCT : [0]handleMessage msg={ when=-37ms what=270352 obj=android.os.AsyncResult@540d81f target=com.android.internal.telephony.dataconnection.DcTracker }
01-22 19:07:24.220 2862 2862 D DCT : [0]onDataConnectionAttached
01-22 19:07:24.220 2862 2862 D DCT : [0]overall state is IDLE
01-22 19:07:24.220 2862 2862 D SubscriptionController: [getSubId]- sSlotIdxToSubId.size == 0, return DummySubIds slotIdx=0
01-22 19:07:24.229 2862 2862 D DCT : [0]isDataAllowed: not allowed due to - SIM not loaded - SIM not loaded and not NV subscription
01-22 19:07:24.230 2862 2862 D SubscriptionController: [getPhoneId]- invalid subId return=-1
01-22 19:07:24.232 2862 2862 D SubscriptionController: [getSubId]- sSlotIdxToSubId.size == 0, return DummySubIds slotIdx=0
01-22 19:07:24.232 2862 2862 D DCT : [0]isDataAllowed: not allowed due to - SIM not loaded - SIM not loaded and not NV subscription
01-22 19:07:24.233 2862 2862 D SubscriptionController: [getPhoneId]- invalid subId return=-1
01-22 19:07:24.234 2862 2862 D SubscriptionController: [getSubId]- sSlotIdxToSubId.size == 0, return DummySubIds slotIdx=0
01-22 19:07:24.235 2862 2862 D DCT : [0]isDataAllowed: not allowed due to - SIM not loaded - SIM not loaded and not NV subscription
01-22 19:07:24.235 2862 2862 D SubscriptionController: [getPhoneId]- invalid subId return=-1
01-22 19:07:24.237 2862 2862 D SubscriptionController: [getSubId]- sSlotIdxToSubId.size == 0, return DummySubIds slotIdx=0
01-22 19:07:24.238 2862 2862 D DCT : [0]isDataAllowed: not allowed due to - SIM not loaded - SIM not loaded and not NV subscription
01-22 19:07:24.238 2862 2862 D SubscriptionController: [getPhoneId]- invalid subId return=-1
01-22 19:07:24.240 2862 2862 D SubscriptionController: [getSubId]- sSlotIdxToSubId.size == 0, return DummySubIds slotIdx=0
01-22 19:07:24.244 2862 2862 D DCT : [0]isDataAllowed: not allowed due to - SIM not loaded - SIM not loaded and not NV subscription
01-22 19:07:24.272 2862 2862 D SubscriptionController: [getPhoneId]- invalid subId return=-1
01-22 19:07:24.276 1955 2206 D use-Rlog/RLOG-RIL-IPC:
01-22 19:07:24.276 1955 2206 D use-Rlog/RLOG-RIL-IPC: xmm626_sec_modem_fmt_recv: Received FMT message
01-22 19:07:24.276 1955 2206 D use-Rlog/RLOG-RIL-IPC: xmm626_sec_modem_fmt_recv: Message: aseq=0x00, command=IPC_NET_IDENTITY, type=IPC_TYPE_NOTI, size=110
01-22 19:07:24.276 1955 2206 D use-Rlog/RLOG-RIL-IPC: ================================= IPC FMT data =================================
01-22 19:07:24.276 1955 2206 D use-Rlog/RLOG-RIL-IPC: [0000] 01 FF 00 20 02 4F 79 D8 7D 2E 83 8C 00 00 00 00 ... .Oy. }.......
01-22 19:07:24.276 1955 2206 D use-Rlog/RLOG-RIL-IPC: [0010] 00 00 00 00 00 00 00 00 00 00 00 00 00 00 00 00 ........ ........
01-22 19:07:24.276 1955 2206 D use-Rlog/RLOG-RIL-IPC: [0020] 00 00 00 00 00 00 40 02 4F 79 D8 7D 2E 83 8C 00 ......@. Oy.}....
01-22 19:07:24.276 1955 2206 D use-Rlog/RLOG-RIL-IPC: [0030] 00 00 00 00 00 00 00 00 00 00 00 00 00 00 00 00 ........ ........
01-22 19:07:24.276 1955 2206 D use-Rlog/RLOG-RIL-IPC: [0040] 00 00 00 00 00 00 00 00 00 00 00 00 00 00 00 00 ........ ........
01-22 19:07:24.276 1955 2206 D use-Rlog/RLOG-RIL-IPC: [0050] 00 00 00 00 00 00 00 00 00 00 00 00 00 00 00 00 ........ ........
01-22 19:07:24.276 1955 2206 D use-Rlog/RLOG-RIL-IPC: [0060] 00 00 00 00 00 00 00 00 32 30 38 30 31 23 ........ 20801#
01-22 19:07:24.276 1955 2206 D use-Rlog/RLOG-RIL-IPC: ================================================================================
01-22 19:07:24.276 1955 2206 D use-Rlog/RLOG-RIL-IPC: Unhandled IPC FMT message: IPC_NET_IDENTITY
01-22 19:07:24.276 1955 2206 D use-Rlog/RLOG-RIL-IPC:
01-22 19:07:24.276 1955 2206 D use-Rlog/RLOG-RIL-IPC: xmm626_sec_modem_fmt_recv: Received FMT message
01-22 19:07:24.276 1955 2206 D use-Rlog/RLOG-RIL-IPC: xmm626_sec_modem_fmt_recv: Message: aseq=0x00, command=IPC_MISC_TIME_INFO, type=IPC_TYPE_NOTI, size=18
01-22 19:07:24.276 1955 2206 D use-Rlog/RLOG-RIL-IPC: ================================= IPC FMT data =================================
01-22 19:07:24.276 1955 2206 D use-Rlog/RLOG-RIL-IPC: [0000] 02 00 12 01 16 12 07 18 04 00 00 01 32 30 38 30 ........ ....2080
01-22 19:07:24.276 1955 2206 D use-Rlog/RLOG-RIL-IPC: [0010] 31 23 1#
01-22 19:07:24.276 1955 2206 D use-Rlog/RLOG-RIL-IPC: ================================================================================
01-22 19:07:24.276 1955 2206 D use-Rlog/RLOG-RIL-IPC:
01-22 19:07:24.276 1955 2206 D use-Rlog/RLOG-RIL-IPC: xmm626_sec_modem_fmt_recv: Received FMT message
01-22 19:07:24.277 1955 2206 D use-Rlog/RLOG-RIL-IPC: xmm626_sec_modem_fmt_recv: Message: aseq=0xff, command=IPC_NET_REGIST, type=IPC_TYPE_NOTI, size=11
01-22 19:07:24.277 1955 2206 D use-Rlog/RLOG-RIL-IPC: ================================= IPC FMT data =================================
01-22 19:07:24.277 1955 2206 D use-Rlog/RLOG-RIL-IPC: [0000] 04 02 02 01 06 38 7F 68 4B 00 00 .....8.h K..
01-22 19:07:24.277 1955 2206 D use-Rlog/RLOG-RIL-IPC: ================================================================================
01-22 19:07:24.277 1955 2206 D use-Rlog/RLOG-RIL-IPC:
01-22 19:07:24.277 1955 2206 D use-Rlog/RLOG-RIL-IPC: xmm626_sec_modem_fmt_recv: Received FMT message
01-22 19:07:24.277 1955 2206 D use-Rlog/RLOG-RIL-IPC: xmm626_sec_modem_fmt_recv: Message: aseq=0xff, command=IPC_NET_REGIST, type=IPC_TYPE_NOTI, size=11
01-22 19:07:24.277 1955 2206 D use-Rlog/RLOG-RIL-IPC: ================================= IPC FMT data =================================
01-22 19:07:24.277 1955 2206 D use-Rlog/RLOG-RIL-IPC: [0000] 04 03 02 01 06 38 7F 68 4B 00 00 .....8.h K..
01-22 19:07:24.277 1955 2206 D use-Rlog/RLOG-RIL-IPC: ================================================================================
01-22 19:07:24.277 2862 2862 D DCT : [0]setupDataOnConnectableApns: dataAttached
01-22 19:07:24.277 1955 2206 D use-Rlog/RLOG-RIL-IPC:
01-22 19:07:24.277 1955 2206 D use-Rlog/RLOG-RIL-IPC: xmm626_sec_modem_fmt_recv: Received FMT message
01-22 19:07:24.277 1955 2206 D use-Rlog/RLOG-RIL-IPC: xmm626_sec_modem_fmt_recv: Message: aseq=0x00, command=IPC_NET_SERVING_NETWORK, type=IPC_TYPE_NOTI, size=11
01-22 19:07:24.277 2862 2862 D DCT : [0]setupDataOnConnectableApns: apnContext {mApnType=dun mState=IDLE mWaitingApns={null} mWaitingApnsPermanentFailureCountDown=0 mApnSetting={null} mReason=nwTypeChanged mDataEnabled=false mDependencyMet=true}
01-22 19:07:24.277 1955 2206 D use-Rlog/RLOG-RIL-IPC: ================================= IPC FMT data =================================
01-22 19:07:24.277 1955 2206 D use-Rlog/RLOG-RIL-IPC: [0000] 02 02 04 32 30 38 30 31 23 06 38 ...20801 #.8
01-22 19:07:24.277 1955 2206 D use-Rlog/RLOG-RIL-IPC: ================================================================================
01-22 19:07:24.277 2862 2862 D DCT : [0]setupDataOnConnectableApns: apnContext {mApnType=hipri mState=IDLE mWaitingApns={null} mWaitingApnsPermanentFailureCountDown=0 mApnSetting={null} mReason=nwTypeChanged mDataEnabled=false mDependencyMet=true}
01-22 19:07:24.277 2862 2862 D DCT : [0]setupDataOnConnectableApns: apnContext {mApnType=supl mState=IDLE mWaitingApns={null} mWaitingApnsPermanentFailureCountDown=0 mApnSetting={null} mReason=nwTypeChanged mDataEnabled=false mDependencyMet=true}
01-22 19:07:24.277 2862 2862 D DCT : [0]setupDataOnConnectableApns: apnContext {mApnType=default mState=IDLE mWaitingApns={null} mWaitingApnsPermanentFailureCountDown=0 mApnSetting={null} mReason=nwTypeChanged mDataEnabled=false mDependencyMet=true}
01-22 19:07:24.277 2862 2862 D DCT : [0]setupDataOnConnectableApns: apnContext {mApnType=mms mState=IDLE mWaitingApns={null} mWaitingApnsPermanentFailureCountDown=0 mApnSetting={null} mReason=nwTypeChanged mDataEnabled=false mDependencyMet=true}
01-22 19:07:24.277 2862 2862 D DctController: EVENT_PHONE1_DATA_ATTACH.
01-22 19:07:24.277 2862 2987 D RILJ : [UNSL]< UNSOL_NITZ_TIME_RECEIVED 18/01/22,18:07:24+04,00 [SUB0]
01-22 19:07:24.277 2862 2862 D SubscriptionController: [getSubId]- sSlotIdxToSubId.size == 0, return DummySubIds slotIdx=0
01-22 19:07:24.277 2862 2987 D RILJ : [UNSL]< UNSOL_RESPONSE_VOICE_NETWORK_STATE_CHANGED [SUB0]
01-22 19:07:24.277 2862 2862 D DCT : [0]getDataOnRoamingEnabled: phoneSubId=-2 isDataRoamingEnabled=false
01-22 19:07:24.278 2862 2987 D RILJ : [UNSL]< UNSOL_RESPONSE_VOICE_NETWORK_STATE_CHANGED [SUB0]
01-22 19:07:24.278 2862 2862 D SubscriptionController: [getSubId]- sSlotIdxToSubId.size == 0, return DummySubIds slotIdx=0
01-22 19:07:24.278 2862 2862 D DCT : [0]getDataOnRoamingEnabled: phoneSubId=-2 isDataRoamingEnabled=false
01-22 19:07:24.278 2862 2987 D RILJ : [UNSL]< UNSOL_RESPONSE_VOICE_NETWORK_STATE_CHANGED [SUB0]
01-22 19:07:24.278 2862 2862 D SubscriptionController: [getSubId]- sSlotIdxToSubId.size == 0, return DummySubIds slotIdx=0
01-22 19:07:24.278 2862 2862 D DCT : [0]getDataOnRoamingEnabled: phoneSubId=-2 isDataRoamingEnabled=false
01-22 19:07:24.278 2862 2862 D SubscriptionController: [getSubId]- sSlotIdxToSubId.size == 0, return DummySubIds slotIdx=0
01-22 19:07:24.278 2862 2862 D GsmSST : [GsmSST] NITZ: 18/01/22,18:07:24+04,00,35453 start=35454 delay=1
01-22 19:07:24.278 2862 2862 D DCT : [0]getDataOnRoamingEnabled: phoneSubId=-2 isDataRoamingEnabled=false
01-22 19:07:24.278 2862 2862 D SubscriptionController: [getSubId]- sSlotIdxToSubId.size == 0, return DummySubIds slotIdx=0
01-22 19:07:24.278 2862 2862 D DCT : [0]getDataOnRoamingEnabled: phoneSubId=-2 isDataRoamingEnabled=false
01-22 19:07:24.278 2862 2862 D SubscriptionController: [getSubId]- sSlotIdxToSubId.size == 0, return DummySubIds slotIdx=0
01-22 19:07:24.278 2862 2862 D DCT : [0]getDataOnRoamingEnabled: phoneSubId=-2 isDataRoamingEnabled=false
01-22 19:07:24.278 2862 2862 D SubscriptionController: [getSubId]- sSlotIdxToSubId.size == 0, return DummySubIds slotIdx=0
01-22 19:07:24.278 2862 2862 D DCT : [0]getDataOnRoamingEnabled: phoneSubId=-2 isDataRoamingEnabled=false
01-22 19:07:24.278 2862 2862 D SubscriptionController: [getSubId]- sSlotIdxToSubId.size == 0, return DummySubIds slotIdx=0
01-22 19:07:24.278 2862 2862 D DCT : [0]getDataOnRoamingEnabled: phoneSubId=-2 isDataRoamingEnabled=false
01-22 19:07:24.279 2862 2862 D GsmSST : [GsmSST] setAndBroadcastNetworkSetTimeZone: setTimeZone=Europe/Paris
01-22 19:07:24.279 2862 2862 D SubscriptionController: [getSubId]- sSlotIdxToSubId.size == 0, return DummySubIds slotIdx=0
01-22 19:07:24.279 2862 2862 D DCT : [0]getDataOnRoamingEnabled: phoneSubId=-2 isDataRoamingEnabled=false
01-22 19:07:24.279 2862 2862 D SubscriptionController: [getSubId]- sSlotIdxToSubId.size == 0, return DummySubIds slotIdx=0
01-22 19:07:24.279 2862 2862 D DCT : [0]getDataOnRoamingEnabled: phoneSubId=-2 isDataRoamingEnabled=false
01-22 19:07:24.279 2862 3051 D SubscriptionController: [getPhoneId]- no sims, returning default phoneId=2147483647
01-22 19:07:24.279 2862 3051 D DcSwitchSM: [DcSwitchStateMachine-0] IdleState: EVENT_DATA_ATTACHED
01-22 19:07:24.279 2862 3051 D DcSwitchSM: [DcSwitchStateMachine-0] IdleState: DDS sub reported ATTACHed in IDLE state
01-22 19:07:24.279 2862 3051 D DcSwitchSM: [DcSwitchStateMachine-0] AttachedState: enter
01-22 19:07:24.279 2862 3051 D DctController: executeAllRequests, phone:0
01-22 19:07:24.280 2862 2862 D DctController: handleMessage msg={ when=0 what=102 target=com.android.internal.telephony.dataconnection.DctController }
01-22 19:07:24.280 2862 2862 D DctController: onExecuteAllRequests phoneId=0
01-22 19:07:24.280 2862 2862 D GsmSST : [GsmSST] setAndBroadcastNetworkSetTimeZone: call alarm.setTimeZone and broadcast zoneId=Europe/Paris
01-22 19:07:24.282 2862 2862 D GsmSST : [GsmSST] NITZ: Setting time of day to Mon Jan 22 19:07:24 GMT+01:00 2018 NITZ receive delay(ms): 5 gained(ms): -277 from 18/01/22,18:07:24+04,00
01-22 19:07:24.282 2862 2862 D GsmSST : [GsmSST] setAndBroadcastNetworkSetTime: time=1516644444005ms
01-22 19:07:25.413 1955 2206 D use-Rlog/RLOG-RIL-IPC:
01-22 19:07:25.413 1955 2206 D use-Rlog/RLOG-RIL-IPC: xmm626_sec_modem_fmt_recv: Received FMT message
01-22 19:07:25.413 1955 2206 D use-Rlog/RLOG-RIL-IPC: xmm626_sec_modem_fmt_recv: Message: aseq=0x58, command=IPC_GPRS_HSDPA_STATUS, type=IPC_TYPE_NOTI, size=1
01-22 19:07:25.413 1955 2206 D use-Rlog/RLOG-RIL-IPC: ================================= IPC FMT data =================================
01-22 19:07:25.413 1955 2206 D use-Rlog/RLOG-RIL-IPC: [0000] 01 .
01-22 19:07:25.413 1955 2206 D use-Rlog/RLOG-RIL-IPC: ================================================================================
01-22 19:07:25.413 1955 2206 D use-Rlog/RLOG-RIL-IPC:
01-22 19:07:25.413 1955 2206 D use-Rlog/RLOG-RIL-IPC: xmm626_sec_modem_fmt_recv: Received FMT message
01-22 19:07:25.413 1955 2206 D use-Rlog/RLOG-RIL-IPC: xmm626_sec_modem_fmt_recv: Message: aseq=0x58, command=IPC_GPRS_HSDPA_STATUS, type=IPC_TYPE_NOTI, size=1
01-22 19:07:25.413 1955 2206 D use-Rlog/RLOG-RIL-IPC: ================================= IPC FMT data =================================
01-22 19:07:25.413 1955 2206 D use-Rlog/RLOG-RIL-IPC: [0000] 01 .
01-22 19:07:25.413 1955 2206 D use-Rlog/RLOG-RIL-IPC: ================================================================================
01-22 19:07:25.605 2862 2862 D CAT : com.android.stk.BootCompletedReceiver: [ACTION_BOOT_COMPLETED]
01-22 19:07:25.609 2862 2862 D CAT : com.android.stk.StkAppService: onCreate()+
01-22 19:07:25.609 2862 2862 D CAT : com.android.stk.StkAppService: simCount: 1
01-22 19:07:25.611 2862 2862 D CAT : com.android.stk.StkAppService: slotId: 0
01-22 19:07:25.612 2862 2862 D CAT : com.android.stk.StkAppService: onStart sim id: 0, op: 5, *****
01-22 19:07:25.713 2862 3409 D CAT : com.android.stk.StkAppService: handleMessage opcode[5], sim id[0]
01-22 19:07:25.713 2862 3409 D CAT : com.android.stk.StkAppService: OP_BOOT_COMPLETED
01-22 19:07:25.714 2862 3409 D CAT : StkAppInstaller: [setAppState]+
01-22 19:07:25.714 2862 3409 D CAT : StkAppInstaller: Need not change app state!!
01-22 19:07:25.715 2862 3409 D CAT : StkAppInstaller: [setAppState]-
01-22 19:07:26.031 2862 3222 D SubscriptionController: [getActiveSubInfoList]+
01-22 19:07:26.037 2862 2862 D SubscriptionController: [getPhoneId]- invalid subId return=-1
01-22 19:07:26.038 2862 3222 D SubscriptionController: selection:sim_id>=0 null
01-22 19:07:26.038 2862 2862 D SubscriptionController: [getSubId]- sSlotIdxToSubId.size == 0, return DummySubIds slotIdx=0
01-22 19:07:26.040 2862 2910 D SubscriptionController: [getPhoneId] asked for default subId=-1
01-22 19:07:26.041 2862 2910 D SubscriptionController: [getPhoneId]- invalid subId return=-1
01-22 19:07:26.047 2862 2862 D SubscriptionController: [getPhoneId]- invalid subId return=-1
01-22 19:07:26.050 2862 2862 D SubscriptionController: [getSubId]- sSlotIdxToSubId.size == 0, return DummySubIds slotIdx=0
01-22 19:07:26.062 2862 3222 D SubscriptionController: [getActiveSubInfoList]- no info return
01-22 19:07:26.067 2862 3222 D SubscriptionController: [getActiveSubInfoList]+
01-22 19:07:26.068 2862 3222 D SubscriptionController: selection:sim_id>=0 null
01-22 19:07:26.072 2862 3222 D SubscriptionController: [getActiveSubInfoList]- no info return
01-22 19:07:26.076 2862 3171 D SubscriptionController: [getActiveSubInfoList]+
01-22 19:07:26.077 2862 3171 D SubscriptionController: selection:sim_id>=0 null
01-22 19:07:26.083 2862 3171 D SubscriptionController: [getActiveSubInfoList]- no info return
01-22 19:07:26.102 2862 3103 D SubscriptionController: [getActiveSubInfoList]+
01-22 19:07:26.104 2862 3103 D SubscriptionController: selection:sim_id>=0 null
01-22 19:07:26.109 2862 3103 D SubscriptionController: [getActiveSubInfoList]- no info return
01-22 19:07:26.154 2862 3171 D SubscriptionController: [getActiveSubInfoList]+
01-22 19:07:26.155 2862 3171 D SubscriptionController: selection:sim_id>=0 null
01-22 19:07:26.159 2862 3171 D SubscriptionController: [getActiveSubInfoList]- no info return
01-22 19:07:26.269 2862 3171 D SubscriptionController: [getActiveSubInfoList]+
01-22 19:07:26.270 2862 3171 D SubscriptionController: selection:sim_id>=0 null
01-22 19:07:26.273 2862 3171 D SubscriptionController: [getActiveSubInfoList]- no info return
01-22 19:07:26.273 2862 3171 D SubscriptionController: [getActiveSubInfoForSubscriber]- subId=2 subList=null subInfo=null
01-22 19:07:26.279 2862 2887 D SubscriptionController: [getActiveSubInfoList]+
01-22 19:07:26.279 2862 2887 D SubscriptionController: selection:sim_id>=0 null
01-22 19:07:26.284 2862 2887 D SubscriptionController: [getActiveSubInfoList]- no info return
01-22 19:07:26.284 2862 2887 D SubscriptionController: [getActiveSubInfoForSubscriber]- subId=2 subList=null subInfo=null
01-22 19:07:26.315 2862 3103 D SubscriptionController: [getActiveSubInfoList]+
01-22 19:07:26.318 2862 3103 D SubscriptionController: selection:sim_id>=0 null
01-22 19:07:26.321 2862 3103 D SubscriptionController: [getActiveSubInfoList]- no info return
01-22 19:07:26.322 2862 3103 D SubscriptionController: [getActiveSubInfoForSubscriber]- subId=1 subList=null subInfo=null
01-22 19:07:26.324 2862 3222 D SubscriptionController: [getActiveSubInfoList]+
01-22 19:07:26.324 2862 3222 D SubscriptionController: selection:sim_id>=0 null
01-22 19:07:26.328 2862 3222 D SubscriptionController: [getActiveSubInfoList]- no info return
01-22 19:07:26.328 2862 3222 D SubscriptionController: [getActiveSubInfoForSubscriber]- subId=1 subList=null subInfo=null
01-22 19:07:26.338 2862 3103 D SubscriptionController: [getActiveSubInfoList]+
01-22 19:07:26.339 2862 3103 D SubscriptionController: selection:sim_id>=0 null
01-22 19:07:26.343 2862 3103 D SubscriptionController: [getActiveSubInfoList]- no info return
01-22 19:07:26.343 2862 3103 D SubscriptionController: [getActiveSubInfoForSubscriber]- subId=2 subList=null subInfo=null
01-22 19:07:26.345 2862 3222 D SubscriptionController: [getActiveSubInfoList]+
01-22 19:07:26.346 2862 3222 D SubscriptionController: selection:sim_id>=0 null
01-22 19:07:26.349 2862 3222 D SubscriptionController: [getActiveSubInfoList]- no info return
01-22 19:07:26.349 2862 3222 D SubscriptionController: [getActiveSubInfoForSubscriber]- subId=2 subList=null subInfo=null
01-22 19:07:26.369 2862 3103 D SubscriptionController: [getPhoneId] asked for default subId=-1
01-22 19:07:26.369 2862 3103 D SubscriptionController: [getPhoneId]- invalid subId return=-1
01-22 19:07:30.569 1955 2206 D use-Rlog/RLOG-RIL-IPC:
01-22 19:07:30.569 1955 2206 D use-Rlog/RLOG-RIL-IPC: xmm626_sec_modem_fmt_recv: Received FMT message
01-22 19:07:30.569 1955 2206 D use-Rlog/RLOG-RIL-IPC: xmm626_sec_modem_fmt_recv: Message: aseq=0x58, command=IPC_GPRS_HSDPA_STATUS, type=IPC_TYPE_NOTI, size=1
01-22 19:07:30.570 1955 2206 D use-Rlog/RLOG-RIL-IPC: ================================= IPC FMT data =================================
01-22 19:07:30.570 1955 2206 D use-Rlog/RLOG-RIL-IPC: [0000] 01 .
01-22 19:07:30.570 1955 2206 D use-Rlog/RLOG-RIL-IPC: ================================================================================
01-22 19:07:30.570 1955 2206 D use-Rlog/RLOG-RIL-IPC:
01-22 19:07:30.570 1955 2206 D use-Rlog/RLOG-RIL-IPC: xmm626_sec_modem_fmt_recv: Received FMT message
01-22 19:07:30.570 1955 2206 D use-Rlog/RLOG-RIL-IPC: xmm626_sec_modem_fmt_recv: Message: aseq=0xff, command=IPC_NET_REGIST, type=IPC_TYPE_NOTI, size=11
01-22 19:07:30.570 1955 2206 D use-Rlog/RLOG-RIL-IPC: ================================= IPC FMT data =================================
01-22 19:07:30.571 1955 2206 D use-Rlog/RLOG-RIL-IPC: [0000] 04 02 02 01 06 38 8A 03 4B 00 00 .....8.. K..
01-22 19:07:30.571 1955 2206 D use-Rlog/RLOG-RIL-IPC: ================================================================================
01-22 19:07:30.572 2862 2987 D RILJ : [UNSL]< UNSOL_RESPONSE_VOICE_NETWORK_STATE_CHANGED [SUB0]
01-22 19:07:30.573 2862 2862 D RILJ : [3762]> OPERATOR [SUB0]
01-22 19:07:30.573 1955 2206 D use-Rlog/RLOG-RIL-IPC:
01-22 19:07:30.573 1955 2206 D use-Rlog/RLOG-RIL-IPC: xmm626_sec_modem_fmt_recv: Received FMT message
01-22 19:07:30.573 1955 2206 D use-Rlog/RLOG-RIL-IPC: xmm626_sec_modem_fmt_recv: Message: aseq=0xff, command=IPC_NET_REGIST, type=IPC_TYPE_NOTI, size=11
01-22 19:07:30.573 1955 2206 D use-Rlog/RLOG-RIL-IPC: ================================= IPC FMT data =================================
01-22 19:07:30.574 1955 2206 D use-Rlog/RLOG-RIL-IPC: [0000] 04 03 02 01 06 38 8A 03 4B 00 00 .....8.. K..
01-22 19:07:30.574 1955 2206 D use-Rlog/RLOG-RIL-IPC: ================================================================================
01-22 19:07:30.577 1955 2206 D use-Rlog/RLOG-RIL-IPC:
01-22 19:07:30.577 1955 2206 D use-Rlog/RLOG-RIL-IPC: xmm626_sec_modem_fmt_recv: Received FMT message
01-22 19:07:30.577 1955 2206 D use-Rlog/RLOG-RIL-IPC: xmm626_sec_modem_fmt_recv: Message: aseq=0xff, command=IPC_GPRS_HSDPA_STATUS, type=IPC_TYPE_NOTI, size=1
01-22 19:07:30.578 1955 2206 D use-Rlog/RLOG-RIL-IPC: ================================= IPC FMT data =================================
01-22 19:07:30.578 1955 2206 D use-Rlog/RLOG-RIL-IPC: [0000] 01 .
01-22 19:07:30.578 1955 2206 D use-Rlog/RLOG-RIL-IPC: ================================================================================
01-22 19:07:30.578 1955 2206 D use-Rlog/RLOG-RIL-IPC:
01-22 19:07:30.578 1955 2206 D use-Rlog/RLOG-RIL-IPC: xmm626_sec_modem_fmt_recv: Received FMT message
01-22 19:07:30.578 1955 2206 D use-Rlog/RLOG-RIL-IPC: xmm626_sec_modem_fmt_recv: Message: aseq=0xff, command=IPC_NET_REGIST, type=IPC_TYPE_NOTI, size=11
01-22 19:07:30.578 1955 2206 D use-Rlog/RLOG-RIL-IPC: ================================= IPC FMT data =================================
01-22 19:07:30.579 1955 2206 D use-Rlog/RLOG-RIL-IPC: [0000] 04 02 02 01 06 38 8A 03 4B 00 00 .....8.. K..
01-22 19:07:30.579 1955 2206 D use-Rlog/RLOG-RIL-IPC: ================================================================================
01-22 19:07:30.579 2862 2862 D RILJ : [3763]> DATA_REGISTRATION_STATE [SUB0]
01-22 19:07:30.579 1955 2206 D use-Rlog/RLOG-RIL-IPC:
01-22 19:07:30.579 1955 2206 D use-Rlog/RLOG-RIL-IPC: xmm626_sec_modem_fmt_recv: Received FMT message
01-22 19:07:30.580 1955 2206 D use-Rlog/RLOG-RIL-IPC: xmm626_sec_modem_fmt_recv: Message: aseq=0xff, command=IPC_NET_REGIST, type=IPC_TYPE_NOTI, size=11
01-22 19:07:30.580 1955 2206 D use-Rlog/RLOG-RIL-IPC: ================================= IPC FMT data =================================
01-22 19:07:30.580 1955 2206 D use-Rlog/RLOG-RIL-IPC: [0000] 04 03 02 01 06 38 8A 03 4B 00 00 .....8.. K..
01-22 19:07:30.580 1955 2206 D use-Rlog/RLOG-RIL-IPC: ================================================================================
01-22 19:07:30.581 1955 2206 D use-Rlog/RLOG-RIL-IPC:
01-22 19:07:30.581 1955 2206 D use-Rlog/RLOG-RIL-IPC: xmm626_sec_modem_fmt_recv: Received FMT message
01-22 19:07:30.581 1955 2206 D use-Rlog/RLOG-RIL-IPC: xmm626_sec_modem_fmt_recv: Message: aseq=0x00, command=IPC_NET_SERVING_NETWORK, type=IPC_TYPE_NOTI, size=11
01-22 19:07:30.581 1955 2206 D use-Rlog/RLOG-RIL-IPC: ================================= IPC FMT data =================================
01-22 19:07:30.581 1955 2206 D use-Rlog/RLOG-RIL-IPC: [0000] 02 02 04 32 30 38 30 31 23 06 38 ...20801 #.8
01-22 19:07:30.581 1955 2206 D use-Rlog/RLOG-RIL-IPC: ================================================================================
01-22 19:07:30.581 2862 2862 D RILJ : [3764]> VOICE_REGISTRATION_STATE [SUB0]
01-22 19:07:30.583 2862 2987 D RILJ : [UNSL]< UNSOL_RESPONSE_VOICE_NETWORK_STATE_CHANGED [SUB0]
01-22 19:07:30.584 2862 2987 D RILJ : [UNSL]< UNSOL_RESPONSE_VOICE_NETWORK_STATE_CHANGED [SUB0]
01-22 19:07:30.584 1955 1974 D use-Rlog/RLOG-RIL: 1 RIL request in the queue (1 pending, 0 handled, 0 unhandled)
01-22 19:07:30.584 1955 1974 D use-Rlog/RLOG-RIL: 5 RIL requests data in the queue
01-22 19:07:30.584 2862 2987 D RILJ : [UNSL]< UNSOL_RESPONSE_VOICE_NETWORK_STATE_CHANGED [SUB0]
01-22 19:07:30.584 1955 1974 D use-Rlog/RLOG-RIL: 2 RIL requests in the queue (2 pending, 0 handled, 0 unhandled)
01-22 19:07:30.585 1955 1974 D use-Rlog/RLOG-RIL: 5 RIL requests data in the queue
01-22 19:07:30.585 1955 2210 D use-Rlog/RLOG-RIL: 1 RIL request in the queue (1 pending, 0 handled, 0 unhandled)
01-22 19:07:30.585 1955 2210 D use-Rlog/RLOG-RIL: 4 RIL requests data in the queue
01-22 19:07:30.585 2862 2987 D RILJ : [UNSL]< UNSOL_RESPONSE_VOICE_NETWORK_STATE_CHANGED [SUB0]
01-22 19:07:30.585 1955 2210 D use-Rlog/RLOG-RIL: 0 RIL request in the queue (0 pending, 0 handled, 0 unhandled)
01-22 19:07:30.585 1955 2210 D use-Rlog/RLOG-RIL: 3 RIL requests data in the queue
01-22 19:07:30.587 2862 2987 D RILJ : [3762]< OPERATOR {Orange, Orange, 20801} [SUB0]
01-22 19:07:30.587 2862 2862 D RILJ : [3765]> QUERY_NETWORK_SELECTION_MODE [SUB0]
01-22 19:07:30.587 2862 2987 D RILJ : [3763]< DATA_REGISTRATION_STATE {1, 3806, 4b038a, 9, 3} [SUB0]
01-22 19:07:30.589 1955 1974 D use-Rlog/RLOG-RIL: 1 RIL request in the queue (1 pending, 0 handled, 0 unhandled)
01-22 19:07:30.589 1955 1974 D use-Rlog/RLOG-RIL: 3 RIL requests data in the queue
01-22 19:07:30.589 1955 2210 D use-Rlog/RLOG-RIL: 0 RIL request in the queue (0 pending, 0 handled, 0 unhandled)
01-22 19:07:30.589 1955 2210 D use-Rlog/RLOG-RIL: 2 RIL requests data in the queue
01-22 19:07:30.594 2862 2862 D RILJ : [3766]> OPERATOR [SUB0]
01-22 19:07:30.594 2862 2987 D RILJ : [3764]< VOICE_REGISTRATION_STATE {1, 3806, 4b038a, 9, null, null, null, null, null, null, null, null, null, null, null} [SUB0]
01-22 19:07:30.595 1955 1974 D use-Rlog/RLOG-RIL: 1 RIL request in the queue (1 pending, 0 handled, 0 unhandled)
01-22 19:07:30.595 1955 1974 D use-Rlog/RLOG-RIL: 2 RIL requests data in the queue
01-22 19:07:30.595 1955 2210 D use-Rlog/RLOG-RIL-IPC:
01-22 19:07:30.595 1955 2210 D use-Rlog/RLOG-RIL-IPC: xmm626_sec_modem_fmt_send: Sent FMT message
01-22 19:07:30.595 1955 2210 D use-Rlog/RLOG-RIL-IPC: xmm626_sec_modem_fmt_send: Message: mseq=0x59, command=IPC_NET_PLMN_SEL, type=IPC_TYPE_GET, size=0
01-22 19:07:30.596 2862 2862 D RILJ : [3767]> DATA_REGISTRATION_STATE [SUB0]
01-22 19:07:30.597 1955 1974 D use-Rlog/RLOG-RIL: 2 RIL requests in the queue (1 pending, 1 handled, 0 unhandled)
01-22 19:07:30.597 1955 1974 D use-Rlog/RLOG-RIL: 2 RIL requests data in the queue
01-22 19:07:30.598 1955 2210 D use-Rlog/RLOG-RIL-IPC:
01-22 19:07:30.598 1955 2210 D use-Rlog/RLOG-RIL-IPC: xmm626_sec_modem_fmt_send: Sent FMT message
01-22 19:07:30.598 1955 2210 D use-Rlog/RLOG-RIL-IPC: xmm626_sec_modem_fmt_send: Message: mseq=0x5a, command=IPC_NET_SERVING_NETWORK, type=IPC_TYPE_GET, size=0
01-22 19:07:30.599 1955 2206 D use-Rlog/RLOG-RIL-IPC:
01-22 19:07:30.599 1955 2206 D use-Rlog/RLOG-RIL-IPC: xmm626_sec_modem_fmt_recv: Received FMT message
01-22 19:07:30.599 1955 2206 D use-Rlog/RLOG-RIL-IPC: xmm626_sec_modem_fmt_recv: Message: aseq=0x59, command=IPC_NET_PLMN_SEL, type=IPC_TYPE_RESP, size=1
01-22 19:07:30.599 1955 2206 D use-Rlog/RLOG-RIL-IPC: ================================= IPC FMT data =================================
01-22 19:07:30.599 1955 2206 D use-Rlog/RLOG-RIL-IPC: [0000] 02 .
01-22 19:07:30.599 1955 2206 D use-Rlog/RLOG-RIL-IPC: ================================================================================
01-22 19:07:30.599 1955 2206 D use-Rlog/RLOG-RIL: 1 RIL request in the queue (0 pending, 1 handled, 0 unhandled)
01-22 19:07:30.600 1955 2206 D use-Rlog/RLOG-RIL: 2 RIL requests data in the queue
01-22 19:07:30.600 2862 2862 D RILJ : [3768]> VOICE_REGISTRATION_STATE [SUB0]
01-22 19:07:30.600 2862 2987 D RILJ : [3765]< QUERY_NETWORK_SELECTION_MODE {0} [SUB0]
01-22 19:07:30.602 1955 1974 D use-Rlog/RLOG-RIL: 2 RIL requests in the queue (1 pending, 1 handled, 0 unhandled)
01-22 19:07:30.603 1955 1974 D use-Rlog/RLOG-RIL: 2 RIL requests data in the queue
01-22 19:07:30.603 1955 2206 D use-Rlog/RLOG-RIL-IPC:
01-22 19:07:30.603 1955 2206 D use-Rlog/RLOG-RIL-IPC: xmm626_sec_modem_fmt_recv: Received FMT message
01-22 19:07:30.603 1955 2206 D use-Rlog/RLOG-RIL-IPC: xmm626_sec_modem_fmt_recv: Message: aseq=0x5a, command=IPC_NET_SERVING_NETWORK, type=IPC_TYPE_RESP, size=11
01-22 19:07:30.603 1955 2206 D use-Rlog/RLOG-RIL-IPC: ================================= IPC FMT data =================================
01-22 19:07:30.604 1955 2206 D use-Rlog/RLOG-RIL-IPC: [0000] 02 02 04 32 30 38 30 31 23 06 38 ...20801 #.8
01-22 19:07:30.604 1955 2206 D use-Rlog/RLOG-RIL-IPC: ================================================================================
01-22 19:07:30.604 1955 2206 D use-Rlog/RLOG-RIL: 1 RIL request in the queue (1 pending, 0 handled, 0 unhandled)
01-22 19:07:30.604 1955 2206 D use-Rlog/RLOG-RIL: 2 RIL requests data in the queue
01-22 19:07:30.605 1955 2210 D use-Rlog/RLOG-RIL: 0 RIL request in the queue (0 pending, 0 handled, 0 unhandled)
01-22 19:07:30.605 1955 2210 D use-Rlog/RLOG-RIL: 1 RIL request data in the queue
01-22 19:07:30.605 2862 2987 D RILJ : [3766]< OPERATOR {Orange, Orange, 20801} [SUB0]
01-22 19:07:30.606 2862 2987 D RILJ : [3767]< DATA_REGISTRATION_STATE {1, 3806, 4b038a, 9, 3} [SUB0]
01-22 19:07:30.607 2862 2862 D RILJ : [3769]> QUERY_NETWORK_SELECTION_MODE [SUB0]
01-22 19:07:30.607 1955 1974 D use-Rlog/RLOG-RIL: 1 RIL request in the queue (1 pending, 0 handled, 0 unhandled)
01-22 19:07:30.607 1955 1974 D use-Rlog/RLOG-RIL: 1 RIL request data in the queue
01-22 19:07:30.608 1955 2210 D use-Rlog/RLOG-RIL: 0 RIL request in the queue (0 pending, 0 handled, 0 unhandled)
01-22 19:07:30.609 2862 2862 D RILJ : [3770]> OPERATOR [SUB0]
01-22 19:07:30.609 2862 2987 D RILJ : [3768]< VOICE_REGISTRATION_STATE {1, 3806, 4b038a, 9, null, null, null, null, null, null, null, null, null, null, null} [SUB0]
01-22 19:07:30.610 1955 1974 D use-Rlog/RLOG-RIL: 1 RIL request in the queue (1 pending, 0 handled, 0 unhandled)
01-22 19:07:30.611 1955 2210 D use-Rlog/RLOG-RIL-IPC:
01-22 19:07:30.611 2862 2862 D RILJ : [3771]> DATA_REGISTRATION_STATE [SUB0]
01-22 19:07:30.612 1955 2210 D use-Rlog/RLOG-RIL-IPC: xmm626_sec_modem_fmt_send: Sent FMT message
01-22 19:07:30.612 1955 2210 D use-Rlog/RLOG-RIL-IPC: xmm626_sec_modem_fmt_send: Message: mseq=0x5b, command=IPC_NET_PLMN_SEL, type=IPC_TYPE_GET, size=0
01-22 19:07:30.613 1955 1974 D use-Rlog/RLOG-RIL: 2 RIL requests in the queue (1 pending, 1 handled, 0 unhandled)
01-22 19:07:30.614 2862 2862 D RILJ : [3772]> VOICE_REGISTRATION_STATE [SUB0]
01-22 19:07:30.614 1955 2210 D use-Rlog/RLOG-RIL-IPC:
01-22 19:07:30.615 1955 2210 D use-Rlog/RLOG-RIL-IPC: xmm626_sec_modem_fmt_send: Sent FMT message
01-22 19:07:30.615 1955 2210 D use-Rlog/RLOG-RIL-IPC: xmm626_sec_modem_fmt_send: Message: mseq=0x5c, command=IPC_NET_SERVING_NETWORK, type=IPC_TYPE_GET, size=0
01-22 19:07:30.616 1955 2206 D use-Rlog/RLOG-RIL-IPC:
01-22 19:07:30.616 1955 2206 D use-Rlog/RLOG-RIL-IPC: xmm626_sec_modem_fmt_recv: Received FMT message
01-22 19:07:30.616 1955 2206 D use-Rlog/RLOG-RIL-IPC: xmm626_sec_modem_fmt_recv: Message: aseq=0x5b, command=IPC_NET_PLMN_SEL, type=IPC_TYPE_RESP, size=1
01-22 19:07:30.616 1955 2206 D use-Rlog/RLOG-RIL-IPC: ================================= IPC FMT data =================================
01-22 19:07:30.616 1955 2206 D use-Rlog/RLOG-RIL-IPC: [0000] 02 .
01-22 19:07:30.618 1955 2206 D use-Rlog/RLOG-RIL-IPC: ================================================================================
01-22 19:07:30.618 2862 2862 D RILJ : [3773]> QUERY_NETWORK_SELECTION_MODE [SUB0]
01-22 19:07:30.618 1955 2206 D use-Rlog/RLOG-RIL: 1 RIL request in the queue (0 pending, 1 handled, 0 unhandled)
01-22 19:07:30.619 2862 2987 D RILJ : [3769]< QUERY_NETWORK_SELECTION_MODE {0} [SUB0]
01-22 19:07:30.619 1955 2206 D use-Rlog/RLOG-RIL-IPC:
01-22 19:07:30.619 1955 2206 D use-Rlog/RLOG-RIL-IPC: xmm626_sec_modem_fmt_recv: Received FMT message
01-22 19:07:30.619 1955 2206 D use-Rlog/RLOG-RIL-IPC: xmm626_sec_modem_fmt_recv: Message: aseq=0x5c, command=IPC_NET_SERVING_NETWORK, type=IPC_TYPE_RESP, size=11
01-22 19:07:30.620 1955 2206 D use-Rlog/RLOG-RIL-IPC: ================================= IPC FMT data =================================
01-22 19:07:30.620 2862 2862 D RILJ : [3774]> OPERATOR [SUB0]
01-22 19:07:30.620 1955 2206 D use-Rlog/RLOG-RIL-IPC: [0000] 02 02 04 32 30 38 30 31 23 06 38 ...20801 #.8
01-22 19:07:30.621 1955 2206 D use-Rlog/RLOG-RIL-IPC: ================================================================================
01-22 19:07:30.621 1955 1974 D use-Rlog/RLOG-RIL: 2 RIL requests in the queue (1 pending, 1 handled, 0 unhandled)
01-22 19:07:30.621 1955 1974 D use-Rlog/RLOG-RIL: 3 RIL requests in the queue (2 pending, 1 handled, 0 unhandled)
01-22 19:07:30.621 1955 1974 D use-Rlog/RLOG-RIL: 4 RIL requests in the queue (3 pending, 1 handled, 0 unhandled)
01-22 19:07:30.623 2862 2862 D RILJ : [3775]> DATA_REGISTRATION_STATE [SUB0]
01-22 19:07:30.623 1955 2210 D use-Rlog/RLOG-RIL-IPC:
01-22 19:07:30.623 1955 2210 D use-Rlog/RLOG-RIL-IPC: xmm626_sec_modem_fmt_send: Sent FMT message
01-22 19:07:30.623 1955 2210 D use-Rlog/RLOG-RIL-IPC: xmm626_sec_modem_fmt_send: Message: mseq=0x5d, command=IPC_NET_REGIST, type=IPC_TYPE_GET, size=2
01-22 19:07:30.624 1955 2210 D use-Rlog/RLOG-RIL-IPC: ================================= IPC FMT data =================================
01-22 19:07:30.624 1955 2210 D use-Rlog/RLOG-RIL-IPC: [0000] FF 03 ..
01-22 19:07:30.624 1955 2210 D use-Rlog/RLOG-RIL-IPC: ================================================================================
01-22 19:07:30.625 1955 2210 D use-Rlog/RLOG-RIL-IPC:
01-22 19:07:30.625 1955 2210 D use-Rlog/RLOG-RIL-IPC: xmm626_sec_modem_fmt_send: Sent FMT message
01-22 19:07:30.625 1955 2210 D use-Rlog/RLOG-RIL-IPC: xmm626_sec_modem_fmt_send: Message: mseq=0x5e, command=IPC_NET_REGIST, type=IPC_TYPE_GET, size=2
01-22 19:07:30.625 1955 2210 D use-Rlog/RLOG-RIL-IPC: ================================= IPC FMT data =================================
01-22 19:07:30.625 1955 2210 D use-Rlog/RLOG-RIL-IPC: [0000] FF 02 ..
01-22 19:07:30.626 2862 2862 D RILJ : [3776]> VOICE_REGISTRATION_STATE [SUB0]
01-22 19:07:30.626 1955 2210 D use-Rlog/RLOG-RIL-IPC: ================================================================================
01-22 19:07:30.629 2862 2862 D RILJ : [3777]> QUERY_NETWORK_SELECTION_MODE [SUB0]
01-22 19:07:30.629 1955 2210 D use-Rlog/RLOG-RIL-IPC:
01-22 19:07:30.629 1955 2210 D use-Rlog/RLOG-RIL-IPC: xmm626_sec_modem_fmt_send: Sent FMT message
01-22 19:07:30.631 1955 2210 D use-Rlog/RLOG-RIL-IPC: xmm626_sec_modem_fmt_send: Message: mseq=0x5f, command=IPC_NET_PLMN_SEL, type=IPC_TYPE_GET, size=0
01-22 19:07:30.631 2862 2862 D RILJ : [3778]> OPERATOR [SUB0]
01-22 19:07:30.631 1955 1974 D use-Rlog/RLOG-RIL: 5 RIL requests in the queue (1 pending, 4 handled, 0 unhandled)
01-22 19:07:30.632 1955 1974 D use-Rlog/RLOG-RIL: 6 RIL requests in the queue (2 pending, 4 handled, 0 unhandled)
01-22 19:07:30.632 1955 1974 D use-Rlog/RLOG-RIL: 7 RIL requests in the queue (3 pending, 4 handled, 0 unhandled)
01-22 19:07:30.632 1955 1974 D use-Rlog/RLOG-RIL: 8 RIL requests in the queue (4 pending, 4 handled, 0 unhandled)
01-22 19:07:30.633 2862 2862 D RILJ : [3779]> DATA_REGISTRATION_STATE [SUB0]
01-22 19:07:30.633 1955 2210 D use-Rlog/RLOG-RIL-IPC:
01-22 19:07:30.634 1955 2210 D use-Rlog/RLOG-RIL-IPC: xmm626_sec_modem_fmt_send: Sent FMT message
01-22 19:07:30.635 1955 2210 D use-Rlog/RLOG-RIL-IPC: xmm626_sec_modem_fmt_send: Message: mseq=0x60, command=IPC_NET_PLMN_SEL, type=IPC_TYPE_GET, size=0
01-22 19:07:30.635 2862 2862 D RILJ : [3780]> VOICE_REGISTRATION_STATE [SUB0]
01-22 19:07:30.636 1955 1974 D use-Rlog/RLOG-RIL: 9 RIL requests in the queue (1 pending, 5 handled, 3 unhandled)
01-22 19:07:30.636 1955 1974 D use-Rlog/RLOG-RIL: 10 RIL requests in the queue (2 pending, 5 handled, 3 unhandled)
01-22 19:07:30.637 1955 2206 D use-Rlog/RLOG-RIL: 9 RIL requests in the queue (2 pending, 4 handled, 3 unhandled)
01-22 19:07:30.637 1955 2206 D use-Rlog/RLOG-RIL-IPC:
01-22 19:07:30.637 1955 2206 D use-Rlog/RLOG-RIL-IPC: xmm626_sec_modem_fmt_recv: Received FMT message
01-22 19:07:30.638 1955 2206 D use-Rlog/RLOG-RIL-IPC: xmm626_sec_modem_fmt_recv: Message: aseq=0x5d, command=IPC_NET_REGIST, type=IPC_TYPE_RESP, size=11
01-22 19:07:30.638 1955 2206 D use-Rlog/RLOG-RIL-IPC: ================================= IPC FMT data =================================
01-22 19:07:30.638 1955 2206 D use-Rlog/RLOG-RIL-IPC: [0000] 04 03 02 01 06 38 8A 03 4B 00 00 .....8.. K..
01-22 19:07:30.638 1955 2206 D use-Rlog/RLOG-RIL-IPC: ================================================================================
01-22 19:07:30.638 1955 2206 D use-Rlog/RLOG-RIL: 8 RIL requests in the queue (2 pending, 3 handled, 3 unhandled)
01-22 19:07:30.639 1955 2206 D use-Rlog/RLOG-RIL-IPC:
01-22 19:07:30.639 2862 2862 D RILJ : [3781]> QUERY_NETWORK_SELECTION_MODE [SUB0]
01-22 19:07:30.640 2862 2987 D RILJ : [3770]< OPERATOR {Orange, Orange, 20801} [SUB0]
01-22 19:07:30.643 2862 2987 D RILJ : [3771]< DATA_REGISTRATION_STATE {1, 3806, 4b038a, 9, 3} [SUB0]
01-22 19:07:30.644 1955 2206 D use-Rlog/RLOG-RIL-IPC: xmm626_sec_modem_fmt_recv: Received FMT message
01-22 19:07:30.644 1955 2206 D use-Rlog/RLOG-RIL-IPC: xmm626_sec_modem_fmt_recv: Message: aseq=0x5e, command=IPC_NET_REGIST, type=IPC_TYPE_RESP, size=11
01-22 19:07:30.644 1955 2206 D use-Rlog/RLOG-RIL-IPC: ================================= IPC FMT data =================================
01-22 19:07:30.644 1955 2206 D use-Rlog/RLOG-RIL-IPC: [0000] 04 02 02 01 06 38 8A 03 4B 00 00 .....8.. K..
01-22 19:07:30.644 1955 2206 D use-Rlog/RLOG-RIL-IPC: ================================================================================
01-22 19:07:30.644 1955 2206 D use-Rlog/RLOG-RIL: 7 RIL requests in the queue (2 pending, 2 handled, 3 unhandled)
01-22 19:07:30.645 1955 2210 D use-Rlog/RLOG-RIL-IPC:
01-22 19:07:30.645 1955 2210 D use-Rlog/RLOG-RIL-IPC: xmm626_sec_modem_fmt_send: Sent FMT message
01-22 19:07:30.645 1955 2210 D use-Rlog/RLOG-RIL-IPC: xmm626_sec_modem_fmt_send: Message: mseq=0x61, command=IPC_NET_SERVING_NETWORK, type=IPC_TYPE_GET, size=0
01-22 19:07:30.645 2862 2987 D RILJ : [3772]< VOICE_REGISTRATION_STATE {1, 3806, 4b038a, 9, null, null, null, null, null, null, null, null, null, null, null} [SUB0]
01-22 19:07:30.645 1955 2210 D use-Rlog/RLOG-RIL-IPC:
01-22 19:07:30.645 1955 2210 D use-Rlog/RLOG-RIL-IPC: xmm626_sec_modem_fmt_send: Sent FMT message
01-22 19:07:30.646 1955 2210 D use-Rlog/RLOG-RIL-IPC: xmm626_sec_modem_fmt_send: Message: mseq=0x62, command=IPC_NET_REGIST, type=IPC_TYPE_GET, size=2
01-22 19:07:30.646 1955 2210 D use-Rlog/RLOG-RIL-IPC: ================================= IPC FMT data =================================
01-22 19:07:30.646 1955 2210 D use-Rlog/RLOG-RIL-IPC: [0000] FF 03 ..
01-22 19:07:30.646 1955 2210 D use-Rlog/RLOG-RIL-IPC: ================================================================================
01-22 19:07:30.646 1955 2210 D use-Rlog/RLOG-RIL-IPC:
01-22 19:07:30.646 1955 2210 D use-Rlog/RLOG-RIL-IPC: xmm626_sec_modem_fmt_send: Sent FMT message
01-22 19:07:30.646 1955 2210 D use-Rlog/RLOG-RIL-IPC: xmm626_sec_modem_fmt_send: Message: mseq=0x63, command=IPC_NET_REGIST, type=IPC_TYPE_GET, size=2
01-22 19:07:30.647 1955 2210 D use-Rlog/RLOG-RIL-IPC: ================================= IPC FMT data =================================
01-22 19:07:30.647 1955 2210 D use-Rlog/RLOG-RIL-IPC: [0000] FF 02 ..
01-22 19:07:30.647 1955 2210 D use-Rlog/RLOG-RIL-IPC: ================================================================================
01-22 19:07:30.647 1955 1974 D use-Rlog/RLOG-RIL: 8 RIL requests in the queue (1 pending, 5 handled, 2 unhandled)
01-22 19:07:30.648 1955 2206 D use-Rlog/RLOG-RIL-IPC:
01-22 19:07:30.648 1955 2206 D use-Rlog/RLOG-RIL-IPC: xmm626_sec_modem_fmt_recv: Received FMT message
01-22 19:07:30.648 1955 2206 D use-Rlog/RLOG-RIL-IPC: xmm626_sec_modem_fmt_recv: Message: aseq=0x5f, command=IPC_NET_PLMN_SEL, type=IPC_TYPE_RESP, size=1
01-22 19:07:30.648 1955 2206 D use-Rlog/RLOG-RIL-IPC: ================================= IPC FMT data =================================
01-22 19:07:30.648 1955 2206 D use-Rlog/RLOG-RIL-IPC: [0000] 02 .
01-22 19:07:30.648 1955 2206 D use-Rlog/RLOG-RIL-IPC: ================================================================================
01-22 19:07:30.648 1955 2206 D use-Rlog/RLOG-RIL: 7 RIL requests in the queue (1 pending, 4 handled, 2 unhandled)
01-22 19:07:30.649 1955 2206 D use-Rlog/RLOG-RIL-IPC:
01-22 19:07:30.649 1955 2206 D use-Rlog/RLOG-RIL-IPC: xmm626_sec_modem_fmt_recv: Received FMT message
01-22 19:07:30.649 1955 2206 D use-Rlog/RLOG-RIL-IPC: xmm626_sec_modem_fmt_recv: Message: aseq=0x60, command=IPC_NET_PLMN_SEL, type=IPC_TYPE_RESP, size=1
01-22 19:07:30.649 1955 2206 D use-Rlog/RLOG-RIL-IPC: ================================= IPC FMT data =================================
01-22 19:07:30.649 1955 2206 D use-Rlog/RLOG-RIL-IPC: [0000] 02 .
01-22 19:07:30.650 1955 2206 D use-Rlog/RLOG-RIL-IPC: ================================================================================
01-22 19:07:30.650 1955 2206 D use-Rlog/RLOG-RIL: 6 RIL requests in the queue (1 pending, 3 handled, 2 unhandled)
01-22 19:07:30.650 1955 1974 D use-Rlog/RLOG-RIL: 7 RIL requests in the queue (2 pending, 3 handled, 2 unhandled)
01-22 19:07:30.650 1955 2210 D use-Rlog/RLOG-RIL-IPC:
01-22 19:07:30.650 2862 2987 D RILJ : [3773]< QUERY_NETWORK_SELECTION_MODE {0} [SUB0]
01-22 19:07:30.651 1955 2210 D use-Rlog/RLOG-RIL-IPC: xmm626_sec_modem_fmt_send: Sent FMT message
01-22 19:07:30.651 1955 2210 D use-Rlog/RLOG-RIL-IPC: xmm626_sec_modem_fmt_send: Message: mseq=0x64, command=IPC_NET_PLMN_SEL, type=IPC_TYPE_GET, size=0
01-22 19:07:30.651 2862 2987 D RILJ : [3777]< QUERY_NETWORK_SELECTION_MODE {0} [SUB0]
01-22 19:07:30.652 1955 2206 D use-Rlog/RLOG-RIL-IPC:
01-22 19:07:30.653 1955 2206 D use-Rlog/RLOG-RIL-IPC: xmm626_sec_modem_fmt_recv: Received FMT message
01-22 19:07:30.653 1955 2206 D use-Rlog/RLOG-RIL-IPC: xmm626_sec_modem_fmt_recv: Message: aseq=0x61, command=IPC_NET_SERVING_NETWORK, type=IPC_TYPE_RESP, size=11
01-22 19:07:30.653 1955 2206 D use-Rlog/RLOG-RIL-IPC: ================================= IPC FMT data =================================
01-22 19:07:30.654 1955 2206 D use-Rlog/RLOG-RIL-IPC: [0000] 02 02 04 32 30 38 30 31 23 06 38 ...20801 #.8
01-22 19:07:30.654 1955 2206 D use-Rlog/RLOG-RIL-IPC: ================================================================================
01-22 19:07:30.654 1955 2206 D use-Rlog/RLOG-RIL: 6 RIL requests in the queue (0 pending, 3 handled, 3 unhandled)
01-22 19:07:30.655 2862 2987 D RILJ : [3774]< OPERATOR {Orange, Orange, 20801} [SUB0]
01-22 19:07:30.656 1955 2210 D use-Rlog/RLOG-RIL-IPC:
01-22 19:07:30.656 1955 2210 D use-Rlog/RLOG-RIL-IPC: xmm626_sec_modem_fmt_send: Sent FMT message
01-22 19:07:30.656 1955 2210 D use-Rlog/RLOG-RIL-IPC: xmm626_sec_modem_fmt_send: Message: mseq=0x65, command=IPC_NET_SERVING_NETWORK, type=IPC_TYPE_GET, size=0
01-22 19:07:30.656 1955 2206 D use-Rlog/RLOG-RIL-IPC:
01-22 19:07:30.656 1955 2206 D use-Rlog/RLOG-RIL-IPC: xmm626_sec_modem_fmt_recv: Received FMT message
01-22 19:07:30.657 1955 2206 D use-Rlog/RLOG-RIL-IPC: xmm626_sec_modem_fmt_recv: Message: aseq=0x62, command=IPC_NET_REGIST, type=IPC_TYPE_RESP, size=11
01-22 19:07:30.657 1955 2206 D use-Rlog/RLOG-RIL-IPC: ================================= IPC FMT data =================================
01-22 19:07:30.657 1955 2206 D use-Rlog/RLOG-RIL-IPC: [0000] 04 03 02 01 06 38 8A 03 4B 00 00 .....8.. K..
01-22 19:07:30.657 1955 2206 D use-Rlog/RLOG-RIL-IPC: ================================================================================
01-22 19:07:30.657 1955 2206 D use-Rlog/RLOG-RIL: 5 RIL requests in the queue (0 pending, 3 handled, 2 unhandled)
01-22 19:07:30.658 1955 2206 D use-Rlog/RLOG-RIL-IPC:
01-22 19:07:30.658 1955 2206 D use-Rlog/RLOG-RIL-IPC: xmm626_sec_modem_fmt_recv: Received FMT message
01-22 19:07:30.658 1955 2206 D use-Rlog/RLOG-RIL-IPC: xmm626_sec_modem_fmt_recv: Message: aseq=0x63, command=IPC_NET_REGIST, type=IPC_TYPE_RESP, size=11
01-22 19:07:30.658 1955 2206 D use-Rlog/RLOG-RIL-IPC: ================================= IPC FMT data =================================
01-22 19:07:30.658 1955 2206 D use-Rlog/RLOG-RIL-IPC: [0000] 04 02 02 01 06 38 8A 03 4B 00 00 .....8.. K..
01-22 19:07:30.659 1955 2206 D use-Rlog/RLOG-RIL-IPC: ================================================================================
