01-22 19:07:20.807 2862 2862 D SubscriptionController: [getSubId]- sSlotIdxToSubId.size == 0, return DummySubIds slotIdx=0
01-22 19:07:20.809 1955 2206 D use-Rlog/RLOG-RIL-IPC:
01-22 19:07:20.809 1955 2206 D use-Rlog/RLOG-RIL-IPC: xmm626_sec_modem_fmt_recv: Received FMT message
01-22 19:07:20.809 1955 2206 D use-Rlog/RLOG-RIL-IPC: xmm626_sec_modem_fmt_recv: Message: aseq=0x24, command=IPC_SEC_RSIM_ACCESS, type=IPC_TYPE_RESP, size=42
01-22 19:07:20.809 1955 2206 D use-Rlog/RLOG-RIL-IPC: ================================= IPC FMT data =================================
01-22 19:07:20.809 1955 2206 D use-Rlog/RLOG-RIL-IPC: [0000] 90 00 27 62 25 82 05 42 21 00 05 05 83 02 6F CA ..'b%..B !.....o.
01-22 19:07:20.809 1955 2206 D use-Rlog/RLOG-RIL-IPC: [0010] A5 03 C0 01 40 8A 01 05 8B 06 6F 06 01 13 00 00 ....@... ..o.....
01-22 19:07:20.809 1955 2206 D use-Rlog/RLOG-RIL-IPC: [0020] 80 02 00 19 81 02 00 2D 88 00 .......- ..
01-22 19:07:20.809 1955 2206 D use-Rlog/RLOG-RIL-IPC: ================================================================================
01-22 19:07:20.809 1955 2206 D use-Rlog/RLOG-RIL: 12 RIL requests in the queue (0 pending, 0 handled, 12 unhandled)
01-22 19:07:20.809 2862 2987 D RILJ : [3702]< SIM_IO IccIoResponse sw1:0x90 sw2:0x0 [SUB0]
01-22 19:07:20.810 1955 2210 D use-Rlog/RLOG-RIL-IPC:
01-22 19:07:20.810 1955 2210 D use-Rlog/RLOG-RIL-IPC: xmm626_sec_modem_fmt_send: Sent FMT message
01-22 19:07:20.810 1955 2210 D use-Rlog/RLOG-RIL-IPC: xmm626_sec_modem_fmt_send: Message: mseq=0x25, command=IPC_SEC_RSIM_ACCESS, type=IPC_TYPE_GET, size=6
01-22 19:07:20.810 1955 2210 D use-Rlog/RLOG-RIL-IPC: ================================= IPC FMT data =================================
01-22 19:07:20.810 1955 2210 D use-Rlog/RLOG-RIL-IPC: [0000] C0 11 6F 00 00 00 ..o...
01-22 19:07:20.810 1955 2210 D use-Rlog/RLOG-RIL-IPC: ================================================================================
01-22 19:07:20.823 1955 2206 D use-Rlog/RLOG-RIL-IPC:
01-22 19:07:20.823 1955 2206 D use-Rlog/RLOG-RIL-IPC: xmm626_sec_modem_fmt_recv: Received FMT message
01-22 19:07:20.823 1955 2206 D use-Rlog/RLOG-RIL-IPC: xmm626_sec_modem_fmt_recv: Message: aseq=0x25, command=IPC_SEC_RSIM_ACCESS, type=IPC_TYPE_RESP, size=3
01-22 19:07:20.823 1955 2206 D use-Rlog/RLOG-RIL-IPC: ================================= IPC FMT data =================================
01-22 19:07:20.823 1955 2206 D use-Rlog/RLOG-RIL-IPC: [0000] 6A 82 00 j..
01-22 19:07:20.823 1955 2206 D use-Rlog/RLOG-RIL-IPC: ================================================================================
01-22 19:07:20.823 1955 2206 D use-Rlog/RLOG-RIL: 11 RIL requests in the queue (0 pending, 0 handled, 11 unhandled)
01-22 19:07:20.824 2862 2987 D RILJ : [3703]< SIM_IO IccIoResponse sw1:0x6a sw2:0x82 [SUB0]
01-22 19:07:20.824 1955 2210 D use-Rlog/RLOG-RIL-IPC:
01-22 19:07:20.824 1955 2210 D use-Rlog/RLOG-RIL-IPC: xmm626_sec_modem_fmt_send: Sent FMT message
01-22 19:07:20.824 1955 2210 D use-Rlog/RLOG-RIL-IPC: xmm626_sec_modem_fmt_send: Message: mseq=0x26, command=IPC_SEC_RSIM_ACCESS, type=IPC_TYPE_GET, size=6
01-22 19:07:20.824 1955 2210 D use-Rlog/RLOG-RIL-IPC: ================================= IPC FMT data =================================
01-22 19:07:20.824 1955 2210 D use-Rlog/RLOG-RIL-IPC: [0000] C0 CB 6F 00 00 0F ..o...
01-22 19:07:20.824 1955 2210 D use-Rlog/RLOG-RIL-IPC: ================================================================================
01-22 19:07:20.843 1955 2206 D use-Rlog/RLOG-RIL-IPC:
01-22 19:07:20.843 1955 2206 D use-Rlog/RLOG-RIL-IPC: xmm626_sec_modem_fmt_recv: Received FMT message
01-22 19:07:20.843 1955 2206 D use-Rlog/RLOG-RIL-IPC: xmm626_sec_modem_fmt_recv: Message: aseq=0x26, command=IPC_SEC_RSIM_ACCESS, type=IPC_TYPE_RESP, size=42
01-22 19:07:20.843 1955 2206 D use-Rlog/RLOG-RIL-IPC: ================================= IPC FMT data =================================
01-22 19:07:20.843 1955 2206 D use-Rlog/RLOG-RIL-IPC: [0000] 90 00 27 62 25 82 05 42 21 00 10 05 83 02 6F CB ..'b%..B !.....o.
01-22 19:07:20.843 1955 2206 D use-Rlog/RLOG-RIL-IPC: [0010] A5 03 C0 01 40 8A 01 05 8B 06 6F 06 01 13 00 00 ....@... ..o.....
01-22 19:07:20.843 1955 2206 D use-Rlog/RLOG-RIL-IPC: [0020] 80 02 00 50 81 02 00 64 88 00 ...P...d ..
01-22 19:07:20.843 1955 2206 D use-Rlog/RLOG-RIL-IPC: ================================================================================
01-22 19:07:20.844 1955 2206 D use-Rlog/RLOG-RIL: 10 RIL requests in the queue (0 pending, 0 handled, 10 unhandled)
01-22 19:07:20.844 2862 2987 D RILJ : [3704]< SIM_IO IccIoResponse sw1:0x90 sw2:0x0 [SUB0]
01-22 19:07:20.844 1955 2210 D use-Rlog/RLOG-RIL-IPC:
01-22 19:07:20.844 1955 2210 D use-Rlog/RLOG-RIL-IPC: xmm626_sec_modem_fmt_send: Sent FMT message
01-22 19:07:20.844 1955 2210 D use-Rlog/RLOG-RIL-IPC: xmm626_sec_modem_fmt_send: Message: mseq=0x27, command=IPC_SEC_RSIM_ACCESS, type=IPC_TYPE_GET, size=6
01-22 19:07:20.844 1955 2210 D use-Rlog/RLOG-RIL-IPC: ================================= IPC FMT data =================================
01-22 19:07:20.844 1955 2210 D use-Rlog/RLOG-RIL-IPC: [0000] C0 13 6F 00 00 00 ..o...
01-22 19:07:20.844 1955 2210 D use-Rlog/RLOG-RIL-IPC: ================================================================================
01-22 19:07:20.854 2862 2862 E PhoneBase: Error! registerForCallWaiting() in PhoneBase should not be called, CDMAPhone inactive.
01-22 19:07:20.858 1955 2206 D use-Rlog/RLOG-RIL-IPC:
01-22 19:07:20.858 1955 2206 D use-Rlog/RLOG-RIL-IPC: xmm626_sec_modem_fmt_recv: Received FMT message
01-22 19:07:20.858 1955 2206 D use-Rlog/RLOG-RIL-IPC: xmm626_sec_modem_fmt_recv: Message: aseq=0x27, command=IPC_SEC_RSIM_ACCESS, type=IPC_TYPE_RESP, size=3
01-22 19:07:20.858 1955 2206 D use-Rlog/RLOG-RIL-IPC: ================================= IPC FMT data =================================
01-22 19:07:20.858 1955 2206 D use-Rlog/RLOG-RIL-IPC: [0000] 6A 82 00 j..
01-22 19:07:20.858 1955 2206 D use-Rlog/RLOG-RIL-IPC: ================================================================================
01-22 19:07:20.858 1955 2206 D use-Rlog/RLOG-RIL: 9 RIL requests in the queue (0 pending, 0 handled, 9 unhandled)
01-22 19:07:20.859 2862 2987 D RILJ : [3705]< SIM_IO IccIoResponse sw1:0x6a sw2:0x82 [SUB0]
01-22 19:07:20.859 1955 2210 D use-Rlog/RLOG-RIL-IPC:
01-22 19:07:20.859 1955 2210 D use-Rlog/RLOG-RIL-IPC: xmm626_sec_modem_fmt_send: Sent FMT message
01-22 19:07:20.859 1955 2210 D use-Rlog/RLOG-RIL-IPC: xmm626_sec_modem_fmt_send: Message: mseq=0x28, command=IPC_SEC_RSIM_ACCESS, type=IPC_TYPE_GET, size=6
01-22 19:07:20.859 1955 2210 D use-Rlog/RLOG-RIL-IPC: ================================= IPC FMT data =================================
01-22 19:07:20.859 1955 2210 D use-Rlog/RLOG-RIL-IPC: [0000] C0 46 6F 00 00 00 .Fo...
01-22 19:07:20.859 1955 2210 D use-Rlog/RLOG-RIL-IPC: ================================================================================
01-22 19:07:20.877 1955 2206 D use-Rlog/RLOG-RIL-IPC:
01-22 19:07:20.877 1955 2206 D use-Rlog/RLOG-RIL-IPC: xmm626_sec_modem_fmt_recv: Received FMT message
01-22 19:07:20.877 1955 2206 D use-Rlog/RLOG-RIL-IPC: xmm626_sec_modem_fmt_recv: Message: aseq=0x28, command=IPC_SEC_RSIM_ACCESS, type=IPC_TYPE_RESP, size=39
01-22 19:07:20.877 1955 2206 D use-Rlog/RLOG-RIL-IPC: ================================= IPC FMT data =================================
01-22 19:07:20.877 1955 2206 D use-Rlog/RLOG-RIL-IPC: [0000] 90 00 24 62 22 82 02 41 21 83 02 6F 46 A5 03 C0 ..$b"..A !..oF...
01-22 19:07:20.877 1955 2206 D use-Rlog/RLOG-RIL-IPC: [0010] 01 40 8A 01 05 8B 06 6F 06 01 12 00 00 80 02 00 .@.....o ........
01-22 19:07:20.877 1955 2206 D use-Rlog/RLOG-RIL-IPC: [0020] 11 81 02 00 23 88 00 ....#..
01-22 19:07:20.877 1955 2206 D use-Rlog/RLOG-RIL-IPC: ================================================================================
01-22 19:07:20.877 1955 2206 D use-Rlog/RLOG-RIL: 8 RIL requests in the queue (0 pending, 0 handled, 8 unhandled)
01-22 19:07:20.877 2862 2987 D RILJ : [3706]< SIM_IO IccIoResponse sw1:0x90 sw2:0x0 [SUB0]
01-22 19:07:20.877 1955 2210 D use-Rlog/RLOG-RIL-IPC:
01-22 19:07:20.877 1955 2210 D use-Rlog/RLOG-RIL-IPC: xmm626_sec_modem_fmt_send: Sent FMT message
01-22 19:07:20.877 1955 2210 D use-Rlog/RLOG-RIL-IPC: xmm626_sec_modem_fmt_send: Message: mseq=0x29, command=IPC_SEC_RSIM_ACCESS, type=IPC_TYPE_GET, size=6
01-22 19:07:20.877 1955 2210 D use-Rlog/RLOG-RIL-IPC: ================================= IPC FMT data =================================
01-22 19:07:20.877 1955 2210 D use-Rlog/RLOG-RIL-IPC: [0000] C0 CD 6F 00 00 00 ..o...
01-22 19:07:20.878 1955 2210 D use-Rlog/RLOG-RIL-IPC: ================================================================================
01-22 19:07:20.888 2862 2862 D SubscriptionController: [getSubId]- sSlotIdxToSubId.size == 0, return DummySubIds slotIdx=0
01-22 19:07:20.888 2862 2862 D DCT : [0]handleMessage msg={ when=-182ms what=270377 obj=android.os.AsyncResult@9e4054b target=com.android.internal.telephony.dataconnection.DcTracker }
01-22 19:07:20.888 2862 2862 D DCT : [0]onUpdateIcc: newIccRecords null
01-22 19:07:20.888 2862 2862 D DCT : [0]setupDataOnConnectableApns: nwTypeChanged
01-22 19:07:20.888 2862 2862 D DCT : [0]setupDataOnConnectableApns: apnContext {mApnType=dun mState=IDLE mWaitingApns={null} mWaitingApnsPermanentFailureCountDown=0 mApnSetting={null} mReason=radioTurnedOff mDataEnabled=false mDependencyMet=true}
01-22 19:07:20.888 2862 2862 D DCT : [0]setupDataOnConnectableApns: apnContext {mApnType=hipri mState=IDLE mWaitingApns={null} mWaitingApnsPermanentFailureCountDown=0 mApnSetting={null} mReason=radioTurnedOff mDataEnabled=false mDependencyMet=true}
01-22 19:07:20.888 2862 2862 D DCT : [0]setupDataOnConnectableApns: apnContext {mApnType=supl mState=IDLE mWaitingApns={null} mWaitingApnsPermanentFailureCountDown=0 mApnSetting={null} mReason=radioTurnedOff mDataEnabled=false mDependencyMet=true}
01-22 19:07:20.888 2862 2862 D DCT : [0]setupDataOnConnectableApns: apnContext {mApnType=default mState=IDLE mWaitingApns={null} mWaitingApnsPermanentFailureCountDown=0 mApnSetting={null} mReason=radioTurnedOff mDataEnabled=false mDependencyMet=true}
01-22 19:07:20.888 2862 2862 D DCT : [0]setupDataOnConnectableApns: apnContext {mApnType=mms mState=IDLE mWaitingApns={null} mWaitingApnsPermanentFailureCountDown=0 mApnSetting={null} mReason=radioTurnedOff mDataEnabled=false mDependencyMet=true}
01-22 19:07:20.888 2862 2862 D SIMRecords: [SIMRecords] IMSI: mMncLength=-1
01-22 19:07:20.888 2862 2862 D SIMRecords: [SIMRecords] IMSI: xxxxxxxxxxxxx
01-22 19:07:20.888 2862 2862 D SIMRecords: [SIMRecords] onRecordLoaded 16 requested: true
01-22 19:07:20.889 2862 2862 D SubscriptionController: [getSubId]- sSlotIdxToSubId.size == 0, return DummySubIds slotIdx=0
01-22 19:07:20.889 2862 2862 D PhoneBase: Get callforwarding info from perferences
01-22 19:07:20.890 2862 2862 D PhoneBase: ProvisionStatus: 1
01-22 19:07:20.890 2862 2862 D SubscriptionController: [getSubId]- sSlotIdxToSubId.size == 0, return DummySubIds slotIdx=0
01-22 19:07:20.891 2862 2862 D PhoneBase: Get video call forwarding info from preferences
01-22 19:07:20.891 2862 2862 D SubscriptionController: [getSubId]- sSlotIdxToSubId.size == 0, return DummySubIds slotIdx=0
01-22 19:07:20.891 2862 2862 D SubscriptionController: [getSubId]- sSlotIdxToSubId.size == 0, return DummySubIds slotIdx=0
01-22 19:07:20.896 1955 2206 D use-Rlog/RLOG-RIL-IPC:
01-22 19:07:20.896 1955 2206 D use-Rlog/RLOG-RIL-IPC: xmm626_sec_modem_fmt_recv: Received FMT message
01-22 19:07:20.896 1955 2206 D use-Rlog/RLOG-RIL-IPC: xmm626_sec_modem_fmt_recv: Message: aseq=0x29, command=IPC_SEC_RSIM_ACCESS, type=IPC_TYPE_RESP, size=40
01-22 19:07:20.896 1955 2206 D use-Rlog/RLOG-RIL-IPC: ================================= IPC FMT data =================================
01-22 19:07:20.896 1955 2206 D use-Rlog/RLOG-RIL-IPC: [0000] 90 00 25 62 23 82 02 41 21 83 02 6F CD A5 03 C0 ..%b#..A !..o....
01-22 19:07:20.896 1955 2206 D use-Rlog/RLOG-RIL-IPC: [0010] 01 40 8A 01 05 8B 06 6F 06 01 11 00 00 80 02 00 .@.....o ........
01-22 19:07:20.896 1955 2206 D use-Rlog/RLOG-RIL-IPC: [0020] 1F 81 02 00 31 88 01 D8 ....1...
01-22 19:07:20.896 1955 2206 D use-Rlog/RLOG-RIL-IPC: ================================================================================
01-22 19:07:20.897 1955 2206 D use-Rlog/RLOG-RIL: 7 RIL requests in the queue (0 pending, 0 handled, 7 unhandled)
01-22 19:07:20.897 2862 2987 D RILJ : [3707]< SIM_IO IccIoResponse sw1:0x90 sw2:0x0 [SUB0]
01-22 19:07:20.897 1955 2210 D use-Rlog/RLOG-RIL-IPC:
01-22 19:07:20.897 1955 2210 D use-Rlog/RLOG-RIL-IPC: xmm626_sec_modem_fmt_send: Sent FMT message
01-22 19:07:20.897 1955 2210 D use-Rlog/RLOG-RIL-IPC: xmm626_sec_modem_fmt_send: Message: mseq=0x2a, command=IPC_SEC_RSIM_ACCESS, type=IPC_TYPE_GET, size=6
01-22 19:07:20.897 1955 2210 D use-Rlog/RLOG-RIL-IPC: ================================= IPC FMT data =================================
01-22 19:07:20.897 1955 2210 D use-Rlog/RLOG-RIL-IPC: [0000] C0 C5 6F 00 00 0F ..o...
01-22 19:07:20.897 1955 2210 D use-Rlog/RLOG-RIL-IPC: ================================================================================
01-22 19:07:20.898 2862 2862 D RILJ : [3716]> OPERATOR [SUB0]
01-22 19:07:20.903 2862 2862 D RILJ : [3717]> DATA_REGISTRATION_STATE [SUB0]
01-22 19:07:20.903 1955 1974 D use-Rlog/RLOG-RIL: 8 RIL requests in the queue (1 pending, 1 handled, 6 unhandled)
01-22 19:07:20.904 1955 1974 D use-Rlog/RLOG-RIL: 9 RIL requests in the queue (2 pending, 1 handled, 6 unhandled)
01-22 19:07:20.904 1955 2210 D use-Rlog/RLOG-RIL-IPC:
01-22 19:07:20.904 1955 2210 D use-Rlog/RLOG-RIL-IPC: xmm626_sec_modem_fmt_send: Sent FMT message
01-22 19:07:20.930 2862 2862 D RILJ : [3722]> iccIO: SIM_IO 0xb0 0x6fad path: 3F007F20,0,0,22 aid: null [SUB0]
01-22 19:07:20.931 1955 1974 D use-Rlog/RLOG-RIL: 8 RIL requests in the queue (1 pending, 1 handled, 6 unhandled)
01-22 19:07:20.934 1955 2206 D use-Rlog/RLOG-RIL-IPC:
01-22 19:07:20.934 1955 2206 D use-Rlog/RLOG-RIL-IPC: xmm626_sec_modem_fmt_recv: Received FMT message
01-22 19:07:20.934 1955 2206 D use-Rlog/RLOG-RIL-IPC: xmm626_sec_modem_fmt_recv: Message: aseq=0x2f, command=IPC_SEC_RSIM_ACCESS, type=IPC_TYPE_RESP, size=40
01-22 19:07:20.934 1955 2206 D use-Rlog/RLOG-RIL-IPC: ================================= IPC FMT data =================================
01-22 19:07:20.934 1955 2206 D use-Rlog/RLOG-RIL-IPC: [0000] 90 00 25 62 23 82 02 41 21 83 02 6F 38 A5 03 C0 ..%b#..A !..o8...
01-22 19:07:20.934 1955 2206 D use-Rlog/RLOG-RIL-IPC: [0010] 01 40 8A 01 05 8B 06 6F 06 01 11 00 00 80 02 00 .@.....o ........
01-22 19:07:20.934 1955 2206 D use-Rlog/RLOG-RIL-IPC: [0020] 09 81 02 00 1B 88 01 20 .......
01-22 19:07:20.934 1955 2206 D use-Rlog/RLOG-RIL-IPC: ================================================================================
01-22 19:07:20.934 1955 2206 D use-Rlog/RLOG-RIL: 7 RIL requests in the queue (0 pending, 0 handled, 7 unhandled)
01-22 19:07:20.935 2862 2987 D RILJ : [3709]< SIM_IO IccIoResponse sw1:0x90 sw2:0x0 [SUB0]
01-22 19:07:20.935 2862 2862 D RILJ : [3723]> iccIO: SIM_IO 0xb2 0x6fca path: 3F007F20,1,4,5 aid: null [SUB0]
01-22 19:07:20.935 1955 2210 D use-Rlog/RLOG-RIL-IPC:
01-22 19:07:20.935 1955 2210 D use-Rlog/RLOG-RIL-IPC: xmm626_sec_modem_fmt_send: Sent FMT message
01-22 19:07:20.935 1955 2210 D use-Rlog/RLOG-RIL-IPC: xmm626_sec_modem_fmt_send: Message: mseq=0x30, command=IPC_SEC_RSIM_ACCESS, type=IPC_TYPE_GET, size=6
01-22 19:07:20.935 1955 2210 D use-Rlog/RLOG-RIL-IPC: ================================= IPC FMT data =================================
01-22 19:07:20.935 1955 2210 D use-Rlog/RLOG-RIL-IPC: [0000] C0 16 6F 00 00 00 ..o...
01-22 19:07:20.935 1955 2210 D use-Rlog/RLOG-RIL-IPC: ================================================================================
01-22 19:07:20.936 1955 1974 D use-Rlog/RLOG-RIL: 8 RIL requests in the queue (1 pending, 1 handled, 6 unhandled)
01-22 19:07:20.937 2862 2862 D RILJ : [3724]> iccIO: SIM_IO 0xb2 0x6fcb path: 3F007F20,1,4,16 aid: null [SUB0]
01-22 19:07:20.937 1955 1974 D use-Rlog/RLOG-RIL: 9 RIL requests in the queue (1 pending, 1 handled, 7 unhandled)
01-22 19:07:20.938 2862 2862 D SubscriptionController: [getSubId]- sSlotIdxToSubId.size == 0, return DummySubIds slotIdx=0
01-22 19:07:20.938 1955 1974 D use-Rlog/RLOG-RIL: 10 RIL requests in the queue (1 pending, 1 handled, 8 unhandled)
01-22 19:07:20.939 2862 2862 D RILJ : [3725]> iccIO: SIM_IO 0xb0 0x6f46 path: 3F007F20,0,0,35 aid: null [SUB0]
01-22 19:07:20.949 1955 2206 D use-Rlog/RLOG-RIL-IPC:
01-22 19:07:20.949 1955 2206 D use-Rlog/RLOG-RIL-IPC: xmm626_sec_modem_fmt_recv: Received FMT message
01-22 19:07:20.949 1955 2206 D use-Rlog/RLOG-RIL-IPC: xmm626_sec_modem_fmt_recv: Message: aseq=0x30, command=IPC_SEC_RSIM_ACCESS, type=IPC_TYPE_RESP, size=3
01-22 19:07:20.949 1955 2206 D use-Rlog/RLOG-RIL-IPC: ================================= IPC FMT data =================================
01-22 19:07:20.949 1955 2206 D use-Rlog/RLOG-RIL-IPC: [0000] 6A 82 00 j..
01-22 19:07:20.949 1955 2206 D use-Rlog/RLOG-RIL-IPC: ================================================================================
01-22 19:07:20.949 1955 2206 D use-Rlog/RLOG-RIL: 9 RIL requests in the queue (0 pending, 0 handled, 9 unhandled)
01-22 19:07:20.950 2862 2987 D RILJ : [3710]< SIM_IO IccIoResponse sw1:0x6a sw2:0x82 [SUB0]
01-22 19:07:20.950 1955 2210 D use-Rlog/RLOG-RIL-IPC:
01-22 19:07:20.950 1955 2210 D use-Rlog/RLOG-RIL-IPC: xmm626_sec_modem_fmt_send: Sent FMT message
01-22 19:07:20.950 1955 2210 D use-Rlog/RLOG-RIL-IPC: xmm626_sec_modem_fmt_send: Message: mseq=0x31, command=IPC_SEC_RSIM_ACCESS, type=IPC_TYPE_GET, size=6
01-22 19:07:20.950 1955 2210 D use-Rlog/RLOG-RIL-IPC: ================================= IPC FMT data =================================
01-22 19:07:20.950 1955 2210 D use-Rlog/RLOG-RIL-IPC: [0000] C0 15 6F 00 00 00 ..o...
01-22 19:07:20.950 1955 2210 D use-Rlog/RLOG-RIL-IPC: ================================================================================
01-22 19:07:20.963 1955 2206 D use-Rlog/RLOG-RIL-IPC:
01-22 19:07:20.963 1955 2206 D use-Rlog/RLOG-RIL-IPC: xmm626_sec_modem_fmt_recv: Received FMT message
01-22 19:07:20.963 1955 2206 D use-Rlog/RLOG-RIL-IPC: xmm626_sec_modem_fmt_recv: Message: aseq=0x31, command=IPC_SEC_RSIM_ACCESS, type=IPC_TYPE_RESP, size=3
01-22 19:07:20.963 1955 2206 D use-Rlog/RLOG-RIL-IPC: ================================= IPC FMT data =================================
01-22 19:07:20.963 1955 2206 D use-Rlog/RLOG-RIL-IPC: [0000] 6A 82 00 j..
01-22 19:07:20.963 1955 2206 D use-Rlog/RLOG-RIL-IPC: ================================================================================
01-22 19:07:20.964 1955 2206 D use-Rlog/RLOG-RIL: 8 RIL requests in the queue (0 pending, 0 handled, 8 unhandled)
01-22 19:07:20.964 1955 2210 D use-Rlog/RLOG-RIL-IPC:
01-22 19:07:20.964 1955 2210 D use-Rlog/RLOG-RIL-IPC: xmm626_sec_modem_fmt_send: Sent FMT message
01-22 19:07:20.964 1955 2210 D use-Rlog/RLOG-RIL-IPC: xmm626_sec_modem_fmt_send: Message: mseq=0x32, command=IPC_SEC_RSIM_ACCESS, type=IPC_TYPE_GET, size=6
01-22 19:07:20.964 1955 2210 D use-Rlog/RLOG-RIL-IPC: ================================= IPC FMT data =================================
01-22 19:07:20.964 1955 2210 D use-Rlog/RLOG-RIL-IPC: [0000] C0 3E 6F 00 00 00 .>o...
01-22 19:07:20.964 1955 2210 D use-Rlog/RLOG-RIL-IPC: ================================================================================
01-22 19:07:20.967 2862 2987 D RILJ : [3711]< SIM_IO IccIoResponse sw1:0x6a sw2:0x82 [SUB0]
01-22 19:07:20.967 1955 1974 D use-Rlog/RLOG-RIL: 9 RIL requests in the queue (1 pending, 1 handled, 7 unhandled)
01-22 19:07:20.968 2862 2862 D SubscriptionController: [getSubId]- sSlotIdxToSubId.size == 0, return DummySubIds slotIdx=0
01-22 19:07:20.968 2862 2862 D IccCardProxy: broadcastIccStateChangedIntent intent ACTION_SIM_STATE_CHANGED value=IMSI reason=null for mPhoneId=0
01-22 19:07:20.970 2862 2862 D SIMRecords: [SIMRecords] onRecordLoaded 15 requested: true
01-22 19:07:20.971 2862 2862 D RILJ : [3726]> iccIO: SIM_IO 0xb0 0x6fcd path: 3F007F20,0,0,49 aid: null [SUB0]
01-22 19:07:20.971 2862 2862 D PHONE : [ServiceState] setDataRegState=1
01-22 19:07:20.971 2862 2862 D PHONE : [ServiceState] setDataRadioTechnology=0
01-22 19:07:20.971 2862 2862 D GsmSST : [GsmSST] handlPollStateResultMessage: GsmSST setDataRegState=1 regState=0 dataRadioTechnology=0
01-22 19:07:20.971 2862 2862 D DctController: handleMessage msg={ when=-62ms what=100 target=com.android.internal.telephony.dataconnection.DctController }
01-22 19:07:20.972 1955 1974 D use-Rlog/RLOG-RIL: 10 RIL requests in the queue (1 pending, 1 handled, 8 unhandled)
01-22 19:07:20.972 2862 2862 D DcSwitchAsyncChannel: [DcSwitchAsyncChannel-0]: rspIsIdle=true
01-22 19:07:20.972 2862 2862 D SubscriptionController: [getPhoneId]- no sims, returning default phoneId=2147483647
01-22 19:07:20.972 2862 2862 D DcSwitchAsyncChannel: [DcSwitchAsyncChannel-0]: rspIsIdle=true
01-22 19:07:20.973 2862 2862 D DctController: onProcessRequest requestedPhoneId=-1, activePhoneId=-1
01-22 19:07:20.973 2862 2862 D PHONE : [ServiceState] setVoiceRegState=1
01-22 19:07:20.973 2862 2862 E PHONE : [ServiceState] setState deprecated use setVoiceRegState()
01-22 19:07:20.973 2862 2862 D SubscriptionController: [getSubId]- sSlotIdxToSubId.size == 0, return DummySubIds slotIdx=0
01-22 19:07:20.974 2862 2862 D GsmSST : [GsmSST] Poll ServiceState done: oldSS=[1 1 voice home data home null null 00000 null null 00000 Unknown Unknown CSS not supported -1 -1 RoamInd=-1 DefRoamInd=-1 EmergOnly=false IsDataRoamingFromRegistration=false] newSS=[1 1 voice home data home null null 00000 null null 00000 Unknown Unknown CSS not supported -1 -1 RoamInd=-1 DefRoamInd=-1 EmergOnly=false IsDataRoamingFromRegistration=false] oldMaxDataCalls=1 mNewMaxDataCalls=1 oldReasonDataDenied=-1 mNewReasonDataDenied=-1
01-22 19:07:20.974 2862 2862 D PHONE : [ServiceState] setNullState=1
01-22 19:07:20.974 2862 2862 D RILJ : [3727]> iccIO: SIM_IO 0xb2 0x6fc5 path: 3F007F20,1,4,40 aid: null [SUB0]
01-22 19:07:20.978 2862 2862 D RILJ : [3728]> iccIO: SIM_IO 0xb0 0x6f38 path: 3F007F20,0,0,27 aid: null [SUB0]
01-22 19:07:20.979 1955 1974 D use-Rlog/RLOG-RIL: 11 RIL requests in the queue (1 pending, 1 handled, 9 unhandled)
01-22 19:07:20.979 2862 2862 D SIMRecords: [SIMRecords] EF_CPHS_MWI: null
01-22 19:07:20.979 2862 2862 D SIMRecords: [SIMRecords] EVENT_GET_VOICE_MAIL_INDICATOR_CPHS_DONE exception = com.android.internal.telephony.uicc.IccException: sw1:106 sw2:130
01-22 19:07:20.980 2862 2862 D SIMRecords: [SIMRecords] onRecordLoaded 14 requested: true
01-22 19:07:20.980 2862 2862 D SIMRecords: [SIMRecords] onRecordLoaded 13 requested: true
01-22 19:07:20.980 2862 2862 D SubscriptionInfoUpdater: [Receiver]+
01-22 19:07:20.980 2862 2862 D SubscriptionInfoUpdater: Action: android.intent.action.SIM_STATE_CHANGED
01-22 19:07:20.980 2862 2862 D SubscriptionInfoUpdater: slotId: 0
01-22 19:07:20.980 2862 2862 D SubscriptionInfoUpdater: simStatus: IMSI
01-22 19:07:20.980 2862 2862 D SubscriptionInfoUpdater: Ignoring simStatus: IMSI
01-22 19:07:20.980 2862 2862 D SubscriptionInfoUpdater: Wait for SIM1 IccId
01-22 19:07:20.980 2862 2862 D SubscriptionInfoUpdater: [Receiver]-
01-22 19:07:20.980 2862 2862 D SIMRecords: [SIMRecords] onRecordLoaded 12 requested: true
01-22 19:07:20.980 2862 2862 E SIMRecords: [SIMRecords] Exception in fetching EF_CSP data com.android.internal.telephony.uicc.IccException: sw1:106 sw2:130
01-22 19:07:20.980 2862 2862 D SIMRecords: [SIMRecords] onRecordLoaded 11 requested: true
01-22 19:07:20.980 1955 1974 D use-Rlog/RLOG-RIL: 12 RIL requests in the queue (1 pending, 1 handled, 10 unhandled)
01-22 19:07:20.982 1955 2206 D use-Rlog/RLOG-RIL-IPC:
01-22 19:07:20.982 1955 2206 D use-Rlog/RLOG-RIL-IPC: xmm626_sec_modem_fmt_recv: Received FMT message
01-22 19:07:20.982 1955 2206 D use-Rlog/RLOG-RIL-IPC: xmm626_sec_modem_fmt_recv: Message: aseq=0x32, command=IPC_SEC_RSIM_ACCESS, type=IPC_TYPE_RESP, size=39
01-22 19:07:20.982 1955 2206 D use-Rlog/RLOG-RIL-IPC: ================================= IPC FMT data =================================
01-22 19:07:20.982 1955 2206 D use-Rlog/RLOG-RIL-IPC: [0000] 90 00 24 62 22 82 02 41 21 83 02 6F 3E A5 03 C0 ..$b"..A !..o>...
01-22 19:07:20.982 1955 2206 D use-Rlog/RLOG-RIL-IPC: [0010] 01 40 8A 01 05 8B 06 6F 06 01 10 00 00 80 02 00 .@.....o ........
01-22 19:07:20.982 1955 2206 D use-Rlog/RLOG-RIL-IPC: [0020] 04 81 02 00 16 88 00 .......
01-22 19:07:20.982 1955 2206 D use-Rlog/RLOG-RIL-IPC: ================================================================================
01-22 19:07:20.982 1955 2206 D use-Rlog/RLOG-RIL: 11 RIL requests in the queue (0 pending, 0 handled, 11 unhandled)
01-22 19:07:20.983 2862 2987 D RILJ : [3712]< SIM_IO IccIoResponse sw1:0x90 sw2:0x0 [SUB0]
01-22 19:07:20.984 1955 2210 D use-Rlog/RLOG-RIL-IPC:
01-22 19:07:20.984 1955 2210 D use-Rlog/RLOG-RIL-IPC: xmm626_sec_modem_fmt_send: Sent FMT message
01-22 19:07:20.984 1955 2210 D use-Rlog/RLOG-RIL-IPC: xmm626_sec_modem_fmt_send: Message: mseq=0x33, command=IPC_SEC_RSIM_ACCESS, type=IPC_TYPE_GET, size=6
01-22 19:07:20.984 1955 2210 D use-Rlog/RLOG-RIL-IPC: ================================= IPC FMT data =================================
01-22 19:07:20.984 2862 3171 D SubscriptionController: [getActiveSubInfoList]- no info return
01-22 19:07:20.984 1955 2210 D use-Rlog/RLOG-RIL-IPC: [0000] C0 3F 6F 00 00 00 .?o...
01-22 19:07:20.984 1955 2210 D use-Rlog/RLOG-RIL-IPC: ================================================================================
01-22 19:07:20.984 2862 2862 D RILJ : [3729]> iccIO: SIM_IO 0xb0 0x6f3e path: 3F007F20,0,0,22 aid: null [SUB0]
01-22 19:07:20.990 1955 1974 D use-Rlog/RLOG-RIL: 12 RIL requests in the queue (1 pending, 1 handled, 10 unhandled)
01-22 19:07:21.001 1955 2206 D use-Rlog/RLOG-RIL-IPC:
01-22 19:07:21.001 1955 2206 D use-Rlog/RLOG-RIL-IPC: xmm626_sec_modem_fmt_recv: Received FMT message
01-22 19:07:21.001 1955 2206 D use-Rlog/RLOG-RIL-IPC: xmm626_sec_modem_fmt_recv: Message: aseq=0x33, command=IPC_SEC_RSIM_ACCESS, type=IPC_TYPE_RESP, size=39
01-22 19:07:21.001 1955 2206 D use-Rlog/RLOG-RIL-IPC: ================================= IPC FMT data =================================
01-22 19:07:21.001 1955 2206 D use-Rlog/RLOG-RIL-IPC: [0000] 90 00 24 62 22 82 02 41 21 83 02 6F 3F A5 03 C0 ..$b"..A !..o?...
01-22 19:07:21.001 1955 2206 D use-Rlog/RLOG-RIL-IPC: [0010] 01 40 8A 01 05 8B 06 6F 06 01 10 00 00 80 02 00 .@.....o ........
01-22 19:07:21.001 1955 2206 D use-Rlog/RLOG-RIL-IPC: [0020] 04 81 02 00 16 88 00 .......
01-22 19:07:21.001 1955 2206 D use-Rlog/RLOG-RIL-IPC: ================================================================================
01-22 19:07:21.001 1955 2206 D use-Rlog/RLOG-RIL: 11 RIL requests in the queue (0 pending, 0 handled, 11 unhandled)
01-22 19:07:21.002 2862 2987 D RILJ : [3713]< SIM_IO IccIoResponse sw1:0x90 sw2:0x0 [SUB0]
01-22 19:07:21.002 1955 2210 D use-Rlog/RLOG-RIL-IPC:
01-22 19:07:21.002 1955 2210 D use-Rlog/RLOG-RIL-IPC: xmm626_sec_modem_fmt_send: Sent FMT message
01-22 19:07:21.002 1955 2210 D use-Rlog/RLOG-RIL-IPC: xmm626_sec_modem_fmt_send: Message: mseq=0x34, command=IPC_SEC_RSIM_ACCESS, type=IPC_TYPE_GET, size=6
01-22 19:07:21.002 1955 2210 D use-Rlog/RLOG-RIL-IPC: ================================= IPC FMT data =================================
01-22 19:07:21.002 1955 2210 D use-Rlog/RLOG-RIL-IPC: [0000] C0 3C 6F 00 00 0F . iccIO: SIM_IO 0xb0 0x6f3f path: 3F007F20,0,0,22 aid: null [SUB0]
01-22 19:07:21.003 1955 1974 D use-Rlog/RLOG-RIL: 12 RIL requests in the queue (1 pending, 1 handled, 10 unhandled)
01-22 19:07:21.010 2862 2910 D SubscriptionController: [getSubId]- sSlotIdxToSubId.size == 0, return DummySubIds slotIdx=0
01-22 19:07:21.020 1955 2206 D use-Rlog/RLOG-RIL-IPC:
01-22 19:07:21.020 1955 2206 D use-Rlog/RLOG-RIL-IPC: xmm626_sec_modem_fmt_recv: Received FMT message
01-22 19:07:21.020 1955 2206 D use-Rlog/RLOG-RIL-IPC: xmm626_sec_modem_fmt_recv: Message: aseq=0x34, command=IPC_SEC_RSIM_ACCESS, type=IPC_TYPE_RESP, size=42
01-22 19:07:21.020 1955 2206 D use-Rlog/RLOG-RIL-IPC: ================================= IPC FMT data =================================
01-22 19:07:21.020 1955 2206 D use-Rlog/RLOG-RIL-IPC: [0000] 90 00 27 62 25 82 05 42 21 00 B0 32 83 02 6F 3C ..'b%..B !..2..o<
01-22 19:07:21.020 1955 2206 D use-Rlog/RLOG-RIL-IPC: [0010] A5 03 C0 01 40 8A 01 05 8B 06 6F 06 01 13 00 00 ....@... ..o.....
01-22 19:07:21.020 1955 2206 D use-Rlog/RLOG-RIL-IPC: [0020] 80 02 22 60 81 02 22 74 88 00 .."`.."t ..
01-22 19:07:21.020 1955 2206 D use-Rlog/RLOG-RIL-IPC: ================================================================================
01-22 19:07:21.020 1955 2206 D use-Rlog/RLOG-RIL: 11 RIL requests in the queue (0 pending, 0 handled, 11 unhandled)
01-22 19:07:21.020 2862 2987 D RILJ : [3714]< SIM_IO IccIoResponse sw1:0x90 sw2:0x0 [SUB0]
01-22 19:07:21.020 1955 2210 D use-Rlog/RLOG-RIL-IPC:
01-22 19:07:21.020 1955 2210 D use-Rlog/RLOG-RIL-IPC: xmm626_sec_modem_fmt_send: Sent FMT message
01-22 19:07:21.021 1955 2210 D use-Rlog/RLOG-RIL-IPC: xmm626_sec_modem_fmt_send: Message: mseq=0x35, command=IPC_SEC_RSIM_ACCESS, type=IPC_TYPE_GET, size=6
01-22 19:07:21.021 1955 2210 D use-Rlog/RLOG-RIL-IPC: ================================= IPC FMT data =================================
01-22 19:07:21.021 1955 2210 D use-Rlog/RLOG-RIL-IPC: [0000] B2 40 6F 01 04 1C .@o...
01-22 19:07:21.021 1955 2210 D use-Rlog/RLOG-RIL-IPC: ================================================================================
01-22 19:07:21.021 2862 2862 D SIMRecords: [SIMRecords] EVENT_GET_SMS_RECORD_SIZE_DONE Size 176 total 8820 record 50
01-22 19:07:21.052 1955 2206 D use-Rlog/RLOG-RIL-IPC:
01-22 19:07:21.052 1955 2206 D use-Rlog/RLOG-RIL-IPC: xmm626_sec_modem_fmt_recv: Received FMT message
01-22 19:07:21.052 1955 2206 D use-Rlog/RLOG-RIL-IPC: xmm626_sec_modem_fmt_recv: Message: aseq=0x35, command=IPC_SEC_RSIM_ACCESS, type=IPC_TYPE_RESP, size=31
01-22 19:07:21.052 1955 2206 D use-Rlog/RLOG-RIL-IPC: ================================= IPC FMT data =================================
01-22 19:07:21.052 1955 2206 D use-Rlog/RLOG-RIL-IPC: [0000] 90 00 1C FF FF FF FF FF FF FF FF FF FF FF FF FF ........ ........
01-22 19:07:21.052 1955 2206 D use-Rlog/RLOG-RIL-IPC: [0010] FF FF FF FF FF FF FF FF FF FF FF FF FF FF FF ........ .......
01-22 19:07:21.052 1955 2206 D use-Rlog/RLOG-RIL-IPC: ================================================================================
01-22 19:07:21.052 1955 2206 D use-Rlog/RLOG-RIL: 10 RIL requests in the queue (0 pending, 0 handled, 10 unhandled)
01-22 19:07:21.052 2862 2987 D RILJ : [3720]< SIM_IO IccIoResponse sw1:0x90 sw2:0x0 [SUB0]
01-22 19:07:21.052 1955 2210 D use-Rlog/RLOG-RIL-IPC:
01-22 19:07:21.052 1955 2210 D use-Rlog/RLOG-RIL-IPC: xmm626_sec_modem_fmt_send: Sent FMT message
01-22 19:07:21.052 1955 2210 D use-Rlog/RLOG-RIL-IPC: xmm626_sec_modem_fmt_send: Message: mseq=0x36, command=IPC_SEC_RSIM_ACCESS, type=IPC_TYPE_GET, size=6
01-22 19:07:21.052 1955 2210 D use-Rlog/RLOG-RIL-IPC: ================================= IPC FMT data =================================
01-22 19:07:21.052 1955 2210 D use-Rlog/RLOG-RIL-IPC: [0000] B2 C9 6F 01 04 04 ..o...
01-22 19:07:21.052 1955 2210 D use-Rlog/RLOG-RIL-IPC: ================================================================================
01-22 19:07:21.054 2862 2887 D SubscriptionController: [getActiveSubInfoList]+
01-22 19:07:21.061 2862 2887 D SubscriptionController: selection:sim_id>=0 null
01-22 19:07:21.085 1955 2206 D use-Rlog/RLOG-RIL-IPC:
01-22 19:07:21.085 1955 2206 D use-Rlog/RLOG-RIL-IPC: xmm626_sec_modem_fmt_recv: Received FMT message
01-22 19:07:21.085 1955 2206 D use-Rlog/RLOG-RIL-IPC: xmm626_sec_modem_fmt_recv: Message: aseq=0x36, command=IPC_SEC_RSIM_ACCESS, type=IPC_TYPE_RESP, size=7
01-22 19:07:21.085 1955 2206 D use-Rlog/RLOG-RIL-IPC: ================================= IPC FMT data =================================
01-22 19:07:21.085 1955 2206 D use-Rlog/RLOG-RIL-IPC: [0000] 90 00 04 00 00 00 00 .......
01-22 19:07:21.085 1955 2206 D use-Rlog/RLOG-RIL-IPC: ================================================================================
01-22 19:07:21.085 1955 2206 D use-Rlog/RLOG-RIL: 9 RIL requests in the queue (0 pending, 0 handled, 9 unhandled)
01-22 19:07:21.085 1955 2210 D use-Rlog/RLOG-RIL-IPC:
01-22 19:07:21.085 1955 2210 D use-Rlog/RLOG-RIL-IPC: xmm626_sec_modem_fmt_send: Sent FMT message
01-22 19:07:21.085 1955 2210 D use-Rlog/RLOG-RIL-IPC: xmm626_sec_modem_fmt_send: Message: mseq=0x37, command=IPC_SEC_RSIM_ACCESS, type=IPC_TYPE_GET, size=6
01-22 19:07:21.085 1955 2210 D use-Rlog/RLOG-RIL-IPC: ================================= IPC FMT data =================================
01-22 19:07:21.085 1955 2210 D use-Rlog/RLOG-RIL-IPC: [0000] B0 AD 6F 00 00 16 ..o...
01-22 19:07:21.085 1955 2210 D use-Rlog/RLOG-RIL-IPC: ================================================================================
01-22 19:07:21.113 1955 2206 D use-Rlog/RLOG-RIL-IPC:
01-22 19:07:21.113 1955 2206 D use-Rlog/RLOG-RIL-IPC: xmm626_sec_modem_fmt_recv: Received FMT message
01-22 19:07:21.113 1955 2206 D use-Rlog/RLOG-RIL-IPC: xmm626_sec_modem_fmt_recv: Message: aseq=0x37, command=IPC_SEC_RSIM_ACCESS, type=IPC_TYPE_RESP, size=3
01-22 19:07:21.113 1955 2206 D use-Rlog/RLOG-RIL-IPC: ================================= IPC FMT data =================================
01-22 19:07:21.113 1955 2206 D use-Rlog/RLOG-RIL-IPC: [0000] 67 00 00 g..
01-22 19:07:21.113 1955 2206 D use-Rlog/RLOG-RIL-IPC: ================================================================================
01-22 19:07:21.113 1955 2206 D use-Rlog/RLOG-RIL: 8 RIL requests in the queue (0 pending, 0 handled, 8 unhandled)
01-22 19:07:21.114 1955 2210 D use-Rlog/RLOG-RIL-IPC:
01-22 19:07:21.114 1955 2210 D use-Rlog/RLOG-RIL-IPC: xmm626_sec_modem_fmt_send: Sent FMT message
01-22 19:07:21.114 1955 2210 D use-Rlog/RLOG-RIL-IPC: xmm626_sec_modem_fmt_send: Message: mseq=0x38, command=IPC_SEC_RSIM_ACCESS, type=IPC_TYPE_GET, size=6
01-22 19:07:21.114 1955 2210 D use-Rlog/RLOG-RIL-IPC: ================================= IPC FMT data =================================
01-22 19:07:21.114 1955 2210 D use-Rlog/RLOG-RIL-IPC: [0000] B2 CA 6F 01 04 05 ..o...
01-22 19:07:21.114 1955 2210 D use-Rlog/RLOG-RIL-IPC: ================================================================================
01-22 19:07:21.119 2862 2987 D RILJ : [3721]< SIM_IO IccIoResponse sw1:0x90 sw2:0x0 [SUB0]
01-22 19:07:21.119 2862 2987 D RILJ : [3722]< SIM_IO IccIoResponse sw1:0x67 sw2:0x0 [SUB0]
01-22 19:07:21.120 2862 2862 D SIMRecords: [SIMRecords] MSISDN: xxxxxxx
01-22 19:07:21.120 2862 2862 D SIMRecords: [SIMRecords] onRecordLoaded 10 requested: true
01-22 19:07:21.120 2862 2862 D SIMRecords: [SIMRecords] EF_MBI: 00000000
01-22 19:07:21.120 2862 2862 D RILJ : [3731]> iccIO: SIM_IO 0xc0 0x6f17 path: 3F007F20,0,0,15 aid: null [SUB0]
01-22 19:07:21.145 1955 2206 D use-Rlog/RLOG-RIL-IPC:
01-22 19:07:21.145 1955 2206 D use-Rlog/RLOG-RIL-IPC: xmm626_sec_modem_fmt_recv: Received FMT message
01-22 19:07:21.145 1955 2206 D use-Rlog/RLOG-RIL-IPC: xmm626_sec_modem_fmt_recv: Message: aseq=0x38, command=IPC_SEC_RSIM_ACCESS, type=IPC_TYPE_RESP, size=8
01-22 19:07:21.145 1955 2206 D use-Rlog/RLOG-RIL-IPC: ================================= IPC FMT data =================================
01-22 19:07:21.145 1955 2206 D use-Rlog/RLOG-RIL-IPC: [0000] 90 00 05 00 00 00 00 00 ........
01-22 19:07:21.145 1955 2206 D use-Rlog/RLOG-RIL-IPC: ================================================================================
01-22 19:07:21.145 1955 2206 D use-Rlog/RLOG-RIL: 7 RIL requests in the queue (0 pending, 0 handled, 7 unhandled)
01-22 19:07:21.146 2862 2987 D RILJ : [3723]< SIM_IO IccIoResponse sw1:0x90 sw2:0x0 [SUB0]
01-22 19:07:21.146 1955 2210 D use-Rlog/RLOG-RIL-IPC:
01-22 19:07:21.146 1955 2210 D use-Rlog/RLOG-RIL-IPC: xmm626_sec_modem_fmt_send: Sent FMT message
01-22 19:07:21.146 1955 2210 D use-Rlog/RLOG-RIL-IPC: xmm626_sec_modem_fmt_send: Message: mseq=0x39, command=IPC_SEC_RSIM_ACCESS, type=IPC_TYPE_GET, size=6
01-22 19:07:21.146 1955 2210 D use-Rlog/RLOG-RIL-IPC: ================================= IPC FMT data =================================
01-22 19:07:21.146 1955 2210 D use-Rlog/RLOG-RIL-IPC: [0000] B2 CB 6F 01 04 10 ..o...
01-22 19:07:21.146 1955 2210 D use-Rlog/RLOG-RIL-IPC: ================================================================================
01-22 19:07:21.147 2862 2862 D SIMRecords: [SIMRecords] onRecordLoaded 10 requested: true
01-22 19:07:21.147 2862 2862 D SIMRecords: [SIMRecords] mccmncCode=208015
01-22 19:07:21.147 2862 2862 D SIMRecords: [SIMRecords] setting7 mMncLength=2
01-22 19:07:21.147 2862 2862 D SIMRecords: [SIMRecords] update mccmnc=20801
01-22 19:07:21.147 1955 1974 D use-Rlog/RLOG-RIL: 8 RIL requests in the queue (1 pending, 1 handled, 6 unhandled)
01-22 19:07:21.155 2862 2862 D SubscriptionController: [getPhoneId]- no sims, returning default phoneId=2147483647
01-22 19:07:21.170 2862 3010 D GsmCellBroadcastHandler: mWakeLock released
01-22 19:07:21.184 1955 2206 D use-Rlog/RLOG-RIL-IPC:
01-22 19:07:21.185 1955 2206 D use-Rlog/RLOG-RIL-IPC: xmm626_sec_modem_fmt_recv: Received FMT message
01-22 19:07:21.185 1955 2206 D use-Rlog/RLOG-RIL-IPC: xmm626_sec_modem_fmt_recv: Message: aseq=0x39, command=IPC_SEC_RSIM_ACCESS, type=IPC_TYPE_RESP, size=19
01-22 19:07:21.185 1955 2206 D use-Rlog/RLOG-RIL-IPC: ================================= IPC FMT data =================================
01-22 19:07:21.185 1955 2206 D use-Rlog/RLOG-RIL-IPC: [0000] 90 00 10 FF 00 FF FF FF FF FF FF FF FF FF FF FF ........ ........
01-22 19:07:21.185 1955 2206 D use-Rlog/RLOG-RIL-IPC: [0010] FF FF FF ...
01-22 19:07:21.185 1955 2206 D use-Rlog/RLOG-RIL-IPC: ================================================================================
01-22 19:07:21.185 1955 2206 D use-Rlog/RLOG-RIL: 7 RIL requests in the queue (0 pending, 0 handled, 7 unhandled)
01-22 19:07:21.185 2862 2987 D RILJ : [3724]< SIM_IO IccIoResponse sw1:0x90 sw2:0x0 [SUB0]
01-22 19:07:21.185 1955 2210 D use-Rlog/RLOG-RIL-IPC:
01-22 19:07:21.185 1955 2210 D use-Rlog/RLOG-RIL-IPC: xmm626_sec_modem_fmt_send: Sent FMT message
01-22 19:07:21.185 1955 2210 D use-Rlog/RLOG-RIL-IPC: xmm626_sec_modem_fmt_send: Message: mseq=0x3a, command=IPC_SEC_RSIM_ACCESS, type=IPC_TYPE_GET, size=6
01-22 19:07:21.185 1955 2210 D use-Rlog/RLOG-RIL-IPC: ================================= IPC FMT data =================================
01-22 19:07:21.185 1955 2210 D use-Rlog/RLOG-RIL-IPC: [0000] B0 46 6F 00 00 23 .Fo..#
01-22 19:07:21.185 1955 2210 D use-Rlog/RLOG-RIL-IPC: ================================================================================
01-22 19:07:21.213 1955 2206 D use-Rlog/RLOG-RIL-IPC:
01-22 19:07:21.213 1955 2206 D use-Rlog/RLOG-RIL-IPC: xmm626_sec_modem_fmt_recv: Received FMT message
01-22 19:07:21.213 1955 2206 D use-Rlog/RLOG-RIL-IPC: xmm626_sec_modem_fmt_recv: Message: aseq=0x3a, command=IPC_SEC_RSIM_ACCESS, type=IPC_TYPE_RESP, size=3
01-22 19:07:21.213 1955 2206 D use-Rlog/RLOG-RIL-IPC: ================================= IPC FMT data =================================
01-22 19:07:21.213 1955 2206 D use-Rlog/RLOG-RIL-IPC: [0000] 67 00 00 g..
01-22 19:07:21.213 1955 2206 D use-Rlog/RLOG-RIL-IPC: ================================================================================
01-22 19:07:21.213 1955 2206 D use-Rlog/RLOG-RIL: 6 RIL requests in the queue (0 pending, 0 handled, 6 unhandled)
01-22 19:07:21.214 2862 2987 D RILJ : [3725]< SIM_IO IccIoResponse sw1:0x67 sw2:0x0 [SUB0]
01-22 19:07:21.214 1955 2210 D use-Rlog/RLOG-RIL-IPC:
01-22 19:07:21.214 1955 2210 D use-Rlog/RLOG-RIL-IPC: xmm626_sec_modem_fmt_send: Sent FMT message
01-22 19:07:21.214 1955 2210 D use-Rlog/RLOG-RIL-IPC: xmm626_sec_modem_fmt_send: Message: mseq=0x3b, command=IPC_SEC_RSIM_ACCESS, type=IPC_TYPE_GET, size=6
01-22 19:07:21.214 1955 2210 D use-Rlog/RLOG-RIL-IPC: ================================= IPC FMT data =================================
01-22 19:07:21.214 1955 2210 D use-Rlog/RLOG-RIL-IPC: [0000] B0 CD 6F 00 00 31 ..o..1
01-22 19:07:21.214 1955 2210 D use-Rlog/RLOG-RIL-IPC: ================================================================================
01-22 19:07:21.244 1955 2206 D use-Rlog/RLOG-RIL-IPC:
01-22 19:07:21.245 1955 2206 D use-Rlog/RLOG-RIL-IPC: xmm626_sec_modem_fmt_recv: Received FMT message
01-22 19:07:21.245 1955 2206 D use-Rlog/RLOG-RIL-IPC: xmm626_sec_modem_fmt_recv: Message: aseq=0x3b, command=IPC_SEC_RSIM_ACCESS, type=IPC_TYPE_RESP, size=3
01-22 19:07:21.245 1955 2206 D use-Rlog/RLOG-RIL-IPC: ================================= IPC FMT data =================================
01-22 19:07:21.245 1955 2206 D use-Rlog/RLOG-RIL-IPC: [0000] 67 00 00 g..
01-22 19:07:21.245 1955 2206 D use-Rlog/RLOG-RIL-IPC: ================================================================================
01-22 19:07:21.245 1955 2206 D use-Rlog/RLOG-RIL: 5 RIL requests in the queue (0 pending, 0 handled, 5 unhandled)
01-22 19:07:21.255 2862 2987 D RILJ : [3726]< SIM_IO IccIoResponse sw1:0x67 sw2:0x0 [SUB0]
01-22 19:07:21.255 1955 2210 D use-Rlog/RLOG-RIL-IPC:
01-22 19:07:21.255 1955 2210 D use-Rlog/RLOG-RIL-IPC: xmm626_sec_modem_fmt_send: Sent FMT message
01-22 19:07:21.255 1955 2210 D use-Rlog/RLOG-RIL-IPC: xmm626_sec_modem_fmt_send: Message: mseq=0x3c, command=IPC_SEC_RSIM_ACCESS, type=IPC_TYPE_GET, size=6
01-22 19:07:21.255 1955 2210 D use-Rlog/RLOG-RIL-IPC: ================================= IPC FMT data =================================
01-22 19:07:21.255 1955 2210 D use-Rlog/RLOG-RIL-IPC: [0000] B2 C5 6F 01 04 28 ..o..(
01-22 19:07:21.255 1955 2210 D use-Rlog/RLOG-RIL-IPC: ================================================================================
01-22 19:07:21.270 2862 3025 D CellBroadcastHandler: mWakeLock released
01-22 19:07:21.276 2862 2862 D SIMRecords: [SIMRecords] onRecordLoaded 9 requested: true
01-22 19:07:21.279 2862 2862 D SIMRecords: [SIMRecords] EF_MWIS : 0000000000
01-22 19:07:21.279 2862 2862 D SIMRecords: [SIMRecords] onRecordLoaded 8 requested: true
01-22 19:07:21.279 2862 2862 D SIMRecords: [SIMRecords] EF_CFIS: ff00ffffffffffffffffffffffffffff
01-22 19:07:21.279 2862 2862 D SIMRecords: [SIMRecords] onRecordLoaded 7 requested: true
01-22 19:07:21.279 2862 2862 D RILJ : [3732]> iccIO: SIM_IO 0xc0 0x6f14 path: 3F007F20,0,0,0 aid: null [SUB0]
01-22 19:07:21.286 2862 2862 D SIMRecords: [SIMRecords] onRecordLoaded 7 requested: true
01-22 19:07:21.286 2862 2862 D SIMRecords: [SIMRecords] onRecordLoaded 6 requested: true
01-22 19:07:21.286 1955 1974 D use-Rlog/RLOG-RIL: 6 RIL requests in the queue (1 pending, 1 handled, 4 unhandled)
01-22 19:07:21.292 1955 2206 D use-Rlog/RLOG-RIL-IPC:
01-22 19:07:21.292 1955 2206 D use-Rlog/RLOG-RIL-IPC: xmm626_sec_modem_fmt_recv: Received FMT message
01-22 19:07:21.292 1955 2206 D use-Rlog/RLOG-RIL-IPC: xmm626_sec_modem_fmt_recv: Message: aseq=0x3c, command=IPC_SEC_RSIM_ACCESS, type=IPC_TYPE_RESP, size=43
01-22 19:07:21.292 1955 2206 D use-Rlog/RLOG-RIL-IPC: ================================= IPC FMT data =================================
01-22 19:07:21.292 1955 2206 D use-Rlog/RLOG-RIL-IPC: [0000] 90 00 28 FF FF FF FF FF FF FF FF FF FF FF FF FF ..(..... ........
01-22 19:07:21.293 1955 2206 D use-Rlog/RLOG-RIL-IPC: [0010] FF FF FF FF FF FF FF FF FF FF FF FF FF FF FF FF ........ ........
01-22 19:07:21.293 1955 2206 D use-Rlog/RLOG-RIL-IPC: [0020] FF FF FF FF FF FF FF FF FF FF FF ........ ...
01-22 19:07:21.293 1955 2206 D use-Rlog/RLOG-RIL-IPC: ================================================================================
01-22 19:07:21.293 1955 2206 D use-Rlog/RLOG-RIL: 5 RIL requests in the queue (1 pending, 0 handled, 4 unhandled)
01-22 19:07:21.293 1955 2210 D use-Rlog/RLOG-RIL-IPC:
01-22 19:07:21.293 1955 2210 D use-Rlog/RLOG-RIL-IPC: xmm626_sec_modem_fmt_send: Sent FMT message
01-22 19:07:21.293 1955 2210 D use-Rlog/RLOG-RIL-IPC: xmm626_sec_modem_fmt_send: Message: mseq=0x3d, command=IPC_SEC_RSIM_ACCESS, type=IPC_TYPE_GET, size=6
01-22 19:07:21.293 1955 2210 D use-Rlog/RLOG-RIL-IPC: ================================= IPC FMT data =================================
01-22 19:07:21.293 1955 2210 D use-Rlog/RLOG-RIL-IPC: [0000] B0 38 6F 00 00 1B .8o...
01-22 19:07:21.293 1955 2210 D use-Rlog/RLOG-RIL-IPC: ================================================================================
01-22 19:07:21.294 2862 2987 D RILJ : [3727]< SIM_IO IccIoResponse sw1:0x90 sw2:0x0 [SUB0]
01-22 19:07:21.295 2862 2862 D SIMRecords: [SIMRecords] onRecordLoaded 5 requested: true
01-22 19:07:21.295 2862 3171 D DCT : [0]fetchDunApn: net.tethering.noprovisioning=true ret: null
01-22 19:07:21.295 2862 3171 D DCT : [0]hasMatchedTetherApnSetting: APN=null
01-22 19:07:21.324 1955 2206 D use-Rlog/RLOG-RIL-IPC:
01-22 19:07:21.325 1955 2206 D use-Rlog/RLOG-RIL-IPC: xmm626_sec_modem_fmt_recv: Received FMT message
01-22 19:07:21.325 1955 2206 D use-Rlog/RLOG-RIL-IPC: xmm626_sec_modem_fmt_recv: Message: aseq=0x3d, command=IPC_SEC_RSIM_ACCESS, type=IPC_TYPE_RESP, size=3
01-22 19:07:21.325 1955 2206 D use-Rlog/RLOG-RIL-IPC: ================================= IPC FMT data =================================
01-22 19:07:21.325 1955 2206 D use-Rlog/RLOG-RIL-IPC: [0000] 67 00 00 g..
01-22 19:07:21.325 1955 2206 D use-Rlog/RLOG-RIL-IPC: ================================================================================
01-22 19:07:21.325 1955 2206 D use-Rlog/RLOG-RIL: 4 RIL requests in the queue (0 pending, 0 handled, 4 unhandled)
01-22 19:07:21.325 1955 2210 D use-Rlog/RLOG-RIL-IPC:
01-22 19:07:21.325 1955 2210 D use-Rlog/RLOG-RIL-IPC: xmm626_sec_modem_fmt_send: Sent FMT message
01-22 19:07:21.325 1955 2210 D use-Rlog/RLOG-RIL-IPC: xmm626_sec_modem_fmt_send: Message: mseq=0x3e, command=IPC_SEC_RSIM_ACCESS, type=IPC_TYPE_GET, size=6
01-22 19:07:21.325 1955 2210 D use-Rlog/RLOG-RIL-IPC: ================================= IPC FMT data =================================
01-22 19:07:21.325 1955 2210 D use-Rlog/RLOG-RIL-IPC: [0000] B0 3E 6F 00 00 16 .>o...
01-22 19:07:21.325 1955 2210 D use-Rlog/RLOG-RIL-IPC: ================================================================================
01-22 19:07:21.327 2862 2987 D RILJ : [3728]< SIM_IO IccIoResponse sw1:0x67 sw2:0x0 [SUB0]
01-22 19:07:21.328 2862 2862 D SIMRecords: [SIMRecords] onRecordLoaded 4 requested: true
01-22 19:07:21.330 2862 3038 D CdmaServiceCategoryProgramHandler: mWakeLock released
01-22 19:07:21.359 1955 2206 D use-Rlog/RLOG-RIL-IPC:
01-22 19:07:21.360 1955 2206 D use-Rlog/RLOG-RIL-IPC: xmm626_sec_modem_fmt_recv: Received FMT message
01-22 19:07:21.360 1955 2206 D use-Rlog/RLOG-RIL-IPC: xmm626_sec_modem_fmt_recv: Message: aseq=0x3e, command=IPC_SEC_RSIM_ACCESS, type=IPC_TYPE_RESP, size=3
01-22 19:07:21.360 1955 2206 D use-Rlog/RLOG-RIL-IPC: ================================= IPC FMT data =================================
01-22 19:07:21.360 1955 2206 D use-Rlog/RLOG-RIL-IPC: [0000] 67 00 00 g..
01-22 19:07:21.360 1955 2206 D use-Rlog/RLOG-RIL-IPC: ================================================================================
01-22 19:07:21.360 1955 2206 D use-Rlog/RLOG-RIL: 3 RIL requests in the queue (0 pending, 0 handled, 3 unhandled)
01-22 19:07:21.360 1955 2210 D use-Rlog/RLOG-RIL-IPC:
01-22 19:07:21.360 1955 2210 D use-Rlog/RLOG-RIL-IPC: xmm626_sec_modem_fmt_send: Sent FMT message
01-22 19:07:21.360 1955 2210 D use-Rlog/RLOG-RIL-IPC: xmm626_sec_modem_fmt_send: Message: mseq=0x3f, command=IPC_SEC_RSIM_ACCESS, type=IPC_TYPE_GET, size=6
01-22 19:07:21.360 1955 2210 D use-Rlog/RLOG-RIL-IPC: ================================= IPC FMT data =================================
01-22 19:07:21.360 1955 2210 D use-Rlog/RLOG-RIL-IPC: [0000] B0 3F 6F 00 00 16 .?o...
01-22 19:07:21.360 1955 2210 D use-Rlog/RLOG-RIL-IPC: ================================================================================
01-22 19:07:21.360 2862 2987 D RILJ : [3729]< SIM_IO IccIoResponse sw1:0x67 sw2:0x0 [SUB0]
01-22 19:07:21.361 2862 2862 E SIMRecords: [SIMRecords] Exception in get GID1 com.android.internal.telephony.uicc.IccException: sw1:103 sw2:0
01-22 19:07:21.361 2862 2862 D SIMRecords: [SIMRecords] onRecordLoaded 3 requested: true
01-22 19:07:21.389 2862 2887 D SubscriptionController: [getActiveSubInfoList]- no info return
01-22 19:07:21.389 1955 2206 D use-Rlog/RLOG-RIL-IPC:
01-22 19:07:21.389 1955 2206 D use-Rlog/RLOG-RIL-IPC: xmm626_sec_modem_fmt_recv: Received FMT message
01-22 19:07:21.389 1955 2206 D use-Rlog/RLOG-RIL-IPC: xmm626_sec_modem_fmt_recv: Message: aseq=0x3f, command=IPC_SEC_RSIM_ACCESS, type=IPC_TYPE_RESP, size=3
01-22 19:07:21.389 1955 2206 D use-Rlog/RLOG-RIL-IPC: ================================= IPC FMT data =================================
01-22 19:07:21.389 1955 2206 D use-Rlog/RLOG-RIL-IPC: [0000] 67 00 00 g..
01-22 19:07:21.389 1955 2206 D use-Rlog/RLOG-RIL-IPC: ================================================================================
01-22 19:07:21.389 1955 2206 D use-Rlog/RLOG-RIL: 2 RIL requests in the queue (0 pending, 0 handled, 2 unhandled)
01-22 19:07:21.389 1955 2210 D use-Rlog/RLOG-RIL-IPC:
01-22 19:07:21.389 1955 2210 D use-Rlog/RLOG-RIL-IPC: xmm626_sec_modem_fmt_send: Sent FMT message
01-22 19:07:21.389 1955 2210 D use-Rlog/RLOG-RIL-IPC: xmm626_sec_modem_fmt_send: Message: mseq=0x40, command=IPC_SEC_RSIM_ACCESS, type=IPC_TYPE_GET, size=6
01-22 19:07:21.389 1955 2210 D use-Rlog/RLOG-RIL-IPC: ================================= IPC FMT data =================================
01-22 19:07:21.389 2862 2987 D RILJ : [3730]< SIM_IO IccIoResponse sw1:0x67 sw2:0x0 [SUB0]
01-22 19:07:21.389 1955 2210 D use-Rlog/RLOG-RIL-IPC: [0000] C0 17 6F 00 00 0F ..o...
