01-22 19:07:30.659 1955 2206 D use-Rlog/RLOG-RIL: 4 RIL requests in the queue (0 pending, 2 handled, 2 unhandled)
01-22 19:07:30.659 1955 2210 D use-Rlog/RLOG-RIL-IPC:
01-22 19:07:30.659 1955 2210 D use-Rlog/RLOG-RIL-IPC: xmm626_sec_modem_fmt_send: Sent FMT message
01-22 19:07:30.659 1955 2210 D use-Rlog/RLOG-RIL-IPC: xmm626_sec_modem_fmt_send: Message: mseq=0x66, command=IPC_NET_REGIST, type=IPC_TYPE_GET, size=2
01-22 19:07:30.660 1955 2210 D use-Rlog/RLOG-RIL-IPC: ================================= IPC FMT data =================================
01-22 19:07:30.660 1955 2210 D use-Rlog/RLOG-RIL-IPC: [0000] FF 03 ..
01-22 19:07:30.660 2862 2987 D RILJ : [3775]< DATA_REGISTRATION_STATE {1, 3806, 4b038a, 9, 3} [SUB0]
01-22 19:07:30.660 1955 2210 D use-Rlog/RLOG-RIL-IPC: ================================================================================
01-22 19:07:30.660 1955 2210 D use-Rlog/RLOG-RIL-IPC:
01-22 19:07:30.660 1955 2210 D use-Rlog/RLOG-RIL-IPC: xmm626_sec_modem_fmt_send: Sent FMT message
01-22 19:07:30.660 1955 2210 D use-Rlog/RLOG-RIL-IPC: xmm626_sec_modem_fmt_send: Message: mseq=0x67, command=IPC_NET_REGIST, type=IPC_TYPE_GET, size=2
01-22 19:07:30.660 1955 2210 D use-Rlog/RLOG-RIL-IPC: ================================= IPC FMT data =================================
01-22 19:07:30.660 2862 2987 D RILJ : [3776]< VOICE_REGISTRATION_STATE {1, 3806, 4b038a, 9, null, null, null, null, null, null, null, null, null, null, null} [SUB0]
01-22 19:07:30.661 1955 2210 D use-Rlog/RLOG-RIL-IPC: [0000] FF 02 ..
01-22 19:07:30.661 1955 2210 D use-Rlog/RLOG-RIL-IPC: ================================================================================
01-22 19:07:30.661 1955 2206 D use-Rlog/RLOG-RIL-IPC:
01-22 19:07:30.661 1955 2206 D use-Rlog/RLOG-RIL-IPC: xmm626_sec_modem_fmt_recv: Received FMT message
01-22 19:07:30.661 1955 2206 D use-Rlog/RLOG-RIL-IPC: xmm626_sec_modem_fmt_recv: Message: aseq=0x64, command=IPC_NET_PLMN_SEL, type=IPC_TYPE_RESP, size=1
01-22 19:07:30.661 1955 2206 D use-Rlog/RLOG-RIL-IPC: ================================= IPC FMT data =================================
01-22 19:07:30.662 1955 2206 D use-Rlog/RLOG-RIL-IPC: [0000] 02 .
01-22 19:07:30.663 1955 2206 D use-Rlog/RLOG-RIL-IPC: ================================================================================
01-22 19:07:30.663 1955 2206 D use-Rlog/RLOG-RIL: 3 RIL requests in the queue (0 pending, 3 handled, 0 unhandled)
01-22 19:07:30.663 2862 2987 D RILJ : [3781]< QUERY_NETWORK_SELECTION_MODE {0} [SUB0]
01-22 19:07:30.663 1955 2206 D use-Rlog/RLOG-RIL-IPC:
01-22 19:07:30.663 1955 2206 D use-Rlog/RLOG-RIL-IPC: xmm626_sec_modem_fmt_recv: Received FMT message
01-22 19:07:30.663 1955 2206 D use-Rlog/RLOG-RIL-IPC: xmm626_sec_modem_fmt_recv: Message: aseq=0x65, command=IPC_NET_SERVING_NETWORK, type=IPC_TYPE_RESP, size=11
01-22 19:07:30.663 1955 2206 D use-Rlog/RLOG-RIL-IPC: ================================= IPC FMT data =================================
01-22 19:07:30.664 1955 2206 D use-Rlog/RLOG-RIL-IPC: [0000] 02 02 04 32 30 38 30 31 23 06 38 ...20801 #.8
01-22 19:07:30.664 1955 2206 D use-Rlog/RLOG-RIL-IPC: ================================================================================
01-22 19:07:30.664 1955 2206 D use-Rlog/RLOG-RIL: 2 RIL requests in the queue (0 pending, 2 handled, 0 unhandled)
01-22 19:07:30.664 2862 2987 D RILJ : [3778]< OPERATOR {Orange, Orange, 20801} [SUB0]
01-22 19:07:30.664 1955 2206 D use-Rlog/RLOG-RIL-IPC:
01-22 19:07:30.664 1955 2206 D use-Rlog/RLOG-RIL-IPC: xmm626_sec_modem_fmt_recv: Received FMT message
01-22 19:07:30.664 1955 2206 D use-Rlog/RLOG-RIL-IPC: xmm626_sec_modem_fmt_recv: Message: aseq=0x66, command=IPC_NET_REGIST, type=IPC_TYPE_RESP, size=11
01-22 19:07:30.664 1955 2206 D use-Rlog/RLOG-RIL-IPC: ================================= IPC FMT data =================================
01-22 19:07:30.664 1955 2206 D use-Rlog/RLOG-RIL-IPC: [0000] 04 03 02 01 06 38 8A 03 4B 00 00 .....8.. K..
01-22 19:07:30.664 1955 2206 D use-Rlog/RLOG-RIL-IPC: ================================================================================
01-22 19:07:30.664 1955 2206 D use-Rlog/RLOG-RIL: 1 RIL request in the queue (0 pending, 1 handled, 0 unhandled)
01-22 19:07:30.665 2862 2987 D RILJ : [3779]< DATA_REGISTRATION_STATE {1, 3806, 4b038a, 9, 3} [SUB0]
01-22 19:07:30.665 2862 2862 D PHONE : [ServiceState] setDataRegState=0
01-22 19:07:30.665 2862 2862 D PHONE : [ServiceState] setDataRadioTechnology=9
01-22 19:07:30.665 2862 2862 D GsmSST : [GsmSST] handlPollStateResultMessage: GsmSST setDataRegState=0 regState=1 dataRadioTechnology=9
01-22 19:07:30.665 1955 2206 D use-Rlog/RLOG-RIL-IPC:
01-22 19:07:30.665 1955 2206 D use-Rlog/RLOG-RIL-IPC: xmm626_sec_modem_fmt_recv: Received FMT message
01-22 19:07:30.665 1955 2206 D use-Rlog/RLOG-RIL-IPC: xmm626_sec_modem_fmt_recv: Message: aseq=0x67, command=IPC_NET_REGIST, type=IPC_TYPE_RESP, size=11
01-22 19:07:30.665 1955 2206 D use-Rlog/RLOG-RIL-IPC: ================================= IPC FMT data =================================
01-22 19:07:30.665 1955 2206 D use-Rlog/RLOG-RIL-IPC: [0000] 04 02 02 01 06 38 8A 03 4B 00 00 .....8.. K..
01-22 19:07:30.665 1955 2206 D use-Rlog/RLOG-RIL-IPC: ================================================================================
01-22 19:07:30.665 1955 2206 D use-Rlog/RLOG-RIL: 0 RIL request in the queue (0 pending, 0 handled, 0 unhandled)
01-22 19:07:30.665 2862 2987 D RILJ : [3780]< VOICE_REGISTRATION_STATE {1, 3806, 4b038a, 9, null, null, null, null, null, null, null, null, null, null, null} [SUB0]
01-22 19:07:30.665 2862 2862 D PHONE : [ServiceState] setVoiceRegState=0
01-22 19:07:30.666 2862 2862 E PHONE : [ServiceState] setState deprecated use setVoiceRegState()
01-22 19:07:30.667 2862 2862 D SubscriptionController: [getSubId]- sSlotIdxToSubId.size == 0, return DummySubIds slotIdx=0
01-22 19:07:30.667 2862 2862 D GsmSST : [GsmSST] Poll ServiceState done: oldSS=[0 0 voice home data home Orange Orange 20801 Orange Orange 20801 HSDPA HSDPA CSS not supported -1 -1 RoamInd=-1 DefRoamInd=-1 EmergOnly=false IsDataRoamingFromRegistration=false] newSS=[0 0 voice home data home Orange Orange 20801 Orange Orange 20801 HSDPA HSDPA CSS not supported -1 -1 RoamInd=-1 DefRoamInd=-1 EmergOnly=false IsDataRoamingFromRegistration=false] oldMaxDataCalls=1 mNewMaxDataCalls=1 oldReasonDataDenied=-1 mNewReasonDataDenied=-1
01-22 19:07:30.667 2862 2862 D PHONE : [ServiceState] setNullState=1
01-22 19:07:30.667 2862 2862 D SubscriptionController: [getSubId]- sSlotIdxToSubId.size == 0, return DummySubIds slotIdx=0
01-22 19:07:30.667 2862 2862 D GsmSST : [GsmSST] getCellLocation(): X good mCellLoc=[14342,4916106,-1]
01-22 19:07:30.668 2310 2461 D TelephonyRegistry: notifyCellLocationForSubscriber: subId=-2 cellLocation=Bundle[mParcelledData.dataSize=64]
01-22 19:07:31.542 2862 2862 D DCT : [0]onReceive: action=android.intent.action.SCREEN_ON
01-22 19:07:31.542 2862 2862 D DCT : [0]stopNetStatPoll
01-22 19:07:31.542 2862 2862 D SubscriptionController: [getSubId]- sSlotIdxToSubId.size == 0, return DummySubIds slotIdx=0
01-22 19:07:31.543 2862 2862 D DCT : [0]overall state is IDLE
01-22 19:07:31.543 2862 2862 D SubscriptionController: [getSubId]- sSlotIdxToSubId.size == 0, return DummySubIds slotIdx=0
01-22 19:07:31.552 2862 2862 D DCT : [0]onReceive: action=android.intent.action.SCREEN_OFF
01-22 19:07:31.552 2862 2862 D DCT : [0]stopNetStatPoll
01-22 19:07:31.552 2862 2862 D SubscriptionController: [getSubId]- sSlotIdxToSubId.size == 0, return DummySubIds slotIdx=0
01-22 19:07:31.552 2862 2862 D DCT : [0]overall state is IDLE
01-22 19:07:31.552 2862 2862 D SubscriptionController: [getSubId]- sSlotIdxToSubId.size == 0, return DummySubIds slotIdx=0
01-22 19:07:33.244 1955 2206 D use-Rlog/RLOG-RIL-IPC:
01-22 19:07:33.244 1955 2206 D use-Rlog/RLOG-RIL-IPC: xmm626_sec_modem_fmt_recv: Received FMT message
01-22 19:07:33.244 1955 2206 D use-Rlog/RLOG-RIL-IPC: xmm626_sec_modem_fmt_recv: Message: aseq=0x67, command=IPC_DISP_RSSI_INFO, type=IPC_TYPE_NOTI, size=1
01-22 19:07:33.244 1955 2206 D use-Rlog/RLOG-RIL-IPC: ================================= IPC FMT data =================================
01-22 19:07:33.244 1955 2206 D use-Rlog/RLOG-RIL-IPC: [0000] 49 I
01-22 19:07:33.244 1955 2206 D use-Rlog/RLOG-RIL-IPC: ================================================================================
01-22 19:07:33.245 1955 2206 D use-Rlog/RLOG-RIL: Signal strength is 20
01-22 19:07:33.246 2862 2862 D SubscriptionController: [getSubId]- sSlotIdxToSubId.size == 0, return DummySubIds slotIdx=0
01-22 19:07:33.246 2862 2862 D DefaultPhoneNotifier: notifySignalStrength: mRegistry=com.android.internal.telephony.ITelephonyRegistry$Stub$Proxy@e36374d ss=SignalStrength: 20 99 -120 -160 -120 -1 -1 99 2147483647 2147483647 2147483647 -1 2147483647 gsm|lte sender=Handler (com.android.internal.telephony.gsm.GSMPhone) {1b64a95}
01-22 19:07:33.248 2310 2322 D TelephonyRegistry: notifySignalStrengthForSubscriber: invalid phoneId=-1
01-22 19:07:35.844 1955 2206 D use-Rlog/RLOG-RIL-IPC:
01-22 19:07:35.844 1955 2206 D use-Rlog/RLOG-RIL-IPC: xmm626_sec_modem_fmt_recv: Received FMT message
01-22 19:07:35.844 1955 2206 D use-Rlog/RLOG-RIL-IPC: xmm626_sec_modem_fmt_recv: Message: aseq=0x67, command=IPC_DISP_RSSI_INFO, type=IPC_TYPE_NOTI, size=1
01-22 19:07:35.844 1955 2206 D use-Rlog/RLOG-RIL-IPC: ================================= IPC FMT data =================================
01-22 19:07:35.844 1955 2206 D use-Rlog/RLOG-RIL-IPC: [0000] 4F O
01-22 19:07:35.844 1955 2206 D use-Rlog/RLOG-RIL-IPC: ================================================================================
01-22 19:07:35.845 1955 2206 D use-Rlog/RLOG-RIL: Signal strength is 17
01-22 19:07:35.846 2862 2862 D SubscriptionController: [getSubId]- sSlotIdxToSubId.size == 0, return DummySubIds slotIdx=0
01-22 19:07:35.847 2862 2862 D DefaultPhoneNotifier: notifySignalStrength: mRegistry=com.android.internal.telephony.ITelephonyRegistry$Stub$Proxy@e36374d ss=SignalStrength: 17 99 -120 -160 -120 -1 -1 99 2147483647 2147483647 2147483647 -1 2147483647 gsm|lte sender=Handler (com.android.internal.telephony.gsm.GSMPhone) {1b64a95}
01-22 19:07:35.848 2310 3099 D TelephonyRegistry: notifySignalStrengthForSubscriber: invalid phoneId=-1
01-22 19:07:40.964 1955 2206 D use-Rlog/RLOG-RIL-IPC:
01-22 19:07:40.964 1955 2206 D use-Rlog/RLOG-RIL-IPC: xmm626_sec_modem_fmt_recv: Received FMT message
01-22 19:07:40.964 1955 2206 D use-Rlog/RLOG-RIL-IPC: xmm626_sec_modem_fmt_recv: Message: aseq=0x67, command=IPC_DISP_RSSI_INFO, type=IPC_TYPE_NOTI, size=1
01-22 19:07:40.964 1955 2206 D use-Rlog/RLOG-RIL-IPC: ================================= IPC FMT data =================================
01-22 19:07:40.964 1955 2206 D use-Rlog/RLOG-RIL-IPC: [0000] 56 V
01-22 19:07:40.964 1955 2206 D use-Rlog/RLOG-RIL-IPC: ================================================================================
01-22 19:07:40.964 1955 2206 D use-Rlog/RLOG-RIL: Signal strength is 13
01-22 19:07:40.966 2862 2862 D SubscriptionController: [getSubId]- sSlotIdxToSubId.size == 0, return DummySubIds slotIdx=0
01-22 19:07:40.966 2862 2862 D DefaultPhoneNotifier: notifySignalStrength: mRegistry=com.android.internal.telephony.ITelephonyRegistry$Stub$Proxy@e36374d ss=SignalStrength: 13 99 -120 -160 -120 -1 -1 99 2147483647 2147483647 2147483647 -1 2147483647 gsm|lte sender=Handler (com.android.internal.telephony.gsm.GSMPhone) {1b64a95}
01-22 19:07:40.967 2310 2321 D TelephonyRegistry: notifySignalStrengthForSubscriber: invalid phoneId=-1
01-22 19:07:43.489 1955 2206 D use-Rlog/RLOG-RIL-IPC:
01-22 19:07:43.489 1955 2206 D use-Rlog/RLOG-RIL-IPC: xmm626_sec_modem_fmt_recv: Received FMT message
01-22 19:07:43.489 1955 2206 D use-Rlog/RLOG-RIL-IPC: xmm626_sec_modem_fmt_recv: Message: aseq=0x67, command=IPC_DISP_ICON_INFO, type=IPC_TYPE_NOTI, size=4
01-22 19:07:43.489 1955 2206 D use-Rlog/RLOG-RIL-IPC: ================================= IPC FMT data =================================
01-22 19:07:43.489 1955 2206 D use-Rlog/RLOG-RIL-IPC: [0000] FF 03 00 05 ....
01-22 19:07:43.489 1955 2206 D use-Rlog/RLOG-RIL-IPC: ================================================================================
01-22 19:07:43.489 1955 2206 D use-Rlog/RLOG-RIL: Signal strength is 8
01-22 19:07:43.490 1955 2206 D use-Rlog/RLOG-RIL-IPC:
01-22 19:07:43.490 1955 2206 D use-Rlog/RLOG-RIL-IPC: xmm626_sec_modem_fmt_recv: Received FMT message
01-22 19:07:43.490 1955 2206 D use-Rlog/RLOG-RIL-IPC: xmm626_sec_modem_fmt_recv: Message: aseq=0x67, command=IPC_DISP_RSSI_INFO, type=IPC_TYPE_NOTI, size=1
01-22 19:07:43.490 1955 2206 D use-Rlog/RLOG-RIL-IPC: ================================= IPC FMT data =================================
01-22 19:07:43.490 1955 2206 D use-Rlog/RLOG-RIL-IPC: [0000] 5D ]
01-22 19:07:43.491 1955 2206 D use-Rlog/RLOG-RIL-IPC: ================================================================================
01-22 19:07:43.491 2862 2862 D SubscriptionController: [getSubId]- sSlotIdxToSubId.size == 0, return DummySubIds slotIdx=0
01-22 19:07:43.491 1955 2206 D use-Rlog/RLOG-RIL: Signal strength is 10
01-22 19:07:43.491 2862 2862 D DefaultPhoneNotifier: notifySignalStrength: mRegistry=com.android.internal.telephony.ITelephonyRegistry$Stub$Proxy@e36374d ss=SignalStrength: 8 99 -120 -160 -120 -1 -1 99 2147483647 2147483647 2147483647 -1 2147483647 gsm|lte sender=Handler (com.android.internal.telephony.gsm.GSMPhone) {1b64a95}
01-22 19:07:43.492 2310 3146 D TelephonyRegistry: notifySignalStrengthForSubscriber: invalid phoneId=-1
01-22 19:07:43.494 2862 2862 D SubscriptionController: [getSubId]- sSlotIdxToSubId.size == 0, return DummySubIds slotIdx=0
01-22 19:07:43.495 2862 2862 D DefaultPhoneNotifier: notifySignalStrength: mRegistry=com.android.internal.telephony.ITelephonyRegistry$Stub$Proxy@e36374d ss=SignalStrength: 10 99 -120 -160 -120 -1 -1 99 2147483647 2147483647 2147483647 -1 2147483647 gsm|lte sender=Handler (com.android.internal.telephony.gsm.GSMPhone) {1b64a95}
01-22 19:07:43.496 2310 2916 D TelephonyRegistry: notifySignalStrengthForSubscriber: invalid phoneId=-1
01-22 19:07:46.109 1955 2206 D use-Rlog/RLOG-RIL-IPC:
01-22 19:07:46.109 1955 2206 D use-Rlog/RLOG-RIL-IPC: xmm626_sec_modem_fmt_recv: Received FMT message
01-22 19:07:46.109 1955 2206 D use-Rlog/RLOG-RIL-IPC: xmm626_sec_modem_fmt_recv: Message: aseq=0x67, command=IPC_DISP_ICON_INFO, type=IPC_TYPE_NOTI, size=4
01-22 19:07:46.109 1955 2206 D use-Rlog/RLOG-RIL-IPC: ================================= IPC FMT data =================================
01-22 19:07:46.109 1955 2206 D use-Rlog/RLOG-RIL-IPC: [0000] FF 02 00 05 ....
01-22 19:07:46.109 1955 2206 D use-Rlog/RLOG-RIL-IPC: ================================================================================
01-22 19:07:46.109 1955 2206 D use-Rlog/RLOG-RIL: Signal strength is 5
01-22 19:07:46.110 1955 2206 D use-Rlog/RLOG-RIL-IPC:
01-22 19:07:46.110 1955 2206 D use-Rlog/RLOG-RIL-IPC: xmm626_sec_modem_fmt_recv: Received FMT message
01-22 19:07:46.110 1955 2206 D use-Rlog/RLOG-RIL-IPC: xmm626_sec_modem_fmt_recv: Message: aseq=0x67, command=IPC_DISP_RSSI_INFO, type=IPC_TYPE_NOTI, size=1
01-22 19:07:46.110 1955 2206 D use-Rlog/RLOG-RIL-IPC: ================================= IPC FMT data =================================
01-22 19:07:46.110 1955 2206 D use-Rlog/RLOG-RIL-IPC: [0000] 64 d
01-22 19:07:46.110 1955 2206 D use-Rlog/RLOG-RIL-IPC: ================================================================================
01-22 19:07:46.111 1955 2206 D use-Rlog/RLOG-RIL: Signal strength is 6
01-22 19:07:46.111 2862 2862 D SubscriptionController: [getSubId]- sSlotIdxToSubId.size == 0, return DummySubIds slotIdx=0
01-22 19:07:46.111 2862 2862 D DefaultPhoneNotifier: notifySignalStrength: mRegistry=com.android.internal.telephony.ITelephonyRegistry$Stub$Proxy@e36374d ss=SignalStrength: 5 99 -120 -160 -120 -1 -1 99 2147483647 2147483647 2147483647 -1 2147483647 gsm|lte sender=Handler (com.android.internal.telephony.gsm.GSMPhone) {1b64a95}
01-22 19:07:46.112 2310 2923 D TelephonyRegistry: notifySignalStrengthForSubscriber: invalid phoneId=-1
01-22 19:07:46.114 2862 2862 D SubscriptionController: [getSubId]- sSlotIdxToSubId.size == 0, return DummySubIds slotIdx=0
01-22 19:07:46.115 2862 2862 D DefaultPhoneNotifier: notifySignalStrength: mRegistry=com.android.internal.telephony.ITelephonyRegistry$Stub$Proxy@e36374d ss=SignalStrength: 6 99 -120 -160 -120 -1 -1 99 2147483647 2147483647 2147483647 -1 2147483647 gsm|lte sender=Handler (com.android.internal.telephony.gsm.GSMPhone) {1b64a95}
01-22 19:07:46.116 2310 2461 D TelephonyRegistry: notifySignalStrengthForSubscriber: invalid phoneId=-1
01-22 19:07:48.609 1955 2206 D use-Rlog/RLOG-RIL-IPC:
01-22 19:07:48.609 1955 2206 D use-Rlog/RLOG-RIL-IPC: xmm626_sec_modem_fmt_recv: Received FMT message
01-22 19:07:48.609 1955 2206 D use-Rlog/RLOG-RIL-IPC: xmm626_sec_modem_fmt_recv: Message: aseq=0x67, command=IPC_DISP_ICON_INFO, type=IPC_TYPE_NOTI, size=4
01-22 19:07:48.609 1955 2206 D use-Rlog/RLOG-RIL-IPC: ================================= IPC FMT data =================================
01-22 19:07:48.609 1955 2206 D use-Rlog/RLOG-RIL-IPC: [0000] FF 01 00 05 ....
01-22 19:07:48.609 1955 2206 D use-Rlog/RLOG-RIL-IPC: ================================================================================
01-22 19:07:48.609 1955 2206 D use-Rlog/RLOG-RIL: Signal strength is 3
01-22 19:07:48.610 1955 2206 D use-Rlog/RLOG-RIL-IPC:
01-22 19:07:48.610 1955 2206 D use-Rlog/RLOG-RIL-IPC: xmm626_sec_modem_fmt_recv: Received FMT message
01-22 19:07:48.610 1955 2206 D use-Rlog/RLOG-RIL-IPC: xmm626_sec_modem_fmt_recv: Message: aseq=0x67, command=IPC_DISP_RSSI_INFO, type=IPC_TYPE_NOTI, size=1
01-22 19:07:48.610 1955 2206 D use-Rlog/RLOG-RIL-IPC: ================================= IPC FMT data =================================
01-22 19:07:48.610 1955 2206 D use-Rlog/RLOG-RIL-IPC: [0000] 6A j
01-22 19:07:48.610 1955 2206 D use-Rlog/RLOG-RIL-IPC: ================================================================================
01-22 19:07:48.611 1955 2206 D use-Rlog/RLOG-RIL: Signal strength is 3
01-22 19:07:48.611 2862 2862 D SubscriptionController: [getSubId]- sSlotIdxToSubId.size == 0, return DummySubIds slotIdx=0
01-22 19:07:48.611 2862 2862 D DefaultPhoneNotifier: notifySignalStrength: mRegistry=com.android.internal.telephony.ITelephonyRegistry$Stub$Proxy@e36374d ss=SignalStrength: 3 99 -120 -160 -120 -1 -1 99 2147483647 2147483647 2147483647 -1 2147483647 gsm|lte sender=Handler (com.android.internal.telephony.gsm.GSMPhone) {1b64a95}
01-22 19:07:48.612 2310 2765 D TelephonyRegistry: notifySignalStrengthForSubscriber: invalid phoneId=-1
01-22 19:07:48.614 2862 2862 D SubscriptionController: [getSubId]- sSlotIdxToSubId.size == 0, return DummySubIds slotIdx=0
01-22 19:07:48.615 2862 2862 D DefaultPhoneNotifier: notifySignalStrength: mRegistry=com.android.internal.telephony.ITelephonyRegistry$Stub$Proxy@e36374d ss=SignalStrength: 3 99 -120 -160 -120 -1 -1 99 2147483647 2147483647 2147483647 -1 2147483647 gsm|lte sender=Handler (com.android.internal.telephony.gsm.GSMPhone) {1b64a95}
01-22 19:07:48.615 2310 3317 D TelephonyRegistry: notifySignalStrengthForSubscriber: invalid phoneId=-1
01-22 19:08:32.164 1955 2206 D use-Rlog/RLOG-RIL-IPC:
01-22 19:08:32.164 1955 2206 D use-Rlog/RLOG-RIL-IPC: xmm626_sec_modem_fmt_recv: Received FMT message
01-22 19:08:32.165 1955 2206 D use-Rlog/RLOG-RIL-IPC: xmm626_sec_modem_fmt_recv: Message: aseq=0x67, command=IPC_DISP_ICON_INFO, type=IPC_TYPE_NOTI, size=4
01-22 19:08:32.165 1955 2206 D use-Rlog/RLOG-RIL-IPC: ================================= IPC FMT data =================================
01-22 19:08:32.165 1955 2206 D use-Rlog/RLOG-RIL-IPC: [0000] FF 02 00 05 ....
01-22 19:08:32.165 1955 2206 D use-Rlog/RLOG-RIL-IPC: ================================================================================
01-22 19:08:32.165 1955 2206 D use-Rlog/RLOG-RIL: Signal strength is 5
01-22 19:08:32.166 1955 2206 D use-Rlog/RLOG-RIL-IPC:
01-22 19:08:32.166 1955 2206 D use-Rlog/RLOG-RIL-IPC: xmm626_sec_modem_fmt_recv: Received FMT message
01-22 19:08:32.166 1955 2206 D use-Rlog/RLOG-RIL-IPC: xmm626_sec_modem_fmt_recv: Message: aseq=0x67, command=IPC_DISP_RSSI_INFO, type=IPC_TYPE_NOTI, size=1
01-22 19:08:32.166 1955 2206 D use-Rlog/RLOG-RIL-IPC: ================================= IPC FMT data =================================
01-22 19:08:32.166 1955 2206 D use-Rlog/RLOG-RIL-IPC: [0000] 68 h
01-22 19:08:32.166 1955 2206 D use-Rlog/RLOG-RIL-IPC: ================================================================================
01-22 19:08:32.166 1955 2206 D use-Rlog/RLOG-RIL: Signal strength is 4
01-22 19:08:32.168 2862 2862 D SubscriptionController: [getSubId]- sSlotIdxToSubId.size == 0, return DummySubIds slotIdx=0
01-22 19:08:32.169 2862 2862 D DefaultPhoneNotifier: notifySignalStrength: mRegistry=com.android.internal.telephony.ITelephonyRegistry$Stub$Proxy@e36374d ss=SignalStrength: 5 99 -120 -160 -120 -1 -1 99 2147483647 2147483647 2147483647 -1 2147483647 gsm|lte sender=Handler (com.android.internal.telephony.gsm.GSMPhone) {1b64a95}
01-22 19:08:32.170 2310 2461 D TelephonyRegistry: notifySignalStrengthForSubscriber: invalid phoneId=-1
01-22 19:08:32.172 2862 2862 D SubscriptionController: [getSubId]- sSlotIdxToSubId.size == 0, return DummySubIds slotIdx=0
01-22 19:08:32.173 2862 2862 D DefaultPhoneNotifier: notifySignalStrength: mRegistry=com.android.internal.telephony.ITelephonyRegistry$Stub$Proxy@e36374d ss=SignalStrength: 4 99 -120 -160 -120 -1 -1 99 2147483647 2147483647 2147483647 -1 2147483647 gsm|lte sender=Handler (com.android.internal.telephony.gsm.GSMPhone) {1b64a95}
01-22 19:08:32.174 2310 3317 D TelephonyRegistry: notifySignalStrengthForSubscriber: invalid phoneId=-1
01-22 19:08:34.679 1955 2206 D use-Rlog/RLOG-RIL-IPC:
01-22 19:08:34.679 1955 2206 D use-Rlog/RLOG-RIL-IPC: xmm626_sec_modem_fmt_recv: Received FMT message
01-22 19:08:34.679 1955 2206 D use-Rlog/RLOG-RIL-IPC: xmm626_sec_modem_fmt_recv: Message: aseq=0x67, command=IPC_DISP_ICON_INFO, type=IPC_TYPE_NOTI, size=4
01-22 19:08:34.679 1955 2206 D use-Rlog/RLOG-RIL-IPC: ================================= IPC FMT data =================================
01-22 19:08:34.679 1955 2206 D use-Rlog/RLOG-RIL-IPC: [0000] FF 01 00 05 ....
01-22 19:08:34.679 1955 2206 D use-Rlog/RLOG-RIL-IPC: ================================================================================
01-22 19:08:34.679 1955 2206 D use-Rlog/RLOG-RIL: Signal strength is 3
01-22 19:08:34.681 2862 2862 D SubscriptionController: [getSubId]- sSlotIdxToSubId.size == 0, return DummySubIds slotIdx=0
01-22 19:08:34.681 2862 2862 D DefaultPhoneNotifier: notifySignalStrength: mRegistry=com.android.internal.telephony.ITelephonyRegistry$Stub$Proxy@e36374d ss=SignalStrength: 3 99 -120 -160 -120 -1 -1 99 2147483647 2147483647 2147483647 -1 2147483647 gsm|lte sender=Handler (com.android.internal.telephony.gsm.GSMPhone) {1b64a95}
01-22 19:08:34.682 2310 2765 D TelephonyRegistry: notifySignalStrengthForSubscriber: invalid phoneId=-1
01-22 19:08:50.044 1955 2206 D use-Rlog/RLOG-RIL-IPC:
01-22 19:08:50.044 1955 2206 D use-Rlog/RLOG-RIL-IPC: xmm626_sec_modem_fmt_recv: Received FMT message
01-22 19:08:50.044 1955 2206 D use-Rlog/RLOG-RIL-IPC: xmm626_sec_modem_fmt_recv: Message: aseq=0x67, command=IPC_DISP_ICON_INFO, type=IPC_TYPE_NOTI, size=4
01-22 19:08:50.044 1955 2206 D use-Rlog/RLOG-RIL-IPC: ================================= IPC FMT data =================================
01-22 19:08:50.045 1955 2206 D use-Rlog/RLOG-RIL-IPC: [0000] FF 02 00 05 ....
01-22 19:08:50.045 1955 2206 D use-Rlog/RLOG-RIL-IPC: ================================================================================
01-22 19:08:50.045 1955 2206 D use-Rlog/RLOG-RIL: Signal strength is 5
01-22 19:08:50.046 2862 2862 D SubscriptionController: [getSubId]- sSlotIdxToSubId.size == 0, return DummySubIds slotIdx=0
01-22 19:08:50.047 2862 2862 D DefaultPhoneNotifier: notifySignalStrength: mRegistry=com.android.internal.telephony.ITelephonyRegistry$Stub$Proxy@e36374d ss=SignalStrength: 5 99 -120 -160 -120 -1 -1 99 2147483647 2147483647 2147483647 -1 2147483647 gsm|lte sender=Handler (com.android.internal.telephony.gsm.GSMPhone) {1b64a95}
01-22 19:08:50.048 2310 3146 D TelephonyRegistry: notifySignalStrengthForSubscriber: invalid phoneId=-1
01-22 19:09:15.639 1955 2206 D use-Rlog/RLOG-RIL-IPC:
01-22 19:09:15.639 1955 2206 D use-Rlog/RLOG-RIL-IPC: xmm626_sec_modem_fmt_recv: Received FMT message
01-22 19:09:15.639 1955 2206 D use-Rlog/RLOG-RIL-IPC: xmm626_sec_modem_fmt_recv: Message: aseq=0x67, command=IPC_DISP_ICON_INFO, type=IPC_TYPE_NOTI, size=4
01-22 19:09:15.639 1955 2206 D use-Rlog/RLOG-RIL-IPC: ================================= IPC FMT data =================================
01-22 19:09:15.639 1955 2206 D use-Rlog/RLOG-RIL-IPC: [0000] FF 01 00 05 ....
01-22 19:09:15.639 1955 2206 D use-Rlog/RLOG-RIL-IPC: ================================================================================
01-22 19:09:15.639 1955 2206 D use-Rlog/RLOG-RIL: Signal strength is 3
01-22 19:09:15.641 2862 2862 D SubscriptionController: [getSubId]- sSlotIdxToSubId.size == 0, return DummySubIds slotIdx=0
01-22 19:09:15.641 2862 2862 D DefaultPhoneNotifier: notifySignalStrength: mRegistry=com.android.internal.telephony.ITelephonyRegistry$Stub$Proxy@e36374d ss=SignalStrength: 3 99 -120 -160 -120 -1 -1 99 2147483647 2147483647 2147483647 -1 2147483647 gsm|lte sender=Handler (com.android.internal.telephony.gsm.GSMPhone) {1b64a95}
01-22 19:09:15.643 2310 3099 D TelephonyRegistry: notifySignalStrengthForSubscriber: invalid phoneId=-1
01-22 19:09:20.759 1955 2206 D use-Rlog/RLOG-RIL-IPC:
01-22 19:09:20.759 1955 2206 D use-Rlog/RLOG-RIL-IPC: xmm626_sec_modem_fmt_recv: Received FMT message
01-22 19:09:20.759 1955 2206 D use-Rlog/RLOG-RIL-IPC: xmm626_sec_modem_fmt_recv: Message: aseq=0x67, command=IPC_DISP_RSSI_INFO, type=IPC_TYPE_NOTI, size=1
01-22 19:09:20.759 1955 2206 D use-Rlog/RLOG-RIL-IPC: ================================= IPC FMT data =================================
01-22 19:09:20.759 1955 2206 D use-Rlog/RLOG-RIL-IPC: [0000] 6A j
01-22 19:09:20.759 1955 2206 D use-Rlog/RLOG-RIL-IPC: ================================================================================
01-22 19:09:20.760 1955 2206 D use-Rlog/RLOG-RIL: Signal strength is 3
01-22 19:09:20.761 2862 2862 D SubscriptionController: [getSubId]- sSlotIdxToSubId.size == 0, return DummySubIds slotIdx=0
01-22 19:09:20.761 2862 2862 D DefaultPhoneNotifier: notifySignalStrength: mRegistry=com.android.internal.telephony.ITelephonyRegistry$Stub$Proxy@e36374d ss=SignalStrength: 3 99 -120 -160 -120 -1 -1 99 2147483647 2147483647 2147483647 -1 2147483647 gsm|lte sender=Handler (com.android.internal.telephony.gsm.GSMPhone) {1b64a95}
01-22 19:09:20.762 2310 2935 D TelephonyRegistry: notifySignalStrengthForSubscriber: invalid phoneId=-1
01-22 19:10:08.421 2862 2862 D DCT : [0]onReceive: action=android.intent.action.SCREEN_ON
01-22 19:10:08.421 2862 2862 D DCT : [0]stopNetStatPoll
01-22 19:10:08.421 2862 2862 D SubscriptionController: [getSubId]- sSlotIdxToSubId.size == 0, return DummySubIds slotIdx=0
01-22 19:10:08.421 2862 2862 D DCT : [0]overall state is IDLE
01-22 19:10:08.421 2862 2862 D SubscriptionController: [getSubId]- sSlotIdxToSubId.size == 0, return DummySubIds slotIdx=0
01-22 19:10:09.658 2862 3103 D DCT : [0]fetchDunApn: net.tethering.noprovisioning=true ret: null
01-22 19:10:09.658 2862 3103 D DCT : [0]hasMatchedTetherApnSetting: APN=null