01-22 19:07:21.389 1955 2210 D use-Rlog/RLOG-RIL-IPC: ================================================================================
01-22 19:07:21.390 2862 2862 E SIMRecords: [SIMRecords] Exception in get GID2 com.android.internal.telephony.uicc.IccException: sw1:103 sw2:0
01-22 19:07:21.390 2862 2862 D SIMRecords: [SIMRecords] onRecordLoaded 2 requested: true
01-22 19:07:21.397 2862 2910 D SubscriptionController: [getActiveSubInfoList]+
01-22 19:07:21.401 2862 2910 D SubscriptionController: selection:sim_id>=0 null
01-22 19:07:21.403 1955 2206 D use-Rlog/RLOG-RIL-IPC:
01-22 19:07:21.403 1955 2206 D use-Rlog/RLOG-RIL-IPC: xmm626_sec_modem_fmt_recv: Received FMT message
01-22 19:07:21.403 1955 2206 D use-Rlog/RLOG-RIL-IPC: xmm626_sec_modem_fmt_recv: Message: aseq=0x40, command=IPC_SEC_RSIM_ACCESS, type=IPC_TYPE_RESP, size=3
01-22 19:07:21.403 1955 2206 D use-Rlog/RLOG-RIL-IPC: ================================= IPC FMT data =================================
01-22 19:07:21.403 1955 2206 D use-Rlog/RLOG-RIL-IPC: [0000] 6A 82 00 j..
01-22 19:07:21.403 1955 2206 D use-Rlog/RLOG-RIL-IPC: ================================================================================
01-22 19:07:21.403 1955 2206 D use-Rlog/RLOG-RIL: 1 RIL request in the queue (0 pending, 0 handled, 1 unhandled)
01-22 19:07:21.403 2862 2987 D RILJ : [3731]< SIM_IO IccIoResponse sw1:0x6a sw2:0x82 [SUB0]
01-22 19:07:21.403 1955 2210 D use-Rlog/RLOG-RIL-IPC:
01-22 19:07:21.403 1955 2210 D use-Rlog/RLOG-RIL-IPC: xmm626_sec_modem_fmt_send: Sent FMT message
01-22 19:07:21.404 1955 2210 D use-Rlog/RLOG-RIL-IPC: xmm626_sec_modem_fmt_send: Message: mseq=0x41, command=IPC_SEC_RSIM_ACCESS, type=IPC_TYPE_GET, size=6
01-22 19:07:21.404 1955 2210 D use-Rlog/RLOG-RIL-IPC: ================================= IPC FMT data =================================
01-22 19:07:21.404 1955 2210 D use-Rlog/RLOG-RIL-IPC: [0000] C0 14 6F 00 00 00 ..o...
01-22 19:07:21.404 2862 2862 D SIMRecords: [SIMRecords] Invalid or missing EF[MAILBOX]
01-22 19:07:21.404 1955 2210 D use-Rlog/RLOG-RIL-IPC: ================================================================================
01-22 19:07:21.404 2862 2862 D SIMRecords: [SIMRecords] onRecordLoaded 1 requested: true
01-22 19:07:21.417 2862 2887 D DCT : [0]fetchDunApn: net.tethering.noprovisioning=true ret: null
01-22 19:07:21.417 2862 2887 D DCT : [0]hasMatchedTetherApnSetting: APN=null
01-22 19:07:21.419 1955 2206 D use-Rlog/RLOG-RIL-IPC:
01-22 19:07:21.419 1955 2206 D use-Rlog/RLOG-RIL-IPC: xmm626_sec_modem_fmt_recv: Received FMT message
01-22 19:07:21.419 1955 2206 D use-Rlog/RLOG-RIL-IPC: xmm626_sec_modem_fmt_recv: Message: aseq=0x41, command=IPC_SEC_RSIM_ACCESS, type=IPC_TYPE_RESP, size=3
01-22 19:07:21.419 1955 2206 D use-Rlog/RLOG-RIL-IPC: ================================= IPC FMT data =================================
01-22 19:07:21.419 1955 2206 D use-Rlog/RLOG-RIL-IPC: [0000] 6A 82 00 j..
01-22 19:07:21.419 1955 2206 D use-Rlog/RLOG-RIL-IPC: ================================================================================
01-22 19:07:21.419 1955 2206 D use-Rlog/RLOG-RIL: 0 RIL request in the queue (0 pending, 0 handled, 0 unhandled)
01-22 19:07:21.419 2862 2987 D RILJ : [3732]< SIM_IO IccIoResponse sw1:0x6a sw2:0x82 [SUB0]
01-22 19:07:21.420 2862 2862 D RILJ : [3733]> iccIO: SIM_IO 0xc0 0x6f18 path: 3F007F20,0,0,0 aid: null [SUB0]
01-22 19:07:21.421 2862 2862 D SIMRecords: [SIMRecords] onRecordLoaded 1 requested: true
01-22 19:07:21.422 1955 1974 D use-Rlog/RLOG-RIL: 1 RIL request in the queue (1 pending, 0 handled, 0 unhandled)
01-22 19:07:21.422 1955 2210 D use-Rlog/RLOG-RIL-IPC:
01-22 19:07:21.422 1955 2210 D use-Rlog/RLOG-RIL-IPC: xmm626_sec_modem_fmt_send: Sent FMT message
01-22 19:07:21.422 1955 2210 D use-Rlog/RLOG-RIL-IPC: xmm626_sec_modem_fmt_send: Message: mseq=0x42, command=IPC_SEC_RSIM_ACCESS, type=IPC_TYPE_GET, size=6
01-22 19:07:21.422 1955 2210 D use-Rlog/RLOG-RIL-IPC: ================================= IPC FMT data =================================
01-22 19:07:21.422 1955 2210 D use-Rlog/RLOG-RIL-IPC: [0000] C0 18 6F 00 00 00 ..o...
01-22 19:07:21.422 1955 2210 D use-Rlog/RLOG-RIL-IPC: ================================================================================
01-22 19:07:21.436 1955 2206 D use-Rlog/RLOG-RIL-IPC:
01-22 19:07:21.436 1955 2206 D use-Rlog/RLOG-RIL-IPC: xmm626_sec_modem_fmt_recv: Received FMT message
01-22 19:07:21.436 1955 2206 D use-Rlog/RLOG-RIL-IPC: xmm626_sec_modem_fmt_recv: Message: aseq=0x42, command=IPC_SEC_RSIM_ACCESS, type=IPC_TYPE_RESP, size=3
01-22 19:07:21.436 1955 2206 D use-Rlog/RLOG-RIL-IPC: ================================= IPC FMT data =================================
01-22 19:07:21.436 1955 2206 D use-Rlog/RLOG-RIL-IPC: [0000] 6A 82 00 j..
01-22 19:07:21.437 1955 2206 D use-Rlog/RLOG-RIL-IPC: ================================================================================
01-22 19:07:21.437 1955 2206 D use-Rlog/RLOG-RIL: 0 RIL request in the queue (0 pending, 0 handled, 0 unhandled)
01-22 19:07:21.437 2862 2987 D RILJ : [3733]< SIM_IO IccIoResponse sw1:0x6a sw2:0x82 [SUB0]
01-22 19:07:21.437 2862 2862 D SIMRecords: [SIMRecords] No SPN loaded in either CHPS or 3GPP
01-22 19:07:21.437 2862 2862 D SIMRecords: [SIMRecords] onRecordLoaded 0 requested: true
01-22 19:07:21.437 2862 2862 D SIMRecords: [SIMRecords] record load complete
01-22 19:07:21.438 2862 3171 D DCT : [0]fetchDunApn: net.tethering.noprovisioning=true ret: null
01-22 19:07:21.438 2862 3171 D DCT : [0]hasMatchedTetherApnSetting: APN=null
01-22 19:07:21.448 2862 2862 D SIMRecords: [SIMRecords] EF_CFIS and EF_CFF not valid. callForwardingEnabled=-1
01-22 19:07:21.448 2862 2862 D SIMRecords: [SIMRecords] onAllRecordsLoaded set 'gsm.sim.operator.numeric' to operator='20801'
01-22 19:07:21.448 2862 2862 D TelephonyManager: setTelephonyProperty: success phoneId=0 property=gsm.sim.operator.numeric value: 20801 propVal=20801
01-22 19:07:21.449 2862 2862 D SubscriptionController: [getSubId]- sSlotIdxToSubId.size == 0, return DummySubIds slotIdx=0
01-22 19:07:21.449 2862 2862 D SubscriptionController: [setMccMnc]+ mcc/mnc:208/1 subId:-2
01-22 19:07:21.466 2862 2862 D SubscriptionController: notifySubscriptionInfoChanged:
01-22 19:07:21.468 2862 2862 D SIMRecords: [SIMRecords] update icc_operator_numeric = 20801 subId = -2
01-22 19:07:21.468 2862 2862 D SIMRecords: [SIMRecords] onAllRecordsLoaded set mcc imsi
01-22 19:07:21.468 2862 2862 D TelephonyManager: setTelephonyProperty: success phoneId=0 property=gsm.sim.operator.iso-country value: fr propVal=fr
01-22 19:07:21.470 2862 2862 D GsmSST : [GsmSST] SubscriptionListener.onSubscriptionInfoChanged
01-22 19:07:21.470 2862 2862 D SubscriptionController: [getSubId]- sSlotIdxToSubId.size == 0, return DummySubIds slotIdx=0
01-22 19:07:21.470 2862 2862 D DCT : [0]SubscriptionListener.onSubscriptionInfoChanged
01-22 19:07:21.470 2862 2862 D SubscriptionController: [getSubId]- sSlotIdxToSubId.size == 0, return DummySubIds slotIdx=0
01-22 19:07:21.471 2862 2862 D SubscriptionController: [getActiveSubInfoList]+
01-22 19:07:21.471 2862 2862 D SubscriptionController: selection:sim_id>=0 null
01-22 19:07:21.486 2862 2862 D SubscriptionController: [getActiveSubInfoList]- no info return
01-22 19:07:21.487 2862 2862 E PhoneBase: Error! unregisterForCallWaiting() in PhoneBase should not be called, CDMAPhone inactive.
01-22 19:07:21.488 2862 2862 D SubscriptionController: [getSubId]- sSlotIdxToSubId.size == 0, return DummySubIds slotIdx=0
01-22 19:07:21.489 2862 2862 D SubscriptionController: [getSubId]- sSlotIdxToSubId.size == 0, return DummySubIds slotIdx=0
01-22 19:07:21.490 2862 2862 D SubscriptionController: [getPhoneId]- invalid subId return=-1
01-22 19:07:21.491 2862 2862 D SubscriptionController: [getSubId]- sSlotIdxToSubId.size == 0, return DummySubIds slotIdx=0
01-22 19:07:21.491 2862 2862 D SubscriptionController: [getSubId]- sSlotIdxToSubId.size == 0, return DummySubIds slotIdx=0
01-22 19:07:21.492 2862 2862 D SubscriptionController: [getSubId]- sSlotIdxToSubId.size == 0, return DummySubIds slotIdx=0
01-22 19:07:21.503 2862 2910 D SubscriptionController: [getActiveSubInfoList]- no info return
01-22 19:07:21.510 2862 3103 D SubscriptionController: [getActiveSubInfoList]+
01-22 19:07:21.511 2862 3103 D SubscriptionController: selection:sim_id>=0 null
01-22 19:07:21.524 2862 3103 D SubscriptionController: [getActiveSubInfoList]- no info return
01-22 19:07:21.534 2862 2862 E PhoneBase: Error! registerForCallWaiting() in PhoneBase should not be called, CDMAPhone inactive.
01-22 19:07:21.541 2862 2862 D CAT : CatService: handleMessage[20]
01-22 19:07:21.541 2862 2862 D SubscriptionController: [getSubId]- sSlotIdxToSubId.size == 0, return DummySubIds slotIdx=0
01-22 19:07:21.541 2862 2862 D GSMPhone: [GSMPhone] updateCurrentCarrierInProvider: mSubId = -2 currentDds = 2 operatorNumeric = 20801
01-22 19:07:21.541 2862 2862 D SubscriptionController: [getSubId]- sSlotIdxToSubId.size == 0, return DummySubIds slotIdx=0
01-22 19:07:21.541 2862 2862 D SIMRecords: [SIMRecords] VoiceMessageCount from SIM MWIS = 0
01-22 19:07:21.541 2862 2862 D SubscriptionController: [getSubId]- sSlotIdxToSubId.size == 0, return DummySubIds slotIdx=0
01-22 19:07:21.541 2862 2862 D GSMPhone: updateVoiceMail countVoiceMessages = 0 subId -2
01-22 19:07:21.541 2862 2862 D SubscriptionController: [getSubId]- sSlotIdxToSubId.size == 0, return DummySubIds slotIdx=0
01-22 19:07:21.542 2862 2862 D GSMPhone: updateCallForwardStatus got sim records
01-22 19:07:21.542 2862 2862 D GSMPhone: Callforwarding info is present on sim
01-22 19:07:21.542 2862 2862 D SubscriptionController: [getSubId]- sSlotIdxToSubId.size == 0, return DummySubIds slotIdx=0
01-22 19:07:21.542 2862 2862 D PhoneBase: Get video call forwarding info from preferences
01-22 19:07:21.542 2862 2862 D SubscriptionController: [getSubId]- sSlotIdxToSubId.size == 0, return DummySubIds slotIdx=0
01-22 19:07:21.542 2862 2862 D SubscriptionController: [getSubId]- sSlotIdxToSubId.size == 0, return DummySubIds slotIdx=0
01-22 19:07:21.542 2862 2862 D GsmSST : [GsmSST] EVENT_SIM_RECORDS_LOADED: what=16
01-22 19:07:21.543 2862 2862 D SST : updatePhoneObject: Ignore update
01-22 19:07:21.543 2862 2862 D SIMRecords: [SIMRecords] getServiceProviderName: no brandOverride
01-22 19:07:21.543 2862 2862 D SIMRecords: [SIMRecords] getServiceProviderName: providerName=null
01-22 19:07:21.543 2862 2862 D GsmSST : [GsmSST] updateSpnDisplay: radio is on but out of service, set plmn='Aucun service'
01-22 19:07:21.543 2862 2862 D SIMRecords: [SIMRecords] getServiceProviderName: no brandOverride
01-22 19:07:21.543 2862 2862 D SIMRecords: [SIMRecords] getServiceProviderName: providerName=null
01-22 19:07:21.543 2862 2862 D SubscriptionController: [getSubId]- sSlotIdxToSubId.size == 0, return DummySubIds slotIdx=0
01-22 19:07:21.550 2862 2862 D GsmSST : [GsmSST] updateSpnDisplay: changed sending intent rule=2 showPlmn='true' plmn='Aucun service' showSpn='false' spn='null' dataSpn='null' subId='-2'
01-22 19:07:21.551 2862 2862 D SubscriptionController: [getSubId]- sSlotIdxToSubId.size == 0, return DummySubIds slotIdx=0
01-22 19:07:21.552 2862 2862 D SubscriptionController: [getSubId]- sSlotIdxToSubId.size == 0, return DummySubIds slotIdx=0
01-22 19:07:21.553 2862 2862 D SubscriptionController: [setPlmnSpn] No valid subscription to store info
01-22 19:07:21.553 2862 2862 D SubscriptionController: notifySubscriptionInfoChanged:
01-22 19:07:21.555 2862 2862 D IccCardProxy: operator=20801 mPhoneId=0
01-22 19:07:21.555 2862 2862 D IccCardProxy: update icc_operator_numeric=20801
01-22 19:07:21.555 2862 2862 D TelephonyManager: setTelephonyProperty: success phoneId=0 property=gsm.sim.operator.numeric value: 20801 propVal=20801
01-22 19:07:21.555 2862 2862 D TelephonyManager: setTelephonyProperty: success phoneId=0 property=gsm.sim.operator.iso-country value: fr propVal=fr
01-22 19:07:21.556 2862 2862 D IccCardProxy: Sending intent ACTION_INTERNAL_SIM_STATE_CHANGED for mPhoneId : 0
01-22 19:07:21.558 2862 2862 D DctController: handleMessage msg={ when=-88ms what=107 target=com.android.internal.telephony.dataconnection.DctController }
01-22 19:07:21.558 2862 2862 D DctController: onSubInfoReady mPhoneNum=1
01-22 19:07:21.558 2862 2862 D SubscriptionController: [getSubId]- sSlotIdxToSubId.size == 0, return DummySubIds slotIdx=0
01-22 19:07:21.559 2862 2862 D DctController: onSubInfoReady handle pending requests subId=-2
01-22 19:07:21.559 2862 2862 D SubscriptionController: [getSubId]- sSlotIdxToSubId.size == 0, return DummySubIds slotIdx=0
01-22 19:07:21.559 2862 2862 D DctController: [TNF -2]evalPendingRequest, pending request size is 1
01-22 19:07:21.559 2862 2862 D SubscriptionController: [getSubId]- sSlotIdxToSubId.size == 0, return DummySubIds slotIdx=0
01-22 19:07:21.559 2862 2862 D DctController: [TNF -2]evalPendingRequest: request = NetworkRequest [ id=1, legacyType=-1, [ Capabilities: INTERNET&NOT_RESTRICTED&TRUSTED&NOT_VPN] ]
01-22 19:07:21.559 2862 2862 D SubscriptionController: [getSubId]- sSlotIdxToSubId.size == 0, return DummySubIds slotIdx=0
01-22 19:07:21.559 2862 2862 D DctController: [TNF -2]Cellular needs Network for NetworkRequest [ id=1, legacyType=-1, [ Capabilities: INTERNET&NOT_RESTRICTED&TRUSTED&NOT_VPN] ]
01-22 19:07:21.559 2862 2862 D SubscriptionController: [getSubId]- sSlotIdxToSubId.size == 0, return DummySubIds slotIdx=0
01-22 19:07:21.559 2862 2862 D SubscriptionController: [getSubId]- sSlotIdxToSubId.size == 0, return DummySubIds slotIdx=0
01-22 19:07:21.559 2862 2862 D DctController: [TNF -2]Request not useable, pending request.
01-22 19:07:21.559 2862 2862 D DctController: processRequests
01-22 19:07:21.559 2862 2862 D SubscriptionController: [getSubId]- sSlotIdxToSubId.size == 0, return DummySubIds slotIdx=0
01-22 19:07:21.561 2862 2862 D GsmSST : [GsmSST] SubscriptionListener.onSubscriptionInfoChanged
01-22 19:07:21.561 2862 2862 D SubscriptionController: [getSubId]- sSlotIdxToSubId.size == 0, return DummySubIds slotIdx=0
01-22 19:07:21.561 2862 2862 D DCT : [0]SubscriptionListener.onSubscriptionInfoChanged
01-22 19:07:21.561 2862 2862 D SubscriptionController: [getSubId]- sSlotIdxToSubId.size == 0, return DummySubIds slotIdx=0
01-22 19:07:21.562 2862 2862 D SubscriptionController: [getActiveSubInfoList]+
01-22 19:07:21.563 2862 2862 D SubscriptionController: selection:sim_id>=0 null
01-22 19:07:21.567 2862 3103 D SubscriptionController: [getActiveSubInfoList]+
01-22 19:07:21.569 2862 2862 D SubscriptionController: [getActiveSubInfoList]- no info return
01-22 19:07:21.570 2862 2862 E PhoneBase: Error! unregisterForCallWaiting() in PhoneBase should not be called, CDMAPhone inactive.
01-22 19:07:21.573 2862 3103 D SubscriptionController: selection:sim_id>=0 null
01-22 19:07:21.586 2862 2862 D SubscriptionController: [getSubId]- sSlotIdxToSubId.size == 0, return DummySubIds slotIdx=0
01-22 19:07:21.587 2862 2862 D SubscriptionController: [getSubId]- sSlotIdxToSubId.size == 0, return DummySubIds slotIdx=0
01-22 19:07:21.590 2862 2862 D SubscriptionController: [getPhoneId]- invalid subId return=-1
01-22 19:07:21.591 2862 2862 D SubscriptionController: [getSubId]- sSlotIdxToSubId.size == 0, return DummySubIds slotIdx=0
01-22 19:07:21.592 2862 2862 D SubscriptionController: [getSubId]- sSlotIdxToSubId.size == 0, return DummySubIds slotIdx=0
01-22 19:07:21.592 2862 2862 D SubscriptionController: [getSubId]- sSlotIdxToSubId.size == 0, return DummySubIds slotIdx=0
01-22 19:07:21.630 2862 3171 D SubscriptionController: [getSlotId]- subId invalid
01-22 19:07:21.643 2862 2862 E PhoneBase: Error! registerForCallWaiting() in PhoneBase should not be called, CDMAPhone inactive.
01-22 19:07:21.648 2862 3103 D SubscriptionController: [getActiveSubInfoList]- no info return
01-22 19:07:21.652 2862 2887 D SubscriptionController: getSimStateForSlotIdx: simState=READY ordinal=5
01-22 19:07:21.652 2422 3188 D SubscriptionManager: getSimStateForSubscriber: simState=5 slotIdx=0
01-22 19:07:21.653 2422 3188 D TelephonyManager: getSimState: default sim:-1, sim state for slotIdx=0 is 5, return state as unknown
01-22 19:07:21.662 2862 2862 D DctController: handleMessage msg={ when=-104ms what=100 target=com.android.internal.telephony.dataconnection.DctController }
01-22 19:07:21.663 2862 2862 D DcSwitchAsyncChannel: [DcSwitchAsyncChannel-0]: rspIsIdle=true
01-22 19:07:21.663 2862 2862 D SubscriptionController: [getPhoneId]- no sims, returning default phoneId=2147483647
01-22 19:07:21.670 2862 2862 D DcSwitchAsyncChannel: [DcSwitchAsyncChannel-0]: rspIsIdle=true
01-22 19:07:21.670 2862 2862 D DctController: onProcessRequest requestedPhoneId=-1, activePhoneId=-1
01-22 19:07:21.670 2862 2862 D SubscriptionInfoUpdater: [Receiver]+
01-22 19:07:21.670 2862 2862 D SubscriptionInfoUpdater: Action: android.intent.action.internal_sim_state_changed
01-22 19:07:21.670 2862 2862 D SubscriptionInfoUpdater: slotId: 0
01-22 19:07:21.670 2862 2862 D SubscriptionInfoUpdater: simStatus: LOADED
01-22 19:07:21.670 2862 2862 D SubscriptionInfoUpdater: Wait for SIM1 IccId
01-22 19:07:21.670 2862 2862 D SubscriptionInfoUpdater: [Receiver]-
01-22 19:07:21.670 2862 2862 D DctController: handleMessage msg={ when=-108ms what=107 target=com.android.internal.telephony.dataconnection.DctController }
01-22 19:07:21.670 2862 2862 D DctController: onSubInfoReady mPhoneNum=1
01-22 19:07:21.670 2862 2862 D SubscriptionController: [getSubId]- sSlotIdxToSubId.size == 0, return DummySubIds slotIdx=0
01-22 19:07:21.670 2862 2862 D DctController: onSubInfoReady handle pending requests subId=-2
01-22 19:07:21.670 2862 2862 D SubscriptionController: [getSubId]- sSlotIdxToSubId.size == 0, return DummySubIds slotIdx=0
01-22 19:07:21.670 2862 2862 D DctController: [TNF -2]evalPendingRequest, pending request size is 1
01-22 19:07:21.670 2862 2862 D SubscriptionController: [getSubId]- sSlotIdxToSubId.size == 0, return DummySubIds slotIdx=0
01-22 19:07:21.670 2862 2862 D DctController: [TNF -2]evalPendingRequest: request = NetworkRequest [ id=1, legacyType=-1, [ Capabilities: INTERNET&NOT_RESTRICTED&TRUSTED&NOT_VPN] ]
01-22 19:07:21.670 2862 2862 D SubscriptionController: [getSubId]- sSlotIdxToSubId.size == 0, return DummySubIds slotIdx=0
01-22 19:07:21.671 2862 2862 D DctController: [TNF -2]Cellular needs Network for NetworkRequest [ id=1, legacyType=-1, [ Capabilities: INTERNET&NOT_RESTRICTED&TRUSTED&NOT_VPN] ]
01-22 19:07:21.671 2862 2862 D SubscriptionController: [getSubId]- sSlotIdxToSubId.size == 0, return DummySubIds slotIdx=0
01-22 19:07:21.671 2862 2862 D SubscriptionController: [getSubId]- sSlotIdxToSubId.size == 0, return DummySubIds slotIdx=0
01-22 19:07:21.671 2862 2862 D DctController: [TNF -2]Request not useable, pending request.
01-22 19:07:21.671 2862 2862 D DctController: processRequests
01-22 19:07:21.671 2862 2862 D SubscriptionController: [getSubId]- sSlotIdxToSubId.size == 0, return DummySubIds slotIdx=0
01-22 19:07:21.672 2862 2862 D SubscriptionInfoUpdater: handleSimStateLoadedInternal: slotId: 0
01-22 19:07:21.672 2862 2862 D SubscriptionInfoUpdater: onRecieve: IccID null
01-22 19:07:21.672 2862 2862 D DctController: handleMessage msg={ when=-1ms what=100 target=com.android.internal.telephony.dataconnection.DctController }
01-22 19:07:21.672 2862 2862 D DcSwitchAsyncChannel: [DcSwitchAsyncChannel-0]: rspIsIdle=true
01-22 19:07:21.673 2862 2862 D SubscriptionController: [getPhoneId]- no sims, returning default phoneId=2147483647
01-22 19:07:21.673 2862 2862 D DcSwitchAsyncChannel: [DcSwitchAsyncChannel-0]: rspIsIdle=true
01-22 19:07:21.673 2862 2862 D DctController: onProcessRequest requestedPhoneId=-1, activePhoneId=-1
01-22 19:07:21.695 2862 3103 D DCT : [0]fetchDunApn: net.tethering.noprovisioning=true ret: null
01-22 19:07:21.695 2862 3103 D DCT : [0]hasMatchedTetherApnSetting: APN=null
01-22 19:07:21.726 1955 2206 D use-Rlog/RLOG-RIL-IPC:
01-22 19:07:21.726 1955 2206 D use-Rlog/RLOG-RIL-IPC: xmm626_sec_modem_fmt_recv: Received FMT message
01-22 19:07:21.726 1955 2206 D use-Rlog/RLOG-RIL-IPC: xmm626_sec_modem_fmt_recv: Message: aseq=0x42, command=IPC_GPRS_HSDPA_STATUS, type=IPC_TYPE_NOTI, size=1
01-22 19:07:21.726 1955 2206 D use-Rlog/RLOG-RIL-IPC: ================================= IPC FMT data =================================
01-22 19:07:21.726 1955 2206 D use-Rlog/RLOG-RIL-IPC: [0000] 01 .
01-22 19:07:21.726 1955 2206 D use-Rlog/RLOG-RIL-IPC: ================================================================================
01-22 19:07:21.726 1955 2206 D use-Rlog/RLOG-RIL-IPC:
01-22 19:07:21.726 1955 2206 D use-Rlog/RLOG-RIL-IPC: xmm626_sec_modem_fmt_recv: Received FMT message
01-22 19:07:21.726 1955 2206 D use-Rlog/RLOG-RIL-IPC: xmm626_sec_modem_fmt_recv: Message: aseq=0x42, command=IPC_GPRS_HSDPA_STATUS, type=IPC_TYPE_NOTI, size=1
01-22 19:07:21.726 1955 2206 D use-Rlog/RLOG-RIL-IPC: ================================= IPC FMT data =================================
01-22 19:07:21.726 1955 2206 D use-Rlog/RLOG-RIL-IPC: [0000] 01 .
01-22 19:07:21.726 1955 2206 D use-Rlog/RLOG-RIL-IPC: ================================================================================
01-22 19:07:21.726 2862 2987 D RILJ : [UNSL]< UNSOL_RESPONSE_VOICE_NETWORK_STATE_CHANGED [SUB0]
01-22 19:07:21.727 2862 2862 D RILJ : [3734]> OPERATOR [SUB0]
01-22 19:07:21.728 2862 2862 D RILJ : [3735]> DATA_REGISTRATION_STATE [SUB0]
01-22 19:07:21.728 1955 1974 D use-Rlog/RLOG-RIL: 1 RIL request in the queue (1 pending, 0 handled, 0 unhandled)
01-22 19:07:21.729 1955 2210 D use-Rlog/RLOG-RIL-IPC:
01-22 19:07:21.729 1955 2210 D use-Rlog/RLOG-RIL-IPC: xmm626_sec_modem_fmt_send: Sent FMT message
01-22 19:07:21.729 1955 2210 D use-Rlog/RLOG-RIL-IPC: xmm626_sec_modem_fmt_send: Message: mseq=0x43, command=IPC_NET_SERVING_NETWORK, type=IPC_TYPE_GET, size=0
01-22 19:07:21.729 2862 2862 D RILJ : [3736]> VOICE_REGISTRATION_STATE [SUB0]
01-22 19:07:21.730 1955 1974 D use-Rlog/RLOG-RIL: 2 RIL requests in the queue (1 pending, 1 handled, 0 unhandled)
01-22 19:07:21.730 1955 2210 D use-Rlog/RLOG-RIL-IPC:
01-22 19:07:21.730 1955 2210 D use-Rlog/RLOG-RIL-IPC: xmm626_sec_modem_fmt_send: Sent FMT message
01-22 19:07:21.730 1955 2210 D use-Rlog/RLOG-RIL-IPC: xmm626_sec_modem_fmt_send: Message: mseq=0x44, command=IPC_NET_REGIST, type=IPC_TYPE_GET, size=2
01-22 19:07:21.730 1955 2210 D use-Rlog/RLOG-RIL-IPC: ================================= IPC FMT data =================================
01-22 19:07:21.730 1955 2210 D use-Rlog/RLOG-RIL-IPC: [0000] FF 03 ..
01-22 19:07:21.730 1955 2210 D use-Rlog/RLOG-RIL-IPC: ================================================================================
01-22 19:07:21.730 2862 2862 D RILJ : [3737]> QUERY_NETWORK_SELECTION_MODE [SUB0]
01-22 19:07:21.731 1955 1974 D use-Rlog/RLOG-RIL: 3 RIL requests in the queue (1 pending, 2 handled, 0 unhandled)
01-22 19:07:21.731 1955 2210 D use-Rlog/RLOG-RIL-IPC:
01-22 19:07:21.731 1955 2210 D use-Rlog/RLOG-RIL-IPC: xmm626_sec_modem_fmt_send: Sent FMT message
01-22 19:07:21.731 1955 2210 D use-Rlog/RLOG-RIL-IPC: xmm626_sec_modem_fmt_send: Message: mseq=0x45, command=IPC_NET_REGIST, type=IPC_TYPE_GET, size=2
01-22 19:07:21.731 1955 2210 D use-Rlog/RLOG-RIL-IPC: ================================= IPC FMT data =================================
01-22 19:07:21.731 1955 2210 D use-Rlog/RLOG-RIL-IPC: [0000] FF 02 ..
01-22 19:07:21.731 1955 2210 D use-Rlog/RLOG-RIL-IPC: ================================================================================
01-22 19:07:21.731 1955 1974 D use-Rlog/RLOG-RIL: 4 RIL requests in the queue (1 pending, 3 handled, 0 unhandled)
01-22 19:07:21.731 1955 2210 D use-Rlog/RLOG-RIL-IPC:
01-22 19:07:21.731 1955 2210 D use-Rlog/RLOG-RIL-IPC: xmm626_sec_modem_fmt_send: Sent FMT message
01-22 19:07:21.731 1955 2210 D use-Rlog/RLOG-RIL-IPC: xmm626_sec_modem_fmt_send: Message: mseq=0x46, command=IPC_NET_PLMN_SEL, type=IPC_TYPE_GET, size=0
01-22 19:07:21.731 1955 2206 D use-Rlog/RLOG-RIL-IPC:
01-22 19:07:21.731 1955 2206 D use-Rlog/RLOG-RIL-IPC: xmm626_sec_modem_fmt_recv: Received FMT message
01-22 19:07:21.732 1955 2206 D use-Rlog/RLOG-RIL-IPC: xmm626_sec_modem_fmt_recv: Message: aseq=0x43, command=IPC_NET_SERVING_NETWORK, type=IPC_TYPE_RESP, size=11
01-22 19:07:21.732 1955 2206 D use-Rlog/RLOG-RIL-IPC: ================================= IPC FMT data =================================
01-22 19:07:21.732 1955 2206 D use-Rlog/RLOG-RIL-IPC: [0000] 02 05 FF 30 30 30 30 30 23 06 38 ...00000 #.8
01-22 19:07:21.732 1955 2206 D use-Rlog/RLOG-RIL-IPC: ================================================================================
01-22 19:07:21.732 1955 2206 D use-Rlog/RLOG-RIL: 3 RIL requests in the queue (0 pending, 3 handled, 0 unhandled)
01-22 19:07:21.732 2862 2987 D RILJ : [3734]< OPERATOR {null, null, 00000} [SUB0]
01-22 19:07:21.732 1955 2206 D use-Rlog/RLOG-RIL-IPC:
01-22 19:07:21.732 1955 2206 D use-Rlog/RLOG-RIL-IPC: xmm626_sec_modem_fmt_recv: Received FMT message
01-22 19:07:21.732 1955 2206 D use-Rlog/RLOG-RIL-IPC: xmm626_sec_modem_fmt_recv: Message: aseq=0x44, command=IPC_NET_REGIST, type=IPC_TYPE_RESP, size=11
01-22 19:07:21.732 1955 2206 D use-Rlog/RLOG-RIL-IPC: ================================= IPC FMT data =================================
01-22 19:07:21.732 1955 2206 D use-Rlog/RLOG-RIL-IPC: [0000] FF 03 01 01 06 38 7F 68 4B 00 00 .....8.h K..
01-22 19:07:21.732 1955 2206 D use-Rlog/RLOG-RIL-IPC: ================================================================================
01-22 19:07:21.732 1955 2206 D use-Rlog/RLOG-RIL: 2 RIL requests in the queue (0 pending, 2 handled, 0 unhandled)
01-22 19:07:21.733 2862 2987 D RILJ : [3735]< DATA_REGISTRATION_STATE {0, 3806, 4b687f, 0, 3} [SUB0]
01-22 19:07:21.733 2862 2862 D PHONE : [ServiceState] setDataRegState=1
01-22 19:07:21.733 2862 2862 D PHONE : [ServiceState] setDataRadioTechnology=0
01-22 19:07:21.733 2862 2862 D GsmSST : [GsmSST] handlPollStateResultMessage: GsmSST setDataRegState=1 regState=0 dataRadioTechnology=0
01-22 19:07:21.742 1955 2206 D use-Rlog/RLOG-RIL-IPC:
01-22 19:07:21.742 1955 2206 D use-Rlog/RLOG-RIL-IPC: xmm626_sec_modem_fmt_recv: Received FMT message
01-22 19:07:21.742 1955 2206 D use-Rlog/RLOG-RIL-IPC: xmm626_sec_modem_fmt_recv: Message: aseq=0x45, command=IPC_NET_REGIST, type=IPC_TYPE_RESP, size=11
01-22 19:07:21.742 1955 2206 D use-Rlog/RLOG-RIL-IPC: ================================= IPC FMT data =================================
01-22 19:07:21.742 1955 2206 D use-Rlog/RLOG-RIL-IPC: [0000] FF 02 01 01 06 38 7F 68 4B 00 00 .....8.h K..
01-22 19:07:21.742 1955 2206 D use-Rlog/RLOG-RIL-IPC: ================================================================================
01-22 19:07:21.742 1955 2206 D use-Rlog/RLOG-RIL: 1 RIL request in the queue (0 pending, 1 handled, 0 unhandled)
01-22 19:07:21.742 1955 2206 D use-Rlog/RLOG-RIL-IPC:
01-22 19:07:21.742 1955 2206 D use-Rlog/RLOG-RIL-IPC: xmm626_sec_modem_fmt_recv: Received FMT message
01-22 19:07:21.742 1955 2206 D use-Rlog/RLOG-RIL-IPC: xmm626_sec_modem_fmt_recv: Message: aseq=0x46, command=IPC_NET_PLMN_SEL, type=IPC_TYPE_RESP, size=1
01-22 19:07:21.742 1955 2206 D use-Rlog/RLOG-RIL-IPC: ================================= IPC FMT data =================================
01-22 19:07:21.743 1955 2206 D use-Rlog/RLOG-RIL-IPC: [0000] 02 .
01-22 19:07:21.743 1955 2206 D use-Rlog/RLOG-RIL-IPC: ================================================================================
01-22 19:07:21.743 1955 2206 D use-Rlog/RLOG-RIL: 0 RIL request in the queue (0 pending, 0 handled, 0 unhandled)
01-22 19:07:21.743 2862 2987 D RILJ : [3736]< VOICE_REGISTRATION_STATE {0, 3806, 4b687f, 0, null, null, null, null, null, null, null, null, null, null, null} [SUB0]
01-22 19:07:21.743 2862 2987 D RILJ : [3737]< QUERY_NETWORK_SELECTION_MODE {0} [SUB0]
01-22 19:07:21.749 2862 2862 D PHONE : [ServiceState] setVoiceRegState=1
01-22 19:07:21.749 2862 2862 E PHONE : [ServiceState] setState deprecated use setVoiceRegState()
01-22 19:07:21.750 2862 2862 D SubscriptionController: [getSubId]- sSlotIdxToSubId.size == 0, return DummySubIds slotIdx=0
01-22 19:07:21.751 2862 2862 D GsmSST : [GsmSST] Poll ServiceState done: oldSS=[1 1 voice home data home null null 00000 null null 00000 Unknown Unknown CSS not supported -1 -1 RoamInd=-1 DefRoamInd=-1 EmergOnly=false IsDataRoamingFromRegistration=false] newSS=[1 1 voice home data home null null 00000 null null 00000 Unknown Unknown CSS not supported -1 -1 RoamInd=-1 DefRoamInd=-1 EmergOnly=false IsDataRoamingFromRegistration=false] oldMaxDataCalls=1 mNewMaxDataCalls=1 oldReasonDataDenied=-1 mNewReasonDataDenied=-1
01-22 19:07:21.751 2862 2862 D PHONE : [ServiceState] setNullState=1
01-22 19:07:21.751 2862 2862 D SubscriptionController: [getSubId]- sSlotIdxToSubId.size == 0, return DummySubIds slotIdx=0
01-22 19:07:21.751 2862 2862 D GsmSST : [GsmSST] getCellLocation(): X good mCellLoc=[14342,4941951,-1]
01-22 19:07:21.751 2310 3145 D TelephonyRegistry: notifyCellLocationForSubscriber: subId=-2 cellLocation=Bundle[mParcelledData.dataSize=64]
01-22 19:07:21.889 2862 3103 D SubscriptionController: [getSlotId]- subId invalid
01-22 19:07:21.896 2862 3222 D SubscriptionController: getSimStateForSlotIdx: simState=READY ordinal=5
01-22 19:07:21.901 2422 3188 D SubscriptionManager: getSimStateForSubscriber: simState=5 slotIdx=0
01-22 19:07:21.902 2422 3188 D TelephonyManager: getSimState: default sim:-1, sim state for slotIdx=0 is 5, return state as unknown
01-22 19:07:22.027 2862 3103 D DCT : [0]fetchDunApn: net.tethering.noprovisioning=true ret: null
01-22 19:07:22.027 2862 3103 D DCT : [0]hasMatchedTetherApnSetting: APN=null
01-22 19:07:22.170 1955 2206 D use-Rlog/RLOG-RIL-IPC:
01-22 19:07:22.171 1955 2206 D use-Rlog/RLOG-RIL-IPC: xmm626_sec_modem_fmt_recv: Received FMT message
01-22 19:07:22.171 1955 2206 D use-Rlog/RLOG-RIL-IPC: xmm626_sec_modem_fmt_recv: Message: aseq=0x46, command=IPC_DISP_RSSI_INFO, type=IPC_TYPE_NOTI, size=1
01-22 19:07:22.171 1955 2206 D use-Rlog/RLOG-RIL-IPC: ================================= IPC FMT data =================================
01-22 19:07:22.171 1955 2206 D use-Rlog/RLOG-RIL-IPC: [0000] 6E n
01-22 19:07:22.171 1955 2206 D use-Rlog/RLOG-RIL-IPC: ================================================================================
01-22 19:07:22.171 1955 2206 D use-Rlog/RLOG-RIL: Signal strength is 1
01-22 19:07:22.171 2862 2862 D SubscriptionController: [getSubId]- sSlotIdxToSubId.size == 0, return DummySubIds slotIdx=0
01-22 19:07:22.171 2862 2862 D DefaultPhoneNotifier: notifySignalStrength: mRegistry=com.android.internal.telephony.ITelephonyRegistry$Stub$Proxy@e36374d ss=SignalStrength: 1 99 -120 -160 -120 -1 -1 99 2147483647 2147483647 2147483647 -1 2147483647 gsm|lte sender=Handler (com.android.internal.telephony.gsm.GSMPhone) {1b64a95}
01-22 19:07:22.177 2310 2916 D TelephonyRegistry: notifySignalStrengthForSubscriber: invalid phoneId=-1
01-22 19:07:22.299 2862 2862 D SubscriptionController: [getPhoneId]- invalid subId return=-1
01-22 19:07:22.300 2862 2862 D SubscriptionController: [getSubId]- sSlotIdxToSubId.size == 0, return DummySubIds slotIdx=0
01-22 19:07:23.014 2862 3222 D SubscriptionController: [getActiveSubInfoList]+
01-22 19:07:23.014 2862 3222 D SubscriptionController: selection:sim_id>=0 null
01-22 19:07:23.019 2862 3222 D SubscriptionController: [getActiveSubInfoList]- no info return
01-22 19:07:23.021 2862 2910 D SubscriptionController: [getSubId]- sSlotIdxToSubId.size == 0, return DummySubIds slotIdx=0
01-22 19:07:23.029 2862 2887 D SubscriptionController: [getSlotId]- subId invalid
01-22 19:07:23.029 2862 3103 D SubscriptionController: getSimStateForSlotIdx: simState=READY ordinal=5
01-22 19:07:23.029 2422 2422 D SubscriptionManager: getSimStateForSubscriber: simState=5 slotIdx=0
01-22 19:07:23.029 2422 2422 D TelephonyManager: getSimState: default sim:-1, sim state for slotIdx=0 is 5, return state as unknown
01-22 19:07:23.070 2862 3222 D SubscriptionController: [getActiveSubInfoList]+
01-22 19:07:23.071 2862 3222 D SubscriptionController: selection:sim_id>=0 null
01-22 19:07:23.076 2862 3222 D SubscriptionController: [getActiveSubInfoList]- no info return
01-22 19:07:23.078 2862 2910 D SubscriptionController: [getSubId]- sSlotIdxToSubId.size == 0, return DummySubIds slotIdx=0
01-22 19:07:23.185 2862 2887 D DCT : [0]fetchDunApn: net.tethering.noprovisioning=true ret: null
01-22 19:07:23.185 2862 2887 D DCT : [0]hasMatchedTetherApnSetting: APN=null
01-22 19:07:23.203 2862 3103 D DCT : [0]fetchDunApn: net.tethering.noprovisioning=true ret: null
01-22 19:07:23.203 2862 3103 D DCT : [0]hasMatchedTetherApnSetting: APN=null
01-22 19:07:23.278 2862 3222 D DCT : [0]fetchDunApn: net.tethering.noprovisioning=true ret: null
01-22 19:07:23.278 2862 3222 D DCT : [0]hasMatchedTetherApnSetting: APN=null
01-22 19:07:23.297 2862 2910 D DCT : [0]fetchDunApn: net.tethering.noprovisioning=true ret: null
01-22 19:07:23.297 2862 2910 D DCT : [0]hasMatchedTetherApnSetting: APN=null
01-22 19:07:23.369 2862 3171 D SubscriptionController: [getActiveSubInfoList]+
01-22 19:07:23.369 2862 3171 D SubscriptionController: selection:sim_id>=0 null
01-22 19:07:23.373 2862 3171 D SubscriptionController: [getActiveSubInfoList]- no info return
01-22 19:07:23.375 2862 2887 D SubscriptionController: [getSubId]- sSlotIdxToSubId.size == 0, return DummySubIds slotIdx=0
01-22 19:07:23.377 2862 3103 D SubscriptionController: [getActiveSubInfoList]+
01-22 19:07:23.378 2862 3103 D SubscriptionController: selection:sim_id>=0 null
01-22 19:07:23.382 2862 3103 D SubscriptionController: [getActiveSubInfoList]- no info return
01-22 19:07:23.384 2862 3222 D SubscriptionController: [getSubId]- sSlotIdxToSubId.size == 0, return DummySubIds slotIdx=0
01-22 19:07:23.596 1955 2206 D use-Rlog/RLOG-RIL-IPC:
01-22 19:07:23.596 1955 2206 D use-Rlog/RLOG-RIL-IPC: xmm626_sec_modem_fmt_recv: Received FMT message
01-22 19:07:23.596 1955 2206 D use-Rlog/RLOG-RIL-IPC: xmm626_sec_modem_fmt_recv: Message: aseq=0xff, command=IPC_NET_REGIST, type=IPC_TYPE_NOTI, size=11
01-22 19:07:23.596 1955 2206 D use-Rlog/RLOG-RIL-IPC: ================================= IPC FMT data =================================
01-22 19:07:23.596 1955 2206 D use-Rlog/RLOG-RIL-IPC: [0000] 04 02 02 01 06 38 7F 68 4B 00 00 .....8.h K..
01-22 19:07:23.596 1955 2206 D use-Rlog/RLOG-RIL-IPC: ================================================================================
01-22 19:07:23.597 1955 2206 D use-Rlog/RLOG-RIL-IPC:
01-22 19:07:23.597 1955 2206 D use-Rlog/RLOG-RIL-IPC: xmm626_sec_modem_fmt_recv: Received FMT message
01-22 19:07:23.597 1955 2206 D use-Rlog/RLOG-RIL-IPC: xmm626_sec_modem_fmt_recv: Message: aseq=0xff, command=IPC_NET_REGIST, type=IPC_TYPE_NOTI, size=11
01-22 19:07:23.597 1955 2206 D use-Rlog/RLOG-RIL-IPC: ================================= IPC FMT data =================================
01-22 19:07:23.597 1955 2206 D use-Rlog/RLOG-RIL-IPC: [0000] 04 03 03 01 06 38 7F 68 4B 00 FF .....8.h K..
01-22 19:07:23.597 1955 2206 D use-Rlog/RLOG-RIL-IPC: ================================================================================
01-22 19:07:23.597 2862 2987 D RILJ : [UNSL]< UNSOL_RESPONSE_VOICE_NETWORK_STATE_CHANGED [SUB0]
01-22 19:07:23.597 1955 2206 D use-Rlog/RLOG-RIL-IPC:
01-22 19:07:23.597 1955 2206 D use-Rlog/RLOG-RIL-IPC: xmm626_sec_modem_fmt_recv: Received FMT message
01-22 19:07:23.597 1955 2206 D use-Rlog/RLOG-RIL-IPC: xmm626_sec_modem_fmt_recv: Message: aseq=0x00, command=IPC_NET_SERVING_NETWORK, type=IPC_TYPE_NOTI, size=11
01-22 19:07:23.597 1955 2206 D use-Rlog/RLOG-RIL-IPC: ================================= IPC FMT data =================================
01-22 19:07:23.597 2862 2987 D RILJ : [UNSL]< UNSOL_RESPONSE_VOICE_NETWORK_STATE_CHANGED [SUB0]
01-22 19:07:23.597 1955 2206 D use-Rlog/RLOG-RIL-IPC: [0000] 02 02 04 32 30 38 30 31 23 06 38 ...20801 #.8
01-22 19:07:23.597 1955 2206 D use-Rlog/RLOG-RIL-IPC: ================================================================================
01-22 19:07:23.597 2862 2862 D RILJ : [3738]> OPERATOR [SUB0]
01-22 19:07:23.598 2862 2987 D RILJ : [UNSL]< UNSOL_RESPONSE_VOICE_NETWORK_STATE_CHANGED [SUB0]
01-22 19:07:23.632 2862 2862 D RILJ : [3739]> DATA_REGISTRATION_STATE [SUB0]
01-22 19:07:23.633 1955 1974 D use-Rlog/RLOG-RIL: 1 RIL request in the queue (1 pending, 0 handled, 0 unhandled)
01-22 19:07:23.633 1955 1974 D use-Rlog/RLOG-RIL: 3 RIL requests data in the queue
01-22 19:07:23.633 1955 2210 D use-Rlog/RLOG-RIL: 0 RIL request in the queue (0 pending, 0 handled, 0 unhandled)
01-22 19:07:23.633 1955 2210 D use-Rlog/RLOG-RIL: 2 RIL requests data in the queue
01-22 19:07:23.633 2862 2987 D RILJ : [3738]< OPERATOR {Orange, Orange, 20801} [SUB0]
01-22 19:07:23.636 2862 2862 D RILJ : [3740]> VOICE_REGISTRATION_STATE [SUB0]
01-22 19:07:23.637 1955 1974 D use-Rlog/RLOG-RIL: 1 RIL request in the queue (1 pending, 0 handled, 0 unhandled)
01-22 19:07:23.637 1955 1974 D use-Rlog/RLOG-RIL: 2 RIL requests data in the queue
01-22 19:07:23.637 1955 2210 D use-Rlog/RLOG-RIL: 0 RIL request in the queue (0 pending, 0 handled, 0 unhandled)
01-22 19:07:23.637 1955 2210 D use-Rlog/RLOG-RIL: 1 RIL request data in the queue
01-22 19:07:23.640 2862 2862 D RILJ : [3741]> QUERY_NETWORK_SELECTION_MODE [SUB0]
01-22 19:07:23.641 1955 1974 D use-Rlog/RLOG-RIL: 1 RIL request in the queue (1 pending, 0 handled, 0 unhandled)
01-22 19:07:23.641 1955 1974 D use-Rlog/RLOG-RIL: 1 RIL request data in the queue
01-22 19:07:23.641 1955 2210 D use-Rlog/RLOG-RIL: 0 RIL request in the queue (0 pending, 0 handled, 0 unhandled)
01-22 19:07:23.653 1955 2206 D use-Rlog/RLOG-RIL-IPC:
01-22 19:07:23.653 1955 2206 D use-Rlog/RLOG-RIL-IPC: xmm626_sec_modem_fmt_recv: Received FMT message
01-22 19:07:23.653 1955 2206 D use-Rlog/RLOG-RIL-IPC: xmm626_sec_modem_fmt_recv: Message: aseq=0x00, command=IPC_DISP_ICON_INFO, type=IPC_TYPE_NOTI, size=4
01-22 19:07:23.653 1955 2206 D use-Rlog/RLOG-RIL-IPC: ================================= IPC FMT data =================================
01-22 19:07:23.653 1955 2206 D use-Rlog/RLOG-RIL-IPC: [0000] FF 04 00 05 ....
01-22 19:07:23.653 1955 2206 D use-Rlog/RLOG-RIL-IPC: ================================================================================
01-22 19:07:23.653 1955 2206 D use-Rlog/RLOG-RIL: Signal strength is 12
01-22 19:07:23.654 1955 2206 D use-Rlog/RLOG-RIL-IPC:
01-22 19:07:23.654 1955 2206 D use-Rlog/RLOG-RIL-IPC: xmm626_sec_modem_fmt_recv: Received FMT message
01-22 19:07:23.654 1955 2206 D use-Rlog/RLOG-RIL-IPC: xmm626_sec_modem_fmt_recv: Message: aseq=0x00, command=IPC_DISP_RSSI_INFO, type=IPC_TYPE_NOTI, size=1
01-22 19:07:23.654 1955 2206 D use-Rlog/RLOG-RIL-IPC: ================================= IPC FMT data =================================
01-22 19:07:23.654 1955 2206 D use-Rlog/RLOG-RIL-IPC: [0000] 47 G
01-22 19:07:23.654 1955 2206 D use-Rlog/RLOG-RIL-IPC: ================================================================================
01-22 19:07:23.654 1955 2206 D use-Rlog/RLOG-RIL: Signal strength is 21
01-22 19:07:23.657 2862 2862 D RILJ : [3742]> OPERATOR [SUB0]
01-22 19:07:23.658 1955 1974 D use-Rlog/RLOG-RIL: 1 RIL request in the queue (1 pending, 0 handled, 0 unhandled)
01-22 19:07:23.658 1955 2210 D use-Rlog/RLOG-RIL-IPC:
01-22 19:07:23.658 1955 2210 D use-Rlog/RLOG-RIL-IPC: xmm626_sec_modem_fmt_send: Sent FMT message
01-22 19:07:23.658 1955 2210 D use-Rlog/RLOG-RIL-IPC: xmm626_sec_modem_fmt_send: Message: mseq=0x47, command=IPC_NET_PLMN_SEL, type=IPC_TYPE_GET, size=0
01-22 19:07:23.659 2862 2862 D RILJ : [3743]> DATA_REGISTRATION_STATE [SUB0]
01-22 19:07:23.660 1955 1974 D use-Rlog/RLOG-RIL: 2 RIL requests in the queue (1 pending, 1 handled, 0 unhandled)
01-22 19:07:23.660 1955 2210 D use-Rlog/RLOG-RIL-IPC:
01-22 19:07:23.660 1955 2210 D use-Rlog/RLOG-RIL-IPC: xmm626_sec_modem_fmt_send: Sent FMT message
01-22 19:07:23.660 1955 2210 D use-Rlog/RLOG-RIL-IPC: xmm626_sec_modem_fmt_send: Message: mseq=0x48, command=IPC_NET_SERVING_NETWORK, type=IPC_TYPE_GET, size=0
01-22 19:07:23.660 2862 2862 D RILJ : [3744]> VOICE_REGISTRATION_STATE [SUB0]
01-22 19:07:23.660 1955 2206 D use-Rlog/RLOG-RIL-IPC:
01-22 19:07:23.660 1955 2206 D use-Rlog/RLOG-RIL-IPC: xmm626_sec_modem_fmt_recv: Received FMT message
01-22 19:07:23.660 1955 2206 D use-Rlog/RLOG-RIL-IPC: xmm626_sec_modem_fmt_recv: Message: aseq=0x47, command=IPC_NET_PLMN_SEL, type=IPC_TYPE_RESP, size=1
01-22 19:07:23.661 1955 2206 D use-Rlog/RLOG-RIL-IPC: ================================= IPC FMT data =================================
01-22 19:07:23.661 1955 2206 D use-Rlog/RLOG-RIL-IPC: [0000] 02 .
01-22 19:07:23.661 1955 2206 D use-Rlog/RLOG-RIL-IPC: ================================================================================
01-22 19:07:23.661 1955 2206 D use-Rlog/RLOG-RIL: 1 RIL request in the queue (0 pending, 1 handled, 0 unhandled)
01-22 19:07:23.661 1955 1974 D use-Rlog/RLOG-RIL: 2 RIL requests in the queue (1 pending, 1 handled, 0 unhandled)
01-22 19:07:23.661 1955 2210 D use-Rlog/RLOG-RIL-IPC:
01-22 19:07:23.661 1955 2210 D use-Rlog/RLOG-RIL-IPC: xmm626_sec_modem_fmt_send: Sent FMT message
01-22 19:07:23.661 1955 2210 D use-Rlog/RLOG-RIL-IPC: xmm626_sec_modem_fmt_send: Message: mseq=0x49, command=IPC_NET_REGIST, type=IPC_TYPE_GET, size=2
01-22 19:07:23.661 1955 2210 D use-Rlog/RLOG-RIL-IPC: ================================= IPC FMT data =================================
01-22 19:07:23.661 1955 2210 D use-Rlog/RLOG-RIL-IPC: [0000] FF 03 ..
01-22 19:07:23.661 1955 2210 D use-Rlog/RLOG-RIL-IPC: ================================================================================
01-22 19:07:23.662 2862 2862 D RILJ : [3745]> QUERY_NETWORK_SELECTION_MODE [SUB0]
01-22 19:07:23.662 1955 2206 D use-Rlog/RLOG-RIL-IPC:
01-22 19:07:23.662 1955 2206 D use-Rlog/RLOG-RIL-IPC: xmm626_sec_modem_fmt_recv: Received FMT message
01-22 19:07:23.662 1955 2206 D use-Rlog/RLOG-RIL-IPC: xmm626_sec_modem_fmt_recv: Message: aseq=0x48, command=IPC_NET_SERVING_NETWORK, type=IPC_TYPE_RESP, size=11
01-22 19:07:23.662 1955 2206 D use-Rlog/RLOG-RIL-IPC: ================================= IPC FMT data =================================
01-22 19:07:23.662 1955 2206 D use-Rlog/RLOG-RIL-IPC: [0000] 02 02 04 32 30 38 30 31 23 06 38 ...20801 #.8
01-22 19:07:23.662 1955 2206 D use-Rlog/RLOG-RIL-IPC: ================================================================================
01-22 19:07:23.662 1955 2206 D use-Rlog/RLOG-RIL: 1 RIL request in the queue (0 pending, 1 handled, 0 unhandled)
01-22 19:07:23.663 2862 2862 D RILJ : [3746]> OPERATOR [SUB0]
01-22 19:07:23.663 1955 1974 D use-Rlog/RLOG-RIL: 2 RIL requests in the queue (1 pending, 1 handled, 0 unhandled)
01-22 19:07:23.663 1955 2210 D use-Rlog/RLOG-RIL-IPC:
01-22 19:07:23.663 1955 2210 D use-Rlog/RLOG-RIL-IPC: xmm626_sec_modem_fmt_send: Sent FMT message
01-22 19:07:23.663 1955 2210 D use-Rlog/RLOG-RIL-IPC: xmm626_sec_modem_fmt_send: Message: mseq=0x4a, command=IPC_NET_REGIST, type=IPC_TYPE_GET, size=2
01-22 19:07:23.663 1955 2210 D use-Rlog/RLOG-RIL-IPC: ================================= IPC FMT data =================================
01-22 19:07:23.663 1955 2210 D use-Rlog/RLOG-RIL-IPC: [0000] FF 02 ..
01-22 19:07:23.663 1955 2210 D use-Rlog/RLOG-RIL-IPC: ================================================================================
01-22 19:07:23.663 1955 2206 D use-Rlog/RLOG-RIL-IPC:
01-22 19:07:23.663 1955 2206 D use-Rlog/RLOG-RIL-IPC: xmm626_sec_modem_fmt_recv: Received FMT message
01-22 19:07:23.663 1955 2206 D use-Rlog/RLOG-RIL-IPC: xmm626_sec_modem_fmt_recv: Message: aseq=0x49, command=IPC_NET_REGIST, type=IPC_TYPE_RESP, size=11
01-22 19:07:23.663 1955 2206 D use-Rlog/RLOG-RIL-IPC: ================================= IPC FMT data =================================
01-22 19:07:23.664 1955 2206 D use-Rlog/RLOG-RIL-IPC: [0000] 04 03 03 01 06 38 7F 68 4B 00 FF .....8.h K..
01-22 19:07:23.664 1955 2206 D use-Rlog/RLOG-RIL-IPC: ================================================================================
01-22 19:07:23.664 1955 2206 D use-Rlog/RLOG-RIL: 1 RIL request in the queue (0 pending, 1 handled, 0 unhandled)
01-22 19:07:23.664 1955 1974 D use-Rlog/RLOG-RIL: 2 RIL requests in the queue (1 pending, 1 handled, 0 unhandled)
01-22 19:07:23.664 1955 2210 D use-Rlog/RLOG-RIL-IPC:
01-22 19:07:23.664 1955 2210 D use-Rlog/RLOG-RIL-IPC: xmm626_sec_modem_fmt_send: Sent FMT message
01-22 19:07:23.664 1955 2210 D use-Rlog/RLOG-RIL-IPC: xmm626_sec_modem_fmt_send: Message: mseq=0x4b, command=IPC_NET_PLMN_SEL, type=IPC_TYPE_GET, size=0
01-22 19:07:23.664 2862 2862 D RILJ : [3747]> DATA_REGISTRATION_STATE [SUB0]
01-22 19:07:23.665 1955 1974 D use-Rlog/RLOG-RIL: 3 RIL requests in the queue (1 pending, 2 handled, 0 unhandled)
01-22 19:07:23.665 1955 2210 D use-Rlog/RLOG-RIL-IPC:
01-22 19:07:23.665 1955 2210 D use-Rlog/RLOG-RIL-IPC: xmm626_sec_modem_fmt_send: Sent FMT message
01-22 19:07:23.665 1955 2210 D use-Rlog/RLOG-RIL-IPC: xmm626_sec_modem_fmt_send: Message: mseq=0x4c, command=IPC_NET_SERVING_NETWORK, type=IPC_TYPE_GET, size=0
01-22 19:07:23.667 1955 2206 D use-Rlog/RLOG-RIL-IPC:
01-22 19:07:23.667 1955 2206 D use-Rlog/RLOG-RIL-IPC: xmm626_sec_modem_fmt_recv: Received FMT message
01-22 19:07:23.667 1955 2206 D use-Rlog/RLOG-RIL-IPC: xmm626_sec_modem_fmt_recv: Message: aseq=0x4a, command=IPC_NET_REGIST, type=IPC_TYPE_RESP, size=11
01-22 19:07:23.667 1955 2206 D use-Rlog/RLOG-RIL-IPC: ================================= IPC FMT data =================================
01-22 19:07:23.667 1955 2206 D use-Rlog/RLOG-RIL-IPC: [0000] 04 02 02 01 06 38 7F 68 4B 00 00 .....8.h K..
01-22 19:07:23.667 1955 2206 D use-Rlog/RLOG-RIL-IPC: ================================================================================
01-22 19:07:23.667 1955 2206 D use-Rlog/RLOG-RIL: 2 RIL requests in the queue (0 pending, 2 handled, 0 unhandled)
01-22 19:07:23.667 1955 2206 D use-Rlog/RLOG-RIL-IPC:
01-22 19:07:23.668 1955 2206 D use-Rlog/RLOG-RIL-IPC: xmm626_sec_modem_fmt_recv: Received FMT message
01-22 19:07:23.668 1955 2206 D use-Rlog/RLOG-RIL-IPC: xmm626_sec_modem_fmt_recv: Message: aseq=0x4b, command=IPC_NET_PLMN_SEL, type=IPC_TYPE_RESP, size=1
01-22 19:07:23.668 1955 2206 D use-Rlog/RLOG-RIL-IPC: ================================= IPC FMT data =================================
01-22 19:07:23.668 1955 2206 D use-Rlog/RLOG-RIL-IPC: [0000] 02 .
01-22 19:07:23.668 1955 2206 D use-Rlog/RLOG-RIL-IPC: ================================================================================
01-22 19:07:23.668 1955 2206 D use-Rlog/RLOG-RIL: 1 RIL request in the queue (0 pending, 1 handled, 0 unhandled)
01-22 19:07:23.668 1955 2206 D use-Rlog/RLOG-RIL-IPC:
01-22 19:07:23.668 1955 2206 D use-Rlog/RLOG-RIL-IPC: xmm626_sec_modem_fmt_recv: Received FMT message
01-22 19:07:23.668 1955 2206 D use-Rlog/RLOG-RIL-IPC: xmm626_sec_modem_fmt_recv: Message: aseq=0x4c, command=IPC_NET_SERVING_NETWORK, type=IPC_TYPE_RESP, size=11
01-22 19:07:23.668 1955 2206 D use-Rlog/RLOG-RIL-IPC: ================================= IPC FMT data =================================
01-22 19:07:23.668 1955 2206 D use-Rlog/RLOG-RIL-IPC: [0000] 02 02 04 32 30 38 30 31 23 06 38 ...20801 #.8
01-22 19:07:23.668 1955 2206 D use-Rlog/RLOG-RIL-IPC: ================================================================================
01-22 19:07:23.668 1955 2206 D use-Rlog/RLOG-RIL: 0 RIL request in the queue (0 pending, 0 handled, 0 unhandled)
01-22 19:07:23.668 2862 2862 D RILJ : [3748]> VOICE_REGISTRATION_STATE [SUB0]
01-22 19:07:23.669 1955 1974 D use-Rlog/RLOG-RIL: 1 RIL request in the queue (1 pending, 0 handled, 0 unhandled)
01-22 19:07:23.669 1955 2210 D use-Rlog/RLOG-RIL-IPC:
01-22 19:07:23.669 1955 2210 D use-Rlog/RLOG-RIL-IPC: xmm626_sec_modem_fmt_send: Sent FMT message
01-22 19:07:23.669 1955 2210 D use-Rlog/RLOG-RIL-IPC: xmm626_sec_modem_fmt_send: Message: mseq=0x4d, command=IPC_NET_REGIST, type=IPC_TYPE_GET, size=2
01-22 19:07:23.669 1955 2210 D use-Rlog/RLOG-RIL-IPC: ================================= IPC FMT data =================================
01-22 19:07:23.669 1955 2210 D use-Rlog/RLOG-RIL-IPC: [0000] FF 03 ..
01-22 19:07:23.669 1955 2210 D use-Rlog/RLOG-RIL-IPC: ================================================================================
01-22 19:07:23.669 2862 2987 D RILJ : [3739]< DATA_REGISTRATION_STATE {12, 3806, 4b687f, 9, 3} [SUB0]
01-22 19:07:23.670 2862 2987 D RILJ : [3740]< VOICE_REGISTRATION_STATE {1, 3806, 4b687f, 9, null, null, null, null, null, null, null, null, null, null, null} [SUB0]
01-22 19:07:23.670 2862 2987 D RILJ : [3741]< QUERY_NETWORK_SELECTION_MODE {0} [SUB0]
01-22 19:07:23.670 2862 2987 D RILJ : [3742]< OPERATOR {Orange, Orange, 20801} [SUB0]
01-22 19:07:23.670 2862 2987 D RILJ : [3743]< DATA_REGISTRATION_STATE {12, 3806, 4b687f, 9, 3} [SUB0]
01-22 19:07:23.670 2862 2987 D RILJ : [3744]< VOICE_REGISTRATION_STATE {1, 3806, 4b687f, 9, null, null, null, null, null, null, null, null, null, null, null} [SUB0]
01-22 19:07:23.670 2862 2862 D RILJ : [3749]> QUERY_NETWORK_SELECTION_MODE [SUB0]
01-22 19:07:23.670 2862 2987 D RILJ : [3745]< QUERY_NETWORK_SELECTION_MODE {0} [SUB0]
01-22 19:07:23.670 1955 2206 D use-Rlog/RLOG-RIL-IPC:
01-22 19:07:23.670 1955 2206 D use-Rlog/RLOG-RIL-IPC: xmm626_sec_modem_fmt_recv: Received FMT message
01-22 19:07:23.670 1955 2206 D use-Rlog/RLOG-RIL-IPC: xmm626_sec_modem_fmt_recv: Message: aseq=0x4d, command=IPC_NET_REGIST, type=IPC_TYPE_RESP, size=11
01-22 19:07:23.670 1955 2206 D use-Rlog/RLOG-RIL-IPC: ================================= IPC FMT data =================================
01-22 19:07:23.671 1955 2206 D use-Rlog/RLOG-RIL-IPC: [0000] 04 03 03 01 06 38 7F 68 4B 00 FF .....8.h K..
01-22 19:07:23.671 1955 2206 D use-Rlog/RLOG-RIL-IPC: ================================================================================
01-22 19:07:23.671 1955 2206 D use-Rlog/RLOG-RIL: 0 RIL request in the queue (0 pending, 0 handled, 0 unhandled)
