01-22 19:07:23.671 1955 1974 D use-Rlog/RLOG-RIL: 1 RIL request in the queue (1 pending, 0 handled, 0 unhandled)
01-22 19:07:23.671 1955 2210 D use-Rlog/RLOG-RIL-IPC:
01-22 19:07:23.671 1955 2210 D use-Rlog/RLOG-RIL-IPC: xmm626_sec_modem_fmt_send: Sent FMT message
01-22 19:07:23.671 1955 2210 D use-Rlog/RLOG-RIL-IPC: xmm626_sec_modem_fmt_send: Message: mseq=0x4e, command=IPC_NET_REGIST, type=IPC_TYPE_GET, size=2
01-22 19:07:23.671 1955 2210 D use-Rlog/RLOG-RIL-IPC: ================================= IPC FMT data =================================
01-22 19:07:23.671 1955 2210 D use-Rlog/RLOG-RIL-IPC: [0000] FF 02 ..
01-22 19:07:23.671 1955 2210 D use-Rlog/RLOG-RIL-IPC: ================================================================================
01-22 19:07:23.671 2862 2987 D RILJ : [3746]< OPERATOR {Orange, Orange, 20801} [SUB0]
01-22 19:07:23.671 2862 2987 D RILJ : [3747]< DATA_REGISTRATION_STATE {12, 3806, 4b687f, 9, 3} [SUB0]
01-22 19:07:23.671 1955 1974 D use-Rlog/RLOG-RIL: 2 RIL requests in the queue (1 pending, 1 handled, 0 unhandled)
01-22 19:07:23.672 2862 2862 D SubscriptionController: [getSubId]- sSlotIdxToSubId.size == 0, return DummySubIds slotIdx=0
01-22 19:07:23.672 1955 2210 D use-Rlog/RLOG-RIL-IPC:
01-22 19:07:23.672 1955 2210 D use-Rlog/RLOG-RIL-IPC: xmm626_sec_modem_fmt_send: Sent FMT message
01-22 19:07:23.672 1955 2210 D use-Rlog/RLOG-RIL-IPC: xmm626_sec_modem_fmt_send: Message: mseq=0x4f, command=IPC_NET_PLMN_SEL, type=IPC_TYPE_GET, size=0
01-22 19:07:23.672 2862 2862 D DefaultPhoneNotifier: notifySignalStrength: mRegistry=com.android.internal.telephony.ITelephonyRegistry$Stub$Proxy@e36374d ss=SignalStrength: 12 99 -120 -160 -120 -1 -1 99 2147483647 2147483647 2147483647 -1 2147483647 gsm|lte sender=Handler (com.android.internal.telephony.gsm.GSMPhone) {1b64a95}
01-22 19:07:23.673 1955 2206 D use-Rlog/RLOG-RIL-IPC:
01-22 19:07:23.673 1955 2206 D use-Rlog/RLOG-RIL-IPC: xmm626_sec_modem_fmt_recv: Received FMT message
01-22 19:07:23.673 1955 2206 D use-Rlog/RLOG-RIL-IPC: xmm626_sec_modem_fmt_recv: Message: aseq=0x4e, command=IPC_NET_REGIST, type=IPC_TYPE_RESP, size=11
01-22 19:07:23.673 1955 2206 D use-Rlog/RLOG-RIL-IPC: ================================= IPC FMT data =================================
01-22 19:07:23.673 1955 2206 D use-Rlog/RLOG-RIL-IPC: [0000] 04 02 02 01 06 38 7F 68 4B 00 00 .....8.h K..
01-22 19:07:23.673 1955 2206 D use-Rlog/RLOG-RIL-IPC: ================================================================================
01-22 19:07:23.673 1955 2206 D use-Rlog/RLOG-RIL: 1 RIL request in the queue (0 pending, 1 handled, 0 unhandled)
01-22 19:07:23.673 1955 2206 D use-Rlog/RLOG-RIL-IPC:
01-22 19:07:23.673 1955 2206 D use-Rlog/RLOG-RIL-IPC: xmm626_sec_modem_fmt_recv: Received FMT message
01-22 19:07:23.673 1955 2206 D use-Rlog/RLOG-RIL-IPC: xmm626_sec_modem_fmt_recv: Message: aseq=0x4f, command=IPC_NET_PLMN_SEL, type=IPC_TYPE_RESP, size=1
01-22 19:07:23.673 1955 2206 D use-Rlog/RLOG-RIL-IPC: ================================= IPC FMT data =================================
01-22 19:07:23.673 1955 2206 D use-Rlog/RLOG-RIL-IPC: [0000] 02 .
01-22 19:07:23.673 1955 2206 D use-Rlog/RLOG-RIL-IPC: ================================================================================
01-22 19:07:23.674 1955 2206 D use-Rlog/RLOG-RIL: 0 RIL request in the queue (0 pending, 0 handled, 0 unhandled)
01-22 19:07:23.674 2310 2321 D TelephonyRegistry: notifySignalStrengthForSubscriber: invalid phoneId=-1
01-22 19:07:23.674 2862 2987 D RILJ : [3748]< VOICE_REGISTRATION_STATE {1, 3806, 4b687f, 9, null, null, null, null, null, null, null, null, null, null, null} [SUB0]
01-22 19:07:23.674 2862 2987 D RILJ : [3749]< QUERY_NETWORK_SELECTION_MODE {0} [SUB0]
01-22 19:07:23.680 2862 2862 D SubscriptionController: [getSubId]- sSlotIdxToSubId.size == 0, return DummySubIds slotIdx=0
01-22 19:07:23.680 2862 2862 D DefaultPhoneNotifier: notifySignalStrength: mRegistry=com.android.internal.telephony.ITelephonyRegistry$Stub$Proxy@e36374d ss=SignalStrength: 21 99 -120 -160 -120 -1 -1 99 2147483647 2147483647 2147483647 -1 2147483647 gsm|lte sender=Handler (com.android.internal.telephony.gsm.GSMPhone) {1b64a95}
01-22 19:07:23.680 2310 3099 D TelephonyRegistry: notifySignalStrengthForSubscriber: invalid phoneId=-1
01-22 19:07:23.682 2862 2862 D PHONE : [ServiceState] setDataRegState=1
01-22 19:07:23.682 2862 2862 D PHONE : [ServiceState] setDataRadioTechnology=9
01-22 19:07:23.682 2862 2862 D GsmSST : [GsmSST] handlPollStateResultMessage: GsmSST setDataRegState=1 regState=12 dataRadioTechnology=9
01-22 19:07:23.682 2862 2862 D PHONE : [ServiceState] setVoiceRegState=0
01-22 19:07:23.682 2862 2862 E PHONE : [ServiceState] setState deprecated use setVoiceRegState()
01-22 19:07:23.683 2862 2862 D SubscriptionController: [getSubId]- sSlotIdxToSubId.size == 0, return DummySubIds slotIdx=0
01-22 19:07:23.683 2862 2862 D GsmSST : [GsmSST] Poll ServiceState done: oldSS=[1 1 voice home data home null null 00000 null null 00000 Unknown Unknown CSS not supported -1 -1 RoamInd=-1 DefRoamInd=-1 EmergOnly=false IsDataRoamingFromRegistration=false] newSS=[0 1 voice home data home Orange Orange 20801 Orange Orange 20801 HSDPA HSDPA CSS not supported -1 -1 RoamInd=-1 DefRoamInd=-1 EmergOnly=false IsDataRoamingFromRegistration=false] oldMaxDataCalls=1 mNewMaxDataCalls=1 oldReasonDataDenied=-1 mNewReasonDataDenied=-1
01-22 19:07:23.683 2862 2862 D GsmSST : [GsmSST] RAT switched Unknown -> HSDPA at cell 4941951
01-22 19:07:23.683 2862 2862 D PHONE : [ServiceState] setNullState=1
01-22 19:07:23.683 2862 2862 D PhoneProxy: [PhoneProxy] updatePhoneObject: radioTechnology=9
01-22 19:07:23.683 2862 2862 D TelephonyManager: setTelephonyProperty: success phoneId=0 property=gsm.network.type value: HSDPA propVal=HSDPA
01-22 19:07:23.684 2862 2862 D GsmSST : [GsmSST] pollStateDone: registering current mNitzUpdatedTime=false changing to false
01-22 19:07:23.684 2862 2862 D SIMRecords: [SIMRecords] getServiceProviderName: no brandOverride
01-22 19:07:23.684 2862 2862 D SIMRecords: [SIMRecords] getServiceProviderName: providerName=null
01-22 19:07:23.684 2862 2862 D SIMRecords: [SIMRecords] getServiceProviderName: no brandOverride
01-22 19:07:23.684 2862 2862 D SIMRecords: [SIMRecords] getServiceProviderName: providerName=null
01-22 19:07:23.687 2862 2862 D SubscriptionController: [getSubId]- sSlotIdxToSubId.size == 0, return DummySubIds slotIdx=0
01-22 19:07:23.688 2862 2862 D GsmSST : [GsmSST] updateSpnDisplay: changed sending intent rule=2 showPlmn='true' plmn='Orange' showSpn='false' spn='null' dataSpn='null' subId='-2'
01-22 19:07:23.689 2862 2862 D SubscriptionController: [getSubId]- sSlotIdxToSubId.size == 0, return DummySubIds slotIdx=0
01-22 19:07:23.691 2862 2862 D SubscriptionController: [getSubId]- sSlotIdxToSubId.size == 0, return DummySubIds slotIdx=0
01-22 19:07:23.692 2862 2862 D SubscriptionController: [setPlmnSpn] No valid subscription to store info
01-22 19:07:23.692 2862 2862 D SubscriptionController: notifySubscriptionInfoChanged:
01-22 19:07:23.694 2862 2862 D TelephonyManager: setTelephonyProperty: success phoneId=0 property=gsm.operator.alpha value: Orange propVal=Orange
01-22 19:07:23.694 2862 2862 D TelephonyManager: setTelephonyProperty: success phoneId=0 property=gsm.operator.numeric value: 20801 propVal=20801
01-22 19:07:23.695 2862 2862 D GsmSST : [GsmSST] update mccmnc=20801 fromServiceState=true
01-22 19:07:23.696 2862 2862 D SubscriptionController: [getPhoneId]- no sims, returning default phoneId=2147483647
01-22 19:07:23.697 2862 2862 D TelephonyManager: setTelephonyProperty: success phoneId=0 property=gsm.operator.iso-country value: fr propVal=fr
01-22 19:07:23.704 2862 2862 D GsmSST : [GsmSST] pollStateDone: no nitz but one TZ for iso-cc=fr with zone.getID=Europe/Paris testOneUniqueOffsetPath=false
01-22 19:07:23.704 2862 2862 D GsmSST : [GsmSST] setAndBroadcastNetworkSetTimeZone: setTimeZone=Europe/Paris
01-22 19:07:23.707 2862 2862 D GsmSST : [GsmSST] setAndBroadcastNetworkSetTimeZone: call alarm.setTimeZone and broadcast zoneId=Europe/Paris
01-22 19:07:23.707 2862 2862 D GsmSST : [GsmSST] shouldFixTimeZoneNow: retVal=true iccCardExist=true operatorNumeric=20801 mcc=208 prevOperatorNumeric=00000 prevMcc=0 needToFixTimeZone=false ltod=01-22 19:07:23.707
01-22 19:07:23.707 2862 2862 D GsmSST : [GsmSST] pollStateDone: fix time zone zoneName='Europe/Paris' mZoneOffset=0 mZoneDst=false iso-cc='fr' iso-cc-idx=-5
01-22 19:07:23.707 2862 2862 D GsmSST : [GsmSST] pollStateDone: using default TimeZone
01-22 19:07:23.707 2862 2862 D GsmSST : [GsmSST] pollStateDone: zone != null zone.getID=Europe/Paris
01-22 19:07:23.707 2862 2862 D GsmSST : [GsmSST] setAndBroadcastNetworkSetTimeZone: setTimeZone=Europe/Paris
01-22 19:07:23.708 2862 2862 D GsmSST : [GsmSST] setAndBroadcastNetworkSetTimeZone: call alarm.setTimeZone and broadcast zoneId=Europe/Paris
01-22 19:07:23.709 2862 2862 D TelephonyManager: setTelephonyProperty: success phoneId=0 property=gsm.operator.isroaming value: false propVal=false
01-22 19:07:23.709 2862 2862 D GsmSST : [GsmSST] Broadcasting ServiceState : 0 1 voice home data home Orange Orange 20801 Orange Orange 20801 HSDPA HSDPA CSS not supported -1 -1 RoamInd=-1 DefRoamInd=-1 EmergOnly=false IsDataRoamingFromRegistration=false
01-22 19:07:23.709 2862 2862 D SubscriptionController: [getSubId]- sSlotIdxToSubId.size == 0, return DummySubIds slotIdx=0
01-22 19:07:23.710 2862 2862 D DefaultPhoneNotifier: nofityServiceState: mRegistry=com.android.internal.telephony.ITelephonyRegistry$Stub$Proxy@e36374d ss=0 1 voice home data home Orange Orange 20801 Orange Orange 20801 HSDPA HSDPA CSS not supported -1 -1 RoamInd=-1 DefRoamInd=-1 EmergOnly=false IsDataRoamingFromRegistration=false sender=Handler (com.android.internal.telephony.gsm.GSMPhone) {1b64a95} phondId=0 subId=-2
01-22 19:07:23.711 2862 2862 D SubscriptionController: [getSlotId]- subId invalid
01-22 19:07:23.712 2862 2862 D SubscriptionController: getSimStateForSlotIdx: simState=READY ordinal=5
01-22 19:07:23.712 2310 2916 D SubscriptionManager: getSimStateForSubscriber: simState=5 slotIdx=0
01-22 19:07:23.712 2310 2916 D TelephonyManager: getSimState: default sim:-1, sim state for slotIdx=0 is 5, return state as unknown
01-22 19:07:23.714 2862 2862 D GsmSST : [GsmSST] notifyDataRegStateRilRadioTechnologyChanged: drs=1 rat=9
01-22 19:07:23.714 2862 2862 D TelephonyManager: setTelephonyProperty: success phoneId=0 property=gsm.network.type value: HSDPA propVal=HSDPA
01-22 19:07:23.715 2862 2862 D DCT : [0]get all active apn types
01-22 19:07:23.716 2862 2862 D PhoneProxy: [PhoneProxy] phoneObjectUpdater: newVoiceRadioTech=9
01-22 19:07:23.716 2862 2862 D PhoneProxy: [PhoneProxy] phoneObjectUpdater: No change ignore, newVoiceRadioTech=9 mActivePhone=GSM
01-22 19:07:23.716 2862 2862 D GsmSST : [GsmSST] SubscriptionListener.onSubscriptionInfoChanged
01-22 19:07:23.716 2862 2862 D SubscriptionController: [getSubId]- sSlotIdxToSubId.size == 0, return DummySubIds slotIdx=0
01-22 19:07:23.716 2862 2862 D DCT : [0]SubscriptionListener.onSubscriptionInfoChanged
01-22 19:07:23.716 2862 2862 D SubscriptionController: [getSubId]- sSlotIdxToSubId.size == 0, return DummySubIds slotIdx=0
01-22 19:07:23.716 2862 2862 D SubscriptionController: [getActiveSubInfoList]+
01-22 19:07:23.717 2862 2862 D SubscriptionController: selection:sim_id>=0 null
01-22 19:07:23.721 2862 2862 D SubscriptionController: [getActiveSubInfoList]- no info return
01-22 19:07:23.721 2862 2862 E PhoneBase: Error! unregisterForCallWaiting() in PhoneBase should not be called, CDMAPhone inactive.
01-22 19:07:23.722 2862 2862 D SubscriptionController: [getSubId]- sSlotIdxToSubId.size == 0, return DummySubIds slotIdx=0
01-22 19:07:23.723 2862 2862 D SubscriptionController: [getSubId]- sSlotIdxToSubId.size == 0, return DummySubIds slotIdx=0
01-22 19:07:23.724 2862 2862 D SubscriptionController: [getPhoneId]- invalid subId return=-1
01-22 19:07:23.725 2862 2862 D SubscriptionController: [getSubId]- sSlotIdxToSubId.size == 0, return DummySubIds slotIdx=0
01-22 19:07:23.725 2862 2862 D SubscriptionController: [getSubId]- sSlotIdxToSubId.size == 0, return DummySubIds slotIdx=0
01-22 19:07:23.725 2862 2862 D SubscriptionController: [getSubId]- sSlotIdxToSubId.size == 0, return DummySubIds slotIdx=0
01-22 19:07:23.831 2862 2862 E PhoneBase: Error! registerForCallWaiting() in PhoneBase should not be called, CDMAPhone inactive.
01-22 19:07:23.842 2862 3103 D SubscriptionController: [getActiveSubInfoList]+
01-22 19:07:23.843 2862 3103 D SubscriptionController: selection:sim_id>=0 null
01-22 19:07:23.850 2862 3222 D SubscriptionController: [getActiveSubInfoList]+
01-22 19:07:23.852 2862 3103 D SubscriptionController: [getActiveSubInfoList]- no info return
01-22 19:07:23.862 2862 2910 D SubscriptionController: [getSubId]- sSlotIdxToSubId.size == 0, return DummySubIds slotIdx=0
01-22 19:07:23.874 2862 2862 D SubscriptionController: [getSubId]- sSlotIdxToSubId.size == 0, return DummySubIds slotIdx=0
01-22 19:07:23.874 2862 2862 D DCT : [0]handleMessage msg={ when=-160ms what=270377 obj=android.os.AsyncResult@f06d679 target=com.android.internal.telephony.dataconnection.DcTracker }
01-22 19:07:23.875 2862 2862 D DCT : [0]onUpdateIcc: newIccRecords com.android.internal.telephony.uicc.SIMRecords
01-22 19:07:23.875 2862 2862 D SubscriptionController: [getSubId]- sSlotIdxToSubId.size == 0, return DummySubIds slotIdx=0
01-22 19:07:23.875 2862 2862 D DCT : [0]onUpdateIcc: tryRestartDataConnections nwTypeChanged
01-22 19:07:23.875 2862 2862 D DCT : [0]overall state is IDLE
01-22 19:07:23.875 2862 2862 D SubscriptionController: [getSubId]- sSlotIdxToSubId.size == 0, return DummySubIds slotIdx=0
01-22 19:07:23.875 2862 2862 D GSMPhone: [GSMPhone] updateCurrentCarrierInProvider: mSubId = -2 currentDds = 2 operatorNumeric = 20801
01-22 19:07:23.875 2862 2862 D SubscriptionController: [getSubId]- sSlotIdxToSubId.size == 0, return DummySubIds slotIdx=0
01-22 19:07:23.875 2862 2862 D DCT : [0]tryRestartDataConnections: createAllApnList and cleanUpAllConnections
01-22 19:07:23.875 2862 2862 D DCT : [0]getOperatorNumberic - returning from card:
01-22 19:07:23.875 2862 2862 D DCT : [0]isDummyProfileNeeded: radioTechFam = 1
01-22 19:07:23.875 2862 2862 D DCT : [0]createAllApnList: No APN found for carrier:
01-22 19:07:23.875 2862 2862 D DCT : [0]createAllApnList: X mAllApnSettings=[]
01-22 19:07:23.875 2862 2862 D DCT : [0]setDataProfilesAsNeeded
01-22 19:07:23.875 2862 2862 D DCT : [0]setInitialApn: E preferredApn=null
01-22 19:07:23.875 2862 2862 D DCT : [0]setInitialAttachApn: X There in no available apn
01-22 19:07:23.875 2862 2862 D DCT : [0]cleanUpAllConnections: tearDown=false reason=nwTypeChanged
01-22 19:07:23.876 2862 2862 D DCT : [0]cleanUpConnection: tearDown=false reason=nwTypeChanged apnContext={mApnType=default mState=IDLE mWaitingApns={null} mWaitingApnsPermanentFailureCountDown=0 mApnSetting={null} mReason=nwTypeChanged mDataEnabled=false mDependencyMet=true}
01-22 19:07:23.876 2862 2862 D GSMPhone: getDataConnectionState: Data is Out of Service. ret = DISCONNECTED
01-22 19:07:23.876 2862 2862 D SubscriptionController: [getSubId]- sSlotIdxToSubId.size == 0, return DummySubIds slotIdx=0
01-22 19:07:23.876 2862 2862 D DCT : [0]isDataAllowed: not allowed due to - Attached= false - SIM not loaded - SIM not loaded and not NV subscription
01-22 19:07:23.877 2862 2862 D SubscriptionController: [getPhoneId]- invalid subId return=-1
01-22 19:07:23.880 2862 2862 D DCT : [0]setupDataForSinglePdn: reason = nwTypeChanged isDisconnected = true
01-22 19:07:23.881 2862 2862 D DCT : [0]isOnlySingleDcAllowed(9): false
01-22 19:07:23.881 2862 2862 D DCT : [0]cleanUpConnection: X tearDown=false reason=nwTypeChanged apnContext={mApnType=default mState=IDLE mWaitingApns={null} mWaitingApnsPermanentFailureCountDown=0 mApnSetting={null} mReason=nwTypeChanged mDataEnabled=false mDependencyMet=true} dcac=null
01-22 19:07:23.881 2862 2862 D DCT : [0]cleanUpConnection: tearDown=false reason=nwTypeChanged apnContext={mApnType=mms mState=IDLE mWaitingApns={null} mWaitingApnsPermanentFailureCountDown=0 mApnSetting={null} mReason=nwTypeChanged mDataEnabled=false mDependencyMet=true}
01-22 19:07:23.881 2862 2862 D GSMPhone: getDataConnectionState: Data is Out of Service. ret = DISCONNECTED
01-22 19:07:23.881 2862 2862 D SubscriptionController: [getSubId]- sSlotIdxToSubId.size == 0, return DummySubIds slotIdx=0
01-22 19:07:23.882 2862 2862 D DCT : [0]isDataAllowed: not allowed due to - Attached= false - SIM not loaded - SIM not loaded and not NV subscription
01-22 19:07:23.882 2862 2862 D SubscriptionController: [getPhoneId]- invalid subId return=-1
01-22 19:07:23.884 2862 2862 D DCT : [0]setupDataForSinglePdn: reason = nwTypeChanged isDisconnected = true
01-22 19:07:23.884 2862 2862 D DCT : [0]isOnlySingleDcAllowed(9): false
01-22 19:07:23.884 2862 2862 D DCT : [0]cleanUpConnection: X tearDown=false reason=nwTypeChanged apnContext={mApnType=mms mState=IDLE mWaitingApns={null} mWaitingApnsPermanentFailureCountDown=0 mApnSetting={null} mReason=nwTypeChanged mDataEnabled=false mDependencyMet=true} dcac=null
01-22 19:07:23.884 2862 2862 D DCT : [0]cleanUpConnection: tearDown=false reason=nwTypeChanged apnContext={mApnType=supl mState=IDLE mWaitingApns={null} mWaitingApnsPermanentFailureCountDown=0 mApnSetting={null} mReason=nwTypeChanged mDataEnabled=false mDependencyMet=true}
01-22 19:07:23.884 2862 2862 D GSMPhone: getDataConnectionState: Data is Out of Service. ret = DISCONNECTED
01-22 19:07:23.884 2862 2862 D SubscriptionController: [getSubId]- sSlotIdxToSubId.size == 0, return DummySubIds slotIdx=0
01-22 19:07:23.890 2862 2862 D DCT : [0]isDataAllowed: not allowed due to - Attached= false - SIM not loaded - SIM not loaded and not NV subscription
01-22 19:07:23.899 2862 2862 D SubscriptionController: [getPhoneId]- invalid subId return=-1
01-22 19:07:23.900 2862 3222 D SubscriptionController: selection:sim_id>=0 null
01-22 19:07:23.900 2862 2862 D DCT : [0]setupDataForSinglePdn: reason = nwTypeChanged isDisconnected = true
01-22 19:07:23.901 2862 2862 D DCT : [0]isOnlySingleDcAllowed(9): false
01-22 19:07:23.901 2862 2862 D DCT : [0]cleanUpConnection: X tearDown=false reason=nwTypeChanged apnContext={mApnType=supl mState=IDLE mWaitingApns={null} mWaitingApnsPermanentFailureCountDown=0 mApnSetting={null} mReason=nwTypeChanged mDataEnabled=false mDependencyMet=true} dcac=null
01-22 19:07:23.901 2862 2862 D DCT : [0]cleanUpConnection: tearDown=false reason=nwTypeChanged apnContext={mApnType=dun mState=IDLE mWaitingApns={null} mWaitingApnsPermanentFailureCountDown=0 mApnSetting={null} mReason=nwTypeChanged mDataEnabled=false mDependencyMet=true}
01-22 19:07:23.901 2862 2862 D GSMPhone: getDataConnectionState: Data is Out of Service. ret = DISCONNECTED
01-22 19:07:23.901 2862 2862 D SubscriptionController: [getSubId]- sSlotIdxToSubId.size == 0, return DummySubIds slotIdx=0
01-22 19:07:23.901 2862 2862 D DCT : [0]isDataAllowed: not allowed due to - Attached= false - SIM not loaded - SIM not loaded and not NV subscription
01-22 19:07:23.902 2862 2862 D SubscriptionController: [getPhoneId]- invalid subId return=-1
01-22 19:07:23.904 2862 2862 D DCT : [0]setupDataForSinglePdn: reason = nwTypeChanged isDisconnected = true
01-22 19:07:23.904 2862 2862 D DCT : [0]isOnlySingleDcAllowed(9): false
01-22 19:07:23.904 2862 2862 D DCT : [0]cleanUpConnection: X tearDown=false reason=nwTypeChanged apnContext={mApnType=dun mState=IDLE mWaitingApns={null} mWaitingApnsPermanentFailureCountDown=0 mApnSetting={null} mReason=nwTypeChanged mDataEnabled=false mDependencyMet=true} dcac=null
01-22 19:07:23.904 2862 2862 D DCT : [0]cleanUpConnection: tearDown=false reason=nwTypeChanged apnContext={mApnType=hipri mState=IDLE mWaitingApns={null} mWaitingApnsPermanentFailureCountDown=0 mApnSetting={null} mReason=nwTypeChanged mDataEnabled=false mDependencyMet=true}
01-22 19:07:23.904 2862 2862 D GSMPhone: getDataConnectionState: Data is Out of Service. ret = DISCONNECTED
01-22 19:07:23.904 2862 2862 D SubscriptionController: [getSubId]- sSlotIdxToSubId.size == 0, return DummySubIds slotIdx=0
01-22 19:07:23.905 2862 2862 D DCT : [0]isDataAllowed: not allowed due to - Attached= false - SIM not loaded - SIM not loaded and not NV subscription
01-22 19:07:23.906 2862 2862 D SubscriptionController: [getPhoneId]- invalid subId return=-1
01-22 19:07:23.907 2862 2862 D DCT : [0]setupDataForSinglePdn: reason = nwTypeChanged isDisconnected = true
01-22 19:07:23.907 2862 2862 D DCT : [0]isOnlySingleDcAllowed(9): false
01-22 19:07:23.907 2862 2862 D DCT : [0]cleanUpConnection: X tearDown=false reason=nwTypeChanged apnContext={mApnType=hipri mState=IDLE mWaitingApns={null} mWaitingApnsPermanentFailureCountDown=0 mApnSetting={null} mReason=nwTypeChanged mDataEnabled=false mDependencyMet=true} dcac=null
01-22 19:07:23.907 2862 2862 D DCT : [0]stopNetStatPoll
01-22 19:07:23.907 2862 2862 D SubscriptionController: [getSubId]- sSlotIdxToSubId.size == 0, return DummySubIds slotIdx=0
01-22 19:07:23.908 2862 2862 D DCT : [0]cleanUpConnection: mDisconnectPendingCount = 0
01-22 19:07:23.908 2862 2862 D DCT : [0]setupDataOnConnectableApns: nwTypeChanged
01-22 19:07:23.908 2862 2862 D DCT : [0]setupDataOnConnectableApns: apnContext {mApnType=dun mState=IDLE mWaitingApns={null} mWaitingApnsPermanentFailureCountDown=0 mApnSetting={null} mReason=nwTypeChanged mDataEnabled=false mDependencyMet=true}
01-22 19:07:23.908 2862 2862 D DCT : [0]setupDataOnConnectableApns: apnContext {mApnType=hipri mState=IDLE mWaitingApns={null} mWaitingApnsPermanentFailureCountDown=0 mApnSetting={null} mReason=nwTypeChanged mDataEnabled=false mDependencyMet=true}
01-22 19:07:23.908 2862 2862 D DCT : [0]setupDataOnConnectableApns: apnContext {mApnType=supl mState=IDLE mWaitingApns={null} mWaitingApnsPermanentFailureCountDown=0 mApnSetting={null} mReason=nwTypeChanged mDataEnabled=false mDependencyMet=true}
01-22 19:07:23.908 2862 2862 D DCT : [0]setupDataOnConnectableApns: apnContext {mApnType=default mState=IDLE mWaitingApns={null} mWaitingApnsPermanentFailureCountDown=0 mApnSetting={null} mReason=nwTypeChanged mDataEnabled=false mDependencyMet=true}
01-22 19:07:23.908 2862 2862 D DCT : [0]setupDataOnConnectableApns: apnContext {mApnType=mms mState=IDLE mWaitingApns={null} mWaitingApnsPermanentFailureCountDown=0 mApnSetting={null} mReason=nwTypeChanged mDataEnabled=false mDependencyMet=true}
01-22 19:07:23.908 2862 2862 D DctController: handleMessage msg={ when=-192ms what=107 target=com.android.internal.telephony.dataconnection.DctController }
01-22 19:07:23.908 2862 2862 D DctController: onSubInfoReady mPhoneNum=1
01-22 19:07:23.908 2862 2862 D SubscriptionController: [getSubId]- sSlotIdxToSubId.size == 0, return DummySubIds slotIdx=0
01-22 19:07:23.908 2862 2862 D DctController: onSubInfoReady handle pending requests subId=-2
01-22 19:07:23.908 2862 2862 D SubscriptionController: [getSubId]- sSlotIdxToSubId.size == 0, return DummySubIds slotIdx=0
01-22 19:07:23.908 2862 2862 D DctController: [TNF -2]evalPendingRequest, pending request size is 1
01-22 19:07:23.908 2862 2862 D SubscriptionController: [getSubId]- sSlotIdxToSubId.size == 0, return DummySubIds slotIdx=0
01-22 19:07:23.908 2862 2862 D DctController: [TNF -2]evalPendingRequest: request = NetworkRequest [ id=1, legacyType=-1, [ Capabilities: INTERNET&NOT_RESTRICTED&TRUSTED&NOT_VPN] ]
01-22 19:07:23.908 2862 2862 D SubscriptionController: [getSubId]- sSlotIdxToSubId.size == 0, return DummySubIds slotIdx=0
01-22 19:07:23.908 2862 2862 D DctController: [TNF -2]Cellular needs Network for NetworkRequest [ id=1, legacyType=-1, [ Capabilities: INTERNET&NOT_RESTRICTED&TRUSTED&NOT_VPN] ]
01-22 19:07:23.908 2862 2862 D SubscriptionController: [getSubId]- sSlotIdxToSubId.size == 0, return DummySubIds slotIdx=0
01-22 19:07:23.908 2862 2862 D SubscriptionController: [getSubId]- sSlotIdxToSubId.size == 0, return DummySubIds slotIdx=0
01-22 19:07:23.908 2862 2862 D DctController: [TNF -2]Request not useable, pending request.
01-22 19:07:23.909 2862 2862 D DctController: processRequests
01-22 19:07:23.911 2862 2862 D SubscriptionController: [getPhoneId] asked for default subId=-1
01-22 19:07:23.911 2862 2862 D SubscriptionController: [getPhoneId]- invalid subId return=-1
01-22 19:07:23.912 2862 2862 D SubscriptionController: [getSubId]- sSlotIdxToSubId.size == 0, return DummySubIds slotIdx=0
01-22 19:07:23.966 2862 2862 D SubscriptionController: [getSubId]- sSlotIdxToSubId.size == 0, return DummySubIds slotIdx=0
01-22 19:07:23.966 2862 2862 D DCT : [0]getDataOnRoamingEnabled: phoneSubId=-2 isDataRoamingEnabled=false
01-22 19:07:23.966 2862 2862 D SubscriptionController: [getSubId]- sSlotIdxToSubId.size == 0, return DummySubIds slotIdx=0
01-22 19:07:23.966 2862 2862 D DCT : [0]getDataOnRoamingEnabled: phoneSubId=-2 isDataRoamingEnabled=false
01-22 19:07:23.966 2862 2862 D SubscriptionController: [getSubId]- sSlotIdxToSubId.size == 0, return DummySubIds slotIdx=0
01-22 19:07:23.966 2862 2862 D DCT : [0]getDataOnRoamingEnabled: phoneSubId=-2 isDataRoamingEnabled=false
01-22 19:07:23.966 2862 2862 D SubscriptionController: [getSubId]- sSlotIdxToSubId.size == 0, return DummySubIds slotIdx=0
01-22 19:07:23.966 2862 2862 D DCT : [0]getDataOnRoamingEnabled: phoneSubId=-2 isDataRoamingEnabled=false
01-22 19:07:23.966 2862 2862 D SubscriptionController: [getSubId]- sSlotIdxToSubId.size == 0, return DummySubIds slotIdx=0
01-22 19:07:23.967 2862 2862 D DCT : [0]getDataOnRoamingEnabled: phoneSubId=-2 isDataRoamingEnabled=false
01-22 19:07:23.967 2862 2862 D DctController: handleMessage msg={ when=-58ms what=100 target=com.android.internal.telephony.dataconnection.DctController }
01-22 19:07:23.967 2862 2862 D DcSwitchAsyncChannel: [DcSwitchAsyncChannel-0]: rspIsIdle=true
01-22 19:07:23.967 2862 2862 D SubscriptionController: [getPhoneId]- no sims, returning default phoneId=2147483647
01-22 19:07:23.968 2862 2862 D DcSwitchAsyncChannel: [DcSwitchAsyncChannel-0]: rspIsIdle=true
01-22 19:07:23.968 2862 2862 D DctController: onProcessRequest requestedPhoneId=-1, activePhoneId=-1
01-22 19:07:24.039 2862 2862 I GsmSST : NITZ: after Setting time of day
01-22 19:07:24.041 2862 2862 D RILJ : [3750]> OPERATOR [SUB0]
01-22 19:07:24.047 2862 2862 D RILJ : [3751]> DATA_REGISTRATION_STATE [SUB0]
01-22 19:07:24.048 1955 1974 D use-Rlog/RLOG-RIL: 1 RIL request in the queue (1 pending, 0 handled, 0 unhandled)
01-22 19:07:24.048 1955 1974 D use-Rlog/RLOG-RIL: 3 RIL requests data in the queue
01-22 19:07:24.048 2862 3222 D SubscriptionController: [getActiveSubInfoList]- no info return
01-22 19:07:24.048 1955 2210 D use-Rlog/RLOG-RIL: 0 RIL request in the queue (0 pending, 0 handled, 0 unhandled)
01-22 19:07:24.048 1955 2210 D use-Rlog/RLOG-RIL: 2 RIL requests data in the queue
01-22 19:07:24.049 2862 2987 D RILJ : [3750]< OPERATOR {Orange, Orange, 20801} [SUB0]
01-22 19:07:24.053 2862 2862 D RILJ : [3752]> VOICE_REGISTRATION_STATE [SUB0]
01-22 19:07:24.054 1955 1974 D use-Rlog/RLOG-RIL: 1 RIL request in the queue (1 pending, 0 handled, 0 unhandled)
01-22 19:07:24.054 1955 1974 D use-Rlog/RLOG-RIL: 2 RIL requests data in the queue
01-22 19:07:24.054 1955 2210 D use-Rlog/RLOG-RIL: 0 RIL request in the queue (0 pending, 0 handled, 0 unhandled)
01-22 19:07:24.054 1955 2210 D use-Rlog/RLOG-RIL: 1 RIL request data in the queue
01-22 19:07:24.054 2862 2862 D RILJ : [3753]> QUERY_NETWORK_SELECTION_MODE [SUB0]
01-22 19:07:24.055 2862 2862 D RILJ : [3754]> OPERATOR [SUB0]
01-22 19:07:24.055 1955 1974 D use-Rlog/RLOG-RIL: 1 RIL request in the queue (1 pending, 0 handled, 0 unhandled)
01-22 19:07:24.055 1955 1974 D use-Rlog/RLOG-RIL: 1 RIL request data in the queue
01-22 19:07:24.055 1955 1974 D use-Rlog/RLOG-RIL: 2 RIL requests in the queue (2 pending, 0 handled, 0 unhandled)
01-22 19:07:24.055 1955 1974 D use-Rlog/RLOG-RIL: 1 RIL request data in the queue
01-22 19:07:24.055 1955 2210 D use-Rlog/RLOG-RIL: 1 RIL request in the queue (1 pending, 0 handled, 0 unhandled)
01-22 19:07:24.056 1955 2210 D use-Rlog/RLOG-RIL-IPC:
01-22 19:07:24.056 1955 2210 D use-Rlog/RLOG-RIL-IPC: xmm626_sec_modem_fmt_send: Sent FMT message
01-22 19:07:24.056 1955 2210 D use-Rlog/RLOG-RIL-IPC: xmm626_sec_modem_fmt_send: Message: mseq=0x50, command=IPC_NET_PLMN_SEL, type=IPC_TYPE_GET, size=0
01-22 19:07:24.058 1955 2206 D use-Rlog/RLOG-RIL-IPC:
01-22 19:07:24.058 1955 2206 D use-Rlog/RLOG-RIL-IPC: xmm626_sec_modem_fmt_recv: Received FMT message
01-22 19:07:24.058 1955 2206 D use-Rlog/RLOG-RIL-IPC: xmm626_sec_modem_fmt_recv: Message: aseq=0x50, command=IPC_NET_PLMN_SEL, type=IPC_TYPE_RESP, size=1
01-22 19:07:24.058 1955 2206 D use-Rlog/RLOG-RIL-IPC: ================================= IPC FMT data =================================
01-22 19:07:24.058 1955 2206 D use-Rlog/RLOG-RIL-IPC: [0000] 02 .
01-22 19:07:24.058 1955 2206 D use-Rlog/RLOG-RIL-IPC: ================================================================================
01-22 19:07:24.058 1955 2206 D use-Rlog/RLOG-RIL: 0 RIL request in the queue (0 pending, 0 handled, 0 unhandled)
01-22 19:07:24.059 2862 2987 D RILJ : [3751]< DATA_REGISTRATION_STATE {1, 3806, 4b687f, 9, 3} [SUB0]
01-22 19:07:24.059 2862 2987 D RILJ : [3752]< VOICE_REGISTRATION_STATE {1, 3806, 4b687f, 9, null, null, null, null, null, null, null, null, null, null, null} [SUB0]
01-22 19:07:24.059 2862 2987 D RILJ : [3753]< QUERY_NETWORK_SELECTION_MODE {0} [SUB0]
01-22 19:07:24.060 1955 1974 D use-Rlog/RLOG-RIL: 1 RIL request in the queue (1 pending, 0 handled, 0 unhandled)
01-22 19:07:24.060 1955 2210 D use-Rlog/RLOG-RIL-IPC:
01-22 19:07:24.060 1955 2210 D use-Rlog/RLOG-RIL-IPC: xmm626_sec_modem_fmt_send: Sent FMT message
01-22 19:07:24.060 1955 2210 D use-Rlog/RLOG-RIL-IPC: xmm626_sec_modem_fmt_send: Message: mseq=0x51, command=IPC_NET_SERVING_NETWORK, type=IPC_TYPE_GET, size=0
01-22 19:07:24.060 2862 2862 D RILJ : [3755]> DATA_REGISTRATION_STATE [SUB0]
01-22 19:07:24.062 1955 2206 D use-Rlog/RLOG-RIL-IPC:
01-22 19:07:24.062 1955 2206 D use-Rlog/RLOG-RIL-IPC: xmm626_sec_modem_fmt_recv: Received FMT message
01-22 19:07:24.062 1955 2206 D use-Rlog/RLOG-RIL-IPC: xmm626_sec_modem_fmt_recv: Message: aseq=0x51, command=IPC_NET_SERVING_NETWORK, type=IPC_TYPE_RESP, size=11
01-22 19:07:24.062 1955 2206 D use-Rlog/RLOG-RIL-IPC: ================================= IPC FMT data =================================
01-22 19:07:24.062 1955 2206 D use-Rlog/RLOG-RIL-IPC: [0000] 02 02 04 32 30 38 30 31 23 06 38 ...20801 #.8
01-22 19:07:24.062 1955 2206 D use-Rlog/RLOG-RIL-IPC: ================================================================================
01-22 19:07:24.062 1955 2206 D use-Rlog/RLOG-RIL: 0 RIL request in the queue (0 pending, 0 handled, 0 unhandled)
01-22 19:07:24.063 2862 2987 D RILJ : [3754]< OPERATOR {Orange, Orange, 20801} [SUB0]
01-22 19:07:24.073 2862 2862 D RILJ : [3756]> VOICE_REGISTRATION_STATE [SUB0]
01-22 19:07:24.074 1955 1974 D use-Rlog/RLOG-RIL: 1 RIL request in the queue (1 pending, 0 handled, 0 unhandled)
01-22 19:07:24.077 1955 2210 D use-Rlog/RLOG-RIL-IPC:
01-22 19:07:24.078 1955 2210 D use-Rlog/RLOG-RIL-IPC: xmm626_sec_modem_fmt_send: Sent FMT message
01-22 19:07:24.078 1955 2210 D use-Rlog/RLOG-RIL-IPC: xmm626_sec_modem_fmt_send: Message: mseq=0x52, command=IPC_NET_REGIST, type=IPC_TYPE_GET, size=2
01-22 19:07:24.078 1955 2210 D use-Rlog/RLOG-RIL-IPC: ================================= IPC FMT data =================================
01-22 19:07:24.078 1955 2210 D use-Rlog/RLOG-RIL-IPC: [0000] FF 03 ..
01-22 19:07:24.078 1955 2210 D use-Rlog/RLOG-RIL-IPC: ================================================================================
01-22 19:07:24.080 1955 2206 D use-Rlog/RLOG-RIL-IPC:
01-22 19:07:24.080 1955 2206 D use-Rlog/RLOG-RIL-IPC: xmm626_sec_modem_fmt_recv: Received FMT message
01-22 19:07:24.080 1955 2206 D use-Rlog/RLOG-RIL-IPC: xmm626_sec_modem_fmt_recv: Message: aseq=0x52, command=IPC_NET_REGIST, type=IPC_TYPE_RESP, size=11
01-22 19:07:24.080 1955 2206 D use-Rlog/RLOG-RIL-IPC: ================================= IPC FMT data =================================
01-22 19:07:24.080 1955 2206 D use-Rlog/RLOG-RIL-IPC: [0000] 04 03 02 01 06 38 7F 68 4B 00 00 .....8.h K..
01-22 19:07:24.080 1955 2206 D use-Rlog/RLOG-RIL-IPC: ================================================================================
01-22 19:07:24.080 1955 2206 D use-Rlog/RLOG-RIL: 0 RIL request in the queue (0 pending, 0 handled, 0 unhandled)
01-22 19:07:24.083 2862 2862 D RILJ : [3757]> QUERY_NETWORK_SELECTION_MODE [SUB0]
01-22 19:07:24.085 1955 1974 D use-Rlog/RLOG-RIL: 1 RIL request in the queue (1 pending, 0 handled, 0 unhandled)
01-22 19:07:24.085 1955 2210 D use-Rlog/RLOG-RIL-IPC:
01-22 19:07:24.085 1955 2210 D use-Rlog/RLOG-RIL-IPC: xmm626_sec_modem_fmt_send: Sent FMT message
01-22 19:07:24.085 1955 2210 D use-Rlog/RLOG-RIL-IPC: xmm626_sec_modem_fmt_send: Message: mseq=0x53, command=IPC_NET_REGIST, type=IPC_TYPE_GET, size=2
01-22 19:07:24.085 1955 2210 D use-Rlog/RLOG-RIL-IPC: ================================= IPC FMT data =================================
01-22 19:07:24.085 1955 2210 D use-Rlog/RLOG-RIL-IPC: [0000] FF 02 ..
01-22 19:07:24.085 1955 2210 D use-Rlog/RLOG-RIL-IPC: ================================================================================
01-22 19:07:24.087 2862 2862 D RILJ : [3758]> OPERATOR [SUB0]
01-22 19:07:24.087 1955 2206 D use-Rlog/RLOG-RIL-IPC:
01-22 19:07:24.087 1955 2206 D use-Rlog/RLOG-RIL-IPC: xmm626_sec_modem_fmt_recv: Received FMT message
01-22 19:07:24.088 1955 2206 D use-Rlog/RLOG-RIL-IPC: xmm626_sec_modem_fmt_recv: Message: aseq=0x53, command=IPC_NET_REGIST, type=IPC_TYPE_RESP, size=11
01-22 19:07:24.088 1955 2206 D use-Rlog/RLOG-RIL-IPC: ================================= IPC FMT data =================================
01-22 19:07:24.088 1955 2206 D use-Rlog/RLOG-RIL-IPC: [0000] 04 02 02 01 06 38 7F 68 4B 00 00 .....8.h K..
01-22 19:07:24.088 1955 2206 D use-Rlog/RLOG-RIL-IPC: ================================================================================
01-22 19:07:24.088 1955 2206 D use-Rlog/RLOG-RIL: 0 RIL request in the queue (0 pending, 0 handled, 0 unhandled)
01-22 19:07:24.088 1955 1974 D use-Rlog/RLOG-RIL: 1 RIL request in the queue (1 pending, 0 handled, 0 unhandled)
01-22 19:07:24.088 1955 2210 D use-Rlog/RLOG-RIL-IPC:
01-22 19:07:24.088 1955 2210 D use-Rlog/RLOG-RIL-IPC: xmm626_sec_modem_fmt_send: Sent FMT message
01-22 19:07:24.088 1955 2210 D use-Rlog/RLOG-RIL-IPC: xmm626_sec_modem_fmt_send: Message: mseq=0x54, command=IPC_NET_PLMN_SEL, type=IPC_TYPE_GET, size=0
01-22 19:07:24.090 1955 2206 D use-Rlog/RLOG-RIL-IPC:
01-22 19:07:24.090 1955 2206 D use-Rlog/RLOG-RIL-IPC: xmm626_sec_modem_fmt_recv: Received FMT message
01-22 19:07:24.090 1955 2206 D use-Rlog/RLOG-RIL-IPC: xmm626_sec_modem_fmt_recv: Message: aseq=0x54, command=IPC_NET_PLMN_SEL, type=IPC_TYPE_RESP, size=1
01-22 19:07:24.090 1955 2206 D use-Rlog/RLOG-RIL-IPC: ================================= IPC FMT data =================================
01-22 19:07:24.090 1955 2206 D use-Rlog/RLOG-RIL-IPC: [0000] 02 .
01-22 19:07:24.090 1955 2206 D use-Rlog/RLOG-RIL-IPC: ================================================================================
01-22 19:07:24.090 1955 2206 D use-Rlog/RLOG-RIL: 0 RIL request in the queue (0 pending, 0 handled, 0 unhandled)
01-22 19:07:24.097 2862 2862 D RILJ : [3759]> DATA_REGISTRATION_STATE [SUB0]
01-22 19:07:24.098 1955 1974 D use-Rlog/RLOG-RIL: 1 RIL request in the queue (1 pending, 0 handled, 0 unhandled)
01-22 19:07:24.098 1955 2210 D use-Rlog/RLOG-RIL-IPC:
01-22 19:07:24.098 1955 2210 D use-Rlog/RLOG-RIL-IPC: xmm626_sec_modem_fmt_send: Sent FMT message
01-22 19:07:24.098 1955 2210 D use-Rlog/RLOG-RIL-IPC: xmm626_sec_modem_fmt_send: Message: mseq=0x55, command=IPC_NET_SERVING_NETWORK, type=IPC_TYPE_GET, size=0
01-22 19:07:24.099 2862 2862 D RILJ : [3760]> VOICE_REGISTRATION_STATE [SUB0]
01-22 19:07:24.099 2862 2862 D RILJ : [3761]> QUERY_NETWORK_SELECTION_MODE [SUB0]
01-22 19:07:24.100 2862 2987 D RILJ : [3755]< DATA_REGISTRATION_STATE {1, 3806, 4b687f, 9, 3} [SUB0]
01-22 19:07:24.100 2862 2987 D RILJ : [3756]< VOICE_REGISTRATION_STATE {1, 3806, 4b687f, 9, null, null, null, null, null, null, null, null, null, null, null} [SUB0]
01-22 19:07:24.100 2862 2987 D RILJ : [3757]< QUERY_NETWORK_SELECTION_MODE {0} [SUB0]
01-22 19:07:24.101 1955 1974 D use-Rlog/RLOG-RIL: 2 RIL requests in the queue (1 pending, 1 handled, 0 unhandled)
01-22 19:07:24.101 1955 1974 D use-Rlog/RLOG-RIL: 3 RIL requests in the queue (2 pending, 1 handled, 0 unhandled)
01-22 19:07:24.101 1955 1974 D use-Rlog/RLOG-RIL: 4 RIL requests in the queue (3 pending, 1 handled, 0 unhandled)
01-22 19:07:24.101 1955 2210 D use-Rlog/RLOG-RIL-IPC:
01-22 19:07:24.101 1955 2210 D use-Rlog/RLOG-RIL-IPC: xmm626_sec_modem_fmt_send: Sent FMT message
01-22 19:07:24.101 1955 2210 D use-Rlog/RLOG-RIL-IPC: xmm626_sec_modem_fmt_send: Message: mseq=0x56, command=IPC_NET_REGIST, type=IPC_TYPE_GET, size=2
01-22 19:07:24.101 1955 2210 D use-Rlog/RLOG-RIL-IPC: ================================= IPC FMT data =================================
01-22 19:07:24.101 1955 2210 D use-Rlog/RLOG-RIL-IPC: [0000] FF 03 ..
01-22 19:07:24.101 1955 2210 D use-Rlog/RLOG-RIL-IPC: ================================================================================
01-22 19:07:24.101 1955 2210 D use-Rlog/RLOG-RIL-IPC:
01-22 19:07:24.101 1955 2210 D use-Rlog/RLOG-RIL-IPC: xmm626_sec_modem_fmt_send: Sent FMT message
01-22 19:07:24.101 1955 2210 D use-Rlog/RLOG-RIL-IPC: xmm626_sec_modem_fmt_send: Message: mseq=0x57, command=IPC_NET_REGIST, type=IPC_TYPE_GET, size=2
01-22 19:07:24.101 1955 2210 D use-Rlog/RLOG-RIL-IPC: ================================= IPC FMT data =================================
01-22 19:07:24.101 1955 2210 D use-Rlog/RLOG-RIL-IPC: [0000] FF 02 ..
01-22 19:07:24.101 1955 2210 D use-Rlog/RLOG-RIL-IPC: ================================================================================
01-22 19:07:24.101 1955 2210 D use-Rlog/RLOG-RIL-IPC:
01-22 19:07:24.101 1955 2210 D use-Rlog/RLOG-RIL-IPC: xmm626_sec_modem_fmt_send: Sent FMT message
01-22 19:07:24.101 1955 2210 D use-Rlog/RLOG-RIL-IPC: xmm626_sec_modem_fmt_send: Message: mseq=0x58, command=IPC_NET_PLMN_SEL, type=IPC_TYPE_GET, size=0
01-22 19:07:24.102 1955 2206 D use-Rlog/RLOG-RIL-IPC:
01-22 19:07:24.102 1955 2206 D use-Rlog/RLOG-RIL-IPC: xmm626_sec_modem_fmt_recv: Received FMT message
01-22 19:07:24.102 1955 2206 D use-Rlog/RLOG-RIL-IPC: xmm626_sec_modem_fmt_recv: Message: aseq=0x55, command=IPC_NET_SERVING_NETWORK, type=IPC_TYPE_RESP, size=11
01-22 19:07:24.102 1955 2206 D use-Rlog/RLOG-RIL-IPC: ================================= IPC FMT data =================================
01-22 19:07:24.102 1955 2206 D use-Rlog/RLOG-RIL-IPC: [0000] 02 02 04 32 30 38 30 31 23 06 38 ...20801 #.8
01-22 19:07:24.102 1955 2206 D use-Rlog/RLOG-RIL-IPC: ================================================================================
01-22 19:07:24.102 1955 2206 D use-Rlog/RLOG-RIL: 3 RIL requests in the queue (0 pending, 3 handled, 0 unhandled)
01-22 19:07:24.105 2862 2987 D RILJ : [3758]< OPERATOR {Orange, Orange, 20801} [SUB0]
01-22 19:07:24.105 1955 2206 D use-Rlog/RLOG-RIL-IPC:
01-22 19:07:24.105 1955 2206 D use-Rlog/RLOG-RIL-IPC: xmm626_sec_modem_fmt_recv: Received FMT message
01-22 19:07:24.105 1955 2206 D use-Rlog/RLOG-RIL-IPC: xmm626_sec_modem_fmt_recv: Message: aseq=0x56, command=IPC_NET_REGIST, type=IPC_TYPE_RESP, size=11
01-22 19:07:24.105 1955 2206 D use-Rlog/RLOG-RIL-IPC: ================================= IPC FMT data =================================
01-22 19:07:24.106 1955 2206 D use-Rlog/RLOG-RIL-IPC: [0000] 04 03 02 01 06 38 7F 68 4B 00 00 .....8.h K..
01-22 19:07:24.106 1955 2206 D use-Rlog/RLOG-RIL-IPC: ================================================================================
01-22 19:07:24.106 1955 2206 D use-Rlog/RLOG-RIL: 2 RIL requests in the queue (0 pending, 2 handled, 0 unhandled)
01-22 19:07:24.106 1955 2206 D use-Rlog/RLOG-RIL-IPC:
01-22 19:07:24.106 1955 2206 D use-Rlog/RLOG-RIL-IPC: xmm626_sec_modem_fmt_recv: Received FMT message
01-22 19:07:24.106 1955 2206 D use-Rlog/RLOG-RIL-IPC: xmm626_sec_modem_fmt_recv: Message: aseq=0x57, command=IPC_NET_REGIST, type=IPC_TYPE_RESP, size=11
01-22 19:07:24.106 1955 2206 D use-Rlog/RLOG-RIL-IPC: ================================= IPC FMT data =================================
01-22 19:07:24.106 2862 2987 D RILJ : [3759]< DATA_REGISTRATION_STATE {1, 3806, 4b687f, 9, 3} [SUB0]
01-22 19:07:24.106 1955 2206 D use-Rlog/RLOG-RIL-IPC: [0000] 04 02 02 01 06 38 7F 68 4B 00 00 .....8.h K..
01-22 19:07:24.106 1955 2206 D use-Rlog/RLOG-RIL-IPC: ================================================================================
01-22 19:07:24.106 1955 2206 D use-Rlog/RLOG-RIL: 1 RIL request in the queue (0 pending, 1 handled, 0 unhandled)
01-22 19:07:24.106 1955 2206 D use-Rlog/RLOG-RIL-IPC:
01-22 19:07:24.106 1955 2206 D use-Rlog/RLOG-RIL-IPC: xmm626_sec_modem_fmt_recv: Received FMT message
01-22 19:07:24.106 1955 2206 D use-Rlog/RLOG-RIL-IPC: xmm626_sec_modem_fmt_recv: Message: aseq=0x58, command=IPC_NET_PLMN_SEL, type=IPC_TYPE_RESP, size=1
01-22 19:07:24.106 1955 2206 D use-Rlog/RLOG-RIL-IPC: ================================= IPC FMT data =================================
01-22 19:07:24.106 2862 2987 D RILJ : [3760]< VOICE_REGISTRATION_STATE {1, 3806, 4b687f, 9, null, null, null, null, null, null, null, null, null, null, null} [SUB0]
01-22 19:07:24.106 1955 2206 D use-Rlog/RLOG-RIL-IPC: [0000] 02 .
01-22 19:07:24.106 1955 2206 D use-Rlog/RLOG-RIL-IPC: ================================================================================
01-22 19:07:24.106 1955 2206 D use-Rlog/RLOG-RIL: 0 RIL request in the queue (0 pending, 0 handled, 0 unhandled)
01-22 19:07:24.107 2862 2987 D RILJ : [3761]< QUERY_NETWORK_SELECTION_MODE {0} [SUB0]
01-22 19:07:24.107 2862 2862 D PHONE : [ServiceState] setDataRegState=0
01-22 19:07:24.107 2862 2862 D PHONE : [ServiceState] setDataRadioTechnology=9
01-22 19:07:24.108 2862 2862 D GsmSST : [GsmSST] handlPollStateResultMessage: GsmSST setDataRegState=0 regState=1 dataRadioTechnology=9
01-22 19:07:24.108 2862 2862 D PHONE : [ServiceState] setVoiceRegState=0
01-22 19:07:24.108 2862 2862 E PHONE : [ServiceState] setState deprecated use setVoiceRegState()
01-22 19:07:24.108 2862 2862 D SubscriptionController: [getSubId]- sSlotIdxToSubId.size == 0, return DummySubIds slotIdx=0
01-22 19:07:24.109 2862 2862 D GsmSST : [GsmSST] Poll ServiceState done: oldSS=[0 1 voice home data home Orange Orange 20801 Orange Orange 20801 HSDPA HSDPA CSS not supported -1 -1 RoamInd=-1 DefRoamInd=-1 EmergOnly=false IsDataRoamingFromRegistration=false] newSS=[0 0 voice home data home Orange Orange 20801 Orange Orange 20801 HSDPA HSDPA CSS not supported -1 -1 RoamInd=-1 DefRoamInd=-1 EmergOnly=false IsDataRoamingFromRegistration=false] oldMaxDataCalls=1 mNewMaxDataCalls=1 oldReasonDataDenied=-1 mNewReasonDataDenied=-1
01-22 19:07:24.109 2862 2862 D PHONE : [ServiceState] setNullState=1
01-22 19:07:24.109 2862 2862 D SIMRecords: [SIMRecords] getServiceProviderName: no brandOverride
01-22 19:07:24.109 2862 2862 D SIMRecords: [SIMRecords] getServiceProviderName: providerName=null
01-22 19:07:24.109 2862 2862 D SIMRecords: [SIMRecords] getServiceProviderName: no brandOverride
01-22 19:07:24.109 2862 2862 D SIMRecords: [SIMRecords] getServiceProviderName: providerName=null
01-22 19:07:24.109 2862 2862 D SubscriptionController: [getSubId]- sSlotIdxToSubId.size == 0, return DummySubIds slotIdx=0
01-22 19:07:24.110 2862 2862 D TelephonyManager: setTelephonyProperty: success phoneId=0 property=gsm.operator.alpha value: Orange propVal=Orange
01-22 19:07:24.111 2862 2862 D TelephonyManager: setTelephonyProperty: success phoneId=0 property=gsm.operator.numeric value: 20801 propVal=20801
01-22 19:07:24.117 2862 2862 D TelephonyManager: setTelephonyProperty: success phoneId=0 property=gsm.operator.iso-country value: fr propVal=fr
01-22 19:07:24.118 2862 2862 D GsmSST : [GsmSST] shouldFixTimeZoneNow: retVal=true iccCardExist=true operatorNumeric=20801 mcc=208 prevOperatorNumeric=20801 prevMcc=208 needToFixTimeZone=true ltod=01-22 19:07:24.118
01-22 19:07:24.118 2862 2862 D GsmSST : [GsmSST] pollStateDone: fix time zone zoneName='Europe/Paris' mZoneOffset=3600000 mZoneDst=false iso-cc='fr' iso-cc-idx=-5
01-22 19:07:24.118 2862 2862 D GsmSST : [GsmSST] pollStateDone: using getTimeZone(off, dst, time, iso)
01-22 19:07:24.118 2862 2862 D GsmSST : [GsmSST] pollStateDone: zone != null zone.getID=Europe/Paris
01-22 19:07:24.118 2862 2862 D GsmSST : [GsmSST] setAndBroadcastNetworkSetTimeZone: setTimeZone=Europe/Paris
01-22 19:07:24.142 2862 2862 D GsmSST : [GsmSST] setAndBroadcastNetworkSetTimeZone: call alarm.setTimeZone and broadcast zoneId=Europe/Paris
01-22 19:07:24.142 2862 2862 D TelephonyManager: setTelephonyProperty: success phoneId=0 property=gsm.operator.isroaming value: false propVal=false
01-22 19:07:24.143 2862 2862 D GsmSST : [GsmSST] Broadcasting ServiceState : 0 0 voice home data home Orange Orange 20801 Orange Orange 20801 HSDPA HSDPA CSS not supported -1 -1 RoamInd=-1 DefRoamInd=-1 EmergOnly=false IsDataRoamingFromRegistration=false
01-22 19:07:24.143 2862 2862 D SubscriptionController: [getSubId]- sSlotIdxToSubId.size == 0, return DummySubIds slotIdx=0
01-22 19:07:24.144 2862 2862 D DefaultPhoneNotifier: nofityServiceState: mRegistry=com.android.internal.telephony.ITelephonyRegistry$Stub$Proxy@e36374d ss=0 0 voice home data home Orange Orange 20801 Orange Orange 20801 HSDPA HSDPA CSS not supported -1 -1 RoamInd=-1 DefRoamInd=-1 EmergOnly=false IsDataRoamingFromRegistration=false sender=Handler (com.android.internal.telephony.gsm.GSMPhone) {1b64a95} phondId=0 subId=-2
01-22 19:07:24.171 2862 2862 D SubscriptionController: [getSlotId]- subId invalid
01-22 19:07:24.173 2862 2862 D SubscriptionController: getSimStateForSlotIdx: simState=READY ordinal=5
01-22 19:07:24.174 2310 2482 D SubscriptionManager: getSimStateForSubscriber: simState=5 slotIdx=0
01-22 19:07:24.174 2310 2482 D TelephonyManager: getSimState: default sim:-1, sim state for slotIdx=0 is 5, return state as unknown
01-22 19:07:24.181 2862 2862 D GsmSST : [GsmSST] notifyDataRegStateRilRadioTechnologyChanged: drs=0 rat=9
01-22 19:07:24.181 2862 2862 D TelephonyManager: setTelephonyProperty: success phoneId=0 property=gsm.network.type value: HSDPA propVal=HSDPA
01-22 19:07:24.182 2862 2862 D DCT : [0]get all active apn types
01-22 19:07:24.182 2862 2862 D SubscriptionController: [getSubId]- sSlotIdxToSubId.size == 0, return DummySubIds slotIdx=0
01-22 19:07:24.182 2862 2862 D DCT : [0]handleMessage msg={ when=0 what=270377 obj=android.os.AsyncResult@5d85fbe target=com.android.internal.telephony.dataconnection.DcTracker }
01-22 19:07:24.182 2862 2862 D DCT : [0]onUpdateIcc: newIccRecords com.android.internal.telephony.uicc.SIMRecords
01-22 19:07:24.182 2862 2862 D SubscriptionController: [getSubId]- sSlotIdxToSubId.size == 0, return DummySubIds slotIdx=0
01-22 19:07:24.183 2862 2862 D DCT : [0]onUpdateIcc: tryRestartDataConnections nwTypeChanged
01-22 19:07:24.183 2862 2862 D DCT : [0]overall state is IDLE
01-22 19:07:24.184 2862 2862 D SubscriptionController: [getSubId]- sSlotIdxToSubId.size == 0, return DummySubIds slotIdx=0
01-22 19:07:24.184 2862 2862 D GSMPhone: [GSMPhone] updateCurrentCarrierInProvider: mSubId = -2 currentDds = 2 operatorNumeric = 20801
01-22 19:07:24.184 2862 2862 D SubscriptionController: [getSubId]- sSlotIdxToSubId.size == 0, return DummySubIds slotIdx=0
01-22 19:07:24.184 2862 2862 D DCT : [0]tryRestartDataConnections: createAllApnList and cleanUpAllConnections
01-22 19:07:24.184 2862 2862 D DCT : [0]getOperatorNumberic - returning from card:
01-22 19:07:24.184 2862 2862 D DCT : [0]isDummyProfileNeeded: radioTechFam = 1
01-22 19:07:24.184 2862 2862 D DCT : [0]createAllApnList: No APN found for carrier:
01-22 19:07:24.184 2862 2862 D DCT : [0]createAllApnList: X mAllApnSettings=[]
01-22 19:07:24.184 2862 2862 D DCT : [0]setDataProfilesAsNeeded
01-22 19:07:24.185 2862 2862 D DCT : [0]setInitialApn: E preferredApn=null
01-22 19:07:24.185 2862 2862 D DCT : [0]setInitialAttachApn: X There in no available apn
01-22 19:07:24.185 2862 2862 D DCT : [0]cleanUpAllConnections: tearDown=false reason=nwTypeChanged
01-22 19:07:24.185 2862 2862 D DCT : [0]cleanUpConnection: tearDown=false reason=nwTypeChanged apnContext={mApnType=default mState=IDLE mWaitingApns={null} mWaitingApnsPermanentFailureCountDown=0 mApnSetting={null} mReason=nwTypeChanged mDataEnabled=false mDependencyMet=true}
01-22 19:07:24.185 2862 2862 D SubscriptionController: [getSubId]- sSlotIdxToSubId.size == 0, return DummySubIds slotIdx=0
01-22 19:07:24.187 2862 2862 D DCT : [0]isDataAllowed: not allowed due to - Attached= false - SIM not loaded - SIM not loaded and not NV subscription
01-22 19:07:24.189 2862 2862 D SubscriptionController: [getPhoneId]- invalid subId return=-1
01-22 19:07:24.197 2862 2862 D DCT : [0]setupDataForSinglePdn: reason = nwTypeChanged isDisconnected = true
01-22 19:07:24.197 2862 2862 D DCT : [0]isOnlySingleDcAllowed(9): false
01-22 19:07:24.197 2862 2862 D DCT : [0]cleanUpConnection: X tearDown=false reason=nwTypeChanged apnContext={mApnType=default mState=IDLE mWaitingApns={null} mWaitingApnsPermanentFailureCountDown=0 mApnSetting={null} mReason=nwTypeChanged mDataEnabled=false mDependencyMet=true} dcac=null
01-22 19:07:24.197 2862 2862 D DCT : [0]cleanUpConnection: tearDown=false reason=nwTypeChanged apnContext={mApnType=mms mState=IDLE mWaitingApns={null} mWaitingApnsPermanentFailureCountDown=0 mApnSetting={null} mReason=nwTypeChanged mDataEnabled=false mDependencyMet=true}
01-22 19:07:24.197 2862 2862 D SubscriptionController: [getSubId]- sSlotIdxToSubId.size == 0, return DummySubIds slotIdx=0
