01-22 19:58:24.481  1955  2212 D use-Rlog/RLOG-RIL-IPC: xmm626_sec_modem_fmt_recv: Received FMT message
01-22 19:58:24.481  1955  2212 D use-Rlog/RLOG-RIL-IPC: xmm626_sec_modem_fmt_recv: Message: aseq=0xff, command=IPC_GPRS_HSDPA_STATUS, type=IPC_TYPE_NOTI, size=1
01-22 19:58:24.481  1955  2212 D use-Rlog/RLOG-RIL-IPC: ================================= IPC FMT data =================================
01-22 19:58:24.481  1955  2212 D use-Rlog/RLOG-RIL-IPC: [0000]   00                                                 .
01-22 19:58:24.481  1955  2212 D use-Rlog/RLOG-RIL-IPC: ================================================================================
01-22 19:58:24.481  1955  2212 D use-Rlog/RLOG-RIL-IPC: 
01-22 19:58:24.481  1955  2212 D use-Rlog/RLOG-RIL-IPC: xmm626_sec_modem_fmt_recv: Received FMT message
01-22 19:58:24.481  1955  2212 D use-Rlog/RLOG-RIL-IPC: xmm626_sec_modem_fmt_recv: Message: aseq=0xff, command=IPC_DISP_ICON_INFO, type=IPC_TYPE_NOTI, size=4
01-22 19:58:24.481  1955  2212 D use-Rlog/RLOG-RIL-IPC: ================================= IPC FMT data =================================
01-22 19:58:24.481  1955  2212 D use-Rlog/RLOG-RIL-IPC: [0000]   FF 00 00 05                                        ....
01-22 19:58:24.481  1955  2212 D use-Rlog/RLOG-RIL-IPC: ================================================================================
01-22 19:58:24.481  1955  2212 D use-Rlog/RLOG-RIL: Signal strength is 1
01-22 19:58:24.481  1955  2212 D use-Rlog/RLOG-RIL-IPC: 
01-22 19:58:24.481  1955  2212 D use-Rlog/RLOG-RIL-IPC: xmm626_sec_modem_fmt_recv: Received FMT message
01-22 19:58:24.481  1955  2212 D use-Rlog/RLOG-RIL-IPC: xmm626_sec_modem_fmt_recv: Message: aseq=0xff, command=IPC_DISP_RSSI_INFO, type=IPC_TYPE_NOTI, size=1
01-22 19:58:24.481  1955  2212 D use-Rlog/RLOG-RIL-IPC: ================================= IPC FMT data =================================
01-22 19:58:24.482  2864  2967 D RILJ    : [UNSL]< UNSOL_RESPONSE_VOICE_NETWORK_STATE_CHANGED [SUB0]
01-22 19:58:24.482  2864  2967 D RILJ    : [UNSL]< UNSOL_RESPONSE_VOICE_NETWORK_STATE_CHANGED [SUB0]
01-22 19:58:24.482  2864  2864 D RILJ    : [3884]> OPERATOR [SUB0]
01-22 19:58:24.483  2864  2864 D RILJ    : [3885]> DATA_REGISTRATION_STATE [SUB0]
01-22 19:58:24.484  1955  2212 D use-Rlog/RLOG-RIL-IPC: [0000]   74                                                 t
01-22 19:58:24.484  1955  2212 D use-Rlog/RLOG-RIL-IPC: ================================================================================
01-22 19:58:24.484  1955  2212 D use-Rlog/RLOG-RIL: Signal strength is 0
01-22 19:58:24.484  1955  2212 D use-Rlog/RLOG-RIL-IPC: 
01-22 19:58:24.484  1955  2212 D use-Rlog/RLOG-RIL-IPC: xmm626_sec_modem_fmt_recv: Received FMT message
01-22 19:58:24.484  1955  2212 D use-Rlog/RLOG-RIL-IPC: xmm626_sec_modem_fmt_recv: Message: aseq=0xff, command=IPC_NET_REGIST, type=IPC_TYPE_NOTI, size=11
01-22 19:58:24.484  1955  2212 D use-Rlog/RLOG-RIL-IPC: ================================= IPC FMT data =================================
01-22 19:58:24.484  2864  2864 D RILJ    : [3886]> VOICE_REGISTRATION_STATE [SUB0]
01-22 19:58:24.484  1955  2212 D use-Rlog/RLOG-RIL-IPC: [0000]   FF 02 01 01 46 0F 15 50  50 02 FF                  ....F..P P..
01-22 19:58:24.484  1955  2212 D use-Rlog/RLOG-RIL-IPC: ================================================================================
01-22 19:58:24.484  1955  2212 D use-Rlog/RLOG-RIL-IPC: 
01-22 19:58:24.484  1955  2212 D use-Rlog/RLOG-RIL-IPC: xmm626_sec_modem_fmt_recv: Received FMT message
01-22 19:58:24.484  1955  2212 D use-Rlog/RLOG-RIL-IPC: xmm626_sec_modem_fmt_recv: Message: aseq=0xff, command=IPC_NET_REGIST, type=IPC_TYPE_NOTI, size=11
01-22 19:58:24.484  1955  2212 D use-Rlog/RLOG-RIL-IPC: ================================= IPC FMT data =================================
01-22 19:58:24.484  1955  2212 D use-Rlog/RLOG-RIL-IPC: [0000]   FF 03 01 01 46 0F 15 50  50 02 FF                  ....F..P P..
01-22 19:58:24.484  1955  2212 D use-Rlog/RLOG-RIL-IPC: ================================================================================
01-22 19:58:24.485  2864  2864 D RILJ    : [3887]> QUERY_NETWORK_SELECTION_MODE [SUB0]
01-22 19:58:24.485  1955  2212 D use-Rlog/RLOG-RIL-IPC: 
01-22 19:58:24.485  1955  2212 D use-Rlog/RLOG-RIL-IPC: xmm626_sec_modem_fmt_recv: Received FMT message
01-22 19:58:24.485  1955  2212 D use-Rlog/RLOG-RIL-IPC: xmm626_sec_modem_fmt_recv: Message: aseq=0x00, command=IPC_NET_SERVING_NETWORK, type=IPC_TYPE_NOTI, size=11
01-22 19:58:24.485  1955  2212 D use-Rlog/RLOG-RIL-IPC: ================================= IPC FMT data =================================
01-22 19:58:24.485  1955  2212 D use-Rlog/RLOG-RIL-IPC: [0000]   02 01 04 32 30 38 31 35  23 46 0F                  ...20815 #F.
01-22 19:58:24.485  1955  2212 D use-Rlog/RLOG-RIL-IPC: ================================================================================
01-22 19:58:24.485  1955  2212 D use-Rlog/RLOG-RIL-IPC: 
01-22 19:58:24.485  1955  2212 D use-Rlog/RLOG-RIL-IPC: xmm626_sec_modem_fmt_recv: Received FMT message
01-22 19:58:24.485  1955  2212 D use-Rlog/RLOG-RIL-IPC: xmm626_sec_modem_fmt_recv: Message: aseq=0x6f, command=IPC_GEN_PHONE_RES, type=IPC_TYPE_RESP, size=5
01-22 19:58:24.485  1955  2212 D use-Rlog/RLOG-RIL-IPC: ================================= IPC FMT data =================================
01-22 19:58:24.485  1955  2212 D use-Rlog/RLOG-RIL-IPC: [0000]   01 07 01 00 80                                     .....
01-22 19:58:24.485  1955  2212 D use-Rlog/RLOG-RIL-IPC: ================================================================================
01-22 19:58:24.485  1955  2212 D use-Rlog/RLOG-RIL: Generic response was expected
01-22 19:58:24.485  2864  2864 D RILJ    : [3888]> OPERATOR [SUB0]
01-22 19:58:24.485  1955  2212 D use-Rlog/RLOG-RIL-IPC: 
01-22 19:58:24.485  1955  2212 D use-Rlog/RLOG-RIL-IPC: xmm626_sec_modem_fmt_recv: Received FMT message
01-22 19:58:24.485  1955  2212 D use-Rlog/RLOG-RIL-IPC: xmm626_sec_modem_fmt_recv: Message: aseq=0x6f, command=IPC_PWR_PHONE_STATE, type=IPC_TYPE_NOTI, size=1
01-22 19:58:24.485  1955  2212 D use-Rlog/RLOG-RIL-IPC: ================================= IPC FMT data =================================
01-22 19:58:24.486  2864  2967 D RILJ    : [UNSL]< UNSOL_RESPONSE_VOICE_NETWORK_STATE_CHANGED [SUB0]
01-22 19:58:24.486  2864  2967 D RILJ    : [UNSL]< UNSOL_RESPONSE_VOICE_NETWORK_STATE_CHANGED [SUB0]
01-22 19:58:24.486  2864  2967 D RILJ    : [UNSL]< UNSOL_RESPONSE_VOICE_NETWORK_STATE_CHANGED [SUB0]
01-22 19:58:24.486  2864  2864 D RILJ    : [3889]> DATA_REGISTRATION_STATE [SUB0]
01-22 19:58:24.487  2864  2864 D RILJ    : [3890]> VOICE_REGISTRATION_STATE [SUB0]
01-22 19:58:24.488  2864  2864 D RILJ    : [3891]> QUERY_NETWORK_SELECTION_MODE [SUB0]
01-22 19:58:24.489  2864  2864 D DefaultPhoneNotifier: notifySignalStrength: mRegistry=com.android.internal.telephony.ITelephonyRegistry$Stub$Proxy@b2c19a9 ss=SignalStrength: 1 99 -120 -160 -120 -1 -1 99 2147483647 2147483647 2147483647 -1 2147483647 gsm|lte sender=Handler (com.android.internal.telephony.gsm.GSMPhone) {e262d71}
01-22 19:58:24.491  1955  2212 D use-Rlog/RLOG-RIL-IPC: [0000]   01                                                 .
01-22 19:58:24.491  1955  2212 D use-Rlog/RLOG-RIL-IPC: ================================================================================
01-22 19:58:24.491  1955  1975 D use-Rlog/RLOG-RIL: 2 RIL requests in the queue (1 pending, 1 handled, 0 unhandled)
01-22 19:58:24.491  1955  1975 D use-Rlog/RLOG-RIL: 5 RIL requests data in the queue
01-22 19:58:24.491  1955  1975 D use-Rlog/RLOG-RIL: 3 RIL requests in the queue (2 pending, 1 handled, 0 unhandled)
01-22 19:58:24.491  1955  1975 D use-Rlog/RLOG-RIL: 5 RIL requests data in the queue
01-22 19:58:24.491  1955  1975 D use-Rlog/RLOG-RIL: 4 RIL requests in the queue (3 pending, 1 handled, 0 unhandled)
01-22 19:58:24.491  1955  1975 D use-Rlog/RLOG-RIL: 5 RIL requests data in the queue
01-22 19:58:24.491  1955  1975 D use-Rlog/RLOG-RIL: 5 RIL requests in the queue (4 pending, 1 handled, 0 unhandled)
01-22 19:58:24.491  1955  1975 D use-Rlog/RLOG-RIL: 5 RIL requests data in the queue
01-22 19:58:24.491  1955  1975 D use-Rlog/RLOG-RIL: 6 RIL requests in the queue (5 pending, 1 handled, 0 unhandled)
01-22 19:58:24.491  1955  1975 D use-Rlog/RLOG-RIL: 5 RIL requests data in the queue
01-22 19:58:24.491  1955  1975 D use-Rlog/RLOG-RIL: 7 RIL requests in the queue (6 pending, 1 handled, 0 unhandled)
01-22 19:58:24.491  1955  1975 D use-Rlog/RLOG-RIL: 5 RIL requests data in the queue
01-22 19:58:24.491  1955  1975 D use-Rlog/RLOG-RIL: 8 RIL requests in the queue (7 pending, 1 handled, 0 unhandled)
01-22 19:58:24.491  1955  1975 D use-Rlog/RLOG-RIL: 5 RIL requests data in the queue
01-22 19:58:24.491  1955  1975 D use-Rlog/RLOG-RIL: 9 RIL requests in the queue (8 pending, 1 handled, 0 unhandled)
01-22 19:58:24.491  1955  1975 D use-Rlog/RLOG-RIL: 5 RIL requests data in the queue
01-22 19:58:24.492  1955  2216 D use-Rlog/RLOG-RIL: 8 RIL requests in the queue (7 pending, 1 handled, 0 unhandled)
01-22 19:58:24.492  1955  2216 D use-Rlog/RLOG-RIL: 4 RIL requests data in the queue
01-22 19:58:24.492  1955  2216 D use-Rlog/RLOG-RIL: 7 RIL requests in the queue (6 pending, 1 handled, 0 unhandled)
01-22 19:58:24.492  1955  2216 D use-Rlog/RLOG-RIL: 3 RIL requests data in the queue
01-22 19:58:24.492  1955  2216 D use-Rlog/RLOG-RIL: 6 RIL requests in the queue (5 pending, 1 handled, 0 unhandled)
01-22 19:58:24.492  1955  2216 D use-Rlog/RLOG-RIL: 2 RIL requests data in the queue
01-22 19:58:24.492  1955  2216 D use-Rlog/RLOG-RIL-IPC: 
01-22 19:58:24.492  1955  2216 D use-Rlog/RLOG-RIL-IPC: xmm626_sec_modem_fmt_send: Sent FMT message
01-22 19:58:24.492  1955  2216 D use-Rlog/RLOG-RIL-IPC: xmm626_sec_modem_fmt_send: Message: mseq=0x70, command=IPC_NET_PLMN_SEL, type=IPC_TYPE_GET, size=0
01-22 19:58:24.492  1955  2216 D use-Rlog/RLOG-RIL-IPC: 
01-22 19:58:24.492  1955  2216 D use-Rlog/RLOG-RIL-IPC: xmm626_sec_modem_fmt_send: Sent FMT message
01-22 19:58:24.492  1955  2216 D use-Rlog/RLOG-RIL-IPC: xmm626_sec_modem_fmt_send: Message: mseq=0x71, command=IPC_NET_SERVING_NETWORK, type=IPC_TYPE_GET, size=0
01-22 19:58:24.492  1955  2216 D use-Rlog/RLOG-RIL: 5 RIL requests in the queue (2 pending, 3 handled, 0 unhandled)
01-22 19:58:24.492  1955  2216 D use-Rlog/RLOG-RIL: 1 RIL request data in the queue
01-22 19:58:24.492  1955  2216 D use-Rlog/RLOG-RIL: 4 RIL requests in the queue (1 pending, 3 handled, 0 unhandled)
01-22 19:58:24.492  1955  2216 D use-Rlog/RLOG-RIL-IPC: 
01-22 19:58:24.492  1955  2216 D use-Rlog/RLOG-RIL-IPC: xmm626_sec_modem_fmt_send: Sent FMT message
01-22 19:58:24.492  1955  2216 D use-Rlog/RLOG-RIL-IPC: xmm626_sec_modem_fmt_send: Message: mseq=0x72, command=IPC_NET_PLMN_SEL, type=IPC_TYPE_GET, size=0
01-22 19:58:24.493  2864  2967 D RILJ    : [3884]< OPERATOR {Free Mobile, Free Mobile, 20815} [SUB0]
01-22 19:58:24.493  2864  2967 D RILJ    : [3885]< DATA_REGISTRATION_STATE {0, f8f, 3559969, 3, 3} [SUB0]
01-22 19:58:24.493  2864  2967 D RILJ    : [3886]< VOICE_REGISTRATION_STATE {0, f8f, 3559969, 3, null, null, null, null, null, null, null, null, null, null, null} [SUB0]
01-22 19:58:24.493  2864  2967 D RILJ    : [3889]< DATA_REGISTRATION_STATE {0, f46, 2505015, 0, 3} [SUB0]
01-22 19:58:24.493  2864  2967 D RILJ    : [3890]< VOICE_REGISTRATION_STATE {0, f46, 2505015, 0, null, null, null, null, null, null, null, null, null, null, null} [SUB0]
01-22 19:58:24.494  1955  2212 D use-Rlog/RLOG-RIL: Power state is low power mode
01-22 19:58:24.494  1955  2212 D use-Rlog/RLOG-RIL: 3 RIL requests in the queue (0 pending, 3 handled, 0 unhandled)
01-22 19:58:24.495  2864  2967 D RILJ    : [3869]< RADIO_POWER  [SUB0]
01-22 19:58:24.495  2864  2864 D DefaultPhoneNotifier: notifySignalStrength: mRegistry=com.android.internal.telephony.ITelephonyRegistry$Stub$Proxy@b2c19a9 ss=SignalStrength: 0 99 -120 -160 -120 -1 -1 99 2147483647 2147483647 2147483647 -1 2147483647 gsm|lte sender=Handler (com.android.internal.telephony.gsm.GSMPhone) {e262d71}
01-22 19:58:24.495  1955  2212 D use-Rlog/RLOG-RIL: Updating RIL radio state to 0
01-22 19:58:24.495  2864  2967 D RILJ    : [UNSL]< UNSOL_RESPONSE_RADIO_STATE_CHANGED RADIO_OFF [SUB0]
01-22 19:58:24.496  2864  2967 D RILJ    : [UNSL]< UNSOL_RESPONSE_CALL_STATE_CHANGED [SUB0]
01-22 19:58:24.496  2864  2967 D RILJ    : [UNSL]< UNSOL_RESPONSE_VOICE_NETWORK_STATE_CHANGED [SUB0]
01-22 19:58:24.497  2864  2967 D RILJ    : responseDataCallList ver=6 num=0 [SUB0]
01-22 19:58:24.497  2864  2967 D RILJ    : [UNSL]< UNSOL_DATA_CALL_LIST_CHANGED [] [SUB0]
01-22 19:58:24.497  2864  2977 D Dcc     : onDataStateChanged: dcsList=[] mDcListActiveByCid={}
01-22 19:58:24.497  2864  2977 D Dcc     : onDataStateChanged: dcsToRetry=[]
01-22 19:58:24.497  2864  2977 D Dcc     : onDataStateChanged: Data Activity updated to NONE. isAnyDataCallActive = false isAnyDataCallDormant = false
01-22 19:58:24.497  2864  2977 D Dcc     : onDataStateChanged: dcsToRetry=[] apnsToCleanup=[]
01-22 19:58:24.497  2864  2977 D Dcc     : onDataStateChanged: X
01-22 19:58:24.498  2864  2967 D RILJ    : [UNSL]< UNSOL_RESPONSE_SIM_STATUS_CHANGED [SUB0]
01-22 19:58:24.499  2864  2864 D PHONE   : [ServiceState] setNullState=3
01-22 19:58:24.499  2864  2864 D GsmSST  : [GsmSST] set service state as POWER_OFF
01-22 19:58:24.499  2864  2864 D PHONE   : [ServiceState] setNullState=3
01-22 19:58:24.499  2864  2864 D GsmSST  : [GsmSST] Poll ServiceState done:  oldSS=[0 0 voice home data home Free Mobile Free Mobile 20815 Free Mobile Free Mobile 20815  UMTS UMTS CSS not supported -1 -1 RoamInd=-1 DefRoamInd=-1 EmergOnly=false IsDataRoamingFromRegistration=false] newSS=[3 3 voice home data home null null null null null null  Unknown Unknown CSS not supported -1 -1 RoamInd=-1 DefRoamInd=-1 EmergOnly=false IsDataRoamingFromRegistration=false] oldMaxDataCalls=1 mNewMaxDataCalls=1 oldReasonDataDenied=-1 mNewReasonDataDenied=-1
01-22 19:58:24.499  2864  2864 D GsmSST  : [GsmSST] RAT switched UMTS -> Unknown at cell -1
01-22 19:58:24.499  2864  2864 D PHONE   : [ServiceState] setNullState=1
01-22 19:58:24.499  2864  2864 D SST     : updatePhoneObject: Ignore update
01-22 19:58:24.499  2864  2864 D TelephonyManager: setTelephonyProperty: success phoneId=0 property=gsm.network.type value: Unknown propVal=Unknown
01-22 19:58:24.500  1955  2212 D use-Rlog/RLOG-RIL-IPC: 
01-22 19:58:24.500  1955  2212 D use-Rlog/RLOG-RIL-IPC: xmm626_sec_modem_fmt_recv: Received FMT message
01-22 19:58:24.500  1955  2212 D use-Rlog/RLOG-RIL-IPC: xmm626_sec_modem_fmt_recv: Message: aseq=0x70, command=IPC_NET_PLMN_SEL, type=IPC_TYPE_RESP, size=1
01-22 19:58:24.500  1955  2212 D use-Rlog/RLOG-RIL-IPC: ================================= IPC FMT data =================================
01-22 19:58:24.500  1955  2212 D use-Rlog/RLOG-RIL-IPC: [0000]   02                                                 .
01-22 19:58:24.500  1955  2212 D use-Rlog/RLOG-RIL-IPC: ================================================================================
01-22 19:58:24.500  1955  2212 D use-Rlog/RLOG-RIL-IPC: 
01-22 19:58:24.500  1955  2212 D use-Rlog/RLOG-RIL-IPC: xmm626_sec_modem_fmt_recv: Received FMT message
01-22 19:58:24.500  1955  2212 D use-Rlog/RLOG-RIL-IPC: xmm626_sec_modem_fmt_recv: Message: aseq=0x71, command=IPC_NET_SERVING_NETWORK, type=IPC_TYPE_RESP, size=11
01-22 19:58:24.500  1955  2212 D use-Rlog/RLOG-RIL-IPC: ================================= IPC FMT data =================================
01-22 19:58:24.500  1955  2212 D use-Rlog/RLOG-RIL-IPC: [0000]   02 01 04 32 30 38 31 35  23 46 0F                  ...20815 #F.
01-22 19:58:24.500  1955  2212 D use-Rlog/RLOG-RIL-IPC: ================================================================================
01-22 19:58:24.500  1955  2212 D use-Rlog/RLOG-RIL-IPC: 
01-22 19:58:24.500  1955  2212 D use-Rlog/RLOG-RIL-IPC: xmm626_sec_modem_fmt_recv: Received FMT message
01-22 19:58:24.500  1955  2212 D use-Rlog/RLOG-RIL-IPC: xmm626_sec_modem_fmt_recv: Message: aseq=0x72, command=IPC_NET_PLMN_SEL, type=IPC_TYPE_RESP, size=1
01-22 19:58:24.500  1955  2212 D use-Rlog/RLOG-RIL-IPC: ================================= IPC FMT data =================================
01-22 19:58:24.500  1955  2212 D use-Rlog/RLOG-RIL-IPC: [0000]   02                                                 .
01-22 19:58:24.500  1955  2212 D use-Rlog/RLOG-RIL-IPC: ================================================================================
01-22 19:58:24.501  2864  2864 D SIMRecords: [SIMRecords] getServiceProviderName: no brandOverride
01-22 19:58:24.501  2864  2864 D SIMRecords: [SIMRecords] getServiceProviderName: providerName=Free
01-22 19:58:24.501  2864  2864 D GsmSST  : [GsmSST] updateSpnDisplay: radio is off w/ showPlmn=true plmn=Aucun service
01-22 19:58:24.501  2864  2864 D SIMRecords: [SIMRecords] getServiceProviderName: no brandOverride
01-22 19:58:24.501  2864  2864 D SIMRecords: [SIMRecords] getServiceProviderName: providerName=Free
01-22 19:58:24.511  2864  2864 D GsmSST  : [GsmSST] updateSpnDisplay: changed sending intent rule=2 showPlmn='true' plmn='Aucun service' showSpn='false' spn='null' dataSpn='Free' subId='3'
01-22 19:58:24.513  2864  2864 D SubscriptionController: [setCarrierText]+ text:Aucun service subId:3
01-22 19:58:24.557  2864  2864 D SubscriptionController: notifySubscriptionInfoChanged:
01-22 19:58:24.559  2864  2864 D TelephonyManager: setTelephonyProperty: success phoneId=0 property=gsm.operator.alpha value:  propVal=
01-22 19:58:24.560  2864  2864 D TelephonyManager: setTelephonyProperty: success phoneId=0 property=gsm.operator.numeric value:  propVal=
01-22 19:58:24.560  2864  2864 D GsmSST  : [GsmSST] update mccmnc=null fromServiceState=true
01-22 19:58:24.560  2864  2864 D GsmSST  : [GsmSST] operatorNumeric is null
01-22 19:58:24.561  2864  2864 D TelephonyManager: setTelephonyProperty: success phoneId=0 property=gsm.operator.iso-country value:  propVal=
01-22 19:58:24.561  2864  2864 D TelephonyManager: setTelephonyProperty: success phoneId=0 property=gsm.operator.isroaming value: false propVal=false
01-22 19:58:24.562  2864  2864 D GsmSST  : [GsmSST] Broadcasting ServiceState : 3 3 voice home data home null null null null null null  Unknown Unknown CSS not supported -1 -1 RoamInd=-1 DefRoamInd=-1 EmergOnly=false IsDataRoamingFromRegistration=false
01-22 19:58:24.562  2864  2864 D DefaultPhoneNotifier: nofityServiceState: mRegistry=com.android.internal.telephony.ITelephonyRegistry$Stub$Proxy@b2c19a9 ss=3 3 voice home data home null null null null null null  Unknown Unknown CSS not supported -1 -1 RoamInd=-1 DefRoamInd=-1 EmergOnly=false IsDataRoamingFromRegistration=false sender=Handler (com.android.internal.telephony.gsm.GSMPhone) {e262d71} phondId=0 subId=3
01-22 19:58:24.569  2864  2864 D SubscriptionController: getSimStateForSlotIdx:  simState=READY ordinal=5
01-22 19:58:24.569  2307  3058 D SubscriptionManager: getSimStateForSubscriber: simState=5 slotIdx=0
01-22 19:58:24.573  2864  2864 D GsmSST  : [GsmSST] notifyDataRegStateRilRadioTechnologyChanged: drs=3 rat=0
01-22 19:58:24.574  2864  2864 D TelephonyManager: setTelephonyProperty: success phoneId=0 property=gsm.network.type value: Unknown propVal=Unknown
01-22 19:58:24.574  2864  2977 D DC-1    : DcInactiveState nothandled msg.what=EVENT_DATA_CONNECTION_DRS_OR_RAT_CHANGED
01-22 19:58:24.574  2864  2977 D DC-1    : DcDefault msg=EVENT_DATA_CONNECTION_DRS_OR_RAT_CHANGED RefCount=0
01-22 19:58:24.575  2864  2977 D DC-1    : DcDefaultState: EVENT_DATA_CONNECTION_DRS_OR_RAT_CHANGED drs=3 mRilRat=0
01-22 19:58:24.575  2864  2864 D DCT     : [0]get all active apn types
01-22 19:58:24.575  2864  2864 D GSMPhone: getDataConnectionState: Data is Out of Service. ret = DISCONNECTED
01-22 19:58:24.576  2864  2864 D DCT     : [0]isDataAllowed: not allowed due to - desiredPowerState= false
01-22 19:58:24.577  2307  2468 D TelephonyRegistry: Notify data connection state changed on sub: 3
01-22 19:58:24.577  2307  2468 D TelephonyRegistry: Notify data connection state changed on sub: 3
01-22 19:58:24.579  2864  2864 D GsmSST  : [GsmSST] SST.getAllCellInfo(): return last, same thread can't block
01-22 19:58:24.579  2864  2864 D GsmSST  : [GsmSST] SST.getAllCellInfo(): X size=0 list=null
01-22 19:58:24.579  2864  2864 D GsmSST  : [GsmSST] getCellLocation(): X empty mCellLoc and CellInfo mCellLoc=[-1,-1,-1]
01-22 19:58:24.579  2307  3010 D TelephonyRegistry: notifyCellLocationForSubscriber: subId=3 cellLocation=Bundle[mParcelledData.dataSize=64]
01-22 19:58:24.580  2864  2864 D RILJ    : [3892]> OPERATOR [SUB0]
01-22 19:58:24.581  1955  1975 D use-Rlog/RLOG-RIL: 4 RIL requests in the queue (1 pending, 3 handled, 0 unhandled)
01-22 19:58:24.581  2864  2864 D RILJ    : [3893]> DATA_REGISTRATION_STATE [SUB0]
01-22 19:58:24.582  1955  1975 D use-Rlog/RLOG-RIL: 5 RIL requests in the queue (1 pending, 3 handled, 1 unhandled)
01-22 19:58:24.582  2864  2864 D RILJ    : [3894]> VOICE_REGISTRATION_STATE [SUB0]
01-22 19:58:24.583  1955  1975 D use-Rlog/RLOG-RIL: 6 RIL requests in the queue (1 pending, 3 handled, 2 unhandled)
01-22 19:58:24.583  2864  2864 D RILJ    : [3895]> QUERY_NETWORK_SELECTION_MODE [SUB0]
01-22 19:58:24.584  1955  1975 D use-Rlog/RLOG-RIL: 7 RIL requests in the queue (1 pending, 3 handled, 3 unhandled)
01-22 19:58:24.587  2864  2864 D PHONE   : [ServiceState] setNullState=3
01-22 19:58:24.587  2864  2864 D GsmSST  : [GsmSST] set service state as POWER_OFF
01-22 19:58:24.587  2864  2864 D PHONE   : [ServiceState] setNullState=3
01-22 19:58:24.587  2864  2864 D GsmSST  : [GsmSST] Poll ServiceState done:  oldSS=[3 3 voice home data home null null null null null null  Unknown Unknown CSS not supported -1 -1 RoamInd=-1 DefRoamInd=-1 EmergOnly=false IsDataRoamingFromRegistration=false] newSS=[3 3 voice home data home null null null null null null  Unknown Unknown CSS not supported -1 -1 RoamInd=-1 DefRoamInd=-1 EmergOnly=false IsDataRoamingFromRegistration=false] oldMaxDataCalls=1 mNewMaxDataCalls=1 oldReasonDataDenied=-1 mNewReasonDataDenied=-1
01-22 19:58:24.587  2864  2864 D PHONE   : [ServiceState] setNullState=1
01-22 19:58:24.587  2864  2864 D RILJ    : [3896]> OPERATOR [SUB0]
01-22 19:58:24.590  1955  1975 D use-Rlog/RLOG-RIL: 8 RIL requests in the queue (1 pending, 3 handled, 4 unhandled)
01-22 19:58:24.590  2864  2864 D RILJ    : [3897]> DATA_REGISTRATION_STATE [SUB0]
01-22 19:58:24.591  1955  1975 D use-Rlog/RLOG-RIL: 9 RIL requests in the queue (1 pending, 3 handled, 5 unhandled)
01-22 19:58:24.591  2864  2864 D RILJ    : [3898]> VOICE_REGISTRATION_STATE [SUB0]
01-22 19:58:24.591  1955  1975 D use-Rlog/RLOG-RIL: 10 RIL requests in the queue (1 pending, 3 handled, 6 unhandled)
01-22 19:58:24.592  2864  2864 D RILJ    : [3899]> QUERY_NETWORK_SELECTION_MODE [SUB0]
01-22 19:58:24.592  1955  1975 D use-Rlog/RLOG-RIL: 11 RIL requests in the queue (1 pending, 3 handled, 7 unhandled)
01-22 19:58:24.592  2864  2864 D PHONE   : [ServiceState] setNullState=3
01-22 19:58:24.592  2864  2864 D GsmSST  : [GsmSST] set service state as POWER_OFF
01-22 19:58:24.593  2864  2864 D PHONE   : [ServiceState] setNullState=3
01-22 19:58:24.593  2864  2864 D GsmSST  : [GsmSST] Poll ServiceState done:  oldSS=[3 3 voice home data home null null null null null null  Unknown Unknown CSS not supported -1 -1 RoamInd=-1 DefRoamInd=-1 EmergOnly=false IsDataRoamingFromRegistration=false] newSS=[3 3 voice home data home null null null null null null  Unknown Unknown CSS not supported -1 -1 RoamInd=-1 DefRoamInd=-1 EmergOnly=false IsDataRoamingFromRegistration=false] oldMaxDataCalls=1 mNewMaxDataCalls=1 oldReasonDataDenied=-1 mNewReasonDataDenied=-1
01-22 19:58:24.593  2864  2864 D PHONE   : [ServiceState] setNullState=1
01-22 19:58:24.593  2864  2864 D RILJ    : [3900]> OPERATOR [SUB0]
01-22 19:58:24.593  1955  1975 D use-Rlog/RLOG-RIL: 12 RIL requests in the queue (1 pending, 3 handled, 8 unhandled)
01-22 19:58:24.594  2864  2864 D RILJ    : [3901]> DATA_REGISTRATION_STATE [SUB0]
01-22 19:58:24.594  1955  1975 D use-Rlog/RLOG-RIL: 13 RIL requests in the queue (1 pending, 3 handled, 9 unhandled)
01-22 19:58:24.595  2864  2864 D RILJ    : [3902]> VOICE_REGISTRATION_STATE [SUB0]
01-22 19:58:24.595  1955  1975 D use-Rlog/RLOG-RIL: 14 RIL requests in the queue (1 pending, 3 handled, 10 unhandled)
01-22 19:58:24.596  2864  2864 D RILJ    : [3903]> QUERY_NETWORK_SELECTION_MODE [SUB0]
01-22 19:58:24.596  1955  1975 D use-Rlog/RLOG-RIL: 15 RIL requests in the queue (1 pending, 3 handled, 11 unhandled)
01-22 19:58:24.597  2864  2864 D GsmSST  : [GsmSST] EVENT_RADIO_POWER_OFF_DONE
01-22 19:58:24.597  2864  2864 D RILJ    : [3904]> RIL_REQUEST_SHUTDOWN [SUB0]
01-22 19:58:24.598  1955  1975 D use-Rlog/RLOG-RIL: 16 RIL requests in the queue (1 pending, 3 handled, 12 unhandled)
01-22 19:58:24.599  1955  2216 D use-Rlog/RLOG-RIL: Unhandled RIL request: 129
01-22 19:58:24.599  1955  2216 D use-Rlog/RLOG-RIL: 15 RIL requests in the queue (0 pending, 3 handled, 12 unhandled)
01-22 19:58:24.599  2864  2967 D RILJ    : Response to RIL_REQUEST_SHUTDOWN received. Error is 6 Setting Radio State to Unavailable regardless of error. [SUB0]
01-22 19:58:24.599  2864  2967 D RilRequest: [3904]< RIL_REQUEST_SHUTDOWN error: com.android.internal.telephony.CommandException: REQUEST_NOT_SUPPORTED ret=
01-22 19:58:24.599  2864  2864 D GsmSST  : [GsmSST] mDeviceShuttingDown = true
01-22 19:58:24.599  2864  2864 D GsmSST  : [GsmSST] mDesiredPowerState = false
01-22 19:58:24.599  2864  2864 D GsmSST  : [GsmSST] getRadioState = RADIO_UNAVAILABLE
01-22 19:58:24.599  2864  2864 D GsmSST  : [GsmSST] mPowerOffDelayNeed = true
01-22 19:58:24.599  2864  2864 D GsmSST  : [GsmSST] mAlarmSwitch = false
01-22 19:58:24.599  2864  2864 D PHONE   : [ServiceState] setNullState=1
01-22 19:58:24.599  2864  2864 D GsmSST  : [GsmSST] Poll ServiceState done:  oldSS=[3 3 voice home data home null null null null null null  Unknown Unknown CSS not supported -1 -1 RoamInd=-1 DefRoamInd=-1 EmergOnly=false IsDataRoamingFromRegistration=false] newSS=[1 1 voice home data home null null null null null null  Unknown Unknown CSS not supported -1 -1 RoamInd=-1 DefRoamInd=-1 EmergOnly=false IsDataRoamingFromRegistration=false] oldMaxDataCalls=1 mNewMaxDataCalls=1 oldReasonDataDenied=-1 mNewReasonDataDenied=-1
01-22 19:58:24.600  2864  2864 D PHONE   : [ServiceState] setNullState=1
01-22 19:58:24.600  2864  2864 D SIMRecords: [SIMRecords] getServiceProviderName: no brandOverride
01-22 19:58:24.600  2864  2864 D SIMRecords: [SIMRecords] getServiceProviderName: providerName=Free
01-22 19:58:24.600  2864  2864 D GsmSST  : [GsmSST] updateSpnDisplay: radio is on but out of service, set plmn='Aucun service'
01-22 19:58:24.600  2864  2864 D SIMRecords: [SIMRecords] getServiceProviderName: no brandOverride
01-22 19:58:24.600  2864  2864 D SIMRecords: [SIMRecords] getServiceProviderName: providerName=Free
01-22 19:58:24.608  2864  3166 D SubscriptionController: [getActiveSubInfoList]+
01-22 19:58:24.609  2864  2864 D GsmSST  : [GsmSST] updateSpnDisplay: changed sending intent rule=2 showPlmn='true' plmn='Aucun service' showSpn='false' spn='Free' dataSpn='Free' subId='3'
01-22 19:58:24.609  2864  3166 D SubscriptionController: selection:sim_id>=0 null
01-22 19:58:24.615  2864  3166 D SubscriptionController: [getSubInfoRecord] id:3 iccid:893315011XXXXXXXXXXX simSlotIndex:0 displayName:Free nameSource:0 iconTint:-16746133 dataRoaming:0 mcc:0 mnc:0 countIso:fr userNwMode:0
01-22 19:58:24.616  2864  2864 D SubscriptionController: [setCarrierText]+ text:Aucun service subId:3
01-22 19:58:24.623  2864  3166 D SubscriptionController: [getActiveSubInfoList]- 1 infos return
01-22 19:58:24.629  2864  3149 D SubscriptionController: [getActiveSubInfoList]+
01-22 19:58:24.631  2864  3149 D SubscriptionController: selection:sim_id>=0 null
01-22 19:58:24.654  2864  2892 D SubscriptionController: [getActiveSubInfoList]+
01-22 19:58:24.656  2864  2892 D SubscriptionController: selection:sim_id>=0 null
01-22 19:58:24.658  2864  2864 D SubscriptionController: notifySubscriptionInfoChanged:
01-22 19:58:24.660  2864  2864 D TelephonyManager: setTelephonyProperty: success phoneId=0 property=gsm.operator.alpha value:  propVal=
01-22 19:58:24.663  2864  3149 D SubscriptionController: [getSubInfoRecord] id:3 iccid:893315011XXXXXXXXXXX simSlotIndex:0 displayName:Free nameSource:0 iconTint:-16746133 dataRoaming:0 mcc:0 mnc:0 countIso:fr userNwMode:0
01-22 19:58:24.663  2864  2864 D TelephonyManager: setTelephonyProperty: success phoneId=0 property=gsm.operator.numeric value:  propVal=
01-22 19:58:24.664  2864  2864 D GsmSST  : [GsmSST] operatorNumeric is null
01-22 19:58:24.664  2864  2864 D TelephonyManager: setTelephonyProperty: success phoneId=0 property=gsm.operator.iso-country value:  propVal=
01-22 19:58:24.664  2864  2864 D TelephonyManager: setTelephonyProperty: success phoneId=0 property=gsm.operator.isroaming value: false propVal=false
01-22 19:58:24.665  2864  2864 D GsmSST  : [GsmSST] Broadcasting ServiceState : 1 1 voice home data home null null null null null null  Unknown Unknown CSS not supported -1 -1 RoamInd=-1 DefRoamInd=-1 EmergOnly=false IsDataRoamingFromRegistration=false
01-22 19:58:24.665  2864  2864 D DefaultPhoneNotifier: nofityServiceState: mRegistry=com.android.internal.telephony.ITelephonyRegistry$Stub$Proxy@b2c19a9 ss=1 1 voice home data home null null null null null null  Unknown Unknown CSS not supported -1 -1 RoamInd=-1 DefRoamInd=-1 EmergOnly=false IsDataRoamingFromRegistration=false sender=Handler (com.android.internal.telephony.gsm.GSMPhone) {e262d71} phondId=0 subId=3
01-22 19:58:24.668  2864  2892 D SubscriptionController: [getSubInfoRecord] id:3 iccid:893315011XXXXXXXXXXX simSlotIndex:0 displayName:Free nameSource:0 iconTint:-16746133 dataRoaming:0 mcc:0 mnc:0 countIso:fr userNwMode:0
01-22 19:58:24.671  2864  2864 D SubscriptionController: getSimStateForSlotIdx:  simState=READY ordinal=5
01-22 19:58:24.671  2307  3039 D SubscriptionManager: getSimStateForSubscriber: simState=5 slotIdx=0
01-22 19:58:24.673  2864  2864 D GsmSST  : [GsmSST] notifyDataRegStateRilRadioTechnologyChanged: drs=1 rat=0
01-22 19:58:24.673  2864  2864 D TelephonyManager: setTelephonyProperty: success phoneId=0 property=gsm.network.type value: Unknown propVal=Unknown
01-22 19:58:24.674  2864  2977 D DC-1    : DcInactiveState nothandled msg.what=EVENT_DATA_CONNECTION_DRS_OR_RAT_CHANGED
01-22 19:58:24.674  2864  2977 D DC-1    : DcDefault msg=EVENT_DATA_CONNECTION_DRS_OR_RAT_CHANGED RefCount=0
01-22 19:58:24.674  2864  2977 D DC-1    : DcDefaultState: EVENT_DATA_CONNECTION_DRS_OR_RAT_CHANGED drs=1 mRilRat=0
01-22 19:58:24.674  2864  2864 D DCT     : [0]get all active apn types
01-22 19:58:24.674  2864  2864 D GSMPhone: getDataConnectionState: Data is Out of Service. ret = DISCONNECTED
01-22 19:58:24.677  2864  2864 D DCT     : [0]isDataAllowed: not allowed due to - desiredPowerState= false
01-22 19:58:24.682  2864  3077 D SubscriptionController: [getActiveSubInfoList]+
01-22 19:58:24.682  2864  3077 D SubscriptionController: selection:sim_id>=0 null
01-22 19:58:24.686  2864  3077 D SubscriptionController: [getSubInfoRecord] id:3 iccid:893315011XXXXXXXXXXX simSlotIndex:0 displayName:Free nameSource:0 iconTint:-16746133 dataRoaming:0 mcc:0 mnc:0 countIso:fr userNwMode:0
01-22 19:58:24.689  2864  3077 D SubscriptionController: [getActiveSubInfoList]- 1 infos return
01-22 19:58:24.693  2864  3149 D SubscriptionController: [getActiveSubInfoList]- 1 infos return
01-22 19:58:24.696  2864  2892 D SubscriptionController: [getActiveSubInfoList]- 1 infos return
01-22 19:58:24.701  2864  2864 D DCT     : [0]handleMessage msg={ when=-205ms what=270342 obj=android.os.AsyncResult@231e218 target=com.android.internal.telephony.dataconnection.DcTracker }
01-22 19:58:24.701  2864  2864 D DCT     : [0]onRadioOffOrNotAvailable: is off and clean up all connections
01-22 19:58:24.701  2864  2864 D DCT     : [0]cleanUpAllConnections: tearDown=false reason=radioTurnedOff
01-22 19:58:24.701  2864  2864 D DCT     : [0]cleanUpConnection: tearDown=false reason=radioTurnedOff apnContext={mApnType=default mState=IDLE mWaitingApns={[[ApnSettingV3] Free Mobile, 159, 20815, free, , , , , , 0, default | supl, IP, IP, true, 0, 0, 0, false, 0, 0, 0, 0, , ]} mWaitingApnsPermanentFailureCountDown=1 mApnSetting={null} mReason=radioTurnedOff mDataEnabled=true mDependencyMet=true}
01-22 19:58:24.701  2864  2864 D GSMPhone: getDataConnectionState: Data is Out of Service. ret = DISCONNECTED
01-22 19:58:24.702  2864  2864 D DCT     : [0]isDataAllowed: not allowed due to - desiredPowerState= false
01-22 19:58:24.705  2864  2864 D DCT     : [0]setupDataForSinglePdn: reason = radioTurnedOff isDisconnected = true
01-22 19:58:24.705  2864  2864 D DCT     : [0]isOnlySingleDcAllowed(0): false
01-22 19:58:24.705  2864  2864 D DCT     : [0]cleanUpConnection: X tearDown=false reason=radioTurnedOff apnContext={mApnType=default mState=IDLE mWaitingApns={[[ApnSettingV3] Free Mobile, 159, 20815, free, , , , , , 0, default | supl, IP, IP, true, 0, 0, 0, false, 0, 0, 0, 0, , ]} mWaitingApnsPermanentFailureCountDown=1 mApnSetting={null} mReason=radioTurnedOff mDataEnabled=true mDependencyMet=true} dcac=null
01-22 19:58:24.705  2864  2864 D DCT     : [0]cleanUpConnection: tearDown=false reason=radioTurnedOff apnContext={mApnType=mms mState=IDLE mWaitingApns={null} mWaitingApnsPermanentFailureCountDown=0 mApnSetting={null} mReason=radioTurnedOff mDataEnabled=false mDependencyMet=true}
01-22 19:58:24.705  2864  2864 D GSMPhone: getDataConnectionState: Data is Out of Service. ret = DISCONNECTED
01-22 19:58:24.706  2864  2864 D DCT     : [0]isDataAllowed: not allowed due to - desiredPowerState= false
01-22 19:58:24.708  2864  2864 D DCT     : [0]setupDataForSinglePdn: reason = radioTurnedOff isDisconnected = true
01-22 19:58:24.708  2864  2864 D DCT     : [0]isOnlySingleDcAllowed(0): false
01-22 19:58:24.708  2864  2864 D DCT     : [0]cleanUpConnection: X tearDown=false reason=radioTurnedOff apnContext={mApnType=mms mState=IDLE mWaitingApns={null} mWaitingApnsPermanentFailureCountDown=0 mApnSetting={null} mReason=radioTurnedOff mDataEnabled=false mDependencyMet=true} dcac=null
01-22 19:58:24.708  2864  2864 D DCT     : [0]cleanUpConnection: tearDown=false reason=radioTurnedOff apnContext={mApnType=supl mState=IDLE mWaitingApns={null} mWaitingApnsPermanentFailureCountDown=0 mApnSetting={null} mReason=radioTurnedOff mDataEnabled=false mDependencyMet=true}
01-22 19:58:24.708  2864  2864 D GSMPhone: getDataConnectionState: Data is Out of Service. ret = DISCONNECTED
01-22 19:58:24.708  2864  2864 D DCT     : [0]isDataAllowed: not allowed due to - desiredPowerState= false
01-22 19:58:24.711  2864  2864 D DCT     : [0]setupDataForSinglePdn: reason = radioTurnedOff isDisconnected = true
01-22 19:58:24.711  2864  2864 D DCT     : [0]isOnlySingleDcAllowed(0): false
01-22 19:58:24.711  2864  2864 D DCT     : [0]cleanUpConnection: X tearDown=false reason=radioTurnedOff apnContext={mApnType=supl mState=IDLE mWaitingApns={null} mWaitingApnsPermanentFailureCountDown=0 mApnSetting={null} mReason=radioTurnedOff mDataEnabled=false mDependencyMet=true} dcac=null
01-22 19:58:24.711  2864  2864 D DCT     : [0]cleanUpConnection: tearDown=false reason=radioTurnedOff apnContext={mApnType=dun mState=IDLE mWaitingApns={null} mWaitingApnsPermanentFailureCountDown=0 mApnSetting={null} mReason=radioTurnedOff mDataEnabled=false mDependencyMet=true}
01-22 19:58:24.711  2864  2864 D GSMPhone: getDataConnectionState: Data is Out of Service. ret = DISCONNECTED
01-22 19:58:24.712  2864  2864 D DCT     : [0]isDataAllowed: not allowed due to - desiredPowerState= false
01-22 19:58:24.714  2864  2864 D DCT     : [0]setupDataForSinglePdn: reason = radioTurnedOff isDisconnected = true
01-22 19:58:24.714  2864  2864 D DCT     : [0]isOnlySingleDcAllowed(0): false
01-22 19:58:24.714  2864  2864 D DCT     : [0]cleanUpConnection: X tearDown=false reason=radioTurnedOff apnContext={mApnType=dun mState=IDLE mWaitingApns={null} mWaitingApnsPermanentFailureCountDown=0 mApnSetting={null} mReason=radioTurnedOff mDataEnabled=false mDependencyMet=true} dcac=null
01-22 19:58:24.714  2864  2864 D DCT     : [0]cleanUpConnection: tearDown=false reason=radioTurnedOff apnContext={mApnType=hipri mState=IDLE mWaitingApns={null} mWaitingApnsPermanentFailureCountDown=0 mApnSetting={null} mReason=radioTurnedOff mDataEnabled=false mDependencyMet=true}
01-22 19:58:24.715  2864  2864 D GSMPhone: getDataConnectionState: Data is Out of Service. ret = DISCONNECTED
01-22 19:58:24.716  2864  2864 D DCT     : [0]isDataAllowed: not allowed due to - desiredPowerState= false
01-22 19:58:24.722  2864  2864 D DCT     : [0]setupDataForSinglePdn: reason = radioTurnedOff isDisconnected = true
01-22 19:58:24.722  2864  2864 D DCT     : [0]isOnlySingleDcAllowed(0): false
01-22 19:58:24.722  2864  2864 D DCT     : [0]cleanUpConnection: X tearDown=false reason=radioTurnedOff apnContext={mApnType=hipri mState=IDLE mWaitingApns={null} mWaitingApnsPermanentFailureCountDown=0 mApnSetting={null} mReason=radioTurnedOff mDataEnabled=false mDependencyMet=true} dcac=null
01-22 19:58:24.722  2864  2864 D DCT     : [0]stopNetStatPoll
01-22 19:58:24.724  2864  2864 D DCT     : [0]cleanUpConnection: mDisconnectPendingCount = 0
01-22 19:58:24.725  2864  2864 D DCT     : [0]isDataAllowed: not allowed due to - desiredPowerState= false
01-22 19:58:24.728  2864  2864 D DCT     : [0]isDataAllowed: not allowed due to - desiredPowerState= false
01-22 19:58:24.731  2864  2864 D DCT     : [0]isDataAllowed: not allowed due to - desiredPowerState= false
01-22 19:58:24.733  2864  2864 D DCT     : [0]isDataAllowed: not allowed due to - desiredPowerState= false
01-22 19:58:24.736  2864  2864 E IccCardProxy: setExternalState: set mPhoneId=0 mExternalState=NOT_READY
01-22 19:58:24.736  2864  2864 D TelephonyManager: setTelephonyProperty: success phoneId=0 property=gsm.sim.state value: NOT_READY propVal=NOT_READY
01-22 19:58:24.737  2864  2864 D IccCardProxy: broadcastIccStateChangedIntent intent ACTION_SIM_STATE_CHANGED value=NOT_READY reason=null for mPhoneId=0
01-22 19:58:24.739  2864  2864 D RILJ    : [3905]> GET_CURRENT_CALLS [SUB0]
01-22 19:58:24.740  1955  1975 D use-Rlog/RLOG-RIL: 16 RIL requests in the queue (1 pending, 3 handled, 12 unhandled)
01-22 19:58:24.740  1955  2216 D use-Rlog/RLOG-RIL: 15 RIL requests in the queue (0 pending, 3 handled, 12 unhandled)
01-22 19:58:24.740  2864  2967 D RILJ    : [3905]< GET_CURRENT_CALLS {} [SUB0]
01-22 19:58:24.741  2864  2864 D PHONE   : [ServiceState] setNullState=1
01-22 19:58:24.741  2864  2864 D GsmSST  : [GsmSST] Poll ServiceState done:  oldSS=[1 1 voice home data home null null null null null null  Unknown Unknown CSS not supported -1 -1 RoamInd=-1 DefRoamInd=-1 EmergOnly=false IsDataRoamingFromRegistration=false] newSS=[1 1 voice home data home null null null null null null  Unknown Unknown CSS not supported -1 -1 RoamInd=-1 DefRoamInd=-1 EmergOnly=false IsDataRoamingFromRegistration=false] oldMaxDataCalls=1 mNewMaxDataCalls=1 oldReasonDataDenied=-1 mNewReasonDataDenied=-1
01-22 19:58:24.741  2864  2864 D PHONE   : [ServiceState] setNullState=1
01-22 19:58:24.741  2864  2864 D DCT     : [0]handleMessage msg={ when=-243ms what=270340 obj=android.os.AsyncResult@8b0c471 target=com.android.internal.telephony.dataconnection.DcTracker }
01-22 19:58:24.741  2864  2864 E DATA    : Unidentified event msg={ when=-243ms what=270340 obj=android.os.AsyncResult@8b0c471 target=com.android.internal.telephony.dataconnection.DcTracker }
01-22 19:58:24.741  2864  2864 D UiccController: Received EVENT_ICC_STATUS_CHANGED, calling getIccCardStatus
01-22 19:58:24.741  2864  2864 D RILJ    : [3906]> GET_SIM_STATUS [SUB0]
01-22 19:58:24.742  1955  1975 D use-Rlog/RLOG-RIL: 16 RIL requests in the queue (1 pending, 3 handled, 12 unhandled)
01-22 19:58:24.742  2864  2864 D GsmSST  : [GsmSST] SubscriptionListener.onSubscriptionInfoChanged
01-22 19:58:24.742  2864  2864 D DCT     : [0]SubscriptionListener.onSubscriptionInfoChanged
01-22 19:58:24.744  2864  2864 D SubscriptionController: [getActiveSubInfoList]+
01-22 19:58:24.745  2864  2864 D SubscriptionController: selection:sim_id>=0 null
01-22 19:58:24.750  2864  2864 D SubscriptionController: [getSubInfoRecord] id:3 iccid:893315011XXXXXXXXXXX simSlotIndex:0 displayName:Free nameSource:0 iconTint:-16746133 dataRoaming:0 mcc:0 mnc:0 countIso:fr userNwMode:0
01-22 19:58:24.753  2864  2864 D SubscriptionController: [getActiveSubInfoList]- 1 infos return
01-22 19:58:24.754  2864  2864 E PhoneBase: Error! unregisterForCallWaiting() in PhoneBase should not be called, CDMAPhone inactive.
01-22 19:58:24.761  2864  2864 D SubscriptionController: [getActiveSubInfoList]+
01-22 19:58:24.762  2864  2864 D SubscriptionController: selection:sim_id>=0 null
01-22 19:58:24.767  2864  2864 D SubscriptionController: [getSubInfoRecord] id:3 iccid:893315011XXXXXXXXXXX simSlotIndex:0 displayName:Free nameSource:0 iconTint:-16746133 dataRoaming:0 mcc:0 mnc:0 countIso:fr userNwMode:0
01-22 19:58:24.769  2864  2864 D SubscriptionController: [getActiveSubInfoList]- 1 infos return
01-22 19:58:24.770  2864  2864 D SubscriptionController: [getActiveSubInfoForSubscriber]+ subId=3 subInfo={id=3, iccId=893315011XXXXXXXXXXX simSlotIndex=0 displayName=Free carrierName=Aucun service nameSource=0 iconTint=-16746133 dataRoaming=0 iconBitmap=android.graphics.Bitmap@76f07c4 mcc 0 mnc 0 mUserNwMode=0}
01-22 19:58:24.789  2864  2892 D SubscriptionController: [getActiveSubInfoList]+
01-22 19:58:24.789  2864  2892 D SubscriptionController: selection:sim_id>=0 null
01-22 19:58:24.799  2864  3077 D SubscriptionController: [getActiveSubInfoList]+
01-22 19:58:24.800  2864  3077 D SubscriptionController: selection:sim_id>=0 null
01-22 19:58:24.806  2864  2864 E PhoneBase: Error! registerForCallWaiting() in PhoneBase should not be called, CDMAPhone inactive.
01-22 19:58:24.825  2864  2892 D SubscriptionController: [getSubInfoRecord] id:3 iccid:893315011XXXXXXXXXXX simSlotIndex:0 displayName:Free nameSource:0 iconTint:-16746133 dataRoaming:0 mcc:0 mnc:0 countIso:fr userNwMode:0
01-22 19:58:24.827  2864  2864 D DCT     : [0]handleMessage msg={ when=-253ms what=270345 obj=android.os.AsyncResult@b9290a9 target=com.android.internal.telephony.dataconnection.DcTracker }
01-22 19:58:24.827  2864  2864 D DCT     : [0]onDataConnectionDetached: stop polling and notify detached
01-22 19:58:24.827  2864  2864 D DCT     : [0]stopNetStatPoll
01-22 19:58:24.829  2864  3077 D SubscriptionController: [getSubInfoRecord] id:3 iccid:893315011XXXXXXXXXXX simSlotIndex:0 displayName:Free nameSource:0 iconTint:-16746133 dataRoaming:0 mcc:0 mnc:0 countIso:fr userNwMode:0
01-22 19:58:24.835  2864  2864 D DCT     : [0]notifyDataConnection: reason=dataDetached
01-22 19:58:24.835  2864  2864 D DCT     : [0]notifyDataConnection: type:default
01-22 19:58:24.835  2864  2864 D GSMPhone: getDataConnectionState: Data is Out of Service. ret = DISCONNECTED
01-22 19:58:24.838  2864  2864 D DCT     : [0]isDataAllowed: not allowed due to - desiredPowerState= false
01-22 19:58:24.839  2864  3166 D SubscriptionController: [getActiveSubInfoList]+
01-22 19:58:24.840  2864  3166 D SubscriptionController: selection:sim_id>=0 null
01-22 19:58:24.843  2864  3557 D SubscriptionController: [getActiveSubInfoList]+
01-22 19:58:24.847  2864  2864 D DCT     : [0]isDataAllowed: not allowed due to - desiredPowerState= false
01-22 19:58:24.848  2864  3077 D SubscriptionController: [getActiveSubInfoList]- 1 infos return
01-22 19:58:24.849  2864  3077 D SubscriptionController: [getActiveSubInfoForSubscriber]+ subId=3 subInfo={id=3, iccId=893315011XXXXXXXXXXX simSlotIndex=0 displayName=Free carrierName=Aucun service nameSource=0 iconTint=-16746133 dataRoaming=0 iconBitmap=android.graphics.Bitmap@af115cf mcc 0 mnc 0 mUserNwMode=0}
01-22 19:58:24.850  2864  3166 D SubscriptionController: [getSubInfoRecord] id:3 iccid:893315011XXXXXXXXXXX simSlotIndex:0 displayName:Free nameSource:0 iconTint:-16746133 dataRoaming:0 mcc:0 mnc:0 countIso:fr userNwMode:0
01-22 19:58:24.854  2864  2892 D SubscriptionController: [getActiveSubInfoList]- 1 infos return
01-22 19:58:24.854  2864  3557 D SubscriptionController: selection:sim_id>=0 null
01-22 19:58:24.855  2864  2892 D SubscriptionController: [getActiveSubInfoForSubscriber]+ subId=3 subInfo={id=3, iccId=893315011XXXXXXXXXXX simSlotIndex=0 displayName=Free carrierName=Aucun service nameSource=0 iconTint=-16746133 dataRoaming=0 iconBitmap=android.graphics.Bitmap@2da8e65 mcc 0 mnc 0 mUserNwMode=0}
01-22 19:58:24.855  2864  2864 D DCT     : [0]isDataAllowed: not allowed due to - desiredPowerState= false
01-22 19:58:24.859  2864  2864 D DCT     : [0]isDataAllowed: not allowed due to - desiredPowerState= false
01-22 19:58:24.861  2864  3166 D SubscriptionController: [getActiveSubInfoList]- 1 infos return
01-22 19:58:24.864  2864  2892 D SubscriptionController: getSimStateForSlotIdx:  simState=NOT_READY ordinal=6
01-22 19:58:24.865  2417  2417 D SubscriptionManager: getSimStateForSubscriber: simState=6 slotIdx=0
01-22 19:58:24.871  2864  3557 D SubscriptionController: [getSubInfoRecord] id:3 iccid:893315011XXXXXXXXXXX simSlotIndex:0 displayName:Free nameSource:0 iconTint:-16746133 dataRoaming:0 mcc:0 mnc:0 countIso:fr userNwMode:0
01-22 19:58:24.876  2864  2864 D DCT     : [0]isDataAllowed: not allowed due to - desiredPowerState= false
01-22 19:58:24.882  2864  2864 D DctController: EVENT_PHONE1_DATA_DETACH.
01-22 19:58:24.882  2864  2864 D DCT     : [0]handleMessage msg={ when=-307ms what=270377 obj=android.os.AsyncResult@f133feb target=com.android.internal.telephony.dataconnection.DcTracker }
01-22 19:58:24.882  2864  2864 D DCT     : [0]onUpdateIcc: newIccRecords null
01-22 19:58:24.882  2864  2864 D DCT     : [0]setupDataOnConnectableApns: nwTypeChanged
01-22 19:58:24.882  2864  2864 D DCT     : [0]setupDataOnConnectableApns: apnContext {mApnType=dun mState=IDLE mWaitingApns={null} mWaitingApnsPermanentFailureCountDown=0 mApnSetting={null} mReason=radioTurnedOff mDataEnabled=false mDependencyMet=true}
01-22 19:58:24.882  2864  2864 D DCT     : [0]setupDataOnConnectableApns: apnContext {mApnType=hipri mState=IDLE mWaitingApns={null} mWaitingApnsPermanentFailureCountDown=0 mApnSetting={null} mReason=radioTurnedOff mDataEnabled=false mDependencyMet=true}
01-22 19:58:24.882  2864  2864 D DCT     : [0]setupDataOnConnectableApns: apnContext {mApnType=supl mState=IDLE mWaitingApns={null} mWaitingApnsPermanentFailureCountDown=0 mApnSetting={null} mReason=radioTurnedOff mDataEnabled=false mDependencyMet=true}
01-22 19:58:24.882  2864  2864 D DCT     : [0]setupDataOnConnectableApns: apnContext {mApnType=default mState=IDLE mWaitingApns={[[ApnSettingV3] Free Mobile, 159, 20815, free, , , , , , 0, default | supl, IP, IP, true, 0, 0, 0, false, 0, 0, 0, 0, , ]} mWaitingApnsPermanentFailureCountDown=1 mApnSetting={null} mReason=radioTurnedOff mDataEnabled=true mDependencyMet=true}
01-22 19:58:24.882  2864  2864 D DCT     : [0]setupDataOnConnectableApns: isConnectable() call trySetupData
01-22 19:58:24.882  2864  2864 D DCT     : [0]trySetupData for type:default due to nwTypeChanged apnContext={mApnType=default mState=IDLE mWaitingApns={[[ApnSettingV3] Free Mobile, 159, 20815, free, , , , , , 0, default | supl, IP, IP, true, 0, 0, 0, false, 0, 0, 0, 0, , ]} mWaitingApnsPermanentFailureCountDown=1 mApnSetting={null} mReason=nwTypeChanged mDataEnabled=true mDependencyMet=true}
01-22 19:58:24.883  2864  2864 D DCT     : [0]trySetupData with mIsPsRestricted=false
01-22 19:58:24.883  2864  3040 D DcSwitchSM: [DcSwitchStateMachine-0] AttachedState: EVENT_DATA_DETACHED
01-22 19:58:24.883  2864  3040 D DcSwitchSM: [DcSwitchStateMachine-0] IdleState: enter
01-22 19:58:24.883  2864  3040 D DctController: processRequests
01-22 19:58:24.883  2864  2864 D DCT     : [0]isDataAllowed: not allowed due to - Attached= false - desiredPowerState= false
01-22 19:58:24.884  2864  2864 D DCT     : [0]isDataAllowed: not allowed due to - Attached= false - desiredPowerState= false
01-22 19:58:24.886  2864  3077 D SubscriptionController: [getActiveSubInfoList]+
01-22 19:58:24.886  2864  3077 D SubscriptionController: selection:sim_id>=0 null
01-22 19:58:24.890  2864  3077 D SubscriptionController: [getSubInfoRecord] id:3 iccid:893315011XXXXXXXXXXX simSlotIndex:0 displayName:Free nameSource:0 iconTint:-16746133 dataRoaming:0 mcc:0 mnc:0 countIso:fr userNwMode:0
01-22 19:58:24.895  2864  2864 D DCT     : [0]isDataAllowed: not allowed due to - Attached= false - desiredPowerState= false
01-22 19:58:24.896  2864  3557 D SubscriptionController: [getActiveSubInfoList]- 1 infos return
01-22 19:58:24.900  2864  2864 D DCT     : [0]isDataAllowed: not allowed due to - Attached= false - desiredPowerState= false
01-22 19:58:24.902  2864  3077 D SubscriptionController: [getActiveSubInfoList]- 1 infos return
01-22 19:58:24.906  2864  3166 D SubscriptionController: getSimStateForSlotIdx:  simState=NOT_READY ordinal=6
01-22 19:58:24.906  2417  2417 D SubscriptionManager: getSimStateForSubscriber: simState=6 slotIdx=0
01-22 19:58:24.915  2864  2864 D DCT     : [0]isDataAllowed: not allowed due to - Attached= false - desiredPowerState= false
01-22 19:58:24.918  2864  2864 D DCT     : [0]isDataAllowed: not allowed due to - Attached= false - desiredPowerState= false
01-22 19:58:24.921  2864  2864 D DCT     : [0]trySetupData: X apnContext not 'ready' retValue=false
01-22 19:58:24.921  2864  2864 D DCT     : [0]isDataAllowed: not allowed due to - Attached= false - desiredPowerState= false
01-22 19:58:24.921  2864  2864 D DCT     : [0]isDataAllowed = false
01-22 19:58:24.922  2864  2864 D DCT     : [0]isDataAllowed: not allowed due to - Attached= false - desiredPowerState= false
