01-22 19:57:41.910  1955  2216 D use-Rlog/RLOG-RIL: Unhandled RIL request: 90
01-22 19:57:41.910  1955  2216 D use-Rlog/RLOG-RIL: 1 RIL request in the queue (0 pending, 1 handled, 0 unhandled)
01-22 19:57:41.911  2864  2967 D RilRequest: [3778]< RIL_REQUEST_GSM_SET_BROADCAST_CONFIG error: com.android.internal.telephony.CommandException: REQUEST_NOT_SUPPORTED ret=
01-22 19:57:41.914  2864  3166 E PhoneFactory: Settings Exception Reading Dual Sim SMS Prompt Values
01-22 19:57:41.914  2864  3166 D PhoneFactory: SMS Prompt option:false
01-22 19:57:41.914  2864  3166 D RIL_UiccSmsController: isSmsSimPickActivityNeeded: false, sms prompt disabled.
01-22 19:57:41.915  2864  3149 D RILJ    : [3779]> RIL_REQUEST_GSM_SET_BROADCAST_CONFIG with 1 configs :  [SUB0]
01-22 19:57:41.915  2864  3149 D RILJ    : SmsBroadcastConfigInfo: Id [4356,4356] Code [0,255] ENABLED [SUB0]
01-22 19:57:41.916  1955  1975 D use-Rlog/RLOG-RIL: 2 RIL requests in the queue (1 pending, 1 handled, 0 unhandled)
01-22 19:57:41.916  1955  2216 D use-Rlog/RLOG-RIL: Unhandled RIL request: 90
01-22 19:57:41.916  1955  2216 D use-Rlog/RLOG-RIL: 1 RIL request in the queue (0 pending, 1 handled, 0 unhandled)
01-22 19:57:41.917  2864  2967 D RilRequest: [3779]< RIL_REQUEST_GSM_SET_BROADCAST_CONFIG error: com.android.internal.telephony.CommandException: REQUEST_NOT_SUPPORTED ret=
01-22 19:57:41.920  2864  3125 E PhoneFactory: Settings Exception Reading Dual Sim SMS Prompt Values
01-22 19:57:41.920  2864  3125 D PhoneFactory: SMS Prompt option:false
01-22 19:57:41.920  2864  3125 D RIL_UiccSmsController: isSmsSimPickActivityNeeded: false, sms prompt disabled.
01-22 19:57:41.921  2864  3077 D RILJ    : [3780]> RIL_REQUEST_GSM_SET_BROADCAST_CONFIG with 1 configs :  [SUB0]
01-22 19:57:41.921  2864  3077 D RILJ    : SmsBroadcastConfigInfo: Id [4371,4372] Code [0,255] ENABLED [SUB0]
01-22 19:57:41.922  1955  1975 D use-Rlog/RLOG-RIL: 2 RIL requests in the queue (1 pending, 1 handled, 0 unhandled)
01-22 19:57:41.922  1955  2216 D use-Rlog/RLOG-RIL: Unhandled RIL request: 90
01-22 19:57:41.922  1955  2216 D use-Rlog/RLOG-RIL: 1 RIL request in the queue (0 pending, 1 handled, 0 unhandled)
01-22 19:57:41.923  2864  2967 D RilRequest: [3780]< RIL_REQUEST_GSM_SET_BROADCAST_CONFIG error: com.android.internal.telephony.CommandException: REQUEST_NOT_SUPPORTED ret=
01-22 19:57:41.926  2864  2892 E PhoneFactory: Settings Exception Reading Dual Sim SMS Prompt Values
01-22 19:57:41.926  2864  2892 D PhoneFactory: SMS Prompt option:false
01-22 19:57:41.926  2864  2892 D RIL_UiccSmsController: isSmsSimPickActivityNeeded: false, sms prompt disabled.
01-22 19:57:41.927  2864  2890 D RILJ    : [3781]> RIL_REQUEST_CDMA_SET_BROADCAST_CONFIG with 1 configs :  [SUB0]
01-22 19:57:41.927  2864  2890 D RILJ    : CdmaSmsBroadcastConfigInfo: Id [4097, 4097] ENABLED [SUB0]
01-22 19:57:41.928  1955  1975 D use-Rlog/RLOG-RIL: 2 RIL requests in the queue (1 pending, 1 handled, 0 unhandled)
01-22 19:57:41.928  1955  2216 D use-Rlog/RLOG-RIL: Unhandled RIL request: 93
01-22 19:57:41.928  1955  2216 D use-Rlog/RLOG-RIL: 1 RIL request in the queue (0 pending, 1 handled, 0 unhandled)
01-22 19:57:41.928  2864  2967 D RilRequest: [3781]< RIL_REQUEST_CDMA_SET_BROADCAST_CONFIG error: com.android.internal.telephony.CommandException: REQUEST_NOT_SUPPORTED ret=
01-22 19:57:41.932  2864  3166 E PhoneFactory: Settings Exception Reading Dual Sim SMS Prompt Values
01-22 19:57:41.932  2864  3166 D PhoneFactory: SMS Prompt option:false
01-22 19:57:41.932  2864  3166 D RIL_UiccSmsController: isSmsSimPickActivityNeeded: false, sms prompt disabled.
01-22 19:57:41.933  2864  3149 D RILJ    : [3782]> RIL_REQUEST_GSM_SET_BROADCAST_CONFIG with 1 configs :  [SUB0]
01-22 19:57:41.933  2864  3149 D RILJ    : SmsBroadcastConfigInfo: Id [4373,4378] Code [0,255] ENABLED [SUB0]
01-22 19:57:41.934  1955  1975 D use-Rlog/RLOG-RIL: 2 RIL requests in the queue (1 pending, 1 handled, 0 unhandled)
01-22 19:57:41.934  1955  2216 D use-Rlog/RLOG-RIL: Unhandled RIL request: 90
01-22 19:57:41.934  1955  2216 D use-Rlog/RLOG-RIL: 1 RIL request in the queue (0 pending, 1 handled, 0 unhandled)
01-22 19:57:41.935  2864  2967 D RilRequest: [3782]< RIL_REQUEST_GSM_SET_BROADCAST_CONFIG error: com.android.internal.telephony.CommandException: REQUEST_NOT_SUPPORTED ret=
01-22 19:57:41.938  2864  3125 E PhoneFactory: Settings Exception Reading Dual Sim SMS Prompt Values
01-22 19:57:41.938  2864  3125 D PhoneFactory: SMS Prompt option:false
01-22 19:57:41.938  2864  3125 D RIL_UiccSmsController: isSmsSimPickActivityNeeded: false, sms prompt disabled.
01-22 19:57:41.939  2864  3077 D RILJ    : [3783]> RIL_REQUEST_CDMA_SET_BROADCAST_CONFIG with 1 configs :  [SUB0]
01-22 19:57:41.939  2864  3077 D RILJ    : CdmaSmsBroadcastConfigInfo: Id [4098, 4098] ENABLED [SUB0]
01-22 19:57:41.940  1955  1975 D use-Rlog/RLOG-RIL: 2 RIL requests in the queue (1 pending, 1 handled, 0 unhandled)
01-22 19:57:41.940  1955  2216 D use-Rlog/RLOG-RIL: Unhandled RIL request: 93
01-22 19:57:41.940  1955  2216 D use-Rlog/RLOG-RIL: 1 RIL request in the queue (0 pending, 1 handled, 0 unhandled)
01-22 19:57:41.941  2864  2967 D RilRequest: [3783]< RIL_REQUEST_CDMA_SET_BROADCAST_CONFIG error: com.android.internal.telephony.CommandException: REQUEST_NOT_SUPPORTED ret=
01-22 19:57:41.944  2864  2892 E PhoneFactory: Settings Exception Reading Dual Sim SMS Prompt Values
01-22 19:57:41.944  2864  2892 D PhoneFactory: SMS Prompt option:false
01-22 19:57:41.944  2864  2892 D RIL_UiccSmsController: isSmsSimPickActivityNeeded: false, sms prompt disabled.
01-22 19:57:41.945  2864  2890 D RILJ    : [3784]> RIL_REQUEST_GSM_SET_BROADCAST_CONFIG with 1 configs :  [SUB0]
01-22 19:57:41.945  2864  2890 D RILJ    : SmsBroadcastConfigInfo: Id [4379,4379] Code [0,255] ENABLED [SUB0]
01-22 19:57:41.946  1955  1975 D use-Rlog/RLOG-RIL: 2 RIL requests in the queue (1 pending, 1 handled, 0 unhandled)
01-22 19:57:41.946  1955  2216 D use-Rlog/RLOG-RIL: Unhandled RIL request: 90
01-22 19:57:41.946  1955  2216 D use-Rlog/RLOG-RIL: 1 RIL request in the queue (0 pending, 1 handled, 0 unhandled)
01-22 19:57:41.946  2864  2967 D RilRequest: [3784]< RIL_REQUEST_GSM_SET_BROADCAST_CONFIG error: com.android.internal.telephony.CommandException: REQUEST_NOT_SUPPORTED ret=
01-22 19:57:41.950  2864  3166 E PhoneFactory: Settings Exception Reading Dual Sim SMS Prompt Values
01-22 19:57:41.950  2864  3166 D PhoneFactory: SMS Prompt option:false
01-22 19:57:41.950  2864  3166 D RIL_UiccSmsController: isSmsSimPickActivityNeeded: false, sms prompt disabled.
01-22 19:57:41.951  2864  3149 D RILJ    : [3785]> RIL_REQUEST_CDMA_SET_BROADCAST_CONFIG with 1 configs :  [SUB0]
01-22 19:57:41.951  2864  3149 D RILJ    : CdmaSmsBroadcastConfigInfo: Id [4099, 4099] ENABLED [SUB0]
01-22 19:57:41.952  1955  1975 D use-Rlog/RLOG-RIL: 2 RIL requests in the queue (1 pending, 1 handled, 0 unhandled)
01-22 19:57:41.952  1955  2216 D use-Rlog/RLOG-RIL: Unhandled RIL request: 93
01-22 19:57:41.952  1955  2216 D use-Rlog/RLOG-RIL: 1 RIL request in the queue (0 pending, 1 handled, 0 unhandled)
01-22 19:57:41.952  2864  2967 D RilRequest: [3785]< RIL_REQUEST_CDMA_SET_BROADCAST_CONFIG error: com.android.internal.telephony.CommandException: REQUEST_NOT_SUPPORTED ret=
01-22 19:57:41.956  2864  3125 E PhoneFactory: Settings Exception Reading Dual Sim SMS Prompt Values
01-22 19:57:41.956  2864  3125 D PhoneFactory: SMS Prompt option:false
01-22 19:57:41.956  2864  3125 D RIL_UiccSmsController: isSmsSimPickActivityNeeded: false, sms prompt disabled.
01-22 19:57:41.957  2864  3077 D RILJ    : [3786]> RIL_REQUEST_GSM_SET_BROADCAST_CONFIG with 1 configs :  [SUB0]
01-22 19:57:41.957  2864  3077 D RILJ    : SmsBroadcastConfigInfo: Id [4380,4382] Code [0,255] ENABLED [SUB0]
01-22 19:57:41.958  1955  1975 D use-Rlog/RLOG-RIL: 2 RIL requests in the queue (1 pending, 1 handled, 0 unhandled)
01-22 19:57:41.959  1955  2216 D use-Rlog/RLOG-RIL: Unhandled RIL request: 90
01-22 19:57:41.959  1955  2216 D use-Rlog/RLOG-RIL: 1 RIL request in the queue (0 pending, 1 handled, 0 unhandled)
01-22 19:57:41.959  2864  2967 D RilRequest: [3786]< RIL_REQUEST_GSM_SET_BROADCAST_CONFIG error: com.android.internal.telephony.CommandException: REQUEST_NOT_SUPPORTED ret=
01-22 19:57:41.963  2864  2892 E PhoneFactory: Settings Exception Reading Dual Sim SMS Prompt Values
01-22 19:57:41.963  2864  2892 D PhoneFactory: SMS Prompt option:false
01-22 19:57:41.963  2864  2892 D RIL_UiccSmsController: isSmsSimPickActivityNeeded: false, sms prompt disabled.
01-22 19:57:41.965  2864  2890 D RILJ    : [3787]> RIL_REQUEST_CDMA_SET_BROADCAST_CONFIG with 1 configs :  [SUB0]
01-22 19:57:41.965  2864  2890 D RILJ    : CdmaSmsBroadcastConfigInfo: Id [4100, 4100] ENABLED [SUB0]
01-22 19:57:41.965  1955  1975 D use-Rlog/RLOG-RIL: 2 RIL requests in the queue (1 pending, 1 handled, 0 unhandled)
01-22 19:57:41.965  1955  2216 D use-Rlog/RLOG-RIL: Unhandled RIL request: 93
01-22 19:57:41.965  1955  2216 D use-Rlog/RLOG-RIL: 1 RIL request in the queue (0 pending, 1 handled, 0 unhandled)
01-22 19:57:41.966  2864  2967 D RilRequest: [3787]< RIL_REQUEST_CDMA_SET_BROADCAST_CONFIG error: com.android.internal.telephony.CommandException: REQUEST_NOT_SUPPORTED ret=
01-22 19:57:41.972  2864  3166 E PhoneFactory: Settings Exception Reading Dual Sim SMS Prompt Values
01-22 19:57:41.972  2864  3166 D PhoneFactory: SMS Prompt option:false
01-22 19:57:41.972  2864  3166 D RIL_UiccSmsController: isSmsSimPickActivityNeeded: false, sms prompt disabled.
01-22 19:57:41.973  2864  3149 D RILJ    : [3788]> RIL_REQUEST_GSM_SET_BROADCAST_CONFIG with 1 configs :  [SUB0]
01-22 19:57:41.973  2864  3149 D RILJ    : SmsBroadcastConfigInfo: Id [4393,4395] Code [0,255] ENABLED [SUB0]
01-22 19:57:41.974  1955  1975 D use-Rlog/RLOG-RIL: 2 RIL requests in the queue (1 pending, 1 handled, 0 unhandled)
01-22 19:57:41.974  1955  2216 D use-Rlog/RLOG-RIL: Unhandled RIL request: 90
01-22 19:57:41.974  1955  2216 D use-Rlog/RLOG-RIL: 1 RIL request in the queue (0 pending, 1 handled, 0 unhandled)
01-22 19:57:41.975  2864  2967 D RilRequest: [3788]< RIL_REQUEST_GSM_SET_BROADCAST_CONFIG error: com.android.internal.telephony.CommandException: REQUEST_NOT_SUPPORTED ret=
01-22 19:57:41.978  2864  3125 E PhoneFactory: Settings Exception Reading Dual Sim SMS Prompt Values
01-22 19:57:41.979  2864  3125 D PhoneFactory: SMS Prompt option:false
01-22 19:57:41.979  2864  3125 D RIL_UiccSmsController: isSmsSimPickActivityNeeded: false, sms prompt disabled.
01-22 19:57:41.980  2864  3077 D RILJ    : [3789]> RIL_REQUEST_GSM_SET_BROADCAST_CONFIG with 1 configs :  [SUB0]
01-22 19:57:41.980  2864  3077 D RILJ    : SmsBroadcastConfigInfo: Id [4370,4370] Code [0,255] ENABLED [SUB0]
01-22 19:57:41.980  1955  1975 D use-Rlog/RLOG-RIL: 2 RIL requests in the queue (1 pending, 1 handled, 0 unhandled)
01-22 19:57:41.981  1955  2216 D use-Rlog/RLOG-RIL: Unhandled RIL request: 90
01-22 19:57:41.981  1955  2216 D use-Rlog/RLOG-RIL: 1 RIL request in the queue (0 pending, 1 handled, 0 unhandled)
01-22 19:57:41.981  2864  2967 D RilRequest: [3789]< RIL_REQUEST_GSM_SET_BROADCAST_CONFIG error: com.android.internal.telephony.CommandException: REQUEST_NOT_SUPPORTED ret=
01-22 19:57:41.984  2864  2892 E PhoneFactory: Settings Exception Reading Dual Sim SMS Prompt Values
01-22 19:57:41.984  2864  2892 D PhoneFactory: SMS Prompt option:false
01-22 19:57:41.984  2864  2892 D RIL_UiccSmsController: isSmsSimPickActivityNeeded: false, sms prompt disabled.
01-22 19:57:41.986  2864  2890 D RILJ    : [3790]> RIL_REQUEST_CDMA_SET_BROADCAST_CONFIG with 1 configs :  [SUB0]
01-22 19:57:41.986  2864  2890 D RILJ    : CdmaSmsBroadcastConfigInfo: Id [4096, 4096] ENABLED [SUB0]
01-22 19:57:41.987  1955  1975 D use-Rlog/RLOG-RIL: 2 RIL requests in the queue (1 pending, 1 handled, 0 unhandled)
01-22 19:57:41.987  1955  2216 D use-Rlog/RLOG-RIL: Unhandled RIL request: 93
01-22 19:57:41.987  1955  2216 D use-Rlog/RLOG-RIL: 1 RIL request in the queue (0 pending, 1 handled, 0 unhandled)
01-22 19:57:41.987  2864  2967 D RilRequest: [3790]< RIL_REQUEST_CDMA_SET_BROADCAST_CONFIG error: com.android.internal.telephony.CommandException: REQUEST_NOT_SUPPORTED ret=
01-22 19:57:41.991  2864  3166 E PhoneFactory: Settings Exception Reading Dual Sim SMS Prompt Values
01-22 19:57:41.991  2864  3166 D PhoneFactory: SMS Prompt option:false
01-22 19:57:41.991  2864  3166 D RIL_UiccSmsController: isSmsSimPickActivityNeeded: false, sms prompt disabled.
01-22 19:57:41.993  2864  3149 D RILJ    : [3791]> RIL_REQUEST_GSM_SET_BROADCAST_CONFIG with 1 configs :  [SUB0]
01-22 19:57:41.993  2864  3149 D RILJ    : SmsBroadcastConfigInfo: Id [4383,4383] Code [0,255] ENABLED [SUB0]
01-22 19:57:41.994  1955  1975 D use-Rlog/RLOG-RIL: 2 RIL requests in the queue (1 pending, 1 handled, 0 unhandled)
01-22 19:57:41.994  1955  2216 D use-Rlog/RLOG-RIL: Unhandled RIL request: 90
01-22 19:57:41.994  1955  2216 D use-Rlog/RLOG-RIL: 1 RIL request in the queue (0 pending, 1 handled, 0 unhandled)
01-22 19:57:41.994  2864  2967 D RilRequest: [3791]< RIL_REQUEST_GSM_SET_BROADCAST_CONFIG error: com.android.internal.telephony.CommandException: REQUEST_NOT_SUPPORTED ret=
01-22 19:57:41.998  2864  3125 E PhoneFactory: Settings Exception Reading Dual Sim SMS Prompt Values
01-22 19:57:41.998  2864  3125 D PhoneFactory: SMS Prompt option:false
01-22 19:57:41.998  2864  3125 D RIL_UiccSmsController: isSmsSimPickActivityNeeded: false, sms prompt disabled.
01-22 19:57:42.002  2864  2892 E PhoneFactory: Settings Exception Reading Dual Sim SMS Prompt Values
01-22 19:57:42.002  2864  2892 D PhoneFactory: SMS Prompt option:false
01-22 19:57:42.002  2864  2892 D RIL_UiccSmsController: isSmsSimPickActivityNeeded: false, sms prompt disabled.
01-22 19:57:42.009  2864  2892 E PhoneFactory: Settings Exception Reading Dual Sim SMS Prompt Values
01-22 19:57:42.009  2864  2892 D PhoneFactory: SMS Prompt option:false
01-22 19:57:42.009  2864  2892 D RIL_UiccSmsController: isSmsSimPickActivityNeeded: false, sms prompt disabled.
01-22 19:57:42.016  2864  2892 E PhoneFactory: Settings Exception Reading Dual Sim SMS Prompt Values
01-22 19:57:42.016  2864  2892 D PhoneFactory: SMS Prompt option:false
01-22 19:57:42.016  2864  2892 D RIL_UiccSmsController: isSmsSimPickActivityNeeded: false, sms prompt disabled.
01-22 19:57:42.021  2864  3166 D SubscriptionController: getSubscriptionProperty Query value = 1
01-22 19:57:42.029  2864  2890 D SubscriptionController: getSubscriptionProperty Query value = 0
01-22 19:57:42.034  2864  3166 D SubscriptionController: getSubscriptionProperty Query value = 1
01-22 19:57:42.038  2864  3149 D SubscriptionController: getSubscriptionProperty Query value = 1
01-22 19:57:42.042  2864  3125 D SubscriptionController: getSubscriptionProperty Query value = 1
01-22 19:57:42.046  2864  3077 D SubscriptionController: getSubscriptionProperty Query value = 1
01-22 19:57:42.051  2864  2890 E PhoneFactory: Settings Exception Reading Dual Sim SMS Prompt Values
01-22 19:57:42.051  2864  2890 D PhoneFactory: SMS Prompt option:false
01-22 19:57:42.051  2864  2890 D RIL_UiccSmsController: isSmsSimPickActivityNeeded: false, sms prompt disabled.
01-22 19:57:42.052  2864  3166 D RILJ    : [3792]> RIL_REQUEST_GSM_SET_BROADCAST_CONFIG with 1 configs :  [SUB0]
01-22 19:57:42.052  2864  3166 D RILJ    : SmsBroadcastConfigInfo: Id [4352,4354] Code [0,255] ENABLED [SUB0]
01-22 19:57:42.053  1955  1975 D use-Rlog/RLOG-RIL: 2 RIL requests in the queue (1 pending, 1 handled, 0 unhandled)
01-22 19:57:42.053  1955  2216 D use-Rlog/RLOG-RIL: Unhandled RIL request: 90
01-22 19:57:42.053  1955  2216 D use-Rlog/RLOG-RIL: 1 RIL request in the queue (0 pending, 1 handled, 0 unhandled)
01-22 19:57:42.053  2864  2967 D RilRequest: [3792]< RIL_REQUEST_GSM_SET_BROADCAST_CONFIG error: com.android.internal.telephony.CommandException: REQUEST_NOT_SUPPORTED ret=
01-22 19:57:42.061  2864  3149 E PhoneFactory: Settings Exception Reading Dual Sim SMS Prompt Values
01-22 19:57:42.062  2864  3149 D PhoneFactory: SMS Prompt option:false
01-22 19:57:42.062  2864  3149 D RIL_UiccSmsController: isSmsSimPickActivityNeeded: false, sms prompt disabled.
01-22 19:57:42.062  2864  3125 D RILJ    : [3793]> RIL_REQUEST_GSM_SET_BROADCAST_CONFIG with 1 configs :  [SUB0]
01-22 19:57:42.062  2864  3125 D RILJ    : SmsBroadcastConfigInfo: Id [4356,4356] Code [0,255] ENABLED [SUB0]
01-22 19:57:42.063  1955  1975 D use-Rlog/RLOG-RIL: 2 RIL requests in the queue (1 pending, 1 handled, 0 unhandled)
01-22 19:57:42.063  1955  2216 D use-Rlog/RLOG-RIL: Unhandled RIL request: 90
01-22 19:57:42.063  1955  2216 D use-Rlog/RLOG-RIL: 1 RIL request in the queue (0 pending, 1 handled, 0 unhandled)
01-22 19:57:42.063  2864  2967 D RilRequest: [3793]< RIL_REQUEST_GSM_SET_BROADCAST_CONFIG error: com.android.internal.telephony.CommandException: REQUEST_NOT_SUPPORTED ret=
01-22 19:57:42.068  2864  3077 E PhoneFactory: Settings Exception Reading Dual Sim SMS Prompt Values
01-22 19:57:42.068  2864  3077 D PhoneFactory: SMS Prompt option:false
01-22 19:57:42.068  2864  3077 D RIL_UiccSmsController: isSmsSimPickActivityNeeded: false, sms prompt disabled.
01-22 19:57:42.069  2864  2892 D RILJ    : [3794]> RIL_REQUEST_GSM_SET_BROADCAST_CONFIG with 1 configs :  [SUB0]
01-22 19:57:42.069  2864  2892 D RILJ    : SmsBroadcastConfigInfo: Id [4371,4372] Code [0,255] ENABLED [SUB0]
01-22 19:57:42.070  1955  1975 D use-Rlog/RLOG-RIL: 2 RIL requests in the queue (1 pending, 1 handled, 0 unhandled)
01-22 19:57:42.070  1955  2216 D use-Rlog/RLOG-RIL: Unhandled RIL request: 90
01-22 19:57:42.070  1955  2216 D use-Rlog/RLOG-RIL: 1 RIL request in the queue (0 pending, 1 handled, 0 unhandled)
01-22 19:57:42.070  2864  2967 D RilRequest: [3794]< RIL_REQUEST_GSM_SET_BROADCAST_CONFIG error: com.android.internal.telephony.CommandException: REQUEST_NOT_SUPPORTED ret=
01-22 19:57:42.074  2864  2890 E PhoneFactory: Settings Exception Reading Dual Sim SMS Prompt Values
01-22 19:57:42.074  2864  2890 D PhoneFactory: SMS Prompt option:false
01-22 19:57:42.074  2864  2890 D RIL_UiccSmsController: isSmsSimPickActivityNeeded: false, sms prompt disabled.
01-22 19:57:42.075  2864  3166 D RILJ    : [3795]> RIL_REQUEST_CDMA_SET_BROADCAST_CONFIG with 1 configs :  [SUB0]
01-22 19:57:42.075  2864  3166 D RILJ    : CdmaSmsBroadcastConfigInfo: Id [4097, 4097] ENABLED [SUB0]
01-22 19:57:42.076  1955  1975 D use-Rlog/RLOG-RIL: 2 RIL requests in the queue (1 pending, 1 handled, 0 unhandled)
01-22 19:57:42.076  1955  2216 D use-Rlog/RLOG-RIL: Unhandled RIL request: 93
01-22 19:57:42.076  1955  2216 D use-Rlog/RLOG-RIL: 1 RIL request in the queue (0 pending, 1 handled, 0 unhandled)
01-22 19:57:42.076  2864  2967 D RilRequest: [3795]< RIL_REQUEST_CDMA_SET_BROADCAST_CONFIG error: com.android.internal.telephony.CommandException: REQUEST_NOT_SUPPORTED ret=
01-22 19:57:42.082  2864  3149 E PhoneFactory: Settings Exception Reading Dual Sim SMS Prompt Values
01-22 19:57:42.082  2864  3149 D PhoneFactory: SMS Prompt option:false
01-22 19:57:42.082  2864  3149 D RIL_UiccSmsController: isSmsSimPickActivityNeeded: false, sms prompt disabled.
01-22 19:57:42.083  2864  3125 D RILJ    : [3796]> RIL_REQUEST_GSM_SET_BROADCAST_CONFIG with 1 configs :  [SUB0]
01-22 19:57:42.083  2864  3125 D RILJ    : SmsBroadcastConfigInfo: Id [4373,4378] Code [0,255] ENABLED [SUB0]
01-22 19:57:42.084  1955  1975 D use-Rlog/RLOG-RIL: 2 RIL requests in the queue (1 pending, 1 handled, 0 unhandled)
01-22 19:57:42.084  1955  2216 D use-Rlog/RLOG-RIL: Unhandled RIL request: 90
01-22 19:57:42.084  1955  2216 D use-Rlog/RLOG-RIL: 1 RIL request in the queue (0 pending, 1 handled, 0 unhandled)
01-22 19:57:42.084  2864  2967 D RilRequest: [3796]< RIL_REQUEST_GSM_SET_BROADCAST_CONFIG error: com.android.internal.telephony.CommandException: REQUEST_NOT_SUPPORTED ret=
01-22 19:57:42.088  2864  3077 E PhoneFactory: Settings Exception Reading Dual Sim SMS Prompt Values
01-22 19:57:42.088  2864  3077 D PhoneFactory: SMS Prompt option:false
01-22 19:57:42.088  2864  3077 D RIL_UiccSmsController: isSmsSimPickActivityNeeded: false, sms prompt disabled.
01-22 19:57:42.089  2864  2892 D RILJ    : [3797]> RIL_REQUEST_CDMA_SET_BROADCAST_CONFIG with 1 configs :  [SUB0]
01-22 19:57:42.089  2864  2892 D RILJ    : CdmaSmsBroadcastConfigInfo: Id [4098, 4098] ENABLED [SUB0]
01-22 19:57:42.090  1955  1975 D use-Rlog/RLOG-RIL: 2 RIL requests in the queue (1 pending, 1 handled, 0 unhandled)
01-22 19:57:42.090  1955  2216 D use-Rlog/RLOG-RIL: Unhandled RIL request: 93
01-22 19:57:42.090  1955  2216 D use-Rlog/RLOG-RIL: 1 RIL request in the queue (0 pending, 1 handled, 0 unhandled)
01-22 19:57:42.090  2864  2967 D RilRequest: [3797]< RIL_REQUEST_CDMA_SET_BROADCAST_CONFIG error: com.android.internal.telephony.CommandException: REQUEST_NOT_SUPPORTED ret=
01-22 19:57:42.094  2864  2890 E PhoneFactory: Settings Exception Reading Dual Sim SMS Prompt Values
01-22 19:57:42.094  2864  2890 D PhoneFactory: SMS Prompt option:false
01-22 19:57:42.094  2864  2890 D RIL_UiccSmsController: isSmsSimPickActivityNeeded: false, sms prompt disabled.
01-22 19:57:42.095  2864  3166 D RILJ    : [3798]> RIL_REQUEST_GSM_SET_BROADCAST_CONFIG with 1 configs :  [SUB0]
01-22 19:57:42.095  2864  3166 D RILJ    : SmsBroadcastConfigInfo: Id [4379,4379] Code [0,255] ENABLED [SUB0]
01-22 19:57:42.096  1955  1975 D use-Rlog/RLOG-RIL: 2 RIL requests in the queue (1 pending, 1 handled, 0 unhandled)
01-22 19:57:42.096  1955  2216 D use-Rlog/RLOG-RIL: Unhandled RIL request: 90
01-22 19:57:42.096  1955  2216 D use-Rlog/RLOG-RIL: 1 RIL request in the queue (0 pending, 1 handled, 0 unhandled)
01-22 19:57:42.097  2864  2967 D RilRequest: [3798]< RIL_REQUEST_GSM_SET_BROADCAST_CONFIG error: com.android.internal.telephony.CommandException: REQUEST_NOT_SUPPORTED ret=
01-22 19:57:42.100  2864  3149 E PhoneFactory: Settings Exception Reading Dual Sim SMS Prompt Values
01-22 19:57:42.100  2864  3149 D PhoneFactory: SMS Prompt option:false
01-22 19:57:42.100  2864  3149 D RIL_UiccSmsController: isSmsSimPickActivityNeeded: false, sms prompt disabled.
01-22 19:57:42.101  2864  3125 D RILJ    : [3799]> RIL_REQUEST_CDMA_SET_BROADCAST_CONFIG with 1 configs :  [SUB0]
01-22 19:57:42.102  2864  3125 D RILJ    : CdmaSmsBroadcastConfigInfo: Id [4099, 4099] ENABLED [SUB0]
01-22 19:57:42.102  1955  1975 D use-Rlog/RLOG-RIL: 2 RIL requests in the queue (1 pending, 1 handled, 0 unhandled)
01-22 19:57:42.102  1955  2216 D use-Rlog/RLOG-RIL: Unhandled RIL request: 93
01-22 19:57:42.103  1955  2216 D use-Rlog/RLOG-RIL: 1 RIL request in the queue (0 pending, 1 handled, 0 unhandled)
01-22 19:57:42.103  2864  2967 D RilRequest: [3799]< RIL_REQUEST_CDMA_SET_BROADCAST_CONFIG error: com.android.internal.telephony.CommandException: REQUEST_NOT_SUPPORTED ret=
01-22 19:57:42.107  2864  3077 E PhoneFactory: Settings Exception Reading Dual Sim SMS Prompt Values
01-22 19:57:42.107  2864  3077 D PhoneFactory: SMS Prompt option:false
01-22 19:57:42.107  2864  3077 D RIL_UiccSmsController: isSmsSimPickActivityNeeded: false, sms prompt disabled.
01-22 19:57:42.108  2864  2892 D RILJ    : [3800]> RIL_REQUEST_GSM_SET_BROADCAST_CONFIG with 1 configs :  [SUB0]
01-22 19:57:42.108  2864  2892 D RILJ    : SmsBroadcastConfigInfo: Id [4380,4382] Code [0,255] ENABLED [SUB0]
01-22 19:57:42.108  1955  1975 D use-Rlog/RLOG-RIL: 2 RIL requests in the queue (1 pending, 1 handled, 0 unhandled)
01-22 19:57:42.109  1955  2216 D use-Rlog/RLOG-RIL: Unhandled RIL request: 90
01-22 19:57:42.109  1955  2216 D use-Rlog/RLOG-RIL: 1 RIL request in the queue (0 pending, 1 handled, 0 unhandled)
01-22 19:57:42.109  2864  2967 D RilRequest: [3800]< RIL_REQUEST_GSM_SET_BROADCAST_CONFIG error: com.android.internal.telephony.CommandException: REQUEST_NOT_SUPPORTED ret=
01-22 19:57:42.113  2864  2890 E PhoneFactory: Settings Exception Reading Dual Sim SMS Prompt Values
01-22 19:57:42.113  2864  2890 D PhoneFactory: SMS Prompt option:false
01-22 19:57:42.113  2864  2890 D RIL_UiccSmsController: isSmsSimPickActivityNeeded: false, sms prompt disabled.
01-22 19:57:42.114  2864  3166 D RILJ    : [3801]> RIL_REQUEST_CDMA_SET_BROADCAST_CONFIG with 1 configs :  [SUB0]
01-22 19:57:42.114  2864  3166 D RILJ    : CdmaSmsBroadcastConfigInfo: Id [4100, 4100] ENABLED [SUB0]
01-22 19:57:42.115  1955  1975 D use-Rlog/RLOG-RIL: 2 RIL requests in the queue (1 pending, 1 handled, 0 unhandled)
01-22 19:57:42.115  1955  2216 D use-Rlog/RLOG-RIL: Unhandled RIL request: 93
01-22 19:57:42.115  1955  2216 D use-Rlog/RLOG-RIL: 1 RIL request in the queue (0 pending, 1 handled, 0 unhandled)
01-22 19:57:42.115  2864  2967 D RilRequest: [3801]< RIL_REQUEST_CDMA_SET_BROADCAST_CONFIG error: com.android.internal.telephony.CommandException: REQUEST_NOT_SUPPORTED ret=
01-22 19:57:42.119  2864  3149 E PhoneFactory: Settings Exception Reading Dual Sim SMS Prompt Values
01-22 19:57:42.119  2864  3149 D PhoneFactory: SMS Prompt option:false
01-22 19:57:42.119  2864  3149 D RIL_UiccSmsController: isSmsSimPickActivityNeeded: false, sms prompt disabled.
01-22 19:57:42.120  2864  3125 D RILJ    : [3802]> RIL_REQUEST_GSM_SET_BROADCAST_CONFIG with 1 configs :  [SUB0]
01-22 19:57:42.120  2864  3125 D RILJ    : SmsBroadcastConfigInfo: Id [4393,4395] Code [0,255] ENABLED [SUB0]
01-22 19:57:42.121  1955  1975 D use-Rlog/RLOG-RIL: 2 RIL requests in the queue (1 pending, 1 handled, 0 unhandled)
01-22 19:57:42.121  1955  2216 D use-Rlog/RLOG-RIL: Unhandled RIL request: 90
01-22 19:57:42.121  1955  2216 D use-Rlog/RLOG-RIL: 1 RIL request in the queue (0 pending, 1 handled, 0 unhandled)
01-22 19:57:42.121  2864  2967 D RilRequest: [3802]< RIL_REQUEST_GSM_SET_BROADCAST_CONFIG error: com.android.internal.telephony.CommandException: REQUEST_NOT_SUPPORTED ret=
01-22 19:57:42.125  2864  3077 E PhoneFactory: Settings Exception Reading Dual Sim SMS Prompt Values
01-22 19:57:42.125  2864  3077 D PhoneFactory: SMS Prompt option:false
01-22 19:57:42.125  2864  3077 D RIL_UiccSmsController: isSmsSimPickActivityNeeded: false, sms prompt disabled.
01-22 19:57:42.126  2864  2892 D RILJ    : [3803]> RIL_REQUEST_GSM_SET_BROADCAST_CONFIG with 1 configs :  [SUB0]
01-22 19:57:42.126  2864  2892 D RILJ    : SmsBroadcastConfigInfo: Id [4370,4370] Code [0,255] ENABLED [SUB0]
01-22 19:57:42.127  1955  1975 D use-Rlog/RLOG-RIL: 2 RIL requests in the queue (1 pending, 1 handled, 0 unhandled)
01-22 19:57:42.127  1955  2216 D use-Rlog/RLOG-RIL: Unhandled RIL request: 90
01-22 19:57:42.127  1955  2216 D use-Rlog/RLOG-RIL: 1 RIL request in the queue (0 pending, 1 handled, 0 unhandled)
01-22 19:57:42.128  2864  2967 D RilRequest: [3803]< RIL_REQUEST_GSM_SET_BROADCAST_CONFIG error: com.android.internal.telephony.CommandException: REQUEST_NOT_SUPPORTED ret=
01-22 19:57:42.132  2864  2890 E PhoneFactory: Settings Exception Reading Dual Sim SMS Prompt Values
01-22 19:57:42.132  2864  2890 D PhoneFactory: SMS Prompt option:false
01-22 19:57:42.132  2864  2890 D RIL_UiccSmsController: isSmsSimPickActivityNeeded: false, sms prompt disabled.
01-22 19:57:42.133  2864  3166 D RILJ    : [3804]> RIL_REQUEST_CDMA_SET_BROADCAST_CONFIG with 1 configs :  [SUB0]
01-22 19:57:42.133  2864  3166 D RILJ    : CdmaSmsBroadcastConfigInfo: Id [4096, 4096] ENABLED [SUB0]
01-22 19:57:42.134  1955  1975 D use-Rlog/RLOG-RIL: 2 RIL requests in the queue (1 pending, 1 handled, 0 unhandled)
01-22 19:57:42.134  1955  2216 D use-Rlog/RLOG-RIL: Unhandled RIL request: 93
01-22 19:57:42.134  1955  2216 D use-Rlog/RLOG-RIL: 1 RIL request in the queue (0 pending, 1 handled, 0 unhandled)
01-22 19:57:42.134  2864  2967 D RilRequest: [3804]< RIL_REQUEST_CDMA_SET_BROADCAST_CONFIG error: com.android.internal.telephony.CommandException: REQUEST_NOT_SUPPORTED ret=
01-22 19:57:42.138  2864  3149 E PhoneFactory: Settings Exception Reading Dual Sim SMS Prompt Values
01-22 19:57:42.138  2864  3149 D PhoneFactory: SMS Prompt option:false
01-22 19:57:42.138  2864  3149 D RIL_UiccSmsController: isSmsSimPickActivityNeeded: false, sms prompt disabled.
01-22 19:57:42.139  2864  3125 D RILJ    : [3805]> RIL_REQUEST_GSM_SET_BROADCAST_CONFIG with 1 configs :  [SUB0]
01-22 19:57:42.139  2864  3125 D RILJ    : SmsBroadcastConfigInfo: Id [4383,4383] Code [0,255] ENABLED [SUB0]
01-22 19:57:42.140  1955  1975 D use-Rlog/RLOG-RIL: 2 RIL requests in the queue (1 pending, 1 handled, 0 unhandled)
01-22 19:57:42.140  1955  2216 D use-Rlog/RLOG-RIL: Unhandled RIL request: 90
01-22 19:57:42.140  1955  2216 D use-Rlog/RLOG-RIL: 1 RIL request in the queue (0 pending, 1 handled, 0 unhandled)
01-22 19:57:42.140  2864  2967 D RilRequest: [3805]< RIL_REQUEST_GSM_SET_BROADCAST_CONFIG error: com.android.internal.telephony.CommandException: REQUEST_NOT_SUPPORTED ret=
01-22 19:57:42.144  2864  3077 E PhoneFactory: Settings Exception Reading Dual Sim SMS Prompt Values
01-22 19:57:42.144  2864  3077 D PhoneFactory: SMS Prompt option:false
01-22 19:57:42.144  2864  3077 D RIL_UiccSmsController: isSmsSimPickActivityNeeded: false, sms prompt disabled.
01-22 19:57:42.149  2864  2890 E PhoneFactory: Settings Exception Reading Dual Sim SMS Prompt Values
01-22 19:57:42.149  2864  2890 D PhoneFactory: SMS Prompt option:false
01-22 19:57:42.149  2864  2890 D RIL_UiccSmsController: isSmsSimPickActivityNeeded: false, sms prompt disabled.
01-22 19:57:42.159  2864  2890 E PhoneFactory: Settings Exception Reading Dual Sim SMS Prompt Values
01-22 19:57:42.159  2864  2890 D PhoneFactory: SMS Prompt option:false
01-22 19:57:42.159  2864  2890 D RIL_UiccSmsController: isSmsSimPickActivityNeeded: false, sms prompt disabled.
01-22 19:57:42.165  2864  2890 E PhoneFactory: Settings Exception Reading Dual Sim SMS Prompt Values
01-22 19:57:42.165  2864  2890 D PhoneFactory: SMS Prompt option:false
01-22 19:57:42.165  2864  2890 D RIL_UiccSmsController: isSmsSimPickActivityNeeded: false, sms prompt disabled.
01-22 19:57:44.341  1955  2212 D use-Rlog/RLOG-RIL-IPC: 
01-22 19:57:44.342  1955  2212 D use-Rlog/RLOG-RIL-IPC: xmm626_sec_modem_fmt_recv: Received FMT message
01-22 19:57:44.342  1955  2212 D use-Rlog/RLOG-RIL-IPC: xmm626_sec_modem_fmt_recv: Message: aseq=0x59, command=IPC_GPRS_HSDPA_STATUS, type=IPC_TYPE_NOTI, size=1
01-22 19:57:44.342  1955  2212 D use-Rlog/RLOG-RIL-IPC: ================================= IPC FMT data =================================
01-22 19:57:44.342  1955  2212 D use-Rlog/RLOG-RIL-IPC: [0000]   00                                                 .
01-22 19:57:44.342  1955  2212 D use-Rlog/RLOG-RIL-IPC: ================================================================================
01-22 19:57:44.343  2864  2967 D RILJ    : [UNSL]< UNSOL_RESPONSE_VOICE_NETWORK_STATE_CHANGED [SUB0]
01-22 19:57:44.345  2864  2864 D RILJ    : [3806]> OPERATOR [SUB0]
01-22 19:57:44.348  2864  2864 D RILJ    : [3807]> DATA_REGISTRATION_STATE [SUB0]
01-22 19:57:44.350  1955  1975 D use-Rlog/RLOG-RIL: 2 RIL requests in the queue (1 pending, 1 handled, 0 unhandled)
01-22 19:57:44.350  1955  2216 D use-Rlog/RLOG-RIL-IPC: 
01-22 19:57:44.350  1955  2216 D use-Rlog/RLOG-RIL-IPC: xmm626_sec_modem_fmt_send: Sent FMT message
01-22 19:57:44.350  1955  2216 D use-Rlog/RLOG-RIL-IPC: xmm626_sec_modem_fmt_send: Message: mseq=0x5a, command=IPC_NET_SERVING_NETWORK, type=IPC_TYPE_GET, size=0
01-22 19:57:44.352  2864  2864 D RILJ    : [3808]> VOICE_REGISTRATION_STATE [SUB0]
01-22 19:57:44.354  1955  2212 D use-Rlog/RLOG-RIL-IPC: 
01-22 19:57:44.354  1955  2212 D use-Rlog/RLOG-RIL-IPC: xmm626_sec_modem_fmt_recv: Received FMT message
01-22 19:57:44.354  1955  2212 D use-Rlog/RLOG-RIL-IPC: xmm626_sec_modem_fmt_recv: Message: aseq=0x5a, command=IPC_NET_SERVING_NETWORK, type=IPC_TYPE_RESP, size=11
01-22 19:57:44.354  1955  2212 D use-Rlog/RLOG-RIL-IPC: ================================= IPC FMT data =================================
01-22 19:57:44.355  1955  2212 D use-Rlog/RLOG-RIL-IPC: [0000]   02 02 04 32 30 38 31 35  23 8F 0F                  ...20815 #..
01-22 19:57:44.355  1955  2212 D use-Rlog/RLOG-RIL-IPC: ================================================================================
01-22 19:57:44.355  1955  2212 D use-Rlog/RLOG-RIL: 1 RIL request in the queue (0 pending, 1 handled, 0 unhandled)
01-22 19:57:44.358  2864  2967 D RILJ    : [3806]< OPERATOR {Free Mobile, Free Mobile, 20815} [SUB0]
01-22 19:57:44.359  2864  2864 D RILJ    : [3809]> QUERY_NETWORK_SELECTION_MODE [SUB0]
01-22 19:57:44.361  1955  1975 D use-Rlog/RLOG-RIL: 2 RIL requests in the queue (1 pending, 1 handled, 0 unhandled)
01-22 19:57:44.361  1955  1975 D use-Rlog/RLOG-RIL: 3 RIL requests in the queue (2 pending, 1 handled, 0 unhandled)
01-22 19:57:44.362  1955  2216 D use-Rlog/RLOG-RIL-IPC: 
01-22 19:57:44.362  1955  2216 D use-Rlog/RLOG-RIL-IPC: xmm626_sec_modem_fmt_send: Sent FMT message
01-22 19:57:44.362  1955  2216 D use-Rlog/RLOG-RIL-IPC: xmm626_sec_modem_fmt_send: Message: mseq=0x5b, command=IPC_NET_REGIST, type=IPC_TYPE_GET, size=2
01-22 19:57:44.362  1955  2216 D use-Rlog/RLOG-RIL-IPC: ================================= IPC FMT data =================================
01-22 19:57:44.362  1955  2216 D use-Rlog/RLOG-RIL-IPC: [0000]   FF 03                                              ..
01-22 19:57:44.362  1955  2216 D use-Rlog/RLOG-RIL-IPC: ================================================================================
01-22 19:57:44.363  1955  2216 D use-Rlog/RLOG-RIL-IPC: 
01-22 19:57:44.363  1955  2216 D use-Rlog/RLOG-RIL-IPC: xmm626_sec_modem_fmt_send: Sent FMT message
01-22 19:57:44.363  1955  2216 D use-Rlog/RLOG-RIL-IPC: xmm626_sec_modem_fmt_send: Message: mseq=0x5c, command=IPC_NET_REGIST, type=IPC_TYPE_GET, size=2
01-22 19:57:44.363  1955  2216 D use-Rlog/RLOG-RIL-IPC: ================================= IPC FMT data =================================
01-22 19:57:44.363  1955  2216 D use-Rlog/RLOG-RIL-IPC: [0000]   FF 02                                              ..
01-22 19:57:44.363  1955  2216 D use-Rlog/RLOG-RIL-IPC: ================================================================================
01-22 19:57:44.367  1955  2212 D use-Rlog/RLOG-RIL-IPC: 
01-22 19:57:44.368  1955  2212 D use-Rlog/RLOG-RIL-IPC: xmm626_sec_modem_fmt_recv: Received FMT message
01-22 19:57:44.368  1955  2212 D use-Rlog/RLOG-RIL-IPC: xmm626_sec_modem_fmt_recv: Message: aseq=0x5b, command=IPC_NET_REGIST, type=IPC_TYPE_RESP, size=11
01-22 19:57:44.368  1955  2212 D use-Rlog/RLOG-RIL-IPC: ================================= IPC FMT data =================================
01-22 19:57:44.368  1955  2212 D use-Rlog/RLOG-RIL-IPC: [0000]   04 03 02 01 8F 0F 69 99  55 03 00                  ......i. U..
01-22 19:57:44.368  1955  2212 D use-Rlog/RLOG-RIL-IPC: ================================================================================
01-22 19:57:44.368  1955  2212 D use-Rlog/RLOG-RIL: 2 RIL requests in the queue (0 pending, 2 handled, 0 unhandled)
01-22 19:57:44.369  1955  2212 D use-Rlog/RLOG-RIL-IPC: 
01-22 19:57:44.369  1955  2212 D use-Rlog/RLOG-RIL-IPC: xmm626_sec_modem_fmt_recv: Received FMT message
01-22 19:57:44.369  1955  2212 D use-Rlog/RLOG-RIL-IPC: xmm626_sec_modem_fmt_recv: Message: aseq=0x5c, command=IPC_NET_REGIST, type=IPC_TYPE_RESP, size=11
01-22 19:57:44.369  1955  2212 D use-Rlog/RLOG-RIL-IPC: ================================= IPC FMT data =================================
01-22 19:57:44.370  1955  2212 D use-Rlog/RLOG-RIL-IPC: [0000]   04 02 02 01 8F 0F 69 99  55 03 00                  ......i. U..
01-22 19:57:44.370  1955  2212 D use-Rlog/RLOG-RIL-IPC: ================================================================================
01-22 19:57:44.370  1955  2212 D use-Rlog/RLOG-RIL: 1 RIL request in the queue (0 pending, 1 handled, 0 unhandled)
01-22 19:57:44.371  2864  2967 D RILJ    : [3807]< DATA_REGISTRATION_STATE {1, f8f, 3559969, 3, 3} [SUB0]
01-22 19:57:44.371  2864  2967 D RILJ    : [3808]< VOICE_REGISTRATION_STATE {1, f8f, 3559969, 3, null, null, null, null, null, null, null, null, null, null, null} [SUB0]
01-22 19:57:44.371  1955  1975 D use-Rlog/RLOG-RIL: 2 RIL requests in the queue (1 pending, 1 handled, 0 unhandled)
01-22 19:57:44.372  1955  2216 D use-Rlog/RLOG-RIL-IPC: 
01-22 19:57:44.372  1955  2216 D use-Rlog/RLOG-RIL-IPC: xmm626_sec_modem_fmt_send: Sent FMT message
01-22 19:57:44.372  1955  2216 D use-Rlog/RLOG-RIL-IPC: xmm626_sec_modem_fmt_send: Message: mseq=0x5d, command=IPC_NET_PLMN_SEL, type=IPC_TYPE_GET, size=0
01-22 19:57:44.372  2864  2864 D PHONE   : [ServiceState] setDataRegState=0
01-22 19:57:44.372  2864  2864 D PHONE   : [ServiceState] setDataRadioTechnology=3
01-22 19:57:44.372  2864  2864 D GsmSST  : [GsmSST] handlPollStateResultMessage: GsmSST setDataRegState=0 regState=1 dataRadioTechnology=3
01-22 19:57:44.372  2864  2864 D PHONE   : [ServiceState] setVoiceRegState=0
01-22 19:57:44.372  2864  2864 E PHONE   : [ServiceState] setState deprecated use setVoiceRegState()
01-22 19:57:44.373  1955  2212 D use-Rlog/RLOG-RIL-IPC: 
01-22 19:57:44.373  1955  2212 D use-Rlog/RLOG-RIL-IPC: xmm626_sec_modem_fmt_recv: Received FMT message
01-22 19:57:44.373  1955  2212 D use-Rlog/RLOG-RIL-IPC: xmm626_sec_modem_fmt_recv: Message: aseq=0x5d, command=IPC_NET_PLMN_SEL, type=IPC_TYPE_RESP, size=1
01-22 19:57:44.373  1955  2212 D use-Rlog/RLOG-RIL-IPC: ================================= IPC FMT data =================================
01-22 19:57:44.373  1955  2212 D use-Rlog/RLOG-RIL-IPC: [0000]   02                                                 .
01-22 19:57:44.373  1955  2212 D use-Rlog/RLOG-RIL-IPC: ================================================================================
01-22 19:57:44.373  1955  2212 D use-Rlog/RLOG-RIL: 1 RIL request in the queue (0 pending, 1 handled, 0 unhandled)
01-22 19:57:44.373  2864  2967 D RILJ    : [3809]< QUERY_NETWORK_SELECTION_MODE {0} [SUB0]
01-22 19:57:44.375  2864  2864 D GsmSST  : [GsmSST] Poll ServiceState done:  oldSS=[0 0 voice home data home Free Mobile Free Mobile 20815 Free Mobile Free Mobile 20815  HSPAP HSPAP CSS not supported -1 -1 RoamInd=-1 DefRoamInd=-1 EmergOnly=false IsDataRoamingFromRegistration=false] newSS=[0 0 voice home data home Free Mobile Free Mobile 20815 Free Mobile Free Mobile 20815  UMTS UMTS CSS not supported -1 -1 RoamInd=-1 DefRoamInd=-1 EmergOnly=false IsDataRoamingFromRegistration=false] oldMaxDataCalls=1 mNewMaxDataCalls=1 oldReasonDataDenied=-1 mNewReasonDataDenied=-1
01-22 19:57:44.375  2864  2864 D GsmSST  : [GsmSST] RAT switched HSPAP -> UMTS at cell 55941481
01-22 19:57:44.375  2864  2864 D PHONE   : [ServiceState] setNullState=1
01-22 19:57:44.375  2864  2864 D PhoneProxy: [PhoneProxy] updatePhoneObject: radioTechnology=3
01-22 19:57:44.375  2864  2864 D TelephonyManager: setTelephonyProperty: success phoneId=0 property=gsm.network.type value: UMTS propVal=UMTS
01-22 19:57:44.376  2864  2864 D SIMRecords: [SIMRecords] getServiceProviderName: no brandOverride
01-22 19:57:44.376  2864  2864 D SIMRecords: [SIMRecords] getServiceProviderName: providerName=Free
01-22 19:57:44.376  2864  2864 D SIMRecords: [SIMRecords] getServiceProviderName: no brandOverride
01-22 19:57:44.376  2864  2864 D SIMRecords: [SIMRecords] getServiceProviderName: providerName=Free
01-22 19:57:44.385  2864  2864 D TelephonyManager: setTelephonyProperty: success phoneId=0 property=gsm.operator.alpha value: Free Mobile propVal=Free Mobile
01-22 19:57:44.386  2864  2864 D TelephonyManager: setTelephonyProperty: success phoneId=0 property=gsm.operator.numeric value: 20815 propVal=20815
01-22 19:57:44.386  2864  2864 D TelephonyManager: setTelephonyProperty: success phoneId=0 property=gsm.operator.iso-country value: fr propVal=fr
01-22 19:57:44.387  2864  2864 D GsmSST  : [GsmSST] pollStateDone: no nitz but one TZ for iso-cc=fr with zone.getID=Europe/Paris testOneUniqueOffsetPath=false
01-22 19:57:44.387  2864  2864 D GsmSST  : [GsmSST] setAndBroadcastNetworkSetTimeZone: setTimeZone=Europe/Paris
01-22 19:57:44.388  2864  2864 D GsmSST  : [GsmSST] setAndBroadcastNetworkSetTimeZone: call alarm.setTimeZone and broadcast zoneId=Europe/Paris
01-22 19:57:44.389  2864  2864 D GsmSST  : [GsmSST] shouldFixTimeZoneNow: retVal=false iccCardExist=true operatorNumeric=20815 mcc=208 prevOperatorNumeric=20815 prevMcc=208 needToFixTimeZone=false ltod=01-22 19:57:44.389
01-22 19:57:44.389  2864  2864 D TelephonyManager: setTelephonyProperty: success phoneId=0 property=gsm.operator.isroaming value: false propVal=false
01-22 19:57:44.389  2864  2864 D GsmSST  : [GsmSST] Broadcasting ServiceState : 0 0 voice home data home Free Mobile Free Mobile 20815 Free Mobile Free Mobile 20815  UMTS UMTS CSS not supported -1 -1 RoamInd=-1 DefRoamInd=-1 EmergOnly=false IsDataRoamingFromRegistration=false
01-22 19:57:44.390  2864  2864 D DefaultPhoneNotifier: nofityServiceState: mRegistry=com.android.internal.telephony.ITelephonyRegistry$Stub$Proxy@b2c19a9 ss=0 0 voice home data home Free Mobile Free Mobile 20815 Free Mobile Free Mobile 20815  UMTS UMTS CSS not supported -1 -1 RoamInd=-1 DefRoamInd=-1 EmergOnly=false IsDataRoamingFromRegistration=false sender=Handler (com.android.internal.telephony.gsm.GSMPhone) {e262d71} phondId=0 subId=3
01-22 19:57:44.393  2864  2864 D SubscriptionController: getSimStateForSlotIdx:  simState=READY ordinal=5
01-22 19:57:44.393  2307  3058 D SubscriptionManager: getSimStateForSubscriber: simState=5 slotIdx=0
01-22 19:57:44.398  2864  2864 D GsmSST  : [GsmSST] notifyDataRegStateRilRadioTechnologyChanged: drs=0 rat=3
01-22 19:57:44.398  2864  2864 D TelephonyManager: setTelephonyProperty: success phoneId=0 property=gsm.network.type value: UMTS propVal=UMTS
01-22 19:57:44.400  2864  2977 D DC-1    : DcActivatingState: msg={what=EVENT_DATA_CONNECTION_DRS_OR_RAT_CHANGED when=0 obj=android.os.AsyncResult@f8ed193 target=Handler (com.android.internal.util.StateMachine$SmHandler) {9995c2a} replyTo=null}
01-22 19:57:44.400  2864  2864 D DCT     : [0]get all active apn types
01-22 19:57:44.404  2307  2319 D TelephonyRegistry: Notify data connection state changed on sub: 3
01-22 19:57:44.404  2307  2319 D TelephonyRegistry: Notify data connection state changed on sub: 3
01-22 19:57:44.406  2864  2864 D PhoneProxy: [PhoneProxy] phoneObjectUpdater: newVoiceRadioTech=3
01-22 19:57:44.406  2864  2864 D PhoneProxy: [PhoneProxy] phoneObjectUpdater: No change ignore, newVoiceRadioTech=3 mActivePhone=GSM
01-22 19:57:44.406  2864  2864 D DCT     : [0]handleMessage msg={ when=-7ms what=270377 obj=android.os.AsyncResult@e5c35d0 target=com.android.internal.telephony.dataconnection.DcTracker }
01-22 19:57:44.406  2864  2864 D DCT     : [0]onUpdateIcc: newIccRecords com.android.internal.telephony.uicc.SIMRecords
01-22 19:57:44.407  2864  2864 D DCT     : [0]setupDataOnConnectableApns: nwTypeChanged
01-22 19:57:44.407  2864  2864 D DCT     : [0]setupDataOnConnectableApns: apnContext {mApnType=dun mState=IDLE mWaitingApns={null} mWaitingApnsPermanentFailureCountDown=0 mApnSetting={null} mReason=nwTypeChanged mDataEnabled=false mDependencyMet=true}
01-22 19:57:44.407  2864  2864 D DCT     : [0]setupDataOnConnectableApns: apnContext {mApnType=hipri mState=IDLE mWaitingApns={null} mWaitingApnsPermanentFailureCountDown=0 mApnSetting={null} mReason=nwTypeChanged mDataEnabled=false mDependencyMet=true}
01-22 19:57:44.407  2864  2864 D DCT     : [0]setupDataOnConnectableApns: apnContext {mApnType=supl mState=IDLE mWaitingApns={null} mWaitingApnsPermanentFailureCountDown=0 mApnSetting={null} mReason=nwTypeChanged mDataEnabled=false mDependencyMet=true}
01-22 19:57:44.407  2864  2864 D DCT     : [0]setupDataOnConnectableApns: apnContext {mApnType=default mState=CONNECTING mWaitingApns={[[ApnSettingV3] Free Mobile, 159, 20815, free, , , , , , 0, default | supl, IP, IP, true, 0, 0, 0, false, 0, 0, 0, 0, , ]} mWaitingApnsPermanentFailureCountDown=1 mApnSetting={[ApnSettingV3] Free Mobile, 159, 20815, free, , , , , , 0, default | supl, IP, IP, true, 0, 0, 0, false, 0, 0, 0, 0, , } mReason=dataEnabled mDataEnabled=true mDependencyMet=true}
01-22 19:57:44.407  2864  2864 D DCT     : [0]setupDataOnConnectableApns: apnContext {mApnType=mms mState=IDLE mWaitingApns={null} mWaitingApnsPermanentFailureCountDown=0 mApnSetting={null} mReason=nwTypeChanged mDataEnabled=false mDependencyMet=true}
01-22 19:57:44.408  2864  2864 D DCT     : [0]getDataOnRoamingEnabled: phoneSubId=3 isDataRoamingEnabled=false
01-22 19:57:44.416  2864  3166 D SubscriptionController: [getActiveSubInfoList]+
01-22 19:57:44.416  2864  3166 D SubscriptionController: selection:sim_id>=0 null
01-22 19:57:44.428  2864  3166 D SubscriptionController: [getSubInfoRecord] id:3 iccid:893315011XXXXXXXXXXX simSlotIndex:0 displayName:Free nameSource:0 iconTint:-16746133 dataRoaming:0 mcc:0 mnc:0 countIso:fr userNwMode:0
01-22 19:57:44.432  2864  3166 D SubscriptionController: [getActiveSubInfoList]- 1 infos return
01-22 19:57:44.432  2864  3166 D SubscriptionController: [getActiveSubInfoForSubscriber]+ subId=3 subInfo={id=3, iccId=893315011XXXXXXXXXXX simSlotIndex=0 displayName=Free carrierName=Free nameSource=0 iconTint=-16746133 dataRoaming=0 iconBitmap=android.graphics.Bitmap@dad48ce mcc 0 mnc 0 mUserNwMode=0}
01-22 19:57:44.462  2864  3149 D SubscriptionController: getSubscriptionProperty Query value = 1
01-22 19:57:44.472  2864  3166 D SubscriptionController: getSubscriptionProperty Query value = 0
01-22 19:57:44.478  2864  3077 D SubscriptionController: getSubscriptionProperty Query value = 1
01-22 19:57:44.482  2864  3149 D SubscriptionController: getSubscriptionProperty Query value = 1
01-22 19:57:44.486  2864  3166 D SubscriptionController: getSubscriptionProperty Query value = 1
01-22 19:57:44.490  2864  2890 D SubscriptionController: getSubscriptionProperty Query value = 1
01-22 19:57:44.494  1955  2212 D use-Rlog/RLOG-RIL-IPC: 
01-22 19:57:44.494  1955  2212 D use-Rlog/RLOG-RIL-IPC: xmm626_sec_modem_fmt_recv: Received FMT message
01-22 19:57:44.494  1955  2212 D use-Rlog/RLOG-RIL-IPC: xmm626_sec_modem_fmt_recv: Message: aseq=0x5d, command=IPC_GPRS_HSDPA_STATUS, type=IPC_TYPE_NOTI, size=1
01-22 19:57:44.494  1955  2212 D use-Rlog/RLOG-RIL-IPC: ================================= IPC FMT data =================================
01-22 19:57:44.494  1955  2212 D use-Rlog/RLOG-RIL-IPC: [0000]   01                                                 .
01-22 19:57:44.494  1955  2212 D use-Rlog/RLOG-RIL-IPC: ================================================================================
01-22 19:57:44.494  2864  2892 E PhoneFactory: Settings Exception Reading Dual Sim SMS Prompt Values
01-22 19:57:44.494  2864  2892 D PhoneFactory: SMS Prompt option:false
01-22 19:57:44.494  2864  2892 D RIL_UiccSmsController: isSmsSimPickActivityNeeded: false, sms prompt disabled.
01-22 19:57:44.494  1955  2212 D use-Rlog/RLOG-RIL-IPC: 
01-22 19:57:44.494  1955  2212 D use-Rlog/RLOG-RIL-IPC: xmm626_sec_modem_fmt_recv: Received FMT message
01-22 19:57:44.494  1955  2212 D use-Rlog/RLOG-RIL-IPC: xmm626_sec_modem_fmt_recv: Message: aseq=0x5d, command=IPC_GPRS_HSDPA_STATUS, type=IPC_TYPE_NOTI, size=1
01-22 19:57:44.494  1955  2212 D use-Rlog/RLOG-RIL-IPC: ================================= IPC FMT data =================================
01-22 19:57:44.494  1955  2212 D use-Rlog/RLOG-RIL-IPC: [0000]   01                                                 .
01-22 19:57:44.494  1955  2212 D use-Rlog/RLOG-RIL-IPC: ================================================================================
01-22 19:57:44.494  2864  2967 D RILJ    : [UNSL]< UNSOL_RESPONSE_VOICE_NETWORK_STATE_CHANGED [SUB0]
01-22 19:57:44.495  2864  2864 D RILJ    : [3810]> OPERATOR [SUB0]
01-22 19:57:44.495  2864  2864 D RILJ    : [3811]> DATA_REGISTRATION_STATE [SUB0]
01-22 19:57:44.495  2864  3077 D RILJ    : [3812]> RIL_REQUEST_GSM_SET_BROADCAST_CONFIG with 1 configs :  [SUB0]
01-22 19:57:44.495  2864  3077 D RILJ    : SmsBroadcastConfigInfo: Id [4352,4354] Code [0,255] ENABLED [SUB0]
01-22 19:57:44.496  1955  1975 D use-Rlog/RLOG-RIL: 2 RIL requests in the queue (1 pending, 1 handled, 0 unhandled)
01-22 19:57:44.496  1955  2216 D use-Rlog/RLOG-RIL-IPC: 
01-22 19:57:44.496  1955  2216 D use-Rlog/RLOG-RIL-IPC: xmm626_sec_modem_fmt_send: Sent FMT message
01-22 19:57:44.496  1955  2216 D use-Rlog/RLOG-RIL-IPC: xmm626_sec_modem_fmt_send: Message: mseq=0x5e, command=IPC_NET_SERVING_NETWORK, type=IPC_TYPE_GET, size=0
01-22 19:57:44.496  2864  2864 D RILJ    : [3813]> VOICE_REGISTRATION_STATE [SUB0]
01-22 19:57:44.497  1955  1975 D use-Rlog/RLOG-RIL: 3 RIL requests in the queue (1 pending, 2 handled, 0 unhandled)
01-22 19:57:44.497  1955  2216 D use-Rlog/RLOG-RIL-IPC: 
01-22 19:57:44.497  1955  2216 D use-Rlog/RLOG-RIL-IPC: xmm626_sec_modem_fmt_send: Sent FMT message
01-22 19:57:44.497  1955  2216 D use-Rlog/RLOG-RIL-IPC: xmm626_sec_modem_fmt_send: Message: mseq=0x5f, command=IPC_NET_REGIST, type=IPC_TYPE_GET, size=2
01-22 19:57:44.497  1955  2216 D use-Rlog/RLOG-RIL-IPC: ================================= IPC FMT data =================================
01-22 19:57:44.497  1955  2216 D use-Rlog/RLOG-RIL-IPC: [0000]   FF 03                                              ..
01-22 19:57:44.497  1955  2216 D use-Rlog/RLOG-RIL-IPC: ================================================================================
01-22 19:57:44.497  1955  1975 D use-Rlog/RLOG-RIL: 4 RIL requests in the queue (1 pending, 3 handled, 0 unhandled)
01-22 19:57:44.497  1955  2216 D use-Rlog/RLOG-RIL: Unhandled RIL request: 90
01-22 19:57:44.497  1955  2216 D use-Rlog/RLOG-RIL: 3 RIL requests in the queue (0 pending, 3 handled, 0 unhandled)
01-22 19:57:44.497  2864  2967 D RilRequest: [3812]< RIL_REQUEST_GSM_SET_BROADCAST_CONFIG error: com.android.internal.telephony.CommandException: REQUEST_NOT_SUPPORTED ret=
01-22 19:57:44.497  2864  2864 D RILJ    : [3814]> QUERY_NETWORK_SELECTION_MODE [SUB0]
01-22 19:57:44.498  1955  1975 D use-Rlog/RLOG-RIL: 4 RIL requests in the queue (1 pending, 3 handled, 0 unhandled)
01-22 19:57:44.498  1955  2216 D use-Rlog/RLOG-RIL-IPC: 
