01-22 19:57:08.414  1955  1955 D RILD    : **RIL Daemon Started**
01-22 19:57:08.414  1955  1955 D RILD    : **RILd param count=1**
01-22 19:57:08.465  1955  1955 I chatty  : uid=1001(radio) /system/bin/rild expire 56 lines
01-22 19:57:12.482  1955  2212 I chatty  : uid=1001(radio) /system/bin/rild expire 83 lines
01-22 19:57:13.736  1961  1961 D TelephonyManager: /proc/cmdline=console=ttySAC2,115200 consoleblank=0 androidboot.hardware=smdk4210 loglevel=4 console=ram androidboot.serialno=xxxxxxxxxxxxxx sec_debug.enable=0 sec_debug.enable_user=0 c1_watchdog.sec_pet=5 sec_log=0x100000@0x4d900000 s3cfb.bootloaderfb=0x5ec00000 ld9040.get_lcdtype=0x0 consoleblank=0 lpj=3981312 vmalloc=144m
01-22 19:57:26.940  2307  2318 D TelephonyRegistry: listen oscl: hasNotifySubscriptionInfoChangedOccurred==false no callback
01-22 19:57:29.330  2307  2307 D TelephonyRegistry: systemRunning register for intents
01-22 19:57:32.197  2864  2864 I chatty  : uid=1001(radio) com.android.phone expire 65 lines
01-22 19:57:32.294  1955  1975 I chatty  : uid=1001(radio) /system/bin/rild expire 8 lines
01-22 19:57:32.302  2864  2967 I chatty  : uid=1001(radio) RILReceiver0 expire 12 lines
01-22 19:57:32.309  1955  2216 I chatty  : uid=1001(radio) /system/bin/rild expire 13 lines
01-22 19:57:32.398  2307  2466 D TelephonyRegistry: listen oscl: hasNotifySubscriptionInfoChangedOccurred==false no callback
01-22 19:57:32.413  2307  2772 D TelephonyRegistry: listen oscl: hasNotifySubscriptionInfoChangedOccurred==false no callback
01-22 19:57:32.417  1955  2212 I chatty  : uid=1001(radio) /system/bin/rild expire 15 lines
01-22 19:57:32.434  2864  2977 I chatty  : uid=1001(radio) DcHandlerThread expire 3 lines
01-22 19:57:32.580  2864  2864 I chatty  : uid=1001(radio) com.android.phone expire 148 lines
01-22 19:57:32.816  2864  3038 I chatty  : uid=1001(radio) com.android.phone expire 2 lines
01-22 19:57:32.892  2864  3040 I chatty  : uid=1001(radio) DcSwitchStateMa expire 1 line
01-22 19:57:32.899  2864  3002 I chatty  : uid=1001(radio) GsmInboundSmsHa expire 5 lines
01-22 19:57:32.900  2864  3023 I chatty  : uid=1001(radio) CdmaInboundSmsH expire 5 lines
01-22 19:57:32.917  2307  2466 D TelephonyRegistry: listen oscl: hasNotifySubscriptionInfoChangedOccurred==false no callback
01-22 19:57:33.071  1955  1975 I chatty  : uid=1001(radio) /system/bin/rild expire 7 lines
01-22 19:57:33.071  1955  2216 I chatty  : uid=1001(radio) /system/bin/rild expire 23 lines
01-22 19:57:33.075  2864  2967 I chatty  : uid=1001(radio) RILReceiver0 expire 9 lines
01-22 19:57:33.165  2307  2318 D TelephonyRegistry: listen oscl: hasNotifySubscriptionInfoChangedOccurred==false no callback
01-22 19:57:33.171  2307  3010 D TelephonyRegistry: listen oscl: hasNotifySubscriptionInfoChangedOccurred==false no callback
01-22 19:57:33.305  2864  2890 I chatty  : uid=1001(radio) Binder_1 expire 4 lines
01-22 19:57:33.313  2307  3039 D TelephonyRegistry: listen oscl: hasNotifySubscriptionInfoChangedOccurred==false no callback
01-22 19:57:33.331  2307  2466 D TelephonyRegistry: notifySubscriptionInfoChanged: first invocation mRecords.size=13
01-22 19:57:33.358  2307  3039 D SubscriptionManager: getSimStateForSubscriber: simState=6 slotIdx=0
01-22 19:57:33.358  2307  3039 D TelephonyManager: getSimState: default sim:-1, sim state for slotIdx=0 is 6, return state as unknown
01-22 19:57:33.426  1955  2212 I chatty  : uid=1001(radio) /system/bin/rild expire 37 lines
01-22 19:57:33.428  1955  2213 I chatty  : uid=1001(radio) /system/bin/rild expire 28 lines
01-22 19:57:33.493  2307  2307 D TelephonyRegistry: notifyCellLocationForSubscriber: subId=0 cellLocation=Bundle[{}]
01-22 19:57:33.512  1955  2216 I chatty  : uid=1001(radio) /system/bin/rild expire 32 lines
01-22 19:57:33.513  2864  2967 I chatty  : uid=1001(radio) RILReceiver0 expire 11 lines
01-22 19:57:33.513  1955  2212 I chatty  : uid=1001(radio) /system/bin/rild expire 101 lines
01-22 19:57:33.517  2864  2892 I chatty  : uid=1001(radio) Binder_2 expire 1 line
01-22 19:57:33.535  2864  2864 I chatty  : uid=1001(radio) com.android.phone expire 85 lines
01-22 19:57:33.640  2864  3040 I chatty  : uid=1001(radio) DcSwitchStateMa expire 1 line
01-22 19:57:33.644  1955  1975 I chatty  : uid=1001(radio) /system/bin/rild expire 40 lines
01-22 19:57:33.649  1955  2212 I chatty  : uid=1001(radio) /system/bin/rild expire 23 lines
01-22 19:57:33.651  2864  2967 I chatty  : uid=1001(radio) RILReceiver0 expire 13 lines
01-22 19:57:33.678  2864  2864 I chatty  : uid=1001(radio) com.android.phone expire 138 lines
01-22 19:57:33.701  1955  2216 I chatty  : uid=1001(radio) /system/bin/rild expire 43 lines
01-22 19:57:33.747  2864  2890 I chatty  : uid=1001(radio) Binder_1 expire 4 lines
01-22 19:57:34.236  2864  3077 I chatty  : uid=1001(radio) Binder_3 expire 5 lines
01-22 19:57:34.372  2307  3039 D TelephonyRegistry: notifySignalStrengthForSubscriber: invalid phoneId=-1
01-22 19:57:34.373  2307  2772 D TelephonyRegistry: notifySignalStrengthForSubscriber: invalid phoneId=-1
01-22 19:57:34.420  1955  2212 I chatty  : uid=1001(radio) /system/bin/rild expire 142 lines
01-22 19:57:34.421  2864  2967 I chatty  : uid=1001(radio) RILReceiver0 expire 22 lines
01-22 19:57:34.421  1955  2216 I chatty  : uid=1001(radio) /system/bin/rild expire 56 lines
01-22 19:57:34.437  2864  2864 I chatty  : uid=1001(radio) com.android.phone expire 30 lines
01-22 19:57:34.468  1955  1975 I chatty  : uid=1001(radio) /system/bin/rild expire 18 lines
01-22 19:57:34.511  2864  2864 I chatty  : uid=1001(radio) com.android.phone expire 138 lines
01-22 19:57:34.560  2864  2890 I chatty  : uid=1001(radio) Binder_1 expire 1 line
01-22 19:57:34.588  2307  2318 D SubscriptionManager: getSimStateForSubscriber: simState=6 slotIdx=0
01-22 19:57:34.588  2307  2318 D TelephonyManager: getSimState: default sim:-1, sim state for slotIdx=0 is 6, return state as unknown
01-22 19:57:34.593  2307  2466 D TelephonyRegistry: notifyCellLocationForSubscriber: subId=-2 cellLocation=Bundle[mParcelledData.dataSize=64]
01-22 19:57:34.595  1955  2216 I chatty  : uid=1001(radio) /system/bin/rild expire 41 lines
01-22 19:57:34.598  1955  2212 I chatty  : uid=1001(radio) /system/bin/rild expire 51 lines
01-22 19:57:34.599  2864  2967 I chatty  : uid=1001(radio) RILReceiver0 expire 7 lines
01-22 19:57:34.613  2864  3077 I chatty  : uid=1001(radio) Binder_3 expire 2 lines
01-22 19:57:34.698  2864  3125 I chatty  : uid=1001(radio) Binder_4 expire 1 line
01-22 19:57:34.698  2417  3140 D SubscriptionManager: getSimStateForSubscriber: simState=5 slotIdx=0
01-22 19:57:34.698  2417  3140 D TelephonyManager: getSimState: default sim:-1, sim state for slotIdx=0 is 5, return state as unknown
01-22 19:57:34.717  2864  2864 I chatty  : uid=1001(radio) com.android.phone expire 38 lines
01-22 19:57:34.718  1955  2212 I chatty  : uid=1001(radio) /system/bin/rild expire 108 lines
01-22 19:57:34.719  2864  2967 I chatty  : uid=1001(radio) RILReceiver0 expire 12 lines
01-22 19:57:34.719  1955  2216 I chatty  : uid=1001(radio) /system/bin/rild expire 85 lines
01-22 19:57:34.785  2864  2890 I chatty  : uid=1001(radio) Binder_1 expire 4 lines
01-22 19:57:34.811  2864  3077 I chatty  : uid=1001(radio) Binder_3 expire 1 line
01-22 19:57:34.816  2864  3149 I chatty  : uid=1001(radio) Binder_5 expire 1 line
01-22 19:57:34.816  2417  3140 D SubscriptionManager: getSimStateForSubscriber: simState=5 slotIdx=0
01-22 19:57:34.816  2417  3140 D TelephonyManager: getSimState: default sim:-1, sim state for slotIdx=0 is 5, return state as unknown
01-22 19:57:34.901  1955  1975 I chatty  : uid=1001(radio) /system/bin/rild expire 6 lines
01-22 19:57:34.917  1955  2216 D use-Rlog/RLOG-RIL-IPC: [0000]   B2 40 6F 01 04 1C                                  .@o...
01-22 19:57:34.917  1955  2216 D use-Rlog/RLOG-RIL-IPC: ================================================================================
01-22 19:57:34.919  1955  2212 D use-Rlog/RLOG-RIL-IPC: 
01-22 19:57:34.919  1955  2212 D use-Rlog/RLOG-RIL-IPC: xmm626_sec_modem_fmt_recv: Received FMT message
01-22 19:57:34.919  1955  2212 D use-Rlog/RLOG-RIL-IPC: xmm626_sec_modem_fmt_recv: Message: aseq=0x34, command=IPC_NET_REGIST, type=IPC_TYPE_RESP, size=11
01-22 19:57:34.919  1955  2212 D use-Rlog/RLOG-RIL-IPC: ================================= IPC FMT data =================================
01-22 19:57:34.919  1955  2212 D use-Rlog/RLOG-RIL-IPC: [0000]   FF 02 01 00 00 00 00 00  00 00 00                  ........ ...
01-22 19:57:34.919  1955  2212 D use-Rlog/RLOG-RIL-IPC: ================================================================================
01-22 19:57:34.919  1955  2212 D use-Rlog/RLOG-RIL: 2 RIL requests in the queue (0 pending, 1 handled, 1 unhandled)
01-22 19:57:34.919  2864  2864 E IccCardProxy: setExternalState: !override and newstate unchanged from READY
01-22 19:57:34.919  2864  2967 D RILJ    : [3720]< DATA_REGISTRATION_STATE {0, 0, 0, 0, 3} [SUB0]
01-22 19:57:34.919  2864  2864 D RILJ    : [3723]> iccIO: SIM_IO 0xb0 0x6fad  path: 3F007F20,0,0,4 aid: null [SUB0]
01-22 19:57:34.920  2864  2967 D RILJ    : [3716]< SIM_IO IccIoResponse sw1:0x90 sw2:0x0 [SUB0]
01-22 19:57:34.920  1955  1975 D use-Rlog/RLOG-RIL: 3 RIL requests in the queue (1 pending, 1 handled, 1 unhandled)
01-22 19:57:34.920  1955  2216 D use-Rlog/RLOG-RIL-IPC: 
01-22 19:57:34.920  1955  2216 D use-Rlog/RLOG-RIL-IPC: xmm626_sec_modem_fmt_send: Sent FMT message
01-22 19:57:34.920  1955  2216 D use-Rlog/RLOG-RIL-IPC: xmm626_sec_modem_fmt_send: Message: mseq=0x36, command=IPC_NET_PLMN_SEL, type=IPC_TYPE_GET, size=0
01-22 19:57:34.922  1955  2212 D use-Rlog/RLOG-RIL-IPC: 
01-22 19:57:34.922  1955  2212 D use-Rlog/RLOG-RIL-IPC: xmm626_sec_modem_fmt_recv: Received FMT message
01-22 19:57:34.922  1955  2212 D use-Rlog/RLOG-RIL-IPC: xmm626_sec_modem_fmt_recv: Message: aseq=0x36, command=IPC_NET_PLMN_SEL, type=IPC_TYPE_RESP, size=1
01-22 19:57:34.922  1955  2212 D use-Rlog/RLOG-RIL-IPC: ================================= IPC FMT data =================================
01-22 19:57:34.922  1955  2212 D use-Rlog/RLOG-RIL-IPC: [0000]   02                                                 .
01-22 19:57:34.922  1955  2212 D use-Rlog/RLOG-RIL-IPC: ================================================================================
01-22 19:57:34.922  1955  2212 D use-Rlog/RLOG-RIL: 2 RIL requests in the queue (0 pending, 1 handled, 1 unhandled)
01-22 19:57:34.937  1955  2212 D use-Rlog/RLOG-RIL-IPC: 
01-22 19:57:34.937  1955  2212 D use-Rlog/RLOG-RIL-IPC: xmm626_sec_modem_fmt_recv: Received FMT message
01-22 19:57:34.938  1955  2212 D use-Rlog/RLOG-RIL-IPC: xmm626_sec_modem_fmt_recv: Message: aseq=0x35, command=IPC_SEC_RSIM_ACCESS, type=IPC_TYPE_RESP, size=31
01-22 19:57:34.938  1955  2212 D use-Rlog/RLOG-RIL-IPC: ================================= IPC FMT data =================================
01-22 19:57:34.938  1955  2212 D use-Rlog/RLOG-RIL-IPC: [0000]   90 00 1C 4D 65 73 73 61  67 65 72 69 65 FF FF FF   ...Messa gerie...
01-22 19:57:34.938  1955  2212 D use-Rlog/RLOG-RIL-IPC: [0010]   FF 07 91 33 96 45 65 89  F4 FF FF FF FF FF FF      ...3.Ee. .......
01-22 19:57:34.938  1955  2212 D use-Rlog/RLOG-RIL-IPC: ================================================================================
01-22 19:57:34.938  1955  2212 D use-Rlog/RLOG-RIL: 1 RIL request in the queue (0 pending, 0 handled, 1 unhandled)
01-22 19:57:34.938  1955  2216 D use-Rlog/RLOG-RIL-IPC: 
01-22 19:57:34.938  1955  2216 D use-Rlog/RLOG-RIL-IPC: xmm626_sec_modem_fmt_send: Sent FMT message
01-22 19:57:34.938  1955  2216 D use-Rlog/RLOG-RIL-IPC: xmm626_sec_modem_fmt_send: Message: mseq=0x37, command=IPC_SEC_RSIM_ACCESS, type=IPC_TYPE_GET, size=6
01-22 19:57:34.938  1955  2216 D use-Rlog/RLOG-RIL-IPC: ================================= IPC FMT data =================================
01-22 19:57:34.938  1955  2216 D use-Rlog/RLOG-RIL-IPC: [0000]   B2 C9 6F 01 04 04                                  ..o...
01-22 19:57:34.938  1955  2216 D use-Rlog/RLOG-RIL-IPC: ================================================================================
01-22 19:57:34.939  2864  2864 D SubscriptionInfoUpdater: [Receiver]+
01-22 19:57:34.939  2864  2864 D SubscriptionInfoUpdater: Action: android.intent.action.SIM_STATE_CHANGED
01-22 19:57:34.939  2864  2967 D RILJ    : [3721]< VOICE_REGISTRATION_STATE {0, 0, 0, 0, null, null, null, null, null, null, null, null, null, null, null} [SUB0]
01-22 19:57:34.939  2864  2864 D SubscriptionInfoUpdater: slotId: 0
01-22 19:57:34.939  2864  2864 D SubscriptionInfoUpdater: simStatus: READY
01-22 19:57:34.939  2864  2864 D SubscriptionInfoUpdater: Ignoring simStatus: READY
01-22 19:57:34.939  2864  2864 D SubscriptionInfoUpdater: Wait for SIM1 IccId
01-22 19:57:34.939  2864  2864 D SubscriptionInfoUpdater: [Receiver]-
01-22 19:57:34.939  2864  2967 D RILJ    : [3722]< QUERY_NETWORK_SELECTION_MODE {0} [SUB0]
01-22 19:57:34.939  2864  2864 D RILJ    : [3724]> iccIO: SIM_IO 0xb2 0x6fca  path: 3F007F20,1,4,5 aid: null [SUB0]
01-22 19:57:34.939  2864  2967 D RILJ    : [3717]< SIM_IO IccIoResponse sw1:0x90 sw2:0x0 [SUB0]
01-22 19:57:34.940  2864  2890 D SubscriptionController: [getPhoneId]- no sims, returning default phoneId=2147483647
01-22 19:57:34.940  1955  1975 D use-Rlog/RLOG-RIL: 2 RIL requests in the queue (1 pending, 1 handled, 0 unhandled)
01-22 19:57:34.943  2864  2864 D DctController: handleMessage msg={ when=-259ms what=107 target=com.android.internal.telephony.dataconnection.DctController }
01-22 19:57:34.943  2864  2864 D DctController: onSubInfoReady mPhoneNum=1
01-22 19:57:34.943  2864  2864 D SubscriptionController: [getSubId]- sSlotIdxToSubId.size == 0, return DummySubIds slotIdx=0
01-22 19:57:34.943  2864  2864 D DctController: onSubInfoReady handle pending requests subId=-2
01-22 19:57:34.943  2864  2864 D SubscriptionController: [getSubId]- sSlotIdxToSubId.size == 0, return DummySubIds slotIdx=0
01-22 19:57:34.943  2864  2864 D DctController: [TNF -2]evalPendingRequest, pending request size is 1
01-22 19:57:34.943  2864  2864 D SubscriptionController: [getSubId]- sSlotIdxToSubId.size == 0, return DummySubIds slotIdx=0
01-22 19:57:34.943  2864  2864 D DctController: [TNF -2]evalPendingRequest: request = NetworkRequest [ id=1, legacyType=-1, [ Capabilities: INTERNET&NOT_RESTRICTED&TRUSTED&NOT_VPN] ]
01-22 19:57:34.943  2864  2864 D SubscriptionController: [getSubId]- sSlotIdxToSubId.size == 0, return DummySubIds slotIdx=0
01-22 19:57:34.943  2864  2864 D DctController: [TNF -2]Cellular needs Network for NetworkRequest [ id=1, legacyType=-1, [ Capabilities: INTERNET&NOT_RESTRICTED&TRUSTED&NOT_VPN] ]
01-22 19:57:34.943  2864  2864 D SubscriptionController: [getSubId]- sSlotIdxToSubId.size == 0, return DummySubIds slotIdx=0
01-22 19:57:34.943  2864  2864 D SubscriptionController: [getSubId]- sSlotIdxToSubId.size == 0, return DummySubIds slotIdx=0
01-22 19:57:34.943  2864  2864 D DctController: [TNF -2]Request not useable, pending request.
01-22 19:57:34.943  2864  2864 D DctController: processRequests
01-22 19:57:34.944  2864  2864 D RILJ    : [3725]> iccIO: SIM_IO 0xb0 0x6f11  path: 3F007F20,0,0,1 aid: null [SUB0]
01-22 19:57:34.948  1955  1975 D use-Rlog/RLOG-RIL: 3 RIL requests in the queue (1 pending, 1 handled, 1 unhandled)
01-22 19:57:34.949  2864  2864 D RILJ    : [3726]> iccIO: SIM_IO 0xb2 0x6fcb  path: 3F007F20,1,4,16 aid: null [SUB0]
01-22 19:57:34.951  2864  2864 D RILJ    : [3727]> iccIO: SIM_IO 0xb0 0x6f13  path: 3F007F20,0,0,1 aid: null [SUB0]
01-22 19:57:34.951  1955  1975 D use-Rlog/RLOG-RIL: 4 RIL requests in the queue (1 pending, 1 handled, 2 unhandled)
01-22 19:57:34.951  1955  1975 D use-Rlog/RLOG-RIL: 5 RIL requests in the queue (2 pending, 1 handled, 2 unhandled)
01-22 19:57:34.952  2864  2864 D RILJ    : [3728]> iccIO: SIM_IO 0xb0 0x6f46  path: 3F007F20,0,0,17 aid: null [SUB0]
01-22 19:57:34.952  1955  1975 D use-Rlog/RLOG-RIL: 6 RIL requests in the queue (1 pending, 1 handled, 4 unhandled)
01-22 19:57:34.956  2864  2890 D SubscriptionController: [getPhoneId]- no sims, returning default phoneId=2147483647
01-22 19:57:34.959  1955  2212 D use-Rlog/RLOG-RIL-IPC: 
01-22 19:57:34.959  1955  2212 D use-Rlog/RLOG-RIL-IPC: xmm626_sec_modem_fmt_recv: Received FMT message
01-22 19:57:34.959  1955  2212 D use-Rlog/RLOG-RIL-IPC: xmm626_sec_modem_fmt_recv: Message: aseq=0x37, command=IPC_SEC_RSIM_ACCESS, type=IPC_TYPE_RESP, size=7
01-22 19:57:34.959  1955  2212 D use-Rlog/RLOG-RIL-IPC: ================================= IPC FMT data =================================
01-22 19:57:34.959  1955  2212 D use-Rlog/RLOG-RIL-IPC: [0000]   90 00 04 01 00 00 00                               .......
01-22 19:57:34.959  1955  2212 D use-Rlog/RLOG-RIL-IPC: ================================================================================
01-22 19:57:34.959  1955  2212 D use-Rlog/RLOG-RIL: 5 RIL requests in the queue (0 pending, 0 handled, 5 unhandled)
01-22 19:57:34.959  2864  2967 D RILJ    : [3718]< SIM_IO IccIoResponse sw1:0x90 sw2:0x0 [SUB0]
01-22 19:57:34.959  1955  2216 D use-Rlog/RLOG-RIL-IPC: 
01-22 19:57:34.959  1955  2216 D use-Rlog/RLOG-RIL-IPC: xmm626_sec_modem_fmt_send: Sent FMT message
01-22 19:57:34.959  1955  2216 D use-Rlog/RLOG-RIL-IPC: xmm626_sec_modem_fmt_send: Message: mseq=0x38, command=IPC_SEC_RSIM_ACCESS, type=IPC_TYPE_GET, size=6
01-22 19:57:34.959  1955  2216 D use-Rlog/RLOG-RIL-IPC: ================================= IPC FMT data =================================
01-22 19:57:34.959  1955  2216 D use-Rlog/RLOG-RIL-IPC: [0000]   B0 AD 6F 00 00 04                                  ..o...
01-22 19:57:34.959  1955  2216 D use-Rlog/RLOG-RIL-IPC: ================================================================================
01-22 19:57:34.961  2864  2864 D RILJ    : [3729]> iccIO: SIM_IO 0xb0 0x6fcd  path: 3F007F20,0,0,31 aid: null [SUB0]
01-22 19:57:34.961  1955  1975 D use-Rlog/RLOG-RIL: 6 RIL requests in the queue (1 pending, 1 handled, 4 unhandled)
01-22 19:57:34.963  2864  2864 D RILJ    : [3730]> iccIO: SIM_IO 0xb2 0x6fc5  path: 3F007F20,1,4,40 aid: null [SUB0]
01-22 19:57:34.963  1955  1975 D use-Rlog/RLOG-RIL: 7 RIL requests in the queue (1 pending, 1 handled, 5 unhandled)
01-22 19:57:34.963  2864  2864 D RILJ    : [3731]> iccIO: SIM_IO 0xb0 0x6f38  path: 3F007F20,0,0,10 aid: null [SUB0]
01-22 19:57:34.964  1955  1975 D use-Rlog/RLOG-RIL: 8 RIL requests in the queue (1 pending, 1 handled, 6 unhandled)
01-22 19:57:34.965  2864  2864 D RILJ    : [3732]> iccIO: SIM_IO 0xb0 0x6f16  path: 3F007F20,0,0,3 aid: null [SUB0]
01-22 19:57:34.965  1955  1975 D use-Rlog/RLOG-RIL: 9 RIL requests in the queue (1 pending, 1 handled, 7 unhandled)
01-22 19:57:34.966  2864  2864 D RILJ    : [3733]> iccIO: SIM_IO 0xb0 0x6f3e  path: 3F007F20,0,0,4 aid: null [SUB0]
01-22 19:57:34.967  2864  2864 D RILJ    : [3734]> iccIO: SIM_IO 0xb0 0x6f3f  path: 3F007F20,0,0,4 aid: null [SUB0]
01-22 19:57:34.968  2864  2864 D SubscriptionController: [getSubId]- sSlotIdxToSubId.size == 0, return DummySubIds slotIdx=0
01-22 19:57:34.971  1955  1975 D use-Rlog/RLOG-RIL: 10 RIL requests in the queue (1 pending, 1 handled, 8 unhandled)
01-22 19:57:34.971  1955  1975 D use-Rlog/RLOG-RIL: 11 RIL requests in the queue (2 pending, 1 handled, 8 unhandled)
01-22 19:57:34.971  1955  1975 D use-Rlog/RLOG-RIL: 12 RIL requests in the queue (3 pending, 1 handled, 8 unhandled)
01-22 19:57:34.976  2864  2864 D SubscriptionController: [getSubId]- sSlotIdxToSubId.size == 0, return DummySubIds slotIdx=0
01-22 19:57:34.976  2864  2864 D IccCardProxy: broadcastIccStateChangedIntent intent ACTION_SIM_STATE_CHANGED value=IMSI reason=null for mPhoneId=0
01-22 19:57:34.978  1955  2212 D use-Rlog/RLOG-RIL-IPC: 
01-22 19:57:34.978  1955  2212 D use-Rlog/RLOG-RIL-IPC: xmm626_sec_modem_fmt_recv: Received FMT message
01-22 19:57:34.978  1955  2212 D use-Rlog/RLOG-RIL-IPC: xmm626_sec_modem_fmt_recv: Message: aseq=0x38, command=IPC_SEC_RSIM_ACCESS, type=IPC_TYPE_RESP, size=7
01-22 19:57:34.978  1955  2212 D use-Rlog/RLOG-RIL-IPC: ================================= IPC FMT data =================================
01-22 19:57:34.978  1955  2212 D use-Rlog/RLOG-RIL-IPC: [0000]   90 00 04 00 00 00 02                               .......
01-22 19:57:34.978  1955  2212 D use-Rlog/RLOG-RIL-IPC: ================================================================================
01-22 19:57:34.979  1955  2212 D use-Rlog/RLOG-RIL: 11 RIL requests in the queue (0 pending, 0 handled, 11 unhandled)
01-22 19:57:34.979  2864  2864 D PHONE   : [ServiceState] setDataRegState=1
01-22 19:57:34.979  2864  2864 D PHONE   : [ServiceState] setDataRadioTechnology=0
01-22 19:57:34.979  2864  2864 D GsmSST  : [GsmSST] handlPollStateResultMessage: GsmSST setDataRegState=1 regState=0 dataRadioTechnology=0
01-22 19:57:34.979  2864  2967 D RILJ    : [3723]< SIM_IO IccIoResponse sw1:0x90 sw2:0x0 [SUB0]
01-22 19:57:34.979  2864  2864 D PHONE   : [ServiceState] setVoiceRegState=1
01-22 19:57:34.979  2864  2864 E PHONE   : [ServiceState] setState deprecated use setVoiceRegState()
01-22 19:57:34.979  1955  2216 D use-Rlog/RLOG-RIL-IPC: 
01-22 19:57:34.979  1955  2216 D use-Rlog/RLOG-RIL-IPC: xmm626_sec_modem_fmt_send: Sent FMT message
01-22 19:57:34.979  1955  2216 D use-Rlog/RLOG-RIL-IPC: xmm626_sec_modem_fmt_send: Message: mseq=0x39, command=IPC_SEC_RSIM_ACCESS, type=IPC_TYPE_GET, size=6
01-22 19:57:34.979  1955  2216 D use-Rlog/RLOG-RIL-IPC: ================================= IPC FMT data =================================
01-22 19:57:34.979  1955  2216 D use-Rlog/RLOG-RIL-IPC: [0000]   B2 CA 6F 01 04 05                                  ..o...
01-22 19:57:34.979  1955  2216 D use-Rlog/RLOG-RIL-IPC: ================================================================================
01-22 19:57:34.979  2864  2864 D SubscriptionController: [getSubId]- sSlotIdxToSubId.size == 0, return DummySubIds slotIdx=0
01-22 19:57:34.980  2864  2864 D GsmSST  : [GsmSST] Poll ServiceState done:  oldSS=[1 1 voice home data home null null 00000 null null 00000  Unknown Unknown CSS not supported -1 -1 RoamInd=-1 DefRoamInd=-1 EmergOnly=false IsDataRoamingFromRegistration=false] newSS=[1 1 voice home data home null null 00000 null null 00000  Unknown Unknown CSS not supported -1 -1 RoamInd=-1 DefRoamInd=-1 EmergOnly=false IsDataRoamingFromRegistration=false] oldMaxDataCalls=1 mNewMaxDataCalls=1 oldReasonDataDenied=-1 mNewReasonDataDenied=-1
01-22 19:57:34.980  2864  2864 D PHONE   : [ServiceState] setNullState=1
01-22 19:57:34.980  2864  2864 D DctController: handleMessage msg={ when=-37ms what=100 target=com.android.internal.telephony.dataconnection.DctController }
01-22 19:57:34.981  2864  2864 D DcSwitchAsyncChannel: [DcSwitchAsyncChannel-0]: rspIsIdle=true
01-22 19:57:34.981  2864  2864 D SubscriptionController: [getPhoneId]- no sims, returning default phoneId=2147483647
01-22 19:57:34.982  2864  2864 D DcSwitchAsyncChannel: [DcSwitchAsyncChannel-0]: rspIsIdle=true
01-22 19:57:34.982  2864  2864 D DctController: onProcessRequest requestedPhoneId=-1, activePhoneId=-1
01-22 19:57:34.982  2864  2864 E SIMRecords: [SIMRecords] Exception in fetching EF_CSP data com.android.internal.telephony.uicc.IccException: sw1:106 sw2:130
01-22 19:57:34.982  2864  2864 D SIMRecords: [SIMRecords] onRecordLoaded 15 requested: true
01-22 19:57:34.982  2864  2864 D SIMRecords: [SIMRecords] EVENT_GET_SMS_RECORD_SIZE_DONE Size 176 total 17600 record 100
01-22 19:57:34.982  2864  2864 D SubscriptionInfoUpdater: [Receiver]+
01-22 19:57:34.982  2864  2864 D SubscriptionInfoUpdater: Action: android.intent.action.SIM_STATE_CHANGED
01-22 19:57:34.982  2864  2864 D SubscriptionInfoUpdater: slotId: 0
01-22 19:57:34.982  2864  2864 D SubscriptionInfoUpdater: simStatus: IMSI
01-22 19:57:34.982  2864  2864 D SubscriptionInfoUpdater: Ignoring simStatus: IMSI
01-22 19:57:34.982  2864  2864 D SubscriptionInfoUpdater: Wait for SIM1 IccId
01-22 19:57:34.982  2864  2864 D SubscriptionInfoUpdater: [Receiver]-
01-22 19:57:34.982  2864  2864 D SIMRecords: [SIMRecords] iccid: 8933150113051263328
01-22 19:57:34.982  2864  2864 D SIMRecords: [SIMRecords] onRecordLoaded 14 requested: true
01-22 19:57:34.991  2864  2864 D SIMRecords: [SIMRecords] EF_MBI: 01000000
01-22 19:57:34.991  2864  2864 D SIMRecords: [SIMRecords] Got valid mailbox number for MBDN
01-22 19:57:34.991  2864  2864 D RILJ    : [3735]> iccIO: SIM_IO 0xc0 0x6fc7  path: 3F007F20,0,0,15 aid: null [SUB0]
01-22 19:57:34.995  2864  2864 D SIMRecords: [SIMRecords] onRecordLoaded 14 requested: true
01-22 19:57:34.995  2864  2864 D SIMRecords: [SIMRecords] EF_AD: 00000002
01-22 19:57:34.995  2864  2864 D SIMRecords: [SIMRecords] setting4 mMncLength=2
01-22 19:57:34.995  2864  2864 D SIMRecords: [SIMRecords] mccmncCode=208150
01-22 19:57:34.995  2864  2864 D SIMRecords: [SIMRecords] update mccmnc=20815
01-22 19:57:34.995  1955  1975 D use-Rlog/RLOG-RIL: 12 RIL requests in the queue (1 pending, 1 handled, 10 unhandled)
01-22 19:57:34.997  2864  2864 D SubscriptionController: [getPhoneId]- no sims, returning default phoneId=2147483647
01-22 19:57:35.001  1955  2212 D use-Rlog/RLOG-RIL-IPC: 
01-22 19:57:35.002  1955  2212 D use-Rlog/RLOG-RIL-IPC: xmm626_sec_modem_fmt_recv: Received FMT message
01-22 19:57:35.002  1955  2212 D use-Rlog/RLOG-RIL-IPC: xmm626_sec_modem_fmt_recv: Message: aseq=0x39, command=IPC_SEC_RSIM_ACCESS, type=IPC_TYPE_RESP, size=8
01-22 19:57:35.002  1955  2212 D use-Rlog/RLOG-RIL-IPC: ================================= IPC FMT data =================================
01-22 19:57:35.002  1955  2212 D use-Rlog/RLOG-RIL-IPC: [0000]   90 00 05 00 00 00 00 00                            ........
01-22 19:57:35.002  1955  2212 D use-Rlog/RLOG-RIL-IPC: ================================================================================
01-22 19:57:35.002  1955  2212 D use-Rlog/RLOG-RIL: 11 RIL requests in the queue (0 pending, 0 handled, 11 unhandled)
01-22 19:57:35.002  2864  2967 D RILJ    : [3724]< SIM_IO IccIoResponse sw1:0x90 sw2:0x0 [SUB0]
01-22 19:57:35.002  1955  2216 D use-Rlog/RLOG-RIL-IPC: 
01-22 19:57:35.002  1955  2216 D use-Rlog/RLOG-RIL-IPC: xmm626_sec_modem_fmt_send: Sent FMT message
01-22 19:57:35.002  1955  2216 D use-Rlog/RLOG-RIL-IPC: xmm626_sec_modem_fmt_send: Message: mseq=0x3a, command=IPC_SEC_RSIM_ACCESS, type=IPC_TYPE_GET, size=6
01-22 19:57:35.002  1955  2216 D use-Rlog/RLOG-RIL-IPC: ================================= IPC FMT data =================================
01-22 19:57:35.003  1955  2216 D use-Rlog/RLOG-RIL-IPC: [0000]   B0 11 6F 00 00 01                                  ..o...
01-22 19:57:35.003  1955  2216 D use-Rlog/RLOG-RIL-IPC: ================================================================================
01-22 19:57:35.010  2864  2890 D SubscriptionController: [getActiveSubInfoList]- 1 infos return
01-22 19:57:35.018  2864  2864 D SIMRecords: [SIMRecords] onRecordLoaded 13 requested: true
01-22 19:57:35.018  2864  2864 D SIMRecords: [SIMRecords] MSISDN: xxxxxxx
01-22 19:57:35.018  2864  2864 D SIMRecords: [SIMRecords] onRecordLoaded 12 requested: true
01-22 19:57:35.021  1955  2212 D use-Rlog/RLOG-RIL-IPC: 
01-22 19:57:35.021  1955  2212 D use-Rlog/RLOG-RIL-IPC: xmm626_sec_modem_fmt_recv: Received FMT message
01-22 19:57:35.021  1955  2212 D use-Rlog/RLOG-RIL-IPC: xmm626_sec_modem_fmt_recv: Message: aseq=0x3a, command=IPC_SEC_RSIM_ACCESS, type=IPC_TYPE_RESP, size=4
01-22 19:57:35.021  1955  2212 D use-Rlog/RLOG-RIL-IPC: ================================= IPC FMT data =================================
01-22 19:57:35.021  1955  2212 D use-Rlog/RLOG-RIL-IPC: [0000]   90 00 01 55                                        ...U
01-22 19:57:35.021  1955  2212 D use-Rlog/RLOG-RIL-IPC: ================================================================================
01-22 19:57:35.021  1955  2212 D use-Rlog/RLOG-RIL: 10 RIL requests in the queue (0 pending, 0 handled, 10 unhandled)
01-22 19:57:35.022  2864  2967 D RILJ    : [3725]< SIM_IO IccIoResponse sw1:0x90 sw2:0x0 [SUB0]
01-22 19:57:35.022  1955  2216 D use-Rlog/RLOG-RIL-IPC: 
01-22 19:57:35.022  1955  2216 D use-Rlog/RLOG-RIL-IPC: xmm626_sec_modem_fmt_send: Sent FMT message
01-22 19:57:35.022  1955  2216 D use-Rlog/RLOG-RIL-IPC: xmm626_sec_modem_fmt_send: Message: mseq=0x3b, command=IPC_SEC_RSIM_ACCESS, type=IPC_TYPE_GET, size=6
01-22 19:57:35.022  1955  2216 D use-Rlog/RLOG-RIL-IPC: ================================= IPC FMT data =================================
01-22 19:57:35.022  1955  2216 D use-Rlog/RLOG-RIL-IPC: [0000]   B2 CB 6F 01 04 10                                  ..o...
01-22 19:57:35.022  1955  2216 D use-Rlog/RLOG-RIL-IPC: ================================================================================
01-22 19:57:35.030  2864  2864 D SIMRecords: [SIMRecords] EF_MWIS : 0000000000
01-22 19:57:35.030  2864  2864 D SIMRecords: [SIMRecords] onRecordLoaded 11 requested: true
01-22 19:57:35.030  2864  2864 D SIMRecords: [SIMRecords] EF_CPHS_MWI: 55
01-22 19:57:35.030  2864  2864 D SIMRecords: [SIMRecords] onRecordLoaded 10 requested: true
01-22 19:57:35.045  1955  2212 D use-Rlog/RLOG-RIL-IPC: 
01-22 19:57:35.045  1955  2212 D use-Rlog/RLOG-RIL-IPC: xmm626_sec_modem_fmt_recv: Received FMT message
01-22 19:57:35.045  1955  2212 D use-Rlog/RLOG-RIL-IPC: xmm626_sec_modem_fmt_recv: Message: aseq=0x3b, command=IPC_SEC_RSIM_ACCESS, type=IPC_TYPE_RESP, size=19
01-22 19:57:35.045  1955  2212 D use-Rlog/RLOG-RIL-IPC: ================================= IPC FMT data =================================
01-22 19:57:35.045  1955  2212 D use-Rlog/RLOG-RIL-IPC: [0000]   90 00 10 FF 00 FF FF FF  FF FF FF FF FF FF FF FF   ........ ........
01-22 19:57:35.045  1955  2212 D use-Rlog/RLOG-RIL-IPC: [0010]   FF FF FF                                           ...
01-22 19:57:35.045  1955  2212 D use-Rlog/RLOG-RIL-IPC: ================================================================================
01-22 19:57:35.045  1955  2212 D use-Rlog/RLOG-RIL: 9 RIL requests in the queue (0 pending, 0 handled, 9 unhandled)
01-22 19:57:35.045  2864  2967 D RILJ    : [3726]< SIM_IO IccIoResponse sw1:0x90 sw2:0x0 [SUB0]
01-22 19:57:35.045  2864  2864 D SIMRecords: [SIMRecords] EF_CFIS: ff00ffffffffffffffffffffffffffff
01-22 19:57:35.045  1955  2216 D use-Rlog/RLOG-RIL-IPC: 
01-22 19:57:35.046  1955  2216 D use-Rlog/RLOG-RIL-IPC: xmm626_sec_modem_fmt_send: Sent FMT message
01-22 19:57:35.046  2864  2864 D SIMRecords: [SIMRecords] onRecordLoaded 9 requested: true
01-22 19:57:35.046  1955  2216 D use-Rlog/RLOG-RIL-IPC: xmm626_sec_modem_fmt_send: Message: mseq=0x3c, command=IPC_SEC_RSIM_ACCESS, type=IPC_TYPE_GET, size=6
01-22 19:57:35.046  1955  2216 D use-Rlog/RLOG-RIL-IPC: ================================= IPC FMT data =================================
01-22 19:57:35.046  1955  2216 D use-Rlog/RLOG-RIL-IPC: [0000]   B0 13 6F 00 00 01                                  ..o...
01-22 19:57:35.046  1955  2216 D use-Rlog/RLOG-RIL-IPC: ================================================================================
01-22 19:57:35.064  1955  2212 D use-Rlog/RLOG-RIL-IPC: 
01-22 19:57:35.064  1955  2212 D use-Rlog/RLOG-RIL-IPC: xmm626_sec_modem_fmt_recv: Received FMT message
01-22 19:57:35.065  1955  2212 D use-Rlog/RLOG-RIL-IPC: xmm626_sec_modem_fmt_recv: Message: aseq=0x3c, command=IPC_SEC_RSIM_ACCESS, type=IPC_TYPE_RESP, size=4
01-22 19:57:35.065  1955  2212 D use-Rlog/RLOG-RIL-IPC: ================================= IPC FMT data =================================
01-22 19:57:35.065  1955  2212 D use-Rlog/RLOG-RIL-IPC: [0000]   90 00 01 55                                        ...U
01-22 19:57:35.065  1955  2212 D use-Rlog/RLOG-RIL-IPC: ================================================================================
01-22 19:57:35.065  1955  2212 D use-Rlog/RLOG-RIL: 8 RIL requests in the queue (0 pending, 0 handled, 8 unhandled)
01-22 19:57:35.065  2864  2967 D RILJ    : [3727]< SIM_IO IccIoResponse sw1:0x90 sw2:0x0 [SUB0]
01-22 19:57:35.065  2864  2864 D SIMRecords: [SIMRecords] EF_CFF_CPHS: 55
01-22 19:57:35.065  1955  2216 D use-Rlog/RLOG-RIL-IPC: 
01-22 19:57:35.065  2864  2864 D SIMRecords: [SIMRecords] onRecordLoaded 8 requested: true
01-22 19:57:35.065  1955  2216 D use-Rlog/RLOG-RIL-IPC: xmm626_sec_modem_fmt_send: Sent FMT message
01-22 19:57:35.065  1955  2216 D use-Rlog/RLOG-RIL-IPC: xmm626_sec_modem_fmt_send: Message: mseq=0x3d, command=IPC_SEC_RSIM_ACCESS, type=IPC_TYPE_GET, size=6
01-22 19:57:35.065  1955  2216 D use-Rlog/RLOG-RIL-IPC: ================================= IPC FMT data =================================
01-22 19:57:35.065  1955  2216 D use-Rlog/RLOG-RIL-IPC: [0000]   B0 46 6F 00 00 11                                  .Fo...
01-22 19:57:35.065  1955  2216 D use-Rlog/RLOG-RIL-IPC: ================================================================================
01-22 19:57:35.088  1955  2212 D use-Rlog/RLOG-RIL-IPC: 
01-22 19:57:35.088  1955  2212 D use-Rlog/RLOG-RIL-IPC: xmm626_sec_modem_fmt_recv: Received FMT message
01-22 19:57:35.089  1955  2212 D use-Rlog/RLOG-RIL-IPC: xmm626_sec_modem_fmt_recv: Message: aseq=0x3d, command=IPC_SEC_RSIM_ACCESS, type=IPC_TYPE_RESP, size=20
01-22 19:57:35.089  1955  2212 D use-Rlog/RLOG-RIL-IPC: ================================= IPC FMT data =================================
01-22 19:57:35.089  1955  2212 D use-Rlog/RLOG-RIL-IPC: [0000]   90 00 11 02 46 72 65 65  FF FF FF FF FF FF FF FF   ....Free ........
01-22 19:57:35.089  1955  2212 D use-Rlog/RLOG-RIL-IPC: [0010]   FF FF FF FF                                        ....
01-22 19:57:35.089  1955  2212 D use-Rlog/RLOG-RIL-IPC: ================================================================================
01-22 19:57:35.089  1955  2212 D use-Rlog/RLOG-RIL: 7 RIL requests in the queue (0 pending, 0 handled, 7 unhandled)
01-22 19:57:35.089  2864  2967 D RILJ    : [3728]< SIM_IO IccIoResponse sw1:0x90 sw2:0x0 [SUB0]
01-22 19:57:35.089  1955  2216 D use-Rlog/RLOG-RIL-IPC: 
01-22 19:57:35.089  1955  2216 D use-Rlog/RLOG-RIL-IPC: xmm626_sec_modem_fmt_send: Sent FMT message
01-22 19:57:35.089  1955  2216 D use-Rlog/RLOG-RIL-IPC: xmm626_sec_modem_fmt_send: Message: mseq=0x3e, command=IPC_SEC_RSIM_ACCESS, type=IPC_TYPE_GET, size=6
01-22 19:57:35.089  1955  2216 D use-Rlog/RLOG-RIL-IPC: ================================= IPC FMT data =================================
01-22 19:57:35.089  1955  2216 D use-Rlog/RLOG-RIL-IPC: [0000]   B0 CD 6F 00 00 1F                                  ..o...
01-22 19:57:35.089  1955  2216 D use-Rlog/RLOG-RIL-IPC: ================================================================================
01-22 19:57:35.090  2864  2864 D SIMRecords: [SIMRecords] getServiceProviderName: no brandOverride
01-22 19:57:35.090  2864  2864 D SIMRecords: [SIMRecords] getServiceProviderName: providerName=Free
01-22 19:57:35.090  2864  2864 D SIMRecords: [SIMRecords] Load EF_SPN: Free spnDisplayCondition: 2
01-22 19:57:35.090  2864  2864 D SIMRecords: [SIMRecords] getServiceProviderName: no brandOverride
01-22 19:57:35.090  2864  2864 D SIMRecords: [SIMRecords] getServiceProviderName: providerName=Free
01-22 19:57:35.090  2864  2864 D TelephonyManager: setTelephonyProperty: success phoneId=0 property=gsm.sim.operator.alpha value: Free propVal=Free
01-22 19:57:35.091  2864  2864 D SIMRecords: [SIMRecords] getServiceProviderName: no brandOverride
01-22 19:57:35.091  2864  2864 D SIMRecords: [SIMRecords] getServiceProviderName: providerName=Free
01-22 19:57:35.091  2864  2864 D SIMRecords: [SIMRecords] onRecordLoaded 7 requested: true
01-22 19:57:35.108  1955  2212 D use-Rlog/RLOG-RIL-IPC: 
01-22 19:57:35.108  1955  2212 D use-Rlog/RLOG-RIL-IPC: xmm626_sec_modem_fmt_recv: Received FMT message
01-22 19:57:35.108  1955  2212 D use-Rlog/RLOG-RIL-IPC: xmm626_sec_modem_fmt_recv: Message: aseq=0x3e, command=IPC_SEC_RSIM_ACCESS, type=IPC_TYPE_RESP, size=34
01-22 19:57:35.109  1955  2212 D use-Rlog/RLOG-RIL-IPC: ================================= IPC FMT data =================================
01-22 19:57:35.109  1955  2212 D use-Rlog/RLOG-RIL-IPC: [0000]   90 00 1F A3 08 80 06 02  F8 10 02 F8 20 FF FF FF   ........ .... ...
01-22 19:57:35.109  1955  2212 D use-Rlog/RLOG-RIL-IPC: [0010]   FF FF FF FF FF FF FF FF  FF FF FF FF FF FF FF FF   ........ ........
01-22 19:57:35.109  1955  2212 D use-Rlog/RLOG-RIL-IPC: [0020]   FF FF                                              ..
01-22 19:57:35.109  1955  2212 D use-Rlog/RLOG-RIL-IPC: ================================================================================
01-22 19:57:35.109  1955  2212 D use-Rlog/RLOG-RIL: 6 RIL requests in the queue (0 pending, 0 handled, 6 unhandled)
01-22 19:57:35.110  1955  2216 D use-Rlog/RLOG-RIL-IPC: 
01-22 19:57:35.110  1955  2216 D use-Rlog/RLOG-RIL-IPC: xmm626_sec_modem_fmt_send: Sent FMT message
01-22 19:57:35.110  1955  2216 D use-Rlog/RLOG-RIL-IPC: xmm626_sec_modem_fmt_send: Message: mseq=0x3f, command=IPC_SEC_RSIM_ACCESS, type=IPC_TYPE_GET, size=6
01-22 19:57:35.110  1955  2216 D use-Rlog/RLOG-RIL-IPC: ================================= IPC FMT data =================================
01-22 19:57:35.110  1955  2216 D use-Rlog/RLOG-RIL-IPC: [0000]   B2 C5 6F 01 04 28                                  ..o..(
01-22 19:57:35.110  1955  2216 D use-Rlog/RLOG-RIL-IPC: ================================================================================
01-22 19:57:35.110  2864  2967 D RILJ    : [3729]< SIM_IO IccIoResponse sw1:0x90 sw2:0x0 [SUB0]
01-22 19:57:35.111  2864  2864 D SIMRecords: [SIMRecords] EF_SPDI network: 20801
01-22 19:57:35.111  2864  2864 D SIMRecords: [SIMRecords] EF_SPDI network: 20802
01-22 19:57:35.111  2864  2864 D SIMRecords: [SIMRecords] onRecordLoaded 6 requested: true
01-22 19:57:35.126  2864  3125 D DCT     : [0]fetchDunApn: net.tethering.noprovisioning=true ret: null
01-22 19:57:35.126  2864  3125 D DCT     : [0]hasMatchedTetherApnSetting: APN=null
01-22 19:57:35.130  1955  2212 D use-Rlog/RLOG-RIL-IPC: 
01-22 19:57:35.130  1955  2212 D use-Rlog/RLOG-RIL-IPC: xmm626_sec_modem_fmt_recv: Received FMT message
01-22 19:57:35.130  1955  2212 D use-Rlog/RLOG-RIL-IPC: xmm626_sec_modem_fmt_recv: Message: aseq=0x3f, command=IPC_SEC_RSIM_ACCESS, type=IPC_TYPE_RESP, size=43
01-22 19:57:35.130  1955  2212 D use-Rlog/RLOG-RIL-IPC: ================================= IPC FMT data =================================
01-22 19:57:35.130  1955  2212 D use-Rlog/RLOG-RIL-IPC: [0000]   90 00 28 43 05 84 46 79  B9 0C 45 05 84 46 79 B9   ..(C..Fy ..E..Fy.
01-22 19:57:35.130  1955  2212 D use-Rlog/RLOG-RIL-IPC: [0010]   0C FF FF FF FF FF FF FF  FF FF FF FF FF FF FF FF   ........ ........
01-22 19:57:35.130  1955  2212 D use-Rlog/RLOG-RIL-IPC: [0020]   FF FF FF FF FF FF FF FF  FF FF FF                  ........ ...
01-22 19:57:35.130  1955  2212 D use-Rlog/RLOG-RIL-IPC: ================================================================================
01-22 19:57:35.130  1955  2212 D use-Rlog/RLOG-RIL: 5 RIL requests in the queue (0 pending, 0 handled, 5 unhandled)
01-22 19:57:35.131  2864  2967 D RILJ    : [3730]< SIM_IO IccIoResponse sw1:0x90 sw2:0x0 [SUB0]
01-22 19:57:35.131  1955  2216 D use-Rlog/RLOG-RIL-IPC: 
01-22 19:57:35.131  1955  2216 D use-Rlog/RLOG-RIL-IPC: xmm626_sec_modem_fmt_send: Sent FMT message
01-22 19:57:35.131  1955  2216 D use-Rlog/RLOG-RIL-IPC: xmm626_sec_modem_fmt_send: Message: mseq=0x40, command=IPC_SEC_RSIM_ACCESS, type=IPC_TYPE_GET, size=6
01-22 19:57:35.131  1955  2216 D use-Rlog/RLOG-RIL-IPC: ================================= IPC FMT data =================================
01-22 19:57:35.131  1955  2216 D use-Rlog/RLOG-RIL-IPC: [0000]   B0 38 6F 00 00 0A                                  .8o...
01-22 19:57:35.131  1955  2216 D use-Rlog/RLOG-RIL-IPC: ================================================================================
01-22 19:57:35.131  2864  2864 D SIMRecords: [SIMRecords] onRecordLoaded 5 requested: true
01-22 19:57:35.147  1955  2212 D use-Rlog/RLOG-RIL-IPC: 
01-22 19:57:35.147  1955  2212 D use-Rlog/RLOG-RIL-IPC: xmm626_sec_modem_fmt_recv: Received FMT message
01-22 19:57:35.147  1955  2212 D use-Rlog/RLOG-RIL-IPC: xmm626_sec_modem_fmt_recv: Message: aseq=0x40, command=IPC_SEC_RSIM_ACCESS, type=IPC_TYPE_RESP, size=13
01-22 19:57:35.147  1955  2212 D use-Rlog/RLOG-RIL-IPC: ================================= IPC FMT data =================================
01-22 19:57:35.147  1955  2212 D use-Rlog/RLOG-RIL-IPC: [0000]   90 00 0A 86 CF 17 AC E7  F2 04 00 00 02            ........ .....
01-22 19:57:35.147  1955  2212 D use-Rlog/RLOG-RIL-IPC: ================================================================================
01-22 19:57:35.147  1955  2212 D use-Rlog/RLOG-RIL: 4 RIL requests in the queue (0 pending, 0 handled, 4 unhandled)
01-22 19:57:35.148  2864  2967 D RILJ    : [3731]< SIM_IO IccIoResponse sw1:0x90 sw2:0x0 [SUB0]
01-22 19:57:35.148  1955  2216 D use-Rlog/RLOG-RIL-IPC: 
01-22 19:57:35.148  1955  2216 D use-Rlog/RLOG-RIL-IPC: xmm626_sec_modem_fmt_send: Sent FMT message
01-22 19:57:35.148  1955  2216 D use-Rlog/RLOG-RIL-IPC: xmm626_sec_modem_fmt_send: Message: mseq=0x41, command=IPC_SEC_RSIM_ACCESS, type=IPC_TYPE_GET, size=6
01-22 19:57:35.148  1955  2216 D use-Rlog/RLOG-RIL-IPC: ================================= IPC FMT data =================================
01-22 19:57:35.148  1955  2216 D use-Rlog/RLOG-RIL-IPC: [0000]   B0 16 6F 00 00 03                                  ..o...
01-22 19:57:35.148  1955  2216 D use-Rlog/RLOG-RIL-IPC: ================================================================================
01-22 19:57:35.151  2864  2864 D SIMRecords: [SIMRecords] SST: UsimServiceTable[80]={ FDN, FDN_EXTENSION, OUTGOING_CALL_INFO, INCOMING_CALL_INFO, SM_STORAGE, SM_STATUS_REPORTS, SM_SERVICE_PARAMS, CB_MESSAGE_ID, CB_MESSAGE_ID_RANGES, GROUP_ID_LEVEL_1, GROUP_ID_LEVEL_2, SPN, MSISDN, GSM_ACCESS, DATA_DL_VIA_SMS_PP, CALL_CONTROL_BY_USIM, RUN_AT_COMMAND, IGNORED_1, ENABLED_SERVICES_TABLE, APN_CONTROL_LIST, GSM_SECURITY_CONTEXT, CPBCCH_INFO, INVESTIGATION_SCAN, OPERATOR_PLMN_SELECT, PLMN_NETWORK_NAME, OPERATOR_PLMN_LIST, MBDN, MWI_STATUS, SERVICE_PROVIDER_DISPLAY_INFO, LAST_RPLMN_SELECTION_INDICATION }
01-22 19:57:35.151  2864  2864 D SIMRecords: [SIMRecords] onRecordLoaded 4 requested: true
01-22 19:57:35.167  1955  2212 D use-Rlog/RLOG-RIL-IPC: 
01-22 19:57:35.167  1955  2212 D use-Rlog/RLOG-RIL-IPC: xmm626_sec_modem_fmt_recv: Received FMT message
01-22 19:57:35.167  1955  2212 D use-Rlog/RLOG-RIL-IPC: xmm626_sec_modem_fmt_recv: Message: aseq=0x41, command=IPC_SEC_RSIM_ACCESS, type=IPC_TYPE_RESP, size=6
01-22 19:57:35.167  1955  2212 D use-Rlog/RLOG-RIL-IPC: ================================= IPC FMT data =================================
01-22 19:57:35.167  1955  2212 D use-Rlog/RLOG-RIL-IPC: [0000]   90 00 03 02 00 00                                  ......
01-22 19:57:35.167  1955  2212 D use-Rlog/RLOG-RIL-IPC: ================================================================================
01-22 19:57:35.167  1955  2212 D use-Rlog/RLOG-RIL: 3 RIL requests in the queue (0 pending, 0 handled, 3 unhandled)
01-22 19:57:35.168  2864  2967 D RILJ    : [3732]< SIM_IO IccIoResponse sw1:0x90 sw2:0x0 [SUB0]
01-22 19:57:35.168  1955  2216 D use-Rlog/RLOG-RIL-IPC: 
01-22 19:57:35.168  1955  2216 D use-Rlog/RLOG-RIL-IPC: xmm626_sec_modem_fmt_send: Sent FMT message
01-22 19:57:35.168  1955  2216 D use-Rlog/RLOG-RIL-IPC: xmm626_sec_modem_fmt_send: Message: mseq=0x42, command=IPC_SEC_RSIM_ACCESS, type=IPC_TYPE_GET, size=6
01-22 19:57:35.168  1955  2216 D use-Rlog/RLOG-RIL-IPC: ================================= IPC FMT data =================================
01-22 19:57:35.168  1955  2216 D use-Rlog/RLOG-RIL-IPC: [0000]   B0 3E 6F 00 00 04                                  .>o...
01-22 19:57:35.168  1955  2216 D use-Rlog/RLOG-RIL-IPC: ================================================================================
01-22 19:57:35.169  2864  2864 D SIMRecords: [SIMRecords] iCPHS: 020000
01-22 19:57:35.169  2864  2864 D SIMRecords: [SIMRecords] onRecordLoaded 3 requested: true
01-22 19:57:35.189  1955  2212 D use-Rlog/RLOG-RIL-IPC: 
01-22 19:57:35.189  1955  2212 D use-Rlog/RLOG-RIL-IPC: xmm626_sec_modem_fmt_recv: Received FMT message
01-22 19:57:35.189  1955  2212 D use-Rlog/RLOG-RIL-IPC: xmm626_sec_modem_fmt_recv: Message: aseq=0x42, command=IPC_SEC_RSIM_ACCESS, type=IPC_TYPE_RESP, size=7
01-22 19:57:35.189  1955  2212 D use-Rlog/RLOG-RIL-IPC: ================================= IPC FMT data =================================
01-22 19:57:35.189  1955  2212 D use-Rlog/RLOG-RIL-IPC: [0000]   90 00 04 FF FF FF FF                               .......
01-22 19:57:35.189  1955  2212 D use-Rlog/RLOG-RIL-IPC: ================================================================================
01-22 19:57:35.189  1955  2212 D use-Rlog/RLOG-RIL: 2 RIL requests in the queue (0 pending, 0 handled, 2 unhandled)
01-22 19:57:35.189  2864  2967 D RILJ    : [3733]< SIM_IO IccIoResponse sw1:0x90 sw2:0x0 [SUB0]
01-22 19:57:35.189  1955  2216 D use-Rlog/RLOG-RIL-IPC: 
01-22 19:57:35.189  1955  2216 D use-Rlog/RLOG-RIL-IPC: xmm626_sec_modem_fmt_send: Sent FMT message
01-22 19:57:35.189  1955  2216 D use-Rlog/RLOG-RIL-IPC: xmm626_sec_modem_fmt_send: Message: mseq=0x43, command=IPC_SEC_RSIM_ACCESS, type=IPC_TYPE_GET, size=6
01-22 19:57:35.189  1955  2216 D use-Rlog/RLOG-RIL-IPC: ================================= IPC FMT data =================================
01-22 19:57:35.189  1955  2216 D use-Rlog/RLOG-RIL-IPC: [0000]   B0 3F 6F 00 00 04                                  .?o...
01-22 19:57:35.189  1955  2216 D use-Rlog/RLOG-RIL-IPC: ================================================================================
01-22 19:57:35.190  2864  2864 D SIMRecords: [SIMRecords] GID1: ffffffff
01-22 19:57:35.190  2864  2864 D SIMRecords: [SIMRecords] onRecordLoaded 2 requested: true
01-22 19:57:35.209  1955  2212 D use-Rlog/RLOG-RIL-IPC: 
01-22 19:57:35.209  1955  2212 D use-Rlog/RLOG-RIL-IPC: xmm626_sec_modem_fmt_recv: Received FMT message
01-22 19:57:35.209  1955  2212 D use-Rlog/RLOG-RIL-IPC: xmm626_sec_modem_fmt_recv: Message: aseq=0x43, command=IPC_SEC_RSIM_ACCESS, type=IPC_TYPE_RESP, size=7
01-22 19:57:35.209  1955  2212 D use-Rlog/RLOG-RIL-IPC: ================================= IPC FMT data =================================
01-22 19:57:35.209  1955  2212 D use-Rlog/RLOG-RIL-IPC: [0000]   90 00 04 FF FF FF FF                               .......
01-22 19:57:35.209  1955  2212 D use-Rlog/RLOG-RIL-IPC: ================================================================================
01-22 19:57:35.209  1955  2212 D use-Rlog/RLOG-RIL: 1 RIL request in the queue (0 pending, 0 handled, 1 unhandled)
01-22 19:57:35.209  2864  2967 D RILJ    : [3734]< SIM_IO IccIoResponse sw1:0x90 sw2:0x0 [SUB0]
01-22 19:57:35.209  1955  2216 D use-Rlog/RLOG-RIL-IPC: 
01-22 19:57:35.210  1955  2216 D use-Rlog/RLOG-RIL-IPC: xmm626_sec_modem_fmt_send: Sent FMT message
01-22 19:57:35.210  1955  2216 D use-Rlog/RLOG-RIL-IPC: xmm626_sec_modem_fmt_send: Message: mseq=0x44, command=IPC_SEC_RSIM_ACCESS, type=IPC_TYPE_GET, size=6
01-22 19:57:35.210  1955  2216 D use-Rlog/RLOG-RIL-IPC: ================================= IPC FMT data =================================
01-22 19:57:35.210  1955  2216 D use-Rlog/RLOG-RIL-IPC: [0000]   C0 C7 6F 00 00 0F                                  ..o...
01-22 19:57:35.210  1955  2216 D use-Rlog/RLOG-RIL-IPC: ================================================================================
01-22 19:57:35.210  2864  2864 D SIMRecords: [SIMRecords] GID2: ffffffff
01-22 19:57:35.210  2864  2864 D SIMRecords: [SIMRecords] onRecordLoaded 1 requested: true
01-22 19:57:35.222  2864  3125 D SubscriptionController: [getActiveSubInfoList]+
01-22 19:57:35.257  2864  2892 D SubscriptionController: [getSubId]- sSlotIdxToSubId.size == 0, return DummySubIds slotIdx=0
01-22 19:57:35.281  2864  3125 D SubscriptionController: selection:sim_id>=0 null
01-22 19:57:35.294  1955  2212 D use-Rlog/RLOG-RIL-IPC: 
01-22 19:57:35.294  1955  2212 D use-Rlog/RLOG-RIL-IPC: xmm626_sec_modem_fmt_recv: Received FMT message
01-22 19:57:35.294  1955  2212 D use-Rlog/RLOG-RIL-IPC: xmm626_sec_modem_fmt_recv: Message: aseq=0x44, command=IPC_SEC_RSIM_ACCESS, type=IPC_TYPE_RESP, size=30
01-22 19:57:35.294  1955  2212 D use-Rlog/RLOG-RIL-IPC: ================================= IPC FMT data =================================
01-22 19:57:35.294  1955  2212 D use-Rlog/RLOG-RIL-IPC: [0000]   90 00 1B 62 19 82 05 02  21 00 1C 05 83 02 6F C7   ...b.... !.....o.
01-22 19:57:35.294  1955  2212 D use-Rlog/RLOG-RIL-IPC: [0010]   8A 01 05 8B 03 6F 06 04  80 02 00 8C 88 00         .....o.. ......
01-22 19:57:35.294  1955  2212 D use-Rlog/RLOG-RIL-IPC: ================================================================================
01-22 19:57:35.295  1955  2212 D use-Rlog/RLOG-RIL: 0 RIL request in the queue (0 pending, 0 handled, 0 unhandled)
01-22 19:57:35.295  2864  2967 D RILJ    : [3735]< SIM_IO IccIoResponse sw1:0x90 sw2:0x0 [SUB0]
01-22 19:57:35.295  2864  2864 D RILJ    : [3736]> iccIO: SIM_IO 0xb2 0x6fc7  path: 3F007F20,1,4,28 aid: null [SUB0]
01-22 19:57:35.302  1955  1975 D use-Rlog/RLOG-RIL: 1 RIL request in the queue (1 pending, 0 handled, 0 unhandled)
01-22 19:57:35.302  1955  2216 D use-Rlog/RLOG-RIL-IPC: 
01-22 19:57:35.302  1955  2216 D use-Rlog/RLOG-RIL-IPC: xmm626_sec_modem_fmt_send: Sent FMT message
01-22 19:57:35.302  1955  2216 D use-Rlog/RLOG-RIL-IPC: xmm626_sec_modem_fmt_send: Message: mseq=0x45, command=IPC_SEC_RSIM_ACCESS, type=IPC_TYPE_GET, size=6
01-22 19:57:35.302  1955  2216 D use-Rlog/RLOG-RIL-IPC: ================================= IPC FMT data =================================
01-22 19:57:35.302  1955  2216 D use-Rlog/RLOG-RIL-IPC: [0000]   B2 C7 6F 01 04 1C                                  ..o...
01-22 19:57:35.302  1955  2216 D use-Rlog/RLOG-RIL-IPC: ================================================================================
