01-22 19:57:38.773  1955  2212 D use-Rlog/RLOG-RIL-IPC: xmm626_sec_modem_fmt_send: Sent FMT message
01-22 19:57:38.773  1955  2212 D use-Rlog/RLOG-RIL-IPC: xmm626_sec_modem_fmt_send: Message: mseq=0x55, command=IPC_GPRS_PDP_CONTEXT, type=IPC_TYPE_SET, size=103
01-22 19:57:38.773  1955  2212 D use-Rlog/RLOG-RIL-IPC: ================================= IPC FMT data =================================
01-22 19:57:38.774  1955  2212 D use-Rlog/RLOG-RIL-IPC: [0000]   01 01 00 00 13 00 00 00  00 00 00 00 00 00 00 00   ........ ........
01-22 19:57:38.774  1955  2212 D use-Rlog/RLOG-RIL-IPC: [0010]   00 00 00 00 00 00 00 00  00 00 00 00 00 00 00 00   ........ ........
01-22 19:57:38.774  1955  2212 D use-Rlog/RLOG-RIL-IPC: [0020]   00 00 00 00 00 00 00 00  00 00 00 00 00 00 00 00   ........ ........
01-22 19:57:38.774  1955  2212 D use-Rlog/RLOG-RIL-IPC: [0030]   00 00 00 00 00 00 00 00  00 00 00 00 00 00 00 00   ........ ........
01-22 19:57:38.774  1955  2212 D use-Rlog/RLOG-RIL-IPC: [0040]   00 00 00 00 00 00 00 00  00 00 00 00 00 00 00 00   ........ ........
01-22 19:57:38.774  1955  2212 D use-Rlog/RLOG-RIL-IPC: [0050]   00 00 00 00 00 00 00 00  00 00 00 00 00 00 00 00   ........ ........
01-22 19:57:38.774  1955  2212 D use-Rlog/RLOG-RIL-IPC: [0060]   00 00 00 00 00 00 01                               .......
01-22 19:57:38.774  1955  2212 D use-Rlog/RLOG-RIL-IPC: ================================================================================
01-22 19:57:38.775  2864  3166 D RILJ    : [3772]> RIL_REQUEST_CDMA_SET_BROADCAST_CONFIG with 1 configs :  [SUB0]
01-22 19:57:38.775  2864  3166 D RILJ    : CdmaSmsBroadcastConfigInfo: Id [4096, 4096] ENABLED [SUB0]
01-22 19:57:38.776  1955  1975 D use-Rlog/RLOG-RIL: 2 RIL requests in the queue (1 pending, 1 handled, 0 unhandled)
01-22 19:57:38.776  1955  2216 D use-Rlog/RLOG-RIL: Unhandled RIL request: 93
01-22 19:57:38.776  1955  2216 D use-Rlog/RLOG-RIL: 1 RIL request in the queue (0 pending, 1 handled, 0 unhandled)
01-22 19:57:38.776  2864  2967 D RilRequest: [3772]< RIL_REQUEST_CDMA_SET_BROADCAST_CONFIG error: com.android.internal.telephony.CommandException: REQUEST_NOT_SUPPORTED ret=
01-22 19:57:38.777  1955  2212 D use-Rlog/RLOG-RIL-IPC: 
01-22 19:57:38.777  1955  2212 D use-Rlog/RLOG-RIL-IPC: xmm626_sec_modem_fmt_recv: Received FMT message
01-22 19:57:38.777  1955  2212 D use-Rlog/RLOG-RIL-IPC: xmm626_sec_modem_fmt_recv: Message: aseq=0x55, command=IPC_GEN_PHONE_RES, type=IPC_TYPE_RESP, size=5
01-22 19:57:38.777  1955  2212 D use-Rlog/RLOG-RIL-IPC: ================================= IPC FMT data =================================
01-22 19:57:38.777  1955  2212 D use-Rlog/RLOG-RIL-IPC: [0000]   0D 04 03 00 80                                     .....
01-22 19:57:38.777  1955  2212 D use-Rlog/RLOG-RIL-IPC: ================================================================================
01-22 19:57:38.777  1955  2212 D use-Rlog/RLOG-RIL: Generic response was expected
01-22 19:57:38.780  2864  2890 E PhoneFactory: Settings Exception Reading Dual Sim SMS Prompt Values
01-22 19:57:38.780  2864  2890 D PhoneFactory: SMS Prompt option:false
01-22 19:57:38.780  2864  2890 D RIL_UiccSmsController: isSmsSimPickActivityNeeded: false, sms prompt disabled.
01-22 19:57:38.781  2864  3149 D RILJ    : [3773]> RIL_REQUEST_GSM_SET_BROADCAST_CONFIG with 1 configs :  [SUB0]
01-22 19:57:38.781  2864  3149 D RILJ    : SmsBroadcastConfigInfo: Id [4383,4383] Code [0,255] ENABLED [SUB0]
01-22 19:57:38.782  1955  1975 D use-Rlog/RLOG-RIL: 2 RIL requests in the queue (1 pending, 1 handled, 0 unhandled)
01-22 19:57:38.782  1955  2216 D use-Rlog/RLOG-RIL: Unhandled RIL request: 90
01-22 19:57:38.782  1955  2216 D use-Rlog/RLOG-RIL: 1 RIL request in the queue (0 pending, 1 handled, 0 unhandled)
01-22 19:57:38.782  2864  2967 D RilRequest: [3773]< RIL_REQUEST_GSM_SET_BROADCAST_CONFIG error: com.android.internal.telephony.CommandException: REQUEST_NOT_SUPPORTED ret=
01-22 19:57:38.786  2864  3125 E PhoneFactory: Settings Exception Reading Dual Sim SMS Prompt Values
01-22 19:57:38.787  2864  3125 D PhoneFactory: SMS Prompt option:false
01-22 19:57:38.787  2864  3125 D RIL_UiccSmsController: isSmsSimPickActivityNeeded: false, sms prompt disabled.
01-22 19:57:38.792  2864  2892 E PhoneFactory: Settings Exception Reading Dual Sim SMS Prompt Values
01-22 19:57:38.793  2864  2892 D PhoneFactory: SMS Prompt option:false
01-22 19:57:38.793  2864  2892 D RIL_UiccSmsController: isSmsSimPickActivityNeeded: false, sms prompt disabled.
01-22 19:57:38.802  2864  2892 E PhoneFactory: Settings Exception Reading Dual Sim SMS Prompt Values
01-22 19:57:38.802  2864  2892 D PhoneFactory: SMS Prompt option:false
01-22 19:57:38.802  2864  2892 D RIL_UiccSmsController: isSmsSimPickActivityNeeded: false, sms prompt disabled.
01-22 19:57:38.810  2864  2892 E PhoneFactory: Settings Exception Reading Dual Sim SMS Prompt Values
01-22 19:57:38.810  2864  2892 D PhoneFactory: SMS Prompt option:false
01-22 19:57:38.811  2864  2892 D RIL_UiccSmsController: isSmsSimPickActivityNeeded: false, sms prompt disabled.
01-22 19:57:38.815  1955  2212 D use-Rlog/RLOG-RIL-IPC: 
01-22 19:57:38.815  1955  2212 D use-Rlog/RLOG-RIL-IPC: xmm626_sec_modem_fmt_recv: Received FMT message
01-22 19:57:38.815  1955  2212 D use-Rlog/RLOG-RIL-IPC: xmm626_sec_modem_fmt_recv: Message: aseq=0x55, command=IPC_GPRS_HSDPA_STATUS, type=IPC_TYPE_NOTI, size=1
01-22 19:57:38.815  1955  2212 D use-Rlog/RLOG-RIL-IPC: ================================= IPC FMT data =================================
01-22 19:57:38.815  1955  2212 D use-Rlog/RLOG-RIL-IPC: [0000]   01                                                 .
01-22 19:57:38.815  1955  2212 D use-Rlog/RLOG-RIL-IPC: ================================================================================
01-22 19:57:38.815  1955  2212 D use-Rlog/RLOG-RIL-IPC: 
01-22 19:57:38.815  1955  2212 D use-Rlog/RLOG-RIL-IPC: xmm626_sec_modem_fmt_recv: Received FMT message
01-22 19:57:38.815  1955  2212 D use-Rlog/RLOG-RIL-IPC: xmm626_sec_modem_fmt_recv: Message: aseq=0x55, command=IPC_GPRS_HSDPA_STATUS, type=IPC_TYPE_NOTI, size=1
01-22 19:57:38.815  1955  2212 D use-Rlog/RLOG-RIL-IPC: ================================= IPC FMT data =================================
01-22 19:57:38.815  1955  2212 D use-Rlog/RLOG-RIL-IPC: [0000]   01                                                 .
01-22 19:57:38.815  1955  2212 D use-Rlog/RLOG-RIL-IPC: ================================================================================
01-22 19:57:38.910  1955  2212 D use-Rlog/RLOG-RIL-IPC: 
01-22 19:57:38.910  1955  2212 D use-Rlog/RLOG-RIL-IPC: xmm626_sec_modem_fmt_recv: Received FMT message
01-22 19:57:38.910  1955  2212 D use-Rlog/RLOG-RIL-IPC: xmm626_sec_modem_fmt_recv: Message: aseq=0x55, command=IPC_DISP_ICON_INFO, type=IPC_TYPE_NOTI, size=4
01-22 19:57:38.910  1955  2212 D use-Rlog/RLOG-RIL-IPC: ================================= IPC FMT data =================================
01-22 19:57:38.911  1955  2212 D use-Rlog/RLOG-RIL-IPC: [0000]   FF 01 00 05                                        ....
01-22 19:57:38.911  1955  2212 D use-Rlog/RLOG-RIL-IPC: ================================================================================
01-22 19:57:38.911  1955  2212 D use-Rlog/RLOG-RIL: Signal strength is 3
01-22 19:57:38.911  1955  2212 D use-Rlog/RLOG-RIL-IPC: 
01-22 19:57:38.911  1955  2212 D use-Rlog/RLOG-RIL-IPC: xmm626_sec_modem_fmt_recv: Received FMT message
01-22 19:57:38.911  1955  2212 D use-Rlog/RLOG-RIL-IPC: xmm626_sec_modem_fmt_recv: Message: aseq=0x55, command=IPC_DISP_RSSI_INFO, type=IPC_TYPE_NOTI, size=1
01-22 19:57:38.911  1955  2212 D use-Rlog/RLOG-RIL-IPC: ================================= IPC FMT data =================================
01-22 19:57:38.911  1955  2212 D use-Rlog/RLOG-RIL-IPC: [0000]   69                                                 i
01-22 19:57:38.911  1955  2212 D use-Rlog/RLOG-RIL-IPC: ================================================================================
01-22 19:57:38.911  1955  2212 D use-Rlog/RLOG-RIL: Signal strength is 4
01-22 19:57:38.911  2864  2864 D DefaultPhoneNotifier: notifySignalStrength: mRegistry=com.android.internal.telephony.ITelephonyRegistry$Stub$Proxy@b2c19a9 ss=SignalStrength: 3 99 -120 -160 -120 -1 -1 99 2147483647 2147483647 2147483647 -1 2147483647 gsm|lte sender=Handler (com.android.internal.telephony.gsm.GSMPhone) {e262d71}
01-22 19:57:38.914  2864  2864 D DefaultPhoneNotifier: notifySignalStrength: mRegistry=com.android.internal.telephony.ITelephonyRegistry$Stub$Proxy@b2c19a9 ss=SignalStrength: 4 99 -120 -160 -120 -1 -1 99 2147483647 2147483647 2147483647 -1 2147483647 gsm|lte sender=Handler (com.android.internal.telephony.gsm.GSMPhone) {e262d71}
01-22 19:57:38.971  2864  3125 D SubscriptionController: [getPhoneId] asked for default subId=3
01-22 19:57:39.011  2864  3077 D SubscriptionController: [getActiveSubInfoList]+
01-22 19:57:39.022  2864  3077 D SubscriptionController: selection:sim_id>=0 null
01-22 19:57:39.028  2864  3077 D SubscriptionController: [getSubInfoRecord] id:3 iccid:893315011XXXXXXXXXXX simSlotIndex:0 displayName:Free nameSource:0 iconTint:-16746133 dataRoaming:0 mcc:0 mnc:0 countIso:fr userNwMode:0
01-22 19:57:39.032  2864  3077 D SubscriptionController: [getActiveSubInfoList]- 1 infos return
01-22 19:57:39.040  2864  3166 D SubscriptionController: [getActiveSubInfoList]+
01-22 19:57:39.041  2864  3166 D SubscriptionController: selection:sim_id>=0 null
01-22 19:57:39.045  2864  3166 D SubscriptionController: [getSubInfoRecord] id:3 iccid:893315011XXXXXXXXXXX simSlotIndex:0 displayName:Free nameSource:0 iconTint:-16746133 dataRoaming:0 mcc:0 mnc:0 countIso:fr userNwMode:0
01-22 19:57:39.048  2864  3166 D SubscriptionController: [getActiveSubInfoList]- 1 infos return
01-22 19:57:39.102  2864  2864 D SubscriptionController: [getPhoneId] asked for default subId=3
01-22 19:57:39.106  2864  3149 D SubscriptionController: [getActiveSubInfoList]+
01-22 19:57:39.191  2864  3149 D SubscriptionController: selection:sim_id>=0 null
01-22 19:57:39.245  2864  3077 D SubscriptionController: [getActiveSubInfoList]+
01-22 19:57:39.249  2864  3077 D SubscriptionController: selection:sim_id>=0 null
01-22 19:57:39.331  2864  3077 D SubscriptionController: [getSubInfoRecord] id:3 iccid:893315011XXXXXXXXXXX simSlotIndex:0 displayName:Free nameSource:0 iconTint:-16746133 dataRoaming:0 mcc:0 mnc:0 countIso:fr userNwMode:0
01-22 19:57:39.331  2864  3166 D SubscriptionController: [getActiveSubInfoList]+
01-22 19:57:39.332  2864  3166 D SubscriptionController: selection:sim_id>=0 null
01-22 19:57:39.338  2864  3166 D SubscriptionController: [getSubInfoRecord] id:3 iccid:893315011XXXXXXXXXXX simSlotIndex:0 displayName:Free nameSource:0 iconTint:-16746133 dataRoaming:0 mcc:0 mnc:0 countIso:fr userNwMode:0
01-22 19:57:39.338  2864  3077 D SubscriptionController: [getActiveSubInfoList]- 1 infos return
01-22 19:57:39.341  2864  3166 D SubscriptionController: [getActiveSubInfoList]- 1 infos return
01-22 19:57:39.341  2864  3166 D SubscriptionController: [getActiveSubInfoForSubscriber]+ subId=3 subInfo={id=3, iccId=893315011XXXXXXXXXXX simSlotIndex=0 displayName=Free carrierName=Free nameSource=0 iconTint=-16746133 dataRoaming=0 iconBitmap=android.graphics.Bitmap@fef910 mcc 0 mnc 0 mUserNwMode=0}
01-22 19:57:39.345  2864  3125 D SubscriptionController: [getActiveSubInfoList]+
01-22 19:57:39.346  2864  3125 D SubscriptionController: selection:sim_id>=0 null
01-22 19:57:39.349  2864  3125 D SubscriptionController: [getSubInfoRecord] id:3 iccid:893315011XXXXXXXXXXX simSlotIndex:0 displayName:Free nameSource:0 iconTint:-16746133 dataRoaming:0 mcc:0 mnc:0 countIso:fr userNwMode:0
01-22 19:57:39.352  2864  3125 D SubscriptionController: [getActiveSubInfoList]- 1 infos return
01-22 19:57:39.352  2864  3125 D SubscriptionController: [getActiveSubInfoForSubscriber]+ subId=3 subInfo={id=3, iccId=893315011XXXXXXXXXXX simSlotIndex=0 displayName=Free carrierName=Free nameSource=0 iconTint=-16746133 dataRoaming=0 iconBitmap=android.graphics.Bitmap@a63de0e mcc 0 mnc 0 mUserNwMode=0}
01-22 19:57:39.415  2864  3149 D SubscriptionController: [getSubInfoRecord] id:3 iccid:893315011XXXXXXXXXXX simSlotIndex:0 displayName:Free nameSource:0 iconTint:-16746133 dataRoaming:0 mcc:0 mnc:0 countIso:fr userNwMode:0
01-22 19:57:39.442  2864  3149 D SubscriptionController: [getActiveSubInfoList]- 1 infos return
01-22 19:57:39.442  2864  3149 D SubscriptionController: [getActiveSubInfoForSubscriber]+ subId=3 subInfo={id=3, iccId=893315011XXXXXXXXXXX simSlotIndex=0 displayName=Free carrierName=Free nameSource=0 iconTint=-16746133 dataRoaming=0 iconBitmap=android.graphics.Bitmap@3886fc5 mcc 0 mnc 0 mUserNwMode=0}
01-22 19:57:39.486  2864  3125 D SubscriptionController: [getActiveSubInfoList]+
01-22 19:57:39.490  2864  3125 D SubscriptionController: selection:sim_id>=0 null
01-22 19:57:39.503  2864  3125 D SubscriptionController: [getSubInfoRecord] id:3 iccid:893315011XXXXXXXXXXX simSlotIndex:0 displayName:Free nameSource:0 iconTint:-16746133 dataRoaming:0 mcc:0 mnc:0 countIso:fr userNwMode:0
01-22 19:57:39.520  2864  3125 D SubscriptionController: [getActiveSubInfoList]- 1 infos return
01-22 19:57:39.575  2864  3149 E PhoneFactory: Settings Exception Reading Dual Sim SMS Prompt Values
01-22 19:57:39.575  2864  3149 D PhoneFactory: SMS Prompt option:false
01-22 19:57:39.575  2864  3149 D RIL_UiccSmsController: isSmsSimPickActivityNeeded: false, sms prompt disabled.
01-22 19:57:39.610  2864  3328 D SubscriptionController: [getActiveSubInfoList]+
01-22 19:57:39.611  2864  3328 D SubscriptionController: selection:sim_id>=0 null
01-22 19:57:39.614  2864  3328 D SubscriptionController: [getSubInfoRecord] id:3 iccid:893315011XXXXXXXXXXX simSlotIndex:0 displayName:Free nameSource:0 iconTint:-16746133 dataRoaming:0 mcc:0 mnc:0 countIso:fr userNwMode:0
01-22 19:57:39.617  2864  3328 D SubscriptionController: [getActiveSubInfoList]- 1 infos return
01-22 19:57:39.623  2864  3149 D SubscriptionController: [getActiveSubInfoList]+
01-22 19:57:39.624  2864  3149 D SubscriptionController: selection:sim_id>=0 null
01-22 19:57:39.628  2864  3149 D SubscriptionController: [getSubInfoRecord] id:3 iccid:893315011XXXXXXXXXXX simSlotIndex:0 displayName:Free nameSource:0 iconTint:-16746133 dataRoaming:0 mcc:0 mnc:0 countIso:fr userNwMode:0
01-22 19:57:39.631  2864  3149 D SubscriptionController: [getActiveSubInfoList]- 1 infos return
01-22 19:57:39.634  2864  2892 D SubscriptionController: [getActiveSubInfoList]+
01-22 19:57:39.634  2864  2892 D SubscriptionController: selection:sim_id>=0 null
01-22 19:57:39.638  2864  2892 D SubscriptionController: [getSubInfoRecord] id:3 iccid:893315011XXXXXXXXXXX simSlotIndex:0 displayName:Free nameSource:0 iconTint:-16746133 dataRoaming:0 mcc:0 mnc:0 countIso:fr userNwMode:0
01-22 19:57:39.640  2864  2892 D SubscriptionController: [getActiveSubInfoList]- 1 infos return
01-22 19:57:39.640  2864  2892 D SubscriptionController: [getActiveSubInfoForSubscriber]+ subId=3 subInfo={id=3, iccId=893315011XXXXXXXXXXX simSlotIndex=0 displayName=Free carrierName=Free nameSource=0 iconTint=-16746133 dataRoaming=0 iconBitmap=android.graphics.Bitmap@321d27d mcc 0 mnc 0 mUserNwMode=0}
01-22 19:57:39.693  2864  3166 D SubscriptionController: [getPhoneId] asked for default subId=3
01-22 19:57:39.702  2864  2892 D SubscriptionController: [getPhoneId] asked for default subId=3
01-22 19:57:39.703  2864  3125 E PhoneFactory: Settings Exception Reading Dual Sim SMS Prompt Values
01-22 19:57:39.703  2864  3125 D PhoneFactory: SMS Prompt option:false
01-22 19:57:39.703  2864  3125 D RIL_UiccSmsController: isSmsSimPickActivityNeeded: false, sms prompt disabled.
01-22 19:57:39.713  2864  2890 D SubscriptionController: [getActiveSubInfoList]+
01-22 19:57:39.715  2864  2890 D SubscriptionController: selection:sim_id>=0 null
01-22 19:57:39.719  2864  2890 D SubscriptionController: [getSubInfoRecord] id:3 iccid:893315011XXXXXXXXXXX simSlotIndex:0 displayName:Free nameSource:0 iconTint:-16746133 dataRoaming:0 mcc:0 mnc:0 countIso:fr userNwMode:0
01-22 19:57:39.722  2864  2890 D SubscriptionController: [getActiveSubInfoList]- 1 infos return
01-22 19:57:39.724  2864  3166 D SubscriptionController: [getActiveSubInfoList]+
01-22 19:57:39.727  2864  3077 D SubscriptionController: [getActiveSubInfoList]+
01-22 19:57:39.767  2864  3077 D SubscriptionController: selection:sim_id>=0 null
01-22 19:57:39.771  2864  3166 D SubscriptionController: selection:sim_id>=0 null
01-22 19:57:39.772  2864  3077 D SubscriptionController: [getSubInfoRecord] id:3 iccid:893315011XXXXXXXXXXX simSlotIndex:0 displayName:Free nameSource:0 iconTint:-16746133 dataRoaming:0 mcc:0 mnc:0 countIso:fr userNwMode:0
01-22 19:57:39.775  2864  3077 D SubscriptionController: [getActiveSubInfoList]- 1 infos return
01-22 19:57:39.775  2864  3077 D SubscriptionController: [getActiveSubInfoForSubscriber]+ subId=3 subInfo={id=3, iccId=893315011XXXXXXXXXXX simSlotIndex=0 displayName=Free carrierName=Free nameSource=0 iconTint=-16746133 dataRoaming=0 iconBitmap=android.graphics.Bitmap@b8ac640 mcc 0 mnc 0 mUserNwMode=0}
01-22 19:57:39.847  2864  2892 E PhoneFactory: Settings Exception Reading Dual Sim SMS Prompt Values
01-22 19:57:39.847  2864  2892 D PhoneFactory: SMS Prompt option:false
01-22 19:57:39.847  2864  2892 D RIL_UiccSmsController: isSmsSimPickActivityNeeded: false, sms prompt disabled.
01-22 19:57:39.858  2864  3166 D SubscriptionController: [getSubInfoRecord] id:3 iccid:893315011XXXXXXXXXXX simSlotIndex:0 displayName:Free nameSource:0 iconTint:-16746133 dataRoaming:0 mcc:0 mnc:0 countIso:fr userNwMode:0
01-22 19:57:39.942  2864  3166 D SubscriptionController: [getActiveSubInfoList]- 1 infos return
01-22 19:57:39.956  2864  3166 D SubscriptionController: [getActiveSubInfoForSubscriber]+ subId=3 subInfo={id=3, iccId=893315011XXXXXXXXXXX simSlotIndex=0 displayName=Free carrierName=Free nameSource=0 iconTint=-16746133 dataRoaming=0 iconBitmap=android.graphics.Bitmap@f89e6be mcc 0 mnc 0 mUserNwMode=0}
01-22 19:57:39.966  2864  3125 D SubscriptionController: [getActiveSubInfoList]+
01-22 19:57:39.967  2864  3125 D SubscriptionController: selection:sim_id>=0 null
01-22 19:57:40.016  2864  3125 D SubscriptionController: [getSubInfoRecord] id:3 iccid:893315011XXXXXXXXXXX simSlotIndex:0 displayName:Free nameSource:0 iconTint:-16746133 dataRoaming:0 mcc:0 mnc:0 countIso:fr userNwMode:0
01-22 19:57:40.170  2864  3125 D SubscriptionController: [getActiveSubInfoList]- 1 infos return
01-22 19:57:40.170  2864  3125 D SubscriptionController: [getActiveSubInfoForSubscriber]+ subId=3 subInfo={id=3, iccId=893315011XXXXXXXXXXX simSlotIndex=0 displayName=Free carrierName=Free nameSource=0 iconTint=-16746133 dataRoaming=0 iconBitmap=android.graphics.Bitmap@876066c mcc 0 mnc 0 mUserNwMode=0}
01-22 19:57:40.265  2864  3149 D SubscriptionController: [getActiveSubInfoList]+
01-22 19:57:40.265  2864  3149 D SubscriptionController: selection:sim_id>=0 null
01-22 19:57:40.269  2864  3149 D SubscriptionController: [getSubInfoRecord] id:3 iccid:893315011XXXXXXXXXXX simSlotIndex:0 displayName:Free nameSource:0 iconTint:-16746133 dataRoaming:0 mcc:0 mnc:0 countIso:fr userNwMode:0
01-22 19:57:40.274  2864  3149 D SubscriptionController: [getActiveSubInfoList]- 1 infos return
01-22 19:57:40.274  2864  3149 D SubscriptionController: [getActiveSubInfoForSubscriber]+ subId=3 subInfo={id=3, iccId=893315011XXXXXXXXXXX simSlotIndex=0 displayName=Free carrierName=Free nameSource=0 iconTint=-16746133 dataRoaming=0 iconBitmap=android.graphics.Bitmap@479b0ca mcc 0 mnc 0 mUserNwMode=0}
01-22 19:57:40.275  2864  3077 D SubscriptionController: [getActiveSubInfoList]+
01-22 19:57:40.281  2864  3077 D SubscriptionController: selection:sim_id>=0 null
01-22 19:57:40.287  2864  3077 D SubscriptionController: [getSubInfoRecord] id:3 iccid:893315011XXXXXXXXXXX simSlotIndex:0 displayName:Free nameSource:0 iconTint:-16746133 dataRoaming:0 mcc:0 mnc:0 countIso:fr userNwMode:0
01-22 19:57:40.291  2864  3077 D SubscriptionController: [getActiveSubInfoList]- 1 infos return
01-22 19:57:40.291  2864  3077 D SubscriptionController: [getActiveSubInfoForSubscriber]+ subId=3 subInfo={id=3, iccId=893315011XXXXXXXXXXX simSlotIndex=0 displayName=Free carrierName=Free nameSource=0 iconTint=-16746133 dataRoaming=0 iconBitmap=android.graphics.Bitmap@1f31d58 mcc 0 mnc 0 mUserNwMode=0}
01-22 19:57:40.339  2864  3077 D SubscriptionController: [getPhoneId] asked for default subId=3
01-22 19:57:40.439  2864  3166 D SubscriptionController: [getActiveSubInfoList]+
01-22 19:57:40.439  2864  3166 D SubscriptionController: selection:sim_id>=0 null
01-22 19:57:40.442  2864  3166 D SubscriptionController: [getSubInfoRecord] id:3 iccid:893315011XXXXXXXXXXX simSlotIndex:0 displayName:Free nameSource:0 iconTint:-16746133 dataRoaming:0 mcc:0 mnc:0 countIso:fr userNwMode:0
01-22 19:57:40.444  2864  3166 D SubscriptionController: [getActiveSubInfoList]- 1 infos return
01-22 19:57:40.444  2864  3166 D SubscriptionController: [getActiveSubInfoForSubscriber]- subId=1 subList=[{id=3, iccId=893315011XXXXXXXXXXX simSlotIndex=0 displayName=Free carrierName=Free nameSource=0 iconTint=-16746133 dataRoaming=0 iconBitmap=android.graphics.Bitmap@1ea0f96 mcc 0 mnc 0 mUserNwMode=0}] subInfo=null
01-22 19:57:40.446  2864  2892 D SubscriptionController: [getActiveSubInfoList]+
01-22 19:57:40.446  2864  2892 D SubscriptionController: selection:sim_id>=0 null
01-22 19:57:40.449  2864  2892 D SubscriptionController: [getSubInfoRecord] id:3 iccid:893315011XXXXXXXXXXX simSlotIndex:0 displayName:Free nameSource:0 iconTint:-16746133 dataRoaming:0 mcc:0 mnc:0 countIso:fr userNwMode:0
01-22 19:57:40.452  2864  2892 D SubscriptionController: [getActiveSubInfoList]- 1 infos return
01-22 19:57:40.452  2864  2892 D SubscriptionController: [getActiveSubInfoForSubscriber]- subId=1 subList=[{id=3, iccId=893315011XXXXXXXXXXX simSlotIndex=0 displayName=Free carrierName=Free nameSource=0 iconTint=-16746133 dataRoaming=0 iconBitmap=android.graphics.Bitmap@328b704 mcc 0 mnc 0 mUserNwMode=0}] subInfo=null
01-22 19:57:40.469  2864  3077 D SubscriptionController: [getActiveSubInfoList]+
01-22 19:57:40.470  2864  3077 D SubscriptionController: selection:sim_id>=0 null
01-22 19:57:40.474  2864  3077 D SubscriptionController: [getSubInfoRecord] id:3 iccid:893315011XXXXXXXXXXX simSlotIndex:0 displayName:Free nameSource:0 iconTint:-16746133 dataRoaming:0 mcc:0 mnc:0 countIso:fr userNwMode:0
01-22 19:57:40.476  2864  3077 D SubscriptionController: [getActiveSubInfoList]- 1 infos return
01-22 19:57:40.476  2864  3077 D SubscriptionController: [getActiveSubInfoForSubscriber]- subId=2 subList=[{id=3, iccId=893315011XXXXXXXXXXX simSlotIndex=0 displayName=Free carrierName=Free nameSource=0 iconTint=-16746133 dataRoaming=0 iconBitmap=android.graphics.Bitmap@62f8f22 mcc 0 mnc 0 mUserNwMode=0}] subInfo=null
01-22 19:57:40.477  2864  3125 D SubscriptionController: [getActiveSubInfoList]+
01-22 19:57:40.478  2864  3125 D SubscriptionController: selection:sim_id>=0 null
01-22 19:57:40.481  2864  3125 D SubscriptionController: [getSubInfoRecord] id:3 iccid:893315011XXXXXXXXXXX simSlotIndex:0 displayName:Free nameSource:0 iconTint:-16746133 dataRoaming:0 mcc:0 mnc:0 countIso:fr userNwMode:0
01-22 19:57:40.483  2864  3125 D SubscriptionController: [getActiveSubInfoList]- 1 infos return
01-22 19:57:40.483  2864  3125 D SubscriptionController: [getActiveSubInfoForSubscriber]- subId=2 subList=[{id=3, iccId=893315011XXXXXXXXXXX simSlotIndex=0 displayName=Free carrierName=Free nameSource=0 iconTint=-16746133 dataRoaming=0 iconBitmap=android.graphics.Bitmap@fc3f70 mcc 0 mnc 0 mUserNwMode=0}] subInfo=null
01-22 19:57:40.491  2864  3166 D SubscriptionController: [getActiveSubInfoList]+
01-22 19:57:40.491  2864  3166 D SubscriptionController: selection:sim_id>=0 null
01-22 19:57:40.495  2864  3166 D SubscriptionController: [getSubInfoRecord] id:3 iccid:893315011XXXXXXXXXXX simSlotIndex:0 displayName:Free nameSource:0 iconTint:-16746133 dataRoaming:0 mcc:0 mnc:0 countIso:fr userNwMode:0
01-22 19:57:40.497  2864  3166 D SubscriptionController: [getActiveSubInfoList]- 1 infos return
01-22 19:57:40.498  2864  3166 D SubscriptionController: [getActiveSubInfoForSubscriber]+ subId=3 subInfo={id=3, iccId=893315011XXXXXXXXXXX simSlotIndex=0 displayName=Free carrierName=Free nameSource=0 iconTint=-16746133 dataRoaming=0 iconBitmap=android.graphics.Bitmap@e5b7b6e mcc 0 mnc 0 mUserNwMode=0}
01-22 19:57:40.500  2864  2892 D SubscriptionController: [getActiveSubInfoList]+
01-22 19:57:40.500  2864  2892 D SubscriptionController: selection:sim_id>=0 null
01-22 19:57:40.503  2864  2892 D SubscriptionController: [getSubInfoRecord] id:3 iccid:893315011XXXXXXXXXXX simSlotIndex:0 displayName:Free nameSource:0 iconTint:-16746133 dataRoaming:0 mcc:0 mnc:0 countIso:fr userNwMode:0
01-22 19:57:40.507  2864  2892 D SubscriptionController: [getActiveSubInfoList]- 1 infos return
01-22 19:57:40.508  2864  2892 D SubscriptionController: [getActiveSubInfoForSubscriber]+ subId=3 subInfo={id=3, iccId=893315011XXXXXXXXXXX simSlotIndex=0 displayName=Free carrierName=Free nameSource=0 iconTint=-16746133 dataRoaming=0 iconBitmap=android.graphics.Bitmap@73de29c mcc 0 mnc 0 mUserNwMode=0}
01-22 19:57:40.518  2864  3125 D SubscriptionController: [getActiveSubInfoList]+
01-22 19:57:40.520  2864  2890 D SubscriptionController: [getActiveSubInfoList]+
01-22 19:57:40.520  2864  3125 D SubscriptionController: selection:sim_id>=0 null
01-22 19:57:40.520  2864  2890 D SubscriptionController: selection:sim_id>=0 null
01-22 19:57:40.524  2864  2890 D SubscriptionController: [getSubInfoRecord] id:3 iccid:893315011XXXXXXXXXXX simSlotIndex:0 displayName:Free nameSource:0 iconTint:-16746133 dataRoaming:0 mcc:0 mnc:0 countIso:fr userNwMode:0
01-22 19:57:40.527  2864  2890 D SubscriptionController: [getActiveSubInfoList]- 1 infos return
01-22 19:57:40.527  2864  2890 D SubscriptionController: [getActiveSubInfoForSubscriber]+ subId=3 subInfo={id=3, iccId=893315011XXXXXXXXXXX simSlotIndex=0 displayName=Free carrierName=Free nameSource=0 iconTint=-16746133 dataRoaming=0 iconBitmap=android.graphics.Bitmap@547e07a mcc 0 mnc 0 mUserNwMode=0}
01-22 19:57:40.534  2864  3125 D SubscriptionController: [getSubInfoRecord] id:3 iccid:893315011XXXXXXXXXXX simSlotIndex:0 displayName:Free nameSource:0 iconTint:-16746133 dataRoaming:0 mcc:0 mnc:0 countIso:fr userNwMode:0
01-22 19:57:40.578  2864  3125 D SubscriptionController: [getActiveSubInfoList]- 1 infos return
01-22 19:57:40.578  2864  3125 D SubscriptionController: [getActiveSubInfoForSubscriber]- subId=1 subList=[{id=3, iccId=893315011XXXXXXXXXXX simSlotIndex=0 displayName=Free carrierName=Free nameSource=0 iconTint=-16746133 dataRoaming=0 iconBitmap=android.graphics.Bitmap@c948c88 mcc 0 mnc 0 mUserNwMode=0}] subInfo=null
01-22 19:57:40.604  2864  3166 D SubscriptionController: [getActiveSubInfoList]+
01-22 19:57:40.618  2864  3166 D SubscriptionController: selection:sim_id>=0 null
01-22 19:57:40.637  2864  3166 D SubscriptionController: [getSubInfoRecord] id:3 iccid:893315011XXXXXXXXXXX simSlotIndex:0 displayName:Free nameSource:0 iconTint:-16746133 dataRoaming:0 mcc:0 mnc:0 countIso:fr userNwMode:0
01-22 19:57:40.647  2864  3166 D SubscriptionController: [getActiveSubInfoList]- 1 infos return
01-22 19:57:40.649  2864  3166 D SubscriptionController: [getActiveSubInfoForSubscriber]- subId=1 subList=[{id=3, iccId=893315011XXXXXXXXXXX simSlotIndex=0 displayName=Free carrierName=Free nameSource=0 iconTint=-16746133 dataRoaming=0 iconBitmap=android.graphics.Bitmap@7638a46 mcc 0 mnc 0 mUserNwMode=0}] subInfo=null
01-22 19:57:40.728  2864  2892 D SubscriptionController: [getActiveSubInfoList]+
01-22 19:57:40.731  2864  2892 D SubscriptionController: selection:sim_id>=0 null
01-22 19:57:40.736  2864  2892 D SubscriptionController: [getSubInfoRecord] id:3 iccid:893315011XXXXXXXXXXX simSlotIndex:0 displayName:Free nameSource:0 iconTint:-16746133 dataRoaming:0 mcc:0 mnc:0 countIso:fr userNwMode:0
01-22 19:57:40.741  2864  2892 D SubscriptionController: [getActiveSubInfoList]- 1 infos return
01-22 19:57:40.741  2864  2892 D SubscriptionController: [getActiveSubInfoForSubscriber]- subId=2 subList=[{id=3, iccId=893315011XXXXXXXXXXX simSlotIndex=0 displayName=Free carrierName=Free nameSource=0 iconTint=-16746133 dataRoaming=0 iconBitmap=android.graphics.Bitmap@929e934 mcc 0 mnc 0 mUserNwMode=0}] subInfo=null
01-22 19:57:40.748  2864  3077 D SubscriptionController: [getActiveSubInfoList]+
01-22 19:57:40.749  2864  3077 D SubscriptionController: selection:sim_id>=0 null
01-22 19:57:40.752  2864  3077 D SubscriptionController: [getSubInfoRecord] id:3 iccid:893315011XXXXXXXXXXX simSlotIndex:0 displayName:Free nameSource:0 iconTint:-16746133 dataRoaming:0 mcc:0 mnc:0 countIso:fr userNwMode:0
01-22 19:57:40.756  2864  3077 D SubscriptionController: [getActiveSubInfoList]- 1 infos return
01-22 19:57:40.756  2864  3077 D SubscriptionController: [getActiveSubInfoForSubscriber]- subId=2 subList=[{id=3, iccId=893315011XXXXXXXXXXX simSlotIndex=0 displayName=Free carrierName=Free nameSource=0 iconTint=-16746133 dataRoaming=0 iconBitmap=android.graphics.Bitmap@73e04d2 mcc 0 mnc 0 mUserNwMode=0}] subInfo=null
01-22 19:57:40.769  2864  3125 D SubscriptionController: [getActiveSubInfoList]+
01-22 19:57:40.771  2864  3125 D SubscriptionController: selection:sim_id>=0 null
01-22 19:57:40.775  2864  3125 D SubscriptionController: [getSubInfoRecord] id:3 iccid:893315011XXXXXXXXXXX simSlotIndex:0 displayName:Free nameSource:0 iconTint:-16746133 dataRoaming:0 mcc:0 mnc:0 countIso:fr userNwMode:0
01-22 19:57:40.778  2864  3125 D SubscriptionController: [getActiveSubInfoList]- 1 infos return
01-22 19:57:40.778  2864  3125 D SubscriptionController: [getActiveSubInfoForSubscriber]+ subId=3 subInfo={id=3, iccId=893315011XXXXXXXXXXX simSlotIndex=0 displayName=Free carrierName=Free nameSource=0 iconTint=-16746133 dataRoaming=0 iconBitmap=android.graphics.Bitmap@c1664a0 mcc 0 mnc 0 mUserNwMode=0}
01-22 19:57:40.780  2864  3166 D SubscriptionController: [getActiveSubInfoList]+
01-22 19:57:40.781  2864  3166 D SubscriptionController: selection:sim_id>=0 null
01-22 19:57:40.787  2864  3166 D SubscriptionController: [getSubInfoRecord] id:3 iccid:893315011XXXXXXXXXXX simSlotIndex:0 displayName:Free nameSource:0 iconTint:-16746133 dataRoaming:0 mcc:0 mnc:0 countIso:fr userNwMode:0
01-22 19:57:40.792  2864  3166 D SubscriptionController: [getActiveSubInfoList]- 1 infos return
01-22 19:57:40.793  2864  3166 D SubscriptionController: [getActiveSubInfoForSubscriber]+ subId=3 subInfo={id=3, iccId=893315011XXXXXXXXXXX simSlotIndex=0 displayName=Free carrierName=Free nameSource=0 iconTint=-16746133 dataRoaming=0 iconBitmap=android.graphics.Bitmap@ed39c1e mcc 0 mnc 0 mUserNwMode=0}
01-22 19:57:40.801  2864  2892 D SubscriptionController: [getActiveSubInfoList]+
01-22 19:57:40.802  2864  2892 D SubscriptionController: selection:sim_id>=0 null
01-22 19:57:40.806  2864  2892 D SubscriptionController: [getSubInfoRecord] id:3 iccid:893315011XXXXXXXXXXX simSlotIndex:0 displayName:Free nameSource:0 iconTint:-16746133 dataRoaming:0 mcc:0 mnc:0 countIso:fr userNwMode:0
01-22 19:57:40.808  2864  2892 D SubscriptionController: [getActiveSubInfoList]- 1 infos return
01-22 19:57:40.810  2864  2892 D SubscriptionController: [getActiveSubInfoForSubscriber]+ subId=3 subInfo={id=3, iccId=893315011XXXXXXXXXXX simSlotIndex=0 displayName=Free carrierName=Free nameSource=0 iconTint=-16746133 dataRoaming=0 iconBitmap=android.graphics.Bitmap@b8d2acc mcc 0 mnc 0 mUserNwMode=0}
01-22 19:57:41.240  1955  2212 D use-Rlog/RLOG-RIL-IPC: 
01-22 19:57:41.240  1955  2212 D use-Rlog/RLOG-RIL-IPC: xmm626_sec_modem_fmt_recv: Received FMT message
01-22 19:57:41.240  1955  2212 D use-Rlog/RLOG-RIL-IPC: xmm626_sec_modem_fmt_recv: Message: aseq=0x55, command=IPC_GPRS_HSDPA_STATUS, type=IPC_TYPE_NOTI, size=1
01-22 19:57:41.240  1955  2212 D use-Rlog/RLOG-RIL-IPC: ================================= IPC FMT data =================================
01-22 19:57:41.240  1955  2212 D use-Rlog/RLOG-RIL-IPC: [0000]   02                                                 .
01-22 19:57:41.241  1955  2212 D use-Rlog/RLOG-RIL-IPC: ================================================================================
01-22 19:57:41.241  2864  2967 D RILJ    : [UNSL]< UNSOL_RESPONSE_VOICE_NETWORK_STATE_CHANGED [SUB0]
01-22 19:57:41.242  2864  2864 D RILJ    : [3774]> OPERATOR [SUB0]
01-22 19:57:41.243  2864  2864 D RILJ    : [3775]> DATA_REGISTRATION_STATE [SUB0]
01-22 19:57:41.243  1955  1975 D use-Rlog/RLOG-RIL: 2 RIL requests in the queue (1 pending, 1 handled, 0 unhandled)
01-22 19:57:41.243  1955  2216 D use-Rlog/RLOG-RIL-IPC: 
01-22 19:57:41.243  1955  2216 D use-Rlog/RLOG-RIL-IPC: xmm626_sec_modem_fmt_send: Sent FMT message
01-22 19:57:41.243  1955  2216 D use-Rlog/RLOG-RIL-IPC: xmm626_sec_modem_fmt_send: Message: mseq=0x56, command=IPC_NET_SERVING_NETWORK, type=IPC_TYPE_GET, size=0
01-22 19:57:41.243  2864  2864 D RILJ    : [3776]> VOICE_REGISTRATION_STATE [SUB0]
01-22 19:57:41.243  1955  1975 D use-Rlog/RLOG-RIL: 3 RIL requests in the queue (1 pending, 2 handled, 0 unhandled)
01-22 19:57:41.243  1955  2216 D use-Rlog/RLOG-RIL-IPC: 
01-22 19:57:41.243  1955  2216 D use-Rlog/RLOG-RIL-IPC: xmm626_sec_modem_fmt_send: Sent FMT message
01-22 19:57:41.243  1955  2216 D use-Rlog/RLOG-RIL-IPC: xmm626_sec_modem_fmt_send: Message: mseq=0x57, command=IPC_NET_REGIST, type=IPC_TYPE_GET, size=2
01-22 19:57:41.243  1955  2216 D use-Rlog/RLOG-RIL-IPC: ================================= IPC FMT data =================================
01-22 19:57:41.243  1955  2216 D use-Rlog/RLOG-RIL-IPC: [0000]   FF 03                                              ..
01-22 19:57:41.244  1955  2216 D use-Rlog/RLOG-RIL-IPC: ================================================================================
01-22 19:57:41.244  2864  2864 D RILJ    : [3777]> QUERY_NETWORK_SELECTION_MODE [SUB0]
01-22 19:57:41.244  1955  1975 D use-Rlog/RLOG-RIL: 4 RIL requests in the queue (1 pending, 3 handled, 0 unhandled)
01-22 19:57:41.244  1955  2216 D use-Rlog/RLOG-RIL-IPC: 
01-22 19:57:41.244  1955  2216 D use-Rlog/RLOG-RIL-IPC: xmm626_sec_modem_fmt_send: Sent FMT message
01-22 19:57:41.244  1955  2216 D use-Rlog/RLOG-RIL-IPC: xmm626_sec_modem_fmt_send: Message: mseq=0x58, command=IPC_NET_REGIST, type=IPC_TYPE_GET, size=2
01-22 19:57:41.244  1955  2216 D use-Rlog/RLOG-RIL-IPC: ================================= IPC FMT data =================================
01-22 19:57:41.244  1955  2216 D use-Rlog/RLOG-RIL-IPC: [0000]   FF 02                                              ..
01-22 19:57:41.244  1955  2216 D use-Rlog/RLOG-RIL-IPC: ================================================================================
01-22 19:57:41.244  1955  1975 D use-Rlog/RLOG-RIL: 5 RIL requests in the queue (1 pending, 4 handled, 0 unhandled)
01-22 19:57:41.244  1955  2216 D use-Rlog/RLOG-RIL-IPC: 
01-22 19:57:41.244  1955  2216 D use-Rlog/RLOG-RIL-IPC: xmm626_sec_modem_fmt_send: Sent FMT message
01-22 19:57:41.244  1955  2216 D use-Rlog/RLOG-RIL-IPC: xmm626_sec_modem_fmt_send: Message: mseq=0x59, command=IPC_NET_PLMN_SEL, type=IPC_TYPE_GET, size=0
01-22 19:57:41.246  1955  2212 D use-Rlog/RLOG-RIL-IPC: 
01-22 19:57:41.246  1955  2212 D use-Rlog/RLOG-RIL-IPC: xmm626_sec_modem_fmt_recv: Received FMT message
01-22 19:57:41.246  1955  2212 D use-Rlog/RLOG-RIL-IPC: xmm626_sec_modem_fmt_recv: Message: aseq=0x56, command=IPC_NET_SERVING_NETWORK, type=IPC_TYPE_RESP, size=11
01-22 19:57:41.246  1955  2212 D use-Rlog/RLOG-RIL-IPC: ================================= IPC FMT data =================================
01-22 19:57:41.246  1955  2212 D use-Rlog/RLOG-RIL-IPC: [0000]   02 02 04 32 30 38 31 35  23 8F 0F                  ...20815 #..
01-22 19:57:41.246  1955  2212 D use-Rlog/RLOG-RIL-IPC: ================================================================================
01-22 19:57:41.246  1955  2212 D use-Rlog/RLOG-RIL: 4 RIL requests in the queue (0 pending, 4 handled, 0 unhandled)
01-22 19:57:41.246  2864  2967 D RILJ    : [3774]< OPERATOR {Free Mobile, Free Mobile, 20815} [SUB0]
01-22 19:57:41.247  1955  2212 D use-Rlog/RLOG-RIL-IPC: 
01-22 19:57:41.247  1955  2212 D use-Rlog/RLOG-RIL-IPC: xmm626_sec_modem_fmt_recv: Received FMT message
01-22 19:57:41.247  1955  2212 D use-Rlog/RLOG-RIL-IPC: xmm626_sec_modem_fmt_recv: Message: aseq=0x57, command=IPC_NET_REGIST, type=IPC_TYPE_RESP, size=11
01-22 19:57:41.247  1955  2212 D use-Rlog/RLOG-RIL-IPC: ================================= IPC FMT data =================================
01-22 19:57:41.247  1955  2212 D use-Rlog/RLOG-RIL-IPC: [0000]   04 03 02 01 8F 0F 69 99  55 03 00                  ......i. U..
01-22 19:57:41.247  1955  2212 D use-Rlog/RLOG-RIL-IPC: ================================================================================
01-22 19:57:41.247  1955  2212 D use-Rlog/RLOG-RIL: 3 RIL requests in the queue (0 pending, 3 handled, 0 unhandled)
01-22 19:57:41.247  2864  2967 D RILJ    : [3775]< DATA_REGISTRATION_STATE {1, f8f, 3559969, 15, 3} [SUB0]
01-22 19:57:41.247  2864  2864 D PHONE   : [ServiceState] setDataRegState=0
01-22 19:57:41.248  2864  2864 D PHONE   : [ServiceState] setDataRadioTechnology=15
01-22 19:57:41.248  2864  2864 D GsmSST  : [GsmSST] handlPollStateResultMessage: GsmSST setDataRegState=0 regState=1 dataRadioTechnology=15
01-22 19:57:41.249  1955  2212 D use-Rlog/RLOG-RIL-IPC: 
01-22 19:57:41.249  1955  2212 D use-Rlog/RLOG-RIL-IPC: xmm626_sec_modem_fmt_recv: Received FMT message
01-22 19:57:41.249  1955  2212 D use-Rlog/RLOG-RIL-IPC: xmm626_sec_modem_fmt_recv: Message: aseq=0x58, command=IPC_NET_REGIST, type=IPC_TYPE_RESP, size=11
01-22 19:57:41.249  1955  2212 D use-Rlog/RLOG-RIL-IPC: ================================= IPC FMT data =================================
01-22 19:57:41.249  1955  2212 D use-Rlog/RLOG-RIL-IPC: [0000]   04 02 02 01 8F 0F 69 99  55 03 00                  ......i. U..
01-22 19:57:41.249  1955  2212 D use-Rlog/RLOG-RIL-IPC: ================================================================================
01-22 19:57:41.249  1955  2212 D use-Rlog/RLOG-RIL: 2 RIL requests in the queue (0 pending, 2 handled, 0 unhandled)
01-22 19:57:41.249  1955  2212 D use-Rlog/RLOG-RIL-IPC: 
01-22 19:57:41.249  1955  2212 D use-Rlog/RLOG-RIL-IPC: xmm626_sec_modem_fmt_recv: Received FMT message
01-22 19:57:41.249  1955  2212 D use-Rlog/RLOG-RIL-IPC: xmm626_sec_modem_fmt_recv: Message: aseq=0x59, command=IPC_NET_PLMN_SEL, type=IPC_TYPE_RESP, size=1
01-22 19:57:41.249  1955  2212 D use-Rlog/RLOG-RIL-IPC: ================================= IPC FMT data =================================
01-22 19:57:41.249  1955  2212 D use-Rlog/RLOG-RIL-IPC: [0000]   02                                                 .
01-22 19:57:41.249  1955  2212 D use-Rlog/RLOG-RIL-IPC: ================================================================================
01-22 19:57:41.249  1955  2212 D use-Rlog/RLOG-RIL: 1 RIL request in the queue (0 pending, 1 handled, 0 unhandled)
01-22 19:57:41.249  2864  2967 D RILJ    : [3776]< VOICE_REGISTRATION_STATE {1, f8f, 3559969, 15, null, null, null, null, null, null, null, null, null, null, null} [SUB0]
01-22 19:57:41.250  2864  2864 D PHONE   : [ServiceState] setVoiceRegState=0
01-22 19:57:41.250  2864  2864 E PHONE   : [ServiceState] setState deprecated use setVoiceRegState()
01-22 19:57:41.250  2864  2967 D RILJ    : [3777]< QUERY_NETWORK_SELECTION_MODE {0} [SUB0]
01-22 19:57:41.251  2864  2864 D GsmSST  : [GsmSST] Poll ServiceState done:  oldSS=[0 0 voice home data home Free Mobile Free Mobile 20815 Free Mobile Free Mobile 20815  HSDPA HSDPA CSS not supported -1 -1 RoamInd=-1 DefRoamInd=-1 EmergOnly=false IsDataRoamingFromRegistration=false] newSS=[0 0 voice home data home Free Mobile Free Mobile 20815 Free Mobile Free Mobile 20815  HSPAP HSPAP CSS not supported -1 -1 RoamInd=-1 DefRoamInd=-1 EmergOnly=false IsDataRoamingFromRegistration=false] oldMaxDataCalls=1 mNewMaxDataCalls=1 oldReasonDataDenied=-1 mNewReasonDataDenied=-1
01-22 19:57:41.251  2864  2864 D GsmSST  : [GsmSST] RAT switched HSDPA -> HSPAP at cell 55941481
01-22 19:57:41.251  2864  2864 D PHONE   : [ServiceState] setNullState=1
01-22 19:57:41.251  2864  2864 D PhoneProxy: [PhoneProxy] updatePhoneObject: radioTechnology=15
01-22 19:57:41.251  2864  2864 D TelephonyManager: setTelephonyProperty: success phoneId=0 property=gsm.network.type value: HSPAP propVal=HSPAP
01-22 19:57:41.252  2864  2864 D SIMRecords: [SIMRecords] getServiceProviderName: no brandOverride
01-22 19:57:41.252  2864  2864 D SIMRecords: [SIMRecords] getServiceProviderName: providerName=Free
01-22 19:57:41.252  2864  2864 D SIMRecords: [SIMRecords] getServiceProviderName: no brandOverride
01-22 19:57:41.252  2864  2864 D SIMRecords: [SIMRecords] getServiceProviderName: providerName=Free
01-22 19:57:41.260  2864  2864 D TelephonyManager: setTelephonyProperty: success phoneId=0 property=gsm.operator.alpha value: Free Mobile propVal=Free Mobile
01-22 19:57:41.260  2864  2864 D TelephonyManager: setTelephonyProperty: success phoneId=0 property=gsm.operator.numeric value: 20815 propVal=20815
01-22 19:57:41.261  2864  2864 D TelephonyManager: setTelephonyProperty: success phoneId=0 property=gsm.operator.iso-country value: fr propVal=fr
01-22 19:57:41.261  2864  2864 D GsmSST  : [GsmSST] pollStateDone: no nitz but one TZ for iso-cc=fr with zone.getID=Europe/Paris testOneUniqueOffsetPath=false
01-22 19:57:41.261  2864  2864 D GsmSST  : [GsmSST] setAndBroadcastNetworkSetTimeZone: setTimeZone=Europe/Paris
01-22 19:57:41.263  2864  2864 D GsmSST  : [GsmSST] setAndBroadcastNetworkSetTimeZone: call alarm.setTimeZone and broadcast zoneId=Europe/Paris
01-22 19:57:41.263  2864  2864 D GsmSST  : [GsmSST] shouldFixTimeZoneNow: retVal=false iccCardExist=true operatorNumeric=20815 mcc=208 prevOperatorNumeric=20815 prevMcc=208 needToFixTimeZone=false ltod=01-22 19:57:41.263
01-22 19:57:41.263  2864  2864 D TelephonyManager: setTelephonyProperty: success phoneId=0 property=gsm.operator.isroaming value: false propVal=false
01-22 19:57:41.264  2864  2864 D GsmSST  : [GsmSST] Broadcasting ServiceState : 0 0 voice home data home Free Mobile Free Mobile 20815 Free Mobile Free Mobile 20815  HSPAP HSPAP CSS not supported -1 -1 RoamInd=-1 DefRoamInd=-1 EmergOnly=false IsDataRoamingFromRegistration=false
01-22 19:57:41.264  2864  2864 D DefaultPhoneNotifier: nofityServiceState: mRegistry=com.android.internal.telephony.ITelephonyRegistry$Stub$Proxy@b2c19a9 ss=0 0 voice home data home Free Mobile Free Mobile 20815 Free Mobile Free Mobile 20815  HSPAP HSPAP CSS not supported -1 -1 RoamInd=-1 DefRoamInd=-1 EmergOnly=false IsDataRoamingFromRegistration=false sender=Handler (com.android.internal.telephony.gsm.GSMPhone) {e262d71} phondId=0 subId=3
01-22 19:57:41.266  2864  2864 D SubscriptionController: getSimStateForSlotIdx:  simState=READY ordinal=5
01-22 19:57:41.266  2307  2319 D SubscriptionManager: getSimStateForSubscriber: simState=5 slotIdx=0
01-22 19:57:41.267  2864  2864 D GsmSST  : [GsmSST] notifyDataRegStateRilRadioTechnologyChanged: drs=0 rat=15
01-22 19:57:41.267  2864  2864 D TelephonyManager: setTelephonyProperty: success phoneId=0 property=gsm.network.type value: HSPAP propVal=HSPAP
01-22 19:57:41.268  2864  2864 D DCT     : [0]get all active apn types
01-22 19:57:41.269  2864  2977 D DC-1    : DcActivatingState: msg={what=EVENT_DATA_CONNECTION_DRS_OR_RAT_CHANGED when=0 obj=android.os.AsyncResult@3ed9115 target=Handler (com.android.internal.util.StateMachine$SmHandler) {9995c2a} replyTo=null}
01-22 19:57:41.272  2307  2461 D TelephonyRegistry: Notify data connection state changed on sub: 3
01-22 19:57:41.272  2307  2461 D TelephonyRegistry: Notify data connection state changed on sub: 3
01-22 19:57:41.273  2864  2864 D PhoneProxy: [PhoneProxy] phoneObjectUpdater: newVoiceRadioTech=15
01-22 19:57:41.273  2864  2864 D PhoneProxy: [PhoneProxy] phoneObjectUpdater: No change ignore, newVoiceRadioTech=15 mActivePhone=GSM
01-22 19:57:41.274  2864  2864 D DCT     : [0]handleMessage msg={ when=-5ms what=270377 obj=android.os.AsyncResult@2dd3a1b target=com.android.internal.telephony.dataconnection.DcTracker }
01-22 19:57:41.274  2864  2864 D DCT     : [0]onUpdateIcc: newIccRecords com.android.internal.telephony.uicc.SIMRecords
01-22 19:57:41.274  2864  2864 D DCT     : [0]setupDataOnConnectableApns: nwTypeChanged
01-22 19:57:41.274  2864  2864 D DCT     : [0]setupDataOnConnectableApns: apnContext {mApnType=dun mState=IDLE mWaitingApns={null} mWaitingApnsPermanentFailureCountDown=0 mApnSetting={null} mReason=nwTypeChanged mDataEnabled=false mDependencyMet=true}
01-22 19:57:41.274  2864  2864 D DCT     : [0]setupDataOnConnectableApns: apnContext {mApnType=hipri mState=IDLE mWaitingApns={null} mWaitingApnsPermanentFailureCountDown=0 mApnSetting={null} mReason=nwTypeChanged mDataEnabled=false mDependencyMet=true}
01-22 19:57:41.274  2864  2864 D DCT     : [0]setupDataOnConnectableApns: apnContext {mApnType=supl mState=IDLE mWaitingApns={null} mWaitingApnsPermanentFailureCountDown=0 mApnSetting={null} mReason=nwTypeChanged mDataEnabled=false mDependencyMet=true}
01-22 19:57:41.274  2864  2864 D DCT     : [0]setupDataOnConnectableApns: apnContext {mApnType=default mState=CONNECTING mWaitingApns={[[ApnSettingV3] Free Mobile, 159, 20815, free, , , , , , 0, default | supl, IP, IP, true, 0, 0, 0, false, 0, 0, 0, 0, , ]} mWaitingApnsPermanentFailureCountDown=1 mApnSetting={[ApnSettingV3] Free Mobile, 159, 20815, free, , , , , , 0, default | supl, IP, IP, true, 0, 0, 0, false, 0, 0, 0, 0, , } mReason=dataEnabled mDataEnabled=true mDependencyMet=true}
01-22 19:57:41.274  2864  2864 D DCT     : [0]setupDataOnConnectableApns: apnContext {mApnType=mms mState=IDLE mWaitingApns={null} mWaitingApnsPermanentFailureCountDown=0 mApnSetting={null} mReason=nwTypeChanged mDataEnabled=false mDependencyMet=true}
01-22 19:57:41.275  2864  2864 D DCT     : [0]getDataOnRoamingEnabled: phoneSubId=3 isDataRoamingEnabled=false
01-22 19:57:41.656  2864  2864 D CAT     : com.android.stk.BootCompletedReceiver: [ACTION_BOOT_COMPLETED]
01-22 19:57:41.657  2864  2864 D CAT     : com.android.stk.StkAppService: onCreate()+
01-22 19:57:41.658  2864  2864 D CAT     : com.android.stk.StkAppService: simCount: 1
01-22 19:57:41.661  2864  2864 D CAT     : com.android.stk.StkAppService: slotId: 0
01-22 19:57:41.662  2864  2864 D CAT     : com.android.stk.StkAppService: onStart sim id: 0, op: 5, *****
01-22 19:57:41.688  2864  3125 D SubscriptionController: [getActiveSubInfoList]+
01-22 19:57:41.688  2864  3125 D SubscriptionController: selection:sim_id>=0 null
01-22 19:57:41.694  2864  3166 D SubscriptionController: [getPhoneId] asked for default subId=3
01-22 19:57:41.699  2864  3125 D SubscriptionController: [getSubInfoRecord] id:3 iccid:893315011XXXXXXXXXXX simSlotIndex:0 displayName:Free nameSource:0 iconTint:-16746133 dataRoaming:0 mcc:0 mnc:0 countIso:fr userNwMode:0
01-22 19:57:41.705  2864  3125 D SubscriptionController: [getActiveSubInfoList]- 1 infos return
01-22 19:57:41.705  2864  3125 D SubscriptionController: [getActiveSubInfoForSubscriber]+ subId=3 subInfo={id=3, iccId=893315011XXXXXXXXXXX simSlotIndex=0 displayName=Free carrierName=Free nameSource=0 iconTint=-16746133 dataRoaming=0 iconBitmap=android.graphics.Bitmap@8b40764 mcc 0 mnc 0 mUserNwMode=0}
01-22 19:57:41.763  2864  3432 D CAT     : com.android.stk.StkAppService: handleMessage opcode[5], sim id[0]
01-22 19:57:41.763  2864  3432 D CAT     : com.android.stk.StkAppService:  OP_BOOT_COMPLETED
01-22 19:57:41.764  2864  3432 D CAT     : StkAppInstaller: [setAppState]+
01-22 19:57:41.765  2864  3432 D CAT     : StkAppInstaller: Need not change app state!!
01-22 19:57:41.765  2864  3432 D CAT     : StkAppInstaller: [setAppState]-
01-22 19:57:41.791  2864  2890 D SubscriptionController: [getActiveSubInfoList]+
01-22 19:57:41.792  2864  2890 D SubscriptionController: selection:sim_id>=0 null
01-22 19:57:41.796  2864  2892 D SubscriptionController: getSubscriptionProperty Query value = 1
01-22 19:57:41.798  2864  2890 D SubscriptionController: [getSubInfoRecord] id:3 iccid:893315011XXXXXXXXXXX simSlotIndex:0 displayName:Free nameSource:0 iconTint:-16746133 dataRoaming:0 mcc:0 mnc:0 countIso:fr userNwMode:0
01-22 19:57:41.800  2864  2890 D SubscriptionController: [getActiveSubInfoList]- 1 infos return
01-22 19:57:41.801  2864  2890 D SubscriptionController: [getActiveSubInfoForSubscriber]+ subId=3 subInfo={id=3, iccId=893315011XXXXXXXXXXX simSlotIndex=0 displayName=Free carrierName=Free nameSource=0 iconTint=-16746133 dataRoaming=0 iconBitmap=android.graphics.Bitmap@76d4682 mcc 0 mnc 0 mUserNwMode=0}
01-22 19:57:41.859  2864  2892 D SubscriptionController: getSubscriptionProperty Query value = 0
01-22 19:57:41.865  2864  2890 D SubscriptionController: getSubscriptionProperty Query value = 1
01-22 19:57:41.869  2864  3166 D SubscriptionController: getSubscriptionProperty Query value = 1
01-22 19:57:41.873  2864  3149 D SubscriptionController: getSubscriptionProperty Query value = 1
01-22 19:57:41.878  2864  3125 D SubscriptionController: getSubscriptionProperty Query value = 1
01-22 19:57:41.907  2864  2892 E PhoneFactory: Settings Exception Reading Dual Sim SMS Prompt Values
01-22 19:57:41.907  2864  2892 D PhoneFactory: SMS Prompt option:false
01-22 19:57:41.907  2864  2892 D RIL_UiccSmsController: isSmsSimPickActivityNeeded: false, sms prompt disabled.
01-22 19:57:41.909  2864  2890 D RILJ    : [3778]> RIL_REQUEST_GSM_SET_BROADCAST_CONFIG with 1 configs :  [SUB0]
01-22 19:57:41.909  2864  2890 D RILJ    : SmsBroadcastConfigInfo: Id [4352,4354] Code [0,255] ENABLED [SUB0]
01-22 19:57:41.910  1955  1975 D use-Rlog/RLOG-RIL: 2 RIL requests in the queue (1 pending, 1 handled, 0 unhandled)
