01-22 19:58:11.367  2864  2864 E PHONE   : [ServiceState] setState deprecated use setVoiceRegState()
01-22 19:58:11.368  1955  2212 D use-Rlog/RLOG-RIL-IPC: 
01-22 19:58:11.368  1955  2212 D use-Rlog/RLOG-RIL-IPC: xmm626_sec_modem_fmt_recv: Received FMT message
01-22 19:58:11.368  1955  2212 D use-Rlog/RLOG-RIL-IPC: xmm626_sec_modem_fmt_recv: Message: aseq=0x65, command=IPC_NET_PLMN_SEL, type=IPC_TYPE_RESP, size=1
01-22 19:58:11.368  1955  2212 D use-Rlog/RLOG-RIL-IPC: ================================= IPC FMT data =================================
01-22 19:58:11.368  1955  2212 D use-Rlog/RLOG-RIL-IPC: [0000]   02                                                 .
01-22 19:58:11.368  1955  2212 D use-Rlog/RLOG-RIL-IPC: ================================================================================
01-22 19:58:11.368  1955  2212 D use-Rlog/RLOG-RIL: 1 RIL request in the queue (0 pending, 1 handled, 0 unhandled)
01-22 19:58:11.369  2864  2967 D RILJ    : [3845]< QUERY_NETWORK_SELECTION_MODE {0} [SUB0]
01-22 19:58:11.374  2864  2864 D GsmSST  : [GsmSST] Poll ServiceState done:  oldSS=[0 0 voice home data home Free Mobile Free Mobile 20815 Free Mobile Free Mobile 20815  HSDPA HSDPA CSS not supported -1 -1 RoamInd=-1 DefRoamInd=-1 EmergOnly=false IsDataRoamingFromRegistration=false] newSS=[0 0 voice home data home Free Mobile Free Mobile 20815 Free Mobile Free Mobile 20815  HSPAP HSPAP CSS not supported -1 -1 RoamInd=-1 DefRoamInd=-1 EmergOnly=false IsDataRoamingFromRegistration=false] oldMaxDataCalls=1 mNewMaxDataCalls=1 oldReasonDataDenied=-1 mNewReasonDataDenied=-1
01-22 19:58:11.374  2864  2864 D GsmSST  : [GsmSST] RAT switched HSDPA -> HSPAP at cell 55941481
01-22 19:58:11.374  2864  2864 D PHONE   : [ServiceState] setNullState=1
01-22 19:58:11.374  2864  2864 D PhoneProxy: [PhoneProxy] updatePhoneObject: radioTechnology=15
01-22 19:58:11.375  2864  2864 D TelephonyManager: setTelephonyProperty: success phoneId=0 property=gsm.network.type value: HSPAP propVal=HSPAP
01-22 19:58:11.378  2864  2864 D SIMRecords: [SIMRecords] getServiceProviderName: no brandOverride
01-22 19:58:11.378  2864  2864 D SIMRecords: [SIMRecords] getServiceProviderName: providerName=Free
01-22 19:58:11.378  2864  2864 D SIMRecords: [SIMRecords] getServiceProviderName: no brandOverride
01-22 19:58:11.378  2864  2864 D SIMRecords: [SIMRecords] getServiceProviderName: providerName=Free
01-22 19:58:11.384  2864  2864 D TelephonyManager: setTelephonyProperty: success phoneId=0 property=gsm.operator.alpha value: Free Mobile propVal=Free Mobile
01-22 19:58:11.386  2864  2864 D TelephonyManager: setTelephonyProperty: success phoneId=0 property=gsm.operator.numeric value: 20815 propVal=20815
01-22 19:58:11.388  2864  2864 D TelephonyManager: setTelephonyProperty: success phoneId=0 property=gsm.operator.iso-country value: fr propVal=fr
01-22 19:58:11.390  2864  2864 D GsmSST  : [GsmSST] pollStateDone: no nitz but one TZ for iso-cc=fr with zone.getID=Europe/Paris testOneUniqueOffsetPath=false
01-22 19:58:11.390  2864  2864 D GsmSST  : [GsmSST] setAndBroadcastNetworkSetTimeZone: setTimeZone=Europe/Paris
01-22 19:58:11.395  2864  2864 D GsmSST  : [GsmSST] setAndBroadcastNetworkSetTimeZone: call alarm.setTimeZone and broadcast zoneId=Europe/Paris
01-22 19:58:11.396  2864  2864 D GsmSST  : [GsmSST] shouldFixTimeZoneNow: retVal=false iccCardExist=true operatorNumeric=20815 mcc=208 prevOperatorNumeric=20815 prevMcc=208 needToFixTimeZone=false ltod=01-22 19:58:11.395
01-22 19:58:11.396  2864  2864 D TelephonyManager: setTelephonyProperty: success phoneId=0 property=gsm.operator.isroaming value: false propVal=false
01-22 19:58:11.398  2864  2864 D GsmSST  : [GsmSST] Broadcasting ServiceState : 0 0 voice home data home Free Mobile Free Mobile 20815 Free Mobile Free Mobile 20815  HSPAP HSPAP CSS not supported -1 -1 RoamInd=-1 DefRoamInd=-1 EmergOnly=false IsDataRoamingFromRegistration=false
01-22 19:58:11.398  2864  2864 D DefaultPhoneNotifier: nofityServiceState: mRegistry=com.android.internal.telephony.ITelephonyRegistry$Stub$Proxy@b2c19a9 ss=0 0 voice home data home Free Mobile Free Mobile 20815 Free Mobile Free Mobile 20815  HSPAP HSPAP CSS not supported -1 -1 RoamInd=-1 DefRoamInd=-1 EmergOnly=false IsDataRoamingFromRegistration=false sender=Handler (com.android.internal.telephony.gsm.GSMPhone) {e262d71} phondId=0 subId=3
01-22 19:58:11.407  2864  2864 D SubscriptionController: getSimStateForSlotIdx:  simState=READY ordinal=5
01-22 19:58:11.407  2307  3010 D SubscriptionManager: getSimStateForSubscriber: simState=5 slotIdx=0
01-22 19:58:11.434  2864  2864 D GsmSST  : [GsmSST] notifyDataRegStateRilRadioTechnologyChanged: drs=0 rat=15
01-22 19:58:11.434  2864  2864 D TelephonyManager: setTelephonyProperty: success phoneId=0 property=gsm.network.type value: HSPAP propVal=HSPAP
01-22 19:58:11.437  2864  2977 D DC-1    : DcActivatingState: msg={what=EVENT_DATA_CONNECTION_DRS_OR_RAT_CHANGED when=0 obj=android.os.AsyncResult@ffce00b target=Handler (com.android.internal.util.StateMachine$SmHandler) {9995c2a} replyTo=null}
01-22 19:58:11.437  2864  2864 D DCT     : [0]get all active apn types
01-22 19:58:11.454  2307  3058 D TelephonyRegistry: Notify data connection state changed on sub: 3
01-22 19:58:11.454  2307  3058 D TelephonyRegistry: Notify data connection state changed on sub: 3
01-22 19:58:11.459  2864  2864 D PhoneProxy: [PhoneProxy] phoneObjectUpdater: newVoiceRadioTech=15
01-22 19:58:11.459  2864  2864 D PhoneProxy: [PhoneProxy] phoneObjectUpdater: No change ignore, newVoiceRadioTech=15 mActivePhone=GSM
01-22 19:58:11.460  2864  2864 D DCT     : [0]handleMessage msg={ when=-23ms what=270377 obj=android.os.AsyncResult@e70eee8 target=com.android.internal.telephony.dataconnection.DcTracker }
01-22 19:58:11.460  2864  2864 D DCT     : [0]onUpdateIcc: newIccRecords com.android.internal.telephony.uicc.SIMRecords
01-22 19:58:11.461  2864  2864 D DCT     : [0]setupDataOnConnectableApns: nwTypeChanged
01-22 19:58:11.462  2864  2864 D DCT     : [0]setupDataOnConnectableApns: apnContext {mApnType=dun mState=IDLE mWaitingApns={null} mWaitingApnsPermanentFailureCountDown=0 mApnSetting={null} mReason=nwTypeChanged mDataEnabled=false mDependencyMet=true}
01-22 19:58:11.462  2864  2864 D DCT     : [0]setupDataOnConnectableApns: apnContext {mApnType=hipri mState=IDLE mWaitingApns={null} mWaitingApnsPermanentFailureCountDown=0 mApnSetting={null} mReason=nwTypeChanged mDataEnabled=false mDependencyMet=true}
01-22 19:58:11.462  2864  2864 D DCT     : [0]setupDataOnConnectableApns: apnContext {mApnType=supl mState=IDLE mWaitingApns={null} mWaitingApnsPermanentFailureCountDown=0 mApnSetting={null} mReason=nwTypeChanged mDataEnabled=false mDependencyMet=true}
01-22 19:58:11.463  2864  2864 D DCT     : [0]setupDataOnConnectableApns: apnContext {mApnType=default mState=CONNECTING mWaitingApns={[[ApnSettingV3] Free Mobile, 159, 20815, free, , , , , , 0, default | supl, IP, IP, true, 0, 0, 0, false, 0, 0, 0, 0, , ]} mWaitingApnsPermanentFailureCountDown=1 mApnSetting={[ApnSettingV3] Free Mobile, 159, 20815, free, , , , , , 0, default | supl, IP, IP, true, 0, 0, 0, false, 0, 0, 0, 0, , } mReason=dataEnabled mDataEnabled=true mDependencyMet=true}
01-22 19:58:11.463  2864  2864 D DCT     : [0]setupDataOnConnectableApns: apnContext {mApnType=mms mState=IDLE mWaitingApns={null} mWaitingApnsPermanentFailureCountDown=0 mApnSetting={null} mReason=nwTypeChanged mDataEnabled=false mDependencyMet=true}
01-22 19:58:11.465  2864  2864 D DCT     : [0]getDataOnRoamingEnabled: phoneSubId=3 isDataRoamingEnabled=false
01-22 19:58:11.525  2864  3077 D SubscriptionController: [getActiveSubInfoList]+
01-22 19:58:11.526  2864  3077 D SubscriptionController: selection:sim_id>=0 null
01-22 19:58:11.530  2864  3077 D SubscriptionController: [getSubInfoRecord] id:3 iccid:893315011XXXXXXXXXXX simSlotIndex:0 displayName:Free nameSource:0 iconTint:-16746133 dataRoaming:0 mcc:0 mnc:0 countIso:fr userNwMode:0
01-22 19:58:11.534  2864  3077 D SubscriptionController: [getActiveSubInfoList]- 1 infos return
01-22 19:58:11.534  2864  3077 D SubscriptionController: [getActiveSubInfoForSubscriber]+ subId=3 subInfo={id=3, iccId=893315011XXXXXXXXXXX simSlotIndex=0 displayName=Free carrierName=Free nameSource=0 iconTint=-16746133 dataRoaming=0 iconBitmap=android.graphics.Bitmap@eb5a3a6 mcc 0 mnc 0 mUserNwMode=0}
01-22 19:58:11.557  2864  3125 D SubscriptionController: getSubscriptionProperty Query value = 1
01-22 19:58:11.568  2864  3149 D SubscriptionController: getSubscriptionProperty Query value = 0
01-22 19:58:11.574  2864  3125 D SubscriptionController: getSubscriptionProperty Query value = 1
01-22 19:58:11.578  2864  3077 D SubscriptionController: getSubscriptionProperty Query value = 1
01-22 19:58:11.582  2864  3166 D SubscriptionController: getSubscriptionProperty Query value = 1
01-22 19:58:11.586  2864  2892 D SubscriptionController: getSubscriptionProperty Query value = 1
01-22 19:58:11.591  2864  3125 E PhoneFactory: Settings Exception Reading Dual Sim SMS Prompt Values
01-22 19:58:11.591  2864  3125 D PhoneFactory: SMS Prompt option:false
01-22 19:58:11.591  2864  3125 D RIL_UiccSmsController: isSmsSimPickActivityNeeded: false, sms prompt disabled.
01-22 19:58:11.593  2864  2890 D RILJ    : [3846]> RIL_REQUEST_GSM_SET_BROADCAST_CONFIG with 1 configs :  [SUB0]
01-22 19:58:11.593  2864  2890 D RILJ    : SmsBroadcastConfigInfo: Id [4352,4354] Code [0,255] ENABLED [SUB0]
01-22 19:58:11.594  1955  1975 D use-Rlog/RLOG-RIL: 2 RIL requests in the queue (1 pending, 1 handled, 0 unhandled)
01-22 19:58:11.595  1955  2216 D use-Rlog/RLOG-RIL: Unhandled RIL request: 90
01-22 19:58:11.595  1955  2216 D use-Rlog/RLOG-RIL: 1 RIL request in the queue (0 pending, 1 handled, 0 unhandled)
01-22 19:58:11.595  2864  2967 D RilRequest: [3846]< RIL_REQUEST_GSM_SET_BROADCAST_CONFIG error: com.android.internal.telephony.CommandException: REQUEST_NOT_SUPPORTED ret=
01-22 19:58:11.598  2864  3077 E PhoneFactory: Settings Exception Reading Dual Sim SMS Prompt Values
01-22 19:58:11.598  2864  3077 D PhoneFactory: SMS Prompt option:false
01-22 19:58:11.598  2864  3077 D RIL_UiccSmsController: isSmsSimPickActivityNeeded: false, sms prompt disabled.
01-22 19:58:11.599  2864  3166 D RILJ    : [3847]> RIL_REQUEST_GSM_SET_BROADCAST_CONFIG with 1 configs :  [SUB0]
01-22 19:58:11.599  2864  3166 D RILJ    : SmsBroadcastConfigInfo: Id [4356,4356] Code [0,255] ENABLED [SUB0]
01-22 19:58:11.600  1955  1975 D use-Rlog/RLOG-RIL: 2 RIL requests in the queue (1 pending, 1 handled, 0 unhandled)
01-22 19:58:11.600  1955  2216 D use-Rlog/RLOG-RIL: Unhandled RIL request: 90
01-22 19:58:11.600  1955  2216 D use-Rlog/RLOG-RIL: 1 RIL request in the queue (0 pending, 1 handled, 0 unhandled)
01-22 19:58:11.600  2864  2967 D RilRequest: [3847]< RIL_REQUEST_GSM_SET_BROADCAST_CONFIG error: com.android.internal.telephony.CommandException: REQUEST_NOT_SUPPORTED ret=
01-22 19:58:11.603  2864  2892 E PhoneFactory: Settings Exception Reading Dual Sim SMS Prompt Values
01-22 19:58:11.603  2864  2892 D PhoneFactory: SMS Prompt option:false
01-22 19:58:11.603  2864  2892 D RIL_UiccSmsController: isSmsSimPickActivityNeeded: false, sms prompt disabled.
01-22 19:58:11.603  2864  3149 D RILJ    : [3848]> RIL_REQUEST_GSM_SET_BROADCAST_CONFIG with 1 configs :  [SUB0]
01-22 19:58:11.603  2864  3149 D RILJ    : SmsBroadcastConfigInfo: Id [4371,4372] Code [0,255] ENABLED [SUB0]
01-22 19:58:11.604  1955  1975 D use-Rlog/RLOG-RIL: 2 RIL requests in the queue (1 pending, 1 handled, 0 unhandled)
01-22 19:58:11.604  1955  2216 D use-Rlog/RLOG-RIL: Unhandled RIL request: 90
01-22 19:58:11.604  1955  2216 D use-Rlog/RLOG-RIL: 1 RIL request in the queue (0 pending, 1 handled, 0 unhandled)
01-22 19:58:11.604  2864  2967 D RilRequest: [3848]< RIL_REQUEST_GSM_SET_BROADCAST_CONFIG error: com.android.internal.telephony.CommandException: REQUEST_NOT_SUPPORTED ret=
01-22 19:58:11.607  2864  3125 E PhoneFactory: Settings Exception Reading Dual Sim SMS Prompt Values
01-22 19:58:11.607  2864  3125 D PhoneFactory: SMS Prompt option:false
01-22 19:58:11.607  2864  3125 D RIL_UiccSmsController: isSmsSimPickActivityNeeded: false, sms prompt disabled.
01-22 19:58:11.608  2864  2890 D RILJ    : [3849]> RIL_REQUEST_CDMA_SET_BROADCAST_CONFIG with 1 configs :  [SUB0]
01-22 19:58:11.608  2864  2890 D RILJ    : CdmaSmsBroadcastConfigInfo: Id [4097, 4097] ENABLED [SUB0]
01-22 19:58:11.608  1955  1975 D use-Rlog/RLOG-RIL: 2 RIL requests in the queue (1 pending, 1 handled, 0 unhandled)
01-22 19:58:11.608  1955  2216 D use-Rlog/RLOG-RIL: Unhandled RIL request: 93
01-22 19:58:11.608  1955  2216 D use-Rlog/RLOG-RIL: 1 RIL request in the queue (0 pending, 1 handled, 0 unhandled)
01-22 19:58:11.609  2864  2967 D RilRequest: [3849]< RIL_REQUEST_CDMA_SET_BROADCAST_CONFIG error: com.android.internal.telephony.CommandException: REQUEST_NOT_SUPPORTED ret=
01-22 19:58:11.612  2864  3077 E PhoneFactory: Settings Exception Reading Dual Sim SMS Prompt Values
01-22 19:58:11.612  2864  3077 D PhoneFactory: SMS Prompt option:false
01-22 19:58:11.612  2864  3077 D RIL_UiccSmsController: isSmsSimPickActivityNeeded: false, sms prompt disabled.
01-22 19:58:11.614  2864  3166 D RILJ    : [3850]> RIL_REQUEST_GSM_SET_BROADCAST_CONFIG with 1 configs :  [SUB0]
01-22 19:58:11.614  2864  3166 D RILJ    : SmsBroadcastConfigInfo: Id [4373,4378] Code [0,255] ENABLED [SUB0]
01-22 19:58:11.615  1955  1975 D use-Rlog/RLOG-RIL: 2 RIL requests in the queue (1 pending, 1 handled, 0 unhandled)
01-22 19:58:11.615  1955  2216 D use-Rlog/RLOG-RIL: Unhandled RIL request: 90
01-22 19:58:11.615  1955  2216 D use-Rlog/RLOG-RIL: 1 RIL request in the queue (0 pending, 1 handled, 0 unhandled)
01-22 19:58:11.615  2864  2967 D RilRequest: [3850]< RIL_REQUEST_GSM_SET_BROADCAST_CONFIG error: com.android.internal.telephony.CommandException: REQUEST_NOT_SUPPORTED ret=
01-22 19:58:11.618  2864  2890 E PhoneFactory: Settings Exception Reading Dual Sim SMS Prompt Values
01-22 19:58:11.618  2864  2890 D PhoneFactory: SMS Prompt option:false
01-22 19:58:11.618  2864  2890 D RIL_UiccSmsController: isSmsSimPickActivityNeeded: false, sms prompt disabled.
01-22 19:58:11.618  2864  3077 D RILJ    : [3851]> RIL_REQUEST_CDMA_SET_BROADCAST_CONFIG with 1 configs :  [SUB0]
01-22 19:58:11.618  2864  3077 D RILJ    : CdmaSmsBroadcastConfigInfo: Id [4098, 4098] ENABLED [SUB0]
01-22 19:58:11.619  1955  1975 D use-Rlog/RLOG-RIL: 2 RIL requests in the queue (1 pending, 1 handled, 0 unhandled)
01-22 19:58:11.619  1955  2216 D use-Rlog/RLOG-RIL: Unhandled RIL request: 93
01-22 19:58:11.619  1955  2216 D use-Rlog/RLOG-RIL: 1 RIL request in the queue (0 pending, 1 handled, 0 unhandled)
01-22 19:58:11.619  2864  2967 D RilRequest: [3851]< RIL_REQUEST_CDMA_SET_BROADCAST_CONFIG error: com.android.internal.telephony.CommandException: REQUEST_NOT_SUPPORTED ret=
01-22 19:58:11.622  2864  2892 E PhoneFactory: Settings Exception Reading Dual Sim SMS Prompt Values
01-22 19:58:11.622  2864  2892 D PhoneFactory: SMS Prompt option:false
01-22 19:58:11.622  2864  2892 D RIL_UiccSmsController: isSmsSimPickActivityNeeded: false, sms prompt disabled.
01-22 19:58:11.623  2864  3125 D RILJ    : [3852]> RIL_REQUEST_GSM_SET_BROADCAST_CONFIG with 1 configs :  [SUB0]
01-22 19:58:11.623  2864  3125 D RILJ    : SmsBroadcastConfigInfo: Id [4379,4379] Code [0,255] ENABLED [SUB0]
01-22 19:58:11.623  1955  1975 D use-Rlog/RLOG-RIL: 2 RIL requests in the queue (1 pending, 1 handled, 0 unhandled)
01-22 19:58:11.623  1955  2216 D use-Rlog/RLOG-RIL: Unhandled RIL request: 90
01-22 19:58:11.623  1955  2216 D use-Rlog/RLOG-RIL: 1 RIL request in the queue (0 pending, 1 handled, 0 unhandled)
01-22 19:58:11.624  2864  2967 D RilRequest: [3852]< RIL_REQUEST_GSM_SET_BROADCAST_CONFIG error: com.android.internal.telephony.CommandException: REQUEST_NOT_SUPPORTED ret=
01-22 19:58:11.627  2864  3166 E PhoneFactory: Settings Exception Reading Dual Sim SMS Prompt Values
01-22 19:58:11.627  2864  3166 D PhoneFactory: SMS Prompt option:false
01-22 19:58:11.627  2864  3166 D RIL_UiccSmsController: isSmsSimPickActivityNeeded: false, sms prompt disabled.
01-22 19:58:11.628  2864  3149 D RILJ    : [3853]> RIL_REQUEST_CDMA_SET_BROADCAST_CONFIG with 1 configs :  [SUB0]
01-22 19:58:11.628  2864  3149 D RILJ    : CdmaSmsBroadcastConfigInfo: Id [4099, 4099] ENABLED [SUB0]
01-22 19:58:11.629  1955  1975 D use-Rlog/RLOG-RIL: 2 RIL requests in the queue (1 pending, 1 handled, 0 unhandled)
01-22 19:58:11.629  1955  2216 D use-Rlog/RLOG-RIL: Unhandled RIL request: 93
01-22 19:58:11.629  1955  2216 D use-Rlog/RLOG-RIL: 1 RIL request in the queue (0 pending, 1 handled, 0 unhandled)
01-22 19:58:11.629  2864  2967 D RilRequest: [3853]< RIL_REQUEST_CDMA_SET_BROADCAST_CONFIG error: com.android.internal.telephony.CommandException: REQUEST_NOT_SUPPORTED ret=
01-22 19:58:11.633  2864  2890 E PhoneFactory: Settings Exception Reading Dual Sim SMS Prompt Values
01-22 19:58:11.633  2864  2890 D PhoneFactory: SMS Prompt option:false
01-22 19:58:11.633  2864  2890 D RIL_UiccSmsController: isSmsSimPickActivityNeeded: false, sms prompt disabled.
01-22 19:58:11.634  2864  3077 D RILJ    : [3854]> RIL_REQUEST_GSM_SET_BROADCAST_CONFIG with 1 configs :  [SUB0]
01-22 19:58:11.634  2864  3077 D RILJ    : SmsBroadcastConfigInfo: Id [4380,4382] Code [0,255] ENABLED [SUB0]
01-22 19:58:11.634  1955  1975 D use-Rlog/RLOG-RIL: 2 RIL requests in the queue (1 pending, 1 handled, 0 unhandled)
01-22 19:58:11.635  1955  2216 D use-Rlog/RLOG-RIL: Unhandled RIL request: 90
01-22 19:58:11.635  1955  2216 D use-Rlog/RLOG-RIL: 1 RIL request in the queue (0 pending, 1 handled, 0 unhandled)
01-22 19:58:11.635  2864  2967 D RilRequest: [3854]< RIL_REQUEST_GSM_SET_BROADCAST_CONFIG error: com.android.internal.telephony.CommandException: REQUEST_NOT_SUPPORTED ret=
01-22 19:58:11.637  2864  2892 E PhoneFactory: Settings Exception Reading Dual Sim SMS Prompt Values
01-22 19:58:11.637  2864  2892 D PhoneFactory: SMS Prompt option:false
01-22 19:58:11.637  2864  2892 D RIL_UiccSmsController: isSmsSimPickActivityNeeded: false, sms prompt disabled.
01-22 19:58:11.638  2864  3125 D RILJ    : [3855]> RIL_REQUEST_CDMA_SET_BROADCAST_CONFIG with 1 configs :  [SUB0]
01-22 19:58:11.638  2864  3125 D RILJ    : CdmaSmsBroadcastConfigInfo: Id [4100, 4100] ENABLED [SUB0]
01-22 19:58:11.639  1955  1975 D use-Rlog/RLOG-RIL: 2 RIL requests in the queue (1 pending, 1 handled, 0 unhandled)
01-22 19:58:11.639  1955  2216 D use-Rlog/RLOG-RIL: Unhandled RIL request: 93
01-22 19:58:11.639  1955  2216 D use-Rlog/RLOG-RIL: 1 RIL request in the queue (0 pending, 1 handled, 0 unhandled)
01-22 19:58:11.639  2864  2967 D RilRequest: [3855]< RIL_REQUEST_CDMA_SET_BROADCAST_CONFIG error: com.android.internal.telephony.CommandException: REQUEST_NOT_SUPPORTED ret=
01-22 19:58:11.643  2864  3166 E PhoneFactory: Settings Exception Reading Dual Sim SMS Prompt Values
01-22 19:58:11.643  2864  3166 D PhoneFactory: SMS Prompt option:false
01-22 19:58:11.643  2864  3166 D RIL_UiccSmsController: isSmsSimPickActivityNeeded: false, sms prompt disabled.
01-22 19:58:11.643  2864  3149 D RILJ    : [3856]> RIL_REQUEST_GSM_SET_BROADCAST_CONFIG with 1 configs :  [SUB0]
01-22 19:58:11.644  2864  3149 D RILJ    : SmsBroadcastConfigInfo: Id [4393,4395] Code [0,255] ENABLED [SUB0]
01-22 19:58:11.644  1955  1975 D use-Rlog/RLOG-RIL: 2 RIL requests in the queue (1 pending, 1 handled, 0 unhandled)
01-22 19:58:11.644  1955  2216 D use-Rlog/RLOG-RIL: Unhandled RIL request: 90
01-22 19:58:11.644  1955  2216 D use-Rlog/RLOG-RIL: 1 RIL request in the queue (0 pending, 1 handled, 0 unhandled)
01-22 19:58:11.644  2864  2967 D RilRequest: [3856]< RIL_REQUEST_GSM_SET_BROADCAST_CONFIG error: com.android.internal.telephony.CommandException: REQUEST_NOT_SUPPORTED ret=
01-22 19:58:11.648  2864  3077 E PhoneFactory: Settings Exception Reading Dual Sim SMS Prompt Values
01-22 19:58:11.648  2864  3077 D PhoneFactory: SMS Prompt option:false
01-22 19:58:11.648  2864  3077 D RIL_UiccSmsController: isSmsSimPickActivityNeeded: false, sms prompt disabled.
01-22 19:58:11.649  2864  2892 D RILJ    : [3857]> RIL_REQUEST_GSM_SET_BROADCAST_CONFIG with 1 configs :  [SUB0]
01-22 19:58:11.649  2864  2892 D RILJ    : SmsBroadcastConfigInfo: Id [4370,4370] Code [0,255] ENABLED [SUB0]
01-22 19:58:11.650  1955  1975 D use-Rlog/RLOG-RIL: 2 RIL requests in the queue (1 pending, 1 handled, 0 unhandled)
01-22 19:58:11.650  1955  2216 D use-Rlog/RLOG-RIL: Unhandled RIL request: 90
01-22 19:58:11.650  1955  2216 D use-Rlog/RLOG-RIL: 1 RIL request in the queue (0 pending, 1 handled, 0 unhandled)
01-22 19:58:11.650  2864  2967 D RilRequest: [3857]< RIL_REQUEST_GSM_SET_BROADCAST_CONFIG error: com.android.internal.telephony.CommandException: REQUEST_NOT_SUPPORTED ret=
01-22 19:58:11.658  2864  3125 E PhoneFactory: Settings Exception Reading Dual Sim SMS Prompt Values
01-22 19:58:11.658  2864  3125 D PhoneFactory: SMS Prompt option:false
01-22 19:58:11.658  2864  3125 D RIL_UiccSmsController: isSmsSimPickActivityNeeded: false, sms prompt disabled.
01-22 19:58:11.662  2864  3166 D SubscriptionController: [getActiveSubInfoList]+
01-22 19:58:11.662  2864  3166 D SubscriptionController: selection:sim_id>=0 null
01-22 19:58:11.666  2864  3166 D SubscriptionController: [getSubInfoRecord] id:3 iccid:893315011XXXXXXXXXXX simSlotIndex:0 displayName:Free nameSource:0 iconTint:-16746133 dataRoaming:0 mcc:0 mnc:0 countIso:fr userNwMode:0
01-22 19:58:11.668  2864  3166 D SubscriptionController: [getActiveSubInfoList]- 1 infos return
01-22 19:58:11.677  2864  2890 D RILJ    : [3858]> RIL_REQUEST_CDMA_SET_BROADCAST_CONFIG with 1 configs :  [SUB0]
01-22 19:58:11.677  2864  2890 D RILJ    : CdmaSmsBroadcastConfigInfo: Id [4096, 4096] ENABLED [SUB0]
01-22 19:58:11.678  1955  1975 D use-Rlog/RLOG-RIL: 2 RIL requests in the queue (1 pending, 1 handled, 0 unhandled)
01-22 19:58:11.678  1955  2216 D use-Rlog/RLOG-RIL: Unhandled RIL request: 93
01-22 19:58:11.678  1955  2216 D use-Rlog/RLOG-RIL: 1 RIL request in the queue (0 pending, 1 handled, 0 unhandled)
01-22 19:58:11.678  2864  2967 D RilRequest: [3858]< RIL_REQUEST_CDMA_SET_BROADCAST_CONFIG error: com.android.internal.telephony.CommandException: REQUEST_NOT_SUPPORTED ret=
01-22 19:58:11.706  2864  3077 D SubscriptionController: [getActiveSubInfoList]+
01-22 19:58:11.706  2864  3077 D SubscriptionController: selection:sim_id>=0 null
01-22 19:58:11.710  2864  3077 D SubscriptionController: [getSubInfoRecord] id:3 iccid:893315011XXXXXXXXXXX simSlotIndex:0 displayName:Free nameSource:0 iconTint:-16746133 dataRoaming:0 mcc:0 mnc:0 countIso:fr userNwMode:0
01-22 19:58:11.713  2864  3077 D SubscriptionController: [getActiveSubInfoList]- 1 infos return
01-22 19:58:11.721  2864  3077 E PhoneFactory: Settings Exception Reading Dual Sim SMS Prompt Values
01-22 19:58:11.721  2864  3077 D PhoneFactory: SMS Prompt option:false
01-22 19:58:11.721  2864  3077 D RIL_UiccSmsController: isSmsSimPickActivityNeeded: false, sms prompt disabled.
01-22 19:58:11.730  2864  2890 D RILJ    : [3859]> RIL_REQUEST_GSM_SET_BROADCAST_CONFIG with 1 configs :  [SUB0]
01-22 19:58:11.730  2864  2890 D RILJ    : SmsBroadcastConfigInfo: Id [4383,4383] Code [0,255] ENABLED [SUB0]
01-22 19:58:11.731  1955  1975 D use-Rlog/RLOG-RIL: 2 RIL requests in the queue (1 pending, 1 handled, 0 unhandled)
01-22 19:58:11.731  1955  2216 D use-Rlog/RLOG-RIL: Unhandled RIL request: 90
01-22 19:58:11.731  1955  2216 D use-Rlog/RLOG-RIL: 1 RIL request in the queue (0 pending, 1 handled, 0 unhandled)
01-22 19:58:11.731  2864  2967 D RilRequest: [3859]< RIL_REQUEST_GSM_SET_BROADCAST_CONFIG error: com.android.internal.telephony.CommandException: REQUEST_NOT_SUPPORTED ret=
01-22 19:58:11.756  2864  3166 E PhoneFactory: Settings Exception Reading Dual Sim SMS Prompt Values
01-22 19:58:11.756  2864  3166 D PhoneFactory: SMS Prompt option:false
01-22 19:58:11.756  2864  3166 D RIL_UiccSmsController: isSmsSimPickActivityNeeded: false, sms prompt disabled.
01-22 19:58:11.802  2864  3125 E PhoneFactory: Settings Exception Reading Dual Sim SMS Prompt Values
01-22 19:58:11.802  2864  3125 D PhoneFactory: SMS Prompt option:false
01-22 19:58:11.802  2864  3125 D RIL_UiccSmsController: isSmsSimPickActivityNeeded: false, sms prompt disabled.
01-22 19:58:11.840  2864  3166 E PhoneFactory: Settings Exception Reading Dual Sim SMS Prompt Values
01-22 19:58:11.840  2864  3166 D PhoneFactory: SMS Prompt option:false
01-22 19:58:11.840  2864  3166 D RIL_UiccSmsController: isSmsSimPickActivityNeeded: false, sms prompt disabled.
01-22 19:58:11.847  2864  3149 E PhoneFactory: Settings Exception Reading Dual Sim SMS Prompt Values
01-22 19:58:11.847  2864  3149 D PhoneFactory: SMS Prompt option:false
01-22 19:58:11.847  2864  3149 D RIL_UiccSmsController: isSmsSimPickActivityNeeded: false, sms prompt disabled.
01-22 19:58:12.702  1955  2212 D use-Rlog/RLOG-RIL-IPC: 
01-22 19:58:12.702  1955  2212 D use-Rlog/RLOG-RIL-IPC: xmm626_sec_modem_fmt_recv: Received FMT message
01-22 19:58:12.703  1955  2212 D use-Rlog/RLOG-RIL-IPC: xmm626_sec_modem_fmt_recv: Message: aseq=0x65, command=IPC_GPRS_IP_CONFIGURATION, type=IPC_TYPE_NOTI, size=112
01-22 19:58:12.703  1955  2212 D use-Rlog/RLOG-RIL-IPC: ================================= IPC FMT data =================================
01-22 19:58:12.703  1955  2212 D use-Rlog/RLOG-RIL-IPC: [0000]   01 07 00 0A D5 9A 03 D4  1B 28 F0 D4 1B 28 F1 00   ........ .(...(..
01-22 19:58:12.703  1955  2212 D use-Rlog/RLOG-RIL-IPC: [0010]   00 00 00 00 00 00 00 00  00 00 00 FF FF FF FF FF   ........ ........
01-22 19:58:12.703  1955  2212 D use-Rlog/RLOG-RIL-IPC: [0020]   FF FF FF FF FF FF FF FF  FF FF FF 00 00 00 00 00   ........ ........
01-22 19:58:12.704  1955  2212 D use-Rlog/RLOG-RIL-IPC: [0030]   00 00 00 00 00 00 00 00  00 00 00 00 00 00 00 00   ........ ........
01-22 19:58:12.704  1955  2212 D use-Rlog/RLOG-RIL-IPC: [0040]   00 00 00 00 00 00 00 00  00 00 00 00 00 00 00 00   ........ ........
01-22 19:58:12.704  1955  2212 D use-Rlog/RLOG-RIL-IPC: [0050]   00 00 00 00 00 00 00 00  00 00 00 00 00 00 00 00   ........ ........
01-22 19:58:12.705  1955  2212 D use-Rlog/RLOG-RIL-IPC: [0060]   00 00 00 00 00 00 00 00  00 00 00 00 00 00 00 00   ........ ........
01-22 19:58:12.705  1955  2212 D use-Rlog/RLOG-RIL-IPC: ================================================================================
01-22 19:58:12.705  1955  2212 D use-Rlog/RLOG-RIL-IPC: 
01-22 19:58:12.705  1955  2212 D use-Rlog/RLOG-RIL-IPC: xmm626_sec_modem_fmt_recv: Received FMT message
01-22 19:58:12.705  1955  2212 D use-Rlog/RLOG-RIL-IPC: xmm626_sec_modem_fmt_recv: Message: aseq=0x65, command=IPC_GPRS_CALL_STATUS, type=IPC_TYPE_NOTI, size=4
01-22 19:58:12.706  1955  2212 D use-Rlog/RLOG-RIL-IPC: ================================= IPC FMT data =================================
01-22 19:58:12.706  1955  2212 D use-Rlog/RLOG-RIL-IPC: [0000]   01 01 00 00                                        ....
01-22 19:58:12.706  1955  2212 D use-Rlog/RLOG-RIL-IPC: ================================================================================
01-22 19:58:12.769  1955  2212 D use-Rlog/RLOG-RIL: ril_data_connection_enable: Enabled data connection with cid 1
01-22 19:58:12.770  1955  2212 D use-Rlog/RLOG-RIL: 0 RIL request in the queue (0 pending, 0 handled, 0 unhandled)
01-22 19:58:12.770  2864  2967 D RILJ    : [3761]< SETUP_DATA_CALL DataCallResponse: {version=6 status=0 retry=0 cid=1 active=2 type=IP ifname=rmnet0 mtu=0 addresses=[10.213.154.3] dnses=[212.27.40.240,212.27.40.241] gateways=[10.213.154.3] pcscf=[]} [SUB0]
01-22 19:58:12.771  2864  2977 D DC-1    : DcActivatingState: msg={what=EVENT_SETUP_DATA_CONNECTION_DONE when=0 obj=android.os.AsyncResult@9acc43d target=Handler (com.android.internal.util.StateMachine$SmHandler) {9995c2a} replyTo=null}
01-22 19:58:12.771  2864  2977 D DC-1    : onSetupConnectionCompleted received DataCallResponse: DataCallResponse: {version=6 status=0 retry=0 cid=1 active=2 type=IP ifname=rmnet0 mtu=0 addresses=[10.213.154.3] dnses=[212.27.40.240,212.27.40.241] gateways=[10.213.154.3] pcscf=[]}
01-22 19:58:12.772  2864  2977 D DataCallResponse: addr/pl=10.213.154.3/32
01-22 19:58:12.772  2864  2977 D DC-1    : MTU set by config resource to: 1500
01-22 19:58:12.773  2864  2977 D DC-1    : updateLinkProperty old LP={LinkAddresses: []  Routes: [] DnsAddresses: [] Domains: null MTU: 0}
01-22 19:58:12.773  2864  2977 D DC-1    : updateLinkProperty new LP={InterfaceName: rmnet0 LinkAddresses: [10.213.154.3/32,]  Routes: [0.0.0.0/0 -> 10.213.154.3 rmnet0,] DnsAddresses: [212.27.40.240,212.27.40.241,] Domains: null MTU: 1500 TcpBufferSizes: 61167,367002,1101005,8738,52429,262114}
01-22 19:58:12.774  2864  2977 D DC-1    : DcActivatingState onSetupConnectionCompleted result=SUCCESS  SetupResult.mFailCause=NONE dc={DC-1: State=DcActivatingState mApnSetting=[ApnSettingV3] Free Mobile, 159, 20815, free, , , , , , 0, default | supl, IP, IP, true, 0, 0, 0, false, 0, 0, 0, 0, ,  RefCount=1 mCid=1 mCreateTime=-1 mLastastFailTime=-1 mLastFailCause=NONE mTag=2 mRetryManager=RetryManager: { forever=false maxRetry=10 curMaxRetry=1 retry=0 config={default_randomization=2000,5000,10000,20000,40000,80000:5000,160000:5000,320000:5000,640000:5000,1280000:5000,1800000:5000} retryArray={5000:2000 10000:2000 20000:2000 40000:2000 80000:5000 160000:5000 320000:5000 640000:5000 1280000:5000 1800000:5000 }} mLinkProperties={InterfaceName: rmnet0 LinkAddresses: [10.213.154.3/32,]  Routes: [0.0.0.0/0 -> 10.213.154.3 rmnet0,] DnsAddresses: [212.27.40.240,212.27.40.241,] Domains: null MTU: 1500 TcpBufferSizes: 61167,367002,1101005,8738,52429,262114} linkCapabilities=[ Transports: CELLULAR Capabilities: SUPL&INTERNET&NOT_RESTRICTED&TRUSTED&NOT_VPN LinkUpBandwidth>=2048Kbps LinkDnBandwidth>=14336Kbps Specifier: <3>] mApnContexts={{mApnType=default mState=CONNECTING mWaitingApns={[[ApnSettingV3] Free Mobile, 159, 20815, free, , , , , , 0, default | supl, IP, IP, true, 0, 0, 0, false, 0, 0, 0, 0, , ]} mWaitingApnsPermanentFailureCountDown=1 mApnSetting={[ApnSettingV3] Free Mobile, 159, 20815, free, , , , , , 0, default | supl, IP, IP, true, 0, 0, 0, false, 0, 0, 0, 0, , } mReason=dataEnabled mDataEnabled=true mDependencyMet=true}={mTag=2 mApnContext={mApnType=default mState=CONNECTING mWaitingApns={[[ApnSettingV3] Free Mobile, 159, 20815, free, , , , , , 0, default | supl, IP, IP, true, 0, 0, 0, false, 0, 0, 0, 0, , ]} mWaitingApnsPermanentFailureCountDown=1 mApnSetting={[ApnSettingV3] Free Mobile, 159, 20815, free, , , , , , 0, default | supl, IP, IP, true, 0, 0, 0, false, 0, 0, 0, 0, , } mReason=dataEnabled mDataEnabled=true mDependencyMet=true} mInitialMaxRetry=1 mProfileId=0 mRat=9 mOnCompletedMsg={what=0x42000 when=-1m9s929ms obj=android.util.Pair@89ac2f9 target=Handler (com.android.internal.telephony.dataconnection.DcTracker) {51cc3d1} replyTo=null}}}}
01-22 19:58:12.775  2864  2977 D DC-1    : handlePdpRejectCauseSuccess()
01-22 19:58:12.776  2864  2977 D DC-1    : DcActiveState: enter dc={DC-1: State=DcActiveState mApnSetting=[ApnSettingV3] Free Mobile, 159, 20815, free, , , , , , 0, default | supl, IP, IP, true, 0, 0, 0, false, 0, 0, 0, 0, ,  RefCount=1 mCid=1 mCreateTime=-1 mLastastFailTime=-1 mLastFailCause=NONE mTag=2 mRetryManager=RetryManager: { forever=false maxRetry=10 curMaxRetry=1 retry=0 config={default_randomization=2000,5000,10000,20000,40000,80000:5000,160000:5000,320000:5000,640000:5000,1280000:5000,1800000:5000} retryArray={5000:2000 10000:2000 20000:2000 40000:2000 80000:5000 160000:5000 320000:5000 640000:5000 1280000:5000 1800000:5000 }} mLinkProperties={InterfaceName: rmnet0 LinkAddresses: [10.213.154.3/32,]  Routes: [0.0.0.0/0 -> 10.213.154.3 rmnet0,] DnsAddresses: [212.27.40.240,212.27.40.241,] Domains: null MTU: 1500 TcpBufferSizes: 61167,367002,1101005,8738,52429,262114} linkCapabilities=[ Transports: CELLULAR Capabilities: SUPL&INTERNET&NOT_RESTRICTED&TRUSTED&NOT_VPN LinkUpBandwidth>=2048Kbps LinkDnBandwidth>=14336Kbps Specifier: <3>] mApnContexts={{mApnType=default mState=CONNECTING mWaitingApns={[[ApnSettingV3] Free Mobile, 159, 20815, free, , , , , , 0, default | supl, IP, IP, true, 0, 0, 0, false, 0, 0, 0, 0, , ]} mWaitingApnsPermanentFailureCountDown=1 mApnSetting={[ApnSettingV3] Free Mobile, 159, 20815, free, , , , , , 0, default | supl, IP, IP, true, 0, 0, 0, false, 0, 0, 0, 0, , } mReason=dataEnabled mDataEnabled=true mDependencyMet=true}={mTag=2 mApnContext={mApnType=default mState=CONNECTING mWaitingApns={[[ApnSettingV3] Free Mobile, 159, 20815, free, , , , , , 0, default | supl, IP, IP, true, 0, 0, 0, false, 0, 0, 0, 0, , ]} mWaitingApnsPermanentFailureCountDown=1 mApnSetting={[ApnSettingV3] Free Mobile, 159, 20815, free, , , , , , 0, default | supl, IP, IP, true, 0, 0, 0, false, 0, 0, 0, 0, , } mReason=dataEnabled mDataEnabled=true mDependencyMet=true} mInitialMaxRetry=1 mProfileId=0 mRat=9 mOnCompletedMsg={what=0x42000 when=-1m9s931ms obj=android.util.Pair@89ac2f9 target=Handler (com.android.internal.telephony.dataconnection.DcTracker) {51cc3d1} replyTo=null}}}}
01-22 19:58:12.777  2864  2864 D DCT     : [0]handleMessage msg={ when=-1ms what=270336 obj=android.os.AsyncResult@6885432 target=com.android.internal.telephony.dataconnection.DcTracker }
01-22 19:58:12.777  2864  2864 D DCT     : [0]getValidApnContext (onDataSetupComplete) on {mApnType=default mState=CONNECTING mWaitingApns={[[ApnSettingV3] Free Mobile, 159, 20815, free, , , , , , 0, default | supl, IP, IP, true, 0, 0, 0, false, 0, 0, 0, 0, , ]} mWaitingApnsPermanentFailureCountDown=1 mApnSetting={[ApnSettingV3] Free Mobile, 159, 20815, free, , , , , , 0, default | supl, IP, IP, true, 0, 0, 0, false, 0, 0, 0, 0, , } mReason=connected mDataEnabled=true mDependencyMet=true} got 1 vs 1
01-22 19:58:12.777  2864  2864 D DCT     : [0]onDataSetupComplete: success apn=free
01-22 19:58:12.780  2864  2864 D DCT     : [0]completeConnection: successful, notify the world apnContext={mApnType=default mState=CONNECTED mWaitingApns={[[ApnSettingV3] Free Mobile, 159, 20815, free, , , , , , 0, default | supl, IP, IP, true, 0, 0, 0, false, 0, 0, 0, 0, , ]} mWaitingApnsPermanentFailureCountDown=1 mApnSetting={[ApnSettingV3] Free Mobile, 159, 20815, free, , , , , , 0, default | supl, IP, IP, true, 0, 0, 0, false, 0, 0, 0, 0, , } mReason=connected mDataEnabled=true mDependencyMet=true}
01-22 19:58:12.781  2864  2864 D DCT     : [0]return link properites for default
01-22 19:58:12.788  2864  2977 D DC-1    : DcActiveState not handled msg.what=EVENT_DATA_CONNECTION_DRS_OR_RAT_CHANGED
01-22 19:58:12.788  2864  2977 D DC-1    : DcDefault msg=EVENT_DATA_CONNECTION_DRS_OR_RAT_CHANGED RefCount=1
01-22 19:58:12.788  2864  2977 D DC-1    : DcDefaultState: EVENT_DATA_CONNECTION_DRS_OR_RAT_CHANGED drs=0 mRilRat=15
01-22 19:58:12.788  2864  2977 D DC-1    : DcActiveState not handled msg.what=EVENT_DATA_CONNECTION_DRS_OR_RAT_CHANGED
01-22 19:58:12.788  2864  2977 D DC-1    : DcDefault msg=EVENT_DATA_CONNECTION_DRS_OR_RAT_CHANGED RefCount=1
01-22 19:58:12.788  2864  2977 D DC-1    : DcDefaultState: EVENT_DATA_CONNECTION_DRS_OR_RAT_CHANGED drs=0 mRilRat=3
01-22 19:58:12.788  2864  2977 D DC-1    : DcActiveState not handled msg.what=EVENT_DATA_CONNECTION_DRS_OR_RAT_CHANGED
01-22 19:58:12.788  2864  2977 D DC-1    : DcDefault msg=EVENT_DATA_CONNECTION_DRS_OR_RAT_CHANGED RefCount=1
01-22 19:58:12.789  2864  2977 D DC-1    : DcDefaultState: EVENT_DATA_CONNECTION_DRS_OR_RAT_CHANGED drs=0 mRilRat=9
01-22 19:58:12.789  2864  2977 D DC-1    : DcActiveState not handled msg.what=EVENT_DATA_CONNECTION_DRS_OR_RAT_CHANGED
01-22 19:58:12.789  2864  2977 D DC-1    : DcDefault msg=EVENT_DATA_CONNECTION_DRS_OR_RAT_CHANGED RefCount=1
01-22 19:58:12.789  2864  2977 D DC-1    : DcDefaultState: EVENT_DATA_CONNECTION_DRS_OR_RAT_CHANGED drs=0 mRilRat=15
01-22 19:58:12.789  2864  2977 D DC-1    : DcActiveState not handled msg.what=REQ_GET_LINK_PROPERTIES
01-22 19:58:12.789  2864  2977 D DC-1    : DcDefault msg=REQ_GET_LINK_PROPERTIES RefCount=1
01-22 19:58:12.789  2864  2977 D DC-1    : REQ_GET_LINK_PROPERTIES linkProperties{InterfaceName: rmnet0 LinkAddresses: [10.213.154.3/32,]  Routes: [0.0.0.0/0 -> 10.213.154.3 rmnet0,] DnsAddresses: [212.27.40.240,212.27.40.241,] Domains: null MTU: 1500 TcpBufferSizes: 122334,734003,2202010,32040,192239,576717}
01-22 19:58:12.790  2864  2864 D DCT     : [0]get active pdp is not null, return NetworkCapabilities for default
01-22 19:58:12.790  2864  2977 D DC-1    : DcActiveState not handled msg.what=REQ_GET_NETWORK_CAPABILITIES
01-22 19:58:12.790  2864  2977 D DC-1    : DcDefault msg=REQ_GET_NETWORK_CAPABILITIES RefCount=1
01-22 19:58:12.790  2864  2977 D DC-1    : REQ_GET_NETWORK_CAPABILITIES networkCapabilities[ Transports: CELLULAR Capabilities: SUPL&INTERNET&NOT_RESTRICTED&TRUSTED&NOT_VPN LinkUpBandwidth>=11264Kbps LinkDnBandwidth>=43008Kbps Specifier: <3>]
01-22 19:58:12.794  2307  2319 D TelephonyRegistry: Notify data connection state changed on sub: 3
01-22 19:58:12.794  2307  2319 D TelephonyRegistry: Notify data connection state changed on sub: 3
01-22 19:58:12.796  2864  2864 D DCT     : [0]overall state is CONNECTED
01-22 19:58:12.796  2864  2864 D DCT     : [0]startNetStatPoll
01-22 19:58:12.800  2864  2864 D DCT     : [0]overall state is CONNECTED
01-22 19:58:12.802  2864  2864 D DCT     : [0]onDataSetupComplete: SETUP complete type=default, reason:connected
01-22 19:58:12.803  2864  2864 D DCT     : [0]getDataOnRoamingEnabled: phoneSubId=3 isDataRoamingEnabled=false
01-22 19:58:12.866  2864  3149 D SubscriptionController: [getActiveSubIdList] simInfoSet=[0=3]
01-22 19:58:12.866  2864  3149 D SubscriptionController: [getActiveSubIdList] X subIdArr.length=1
01-22 19:58:12.871  2864  3077 D SubscriptionController: [getActiveSubIdList] simInfoSet=[0=3]
01-22 19:58:12.872  2864  3077 D SubscriptionController: [getActiveSubIdList] X subIdArr.length=1
01-22 19:58:15.373  2864  2892 D DCT     : [0]fetchDunApn: net.tethering.noprovisioning=true ret: null
01-22 19:58:15.373  2864  2892 D DCT     : [0]hasMatchedTetherApnSetting: APN=null
01-22 19:58:15.390  2864  3125 D DCT     : [0]fetchDunApn: net.tethering.noprovisioning=true ret: null
01-22 19:58:15.390  2864  3125 D DCT     : [0]hasMatchedTetherApnSetting: APN=null
01-22 19:58:20.120  2864  2864 D SubscriptionInfoUpdater: [Receiver]+
01-22 19:58:20.120  2864  2864 D SubscriptionInfoUpdater: Action: android.intent.action.ACTION_SHUTDOWN
01-22 19:58:20.421  2864  3125 D GsmSST  : [GsmSST] mDeviceShuttingDown = true
01-22 19:58:20.421  2864  3125 D GsmSST  : [GsmSST] mDesiredPowerState = false
01-22 19:58:20.422  2864  3125 D GsmSST  : [GsmSST] getRadioState = RADIO_ON
01-22 19:58:20.422  2864  3125 D GsmSST  : [GsmSST] mPowerOffDelayNeed = true
01-22 19:58:20.422  2864  3125 D GsmSST  : [GsmSST] mAlarmSwitch = false
01-22 19:58:20.422  2864  3125 D DCT     : [0]cleanUpAllConnections
01-22 19:58:20.422  2864  3125 D GsmSST  : [GsmSST] Wait upto 30s for data to disconnect, then turn off radio.
01-22 19:58:20.422  2864  2864 D DCT     : [0]handleMessage msg={ when=-1ms what=270365 obj=radioTurnedOff target=com.android.internal.telephony.dataconnection.DcTracker }
01-22 19:58:20.422  2864  2864 D DCT     : [0]cleanUpAllConnections: tearDown=true reason=radioTurnedOff
01-22 19:58:20.422  2864  2864 D DCT     : [0]cleanUpConnection: tearDown=true reason=radioTurnedOff apnContext={mApnType=default mState=CONNECTED mWaitingApns={[[ApnSettingV3] Free Mobile, 159, 20815, free, , , , , , 0, default | supl, IP, IP, true, 0, 0, 0, false, 0, 0, 0, 0, , ]} mWaitingApnsPermanentFailureCountDown=1 mApnSetting={[ApnSettingV3] Free Mobile, 159, 20815, free, , , , , , 0, default | supl, IP, IP, true, 0, 0, 0, false, 0, 0, 0, 0, , } mReason=radioTurnedOff mDataEnabled=true mDependencyMet=true}
01-22 19:58:20.423  2864  2864 D DCT     : [0]cleanUpConnection: tearing down using gen#1apnContext={mApnType=default mState=CONNECTED mWaitingApns={[[ApnSettingV3] Free Mobile, 159, 20815, free, , , , , , 0, default | supl, IP, IP, true, 0, 0, 0, false, 0, 0, 0, 0, , ]} mWaitingApnsPermanentFailureCountDown=1 mApnSetting={[ApnSettingV3] Free Mobile, 159, 20815, free, , , , , , 0, default | supl, IP, IP, true, 0, 0, 0, false, 0, 0, 0, 0, , } mReason=radioTurnedOff mDataEnabled=true mDependencyMet=true}
01-22 19:58:20.423  2864  2864 D DCT     : [0]setupDataForSinglePdn: reason = radioTurnedOff isDisconnected = false
01-22 19:58:20.423  2864  2864 D DCT     : [0]isOnlySingleDcAllowed(15): false
01-22 19:58:20.423  2864  2864 D DCT     : [0]cleanUpConnection: X tearDown=true reason=radioTurnedOff apnContext={mApnType=default mState=DISCONNECTING mWaitingApns={[[ApnSettingV3] Free Mobile, 159, 20815, free, , , , , , 0, default | supl, IP, IP, true, 0, 0, 0, false, 0, 0, 0, 0, , ]} mWaitingApnsPermanentFailureCountDown=1 mApnSetting={[ApnSettingV3] Free Mobile, 159, 20815, free, , , , , , 0, default | supl, IP, IP, true, 0, 0, 0, false, 0, 0, 0, 0, , } mReason=radioTurnedOff mDataEnabled=true mDependencyMet=true} dcac=DC-1
01-22 19:58:20.424  2864  2864 D DCT     : [0]cleanUpConnection: tearDown=true reason=radioTurnedOff apnContext={mApnType=mms mState=IDLE mWaitingApns={null} mWaitingApnsPermanentFailureCountDown=0 mApnSetting={null} mReason=radioTurnedOff mDataEnabled=false mDependencyMet=true}
01-22 19:58:20.424  2864  2864 D DCT     : [0]setupDataForSinglePdn: reason = radioTurnedOff isDisconnected = false
01-22 19:58:20.424  2864  2864 D DCT     : [0]isOnlySingleDcAllowed(15): false
01-22 19:58:20.424  2864  2864 D DCT     : [0]cleanUpConnection: X tearDown=true reason=radioTurnedOff apnContext={mApnType=mms mState=IDLE mWaitingApns={null} mWaitingApnsPermanentFailureCountDown=0 mApnSetting={null} mReason=radioTurnedOff mDataEnabled=false mDependencyMet=true} dcac=null
01-22 19:58:20.424  2864  2864 D DCT     : [0]cleanUpConnection: tearDown=true reason=radioTurnedOff apnContext={mApnType=supl mState=IDLE mWaitingApns={null} mWaitingApnsPermanentFailureCountDown=0 mApnSetting={null} mReason=radioTurnedOff mDataEnabled=false mDependencyMet=true}
01-22 19:58:20.424  2864  2864 D DCT     : [0]setupDataForSinglePdn: reason = radioTurnedOff isDisconnected = false
01-22 19:58:20.424  2864  2864 D DCT     : [0]isOnlySingleDcAllowed(15): false
01-22 19:58:20.424  2864  2864 D DCT     : [0]cleanUpConnection: X tearDown=true reason=radioTurnedOff apnContext={mApnType=supl mState=IDLE mWaitingApns={null} mWaitingApnsPermanentFailureCountDown=0 mApnSetting={null} mReason=radioTurnedOff mDataEnabled=false mDependencyMet=true} dcac=null
01-22 19:58:20.424  2864  2864 D DCT     : [0]cleanUpConnection: tearDown=true reason=radioTurnedOff apnContext={mApnType=dun mState=IDLE mWaitingApns={null} mWaitingApnsPermanentFailureCountDown=0 mApnSetting={null} mReason=radioTurnedOff mDataEnabled=false mDependencyMet=true}
01-22 19:58:20.424  2864  2864 D DCT     : [0]setupDataForSinglePdn: reason = radioTurnedOff isDisconnected = false
01-22 19:58:20.424  2864  2864 D DCT     : [0]isOnlySingleDcAllowed(15): false
01-22 19:58:20.424  2864  2864 D DCT     : [0]cleanUpConnection: X tearDown=true reason=radioTurnedOff apnContext={mApnType=dun mState=IDLE mWaitingApns={null} mWaitingApnsPermanentFailureCountDown=0 mApnSetting={null} mReason=radioTurnedOff mDataEnabled=false mDependencyMet=true} dcac=null
01-22 19:58:20.424  2864  2864 D DCT     : [0]cleanUpConnection: tearDown=true reason=radioTurnedOff apnContext={mApnType=hipri mState=IDLE mWaitingApns={null} mWaitingApnsPermanentFailureCountDown=0 mApnSetting={null} mReason=radioTurnedOff mDataEnabled=false mDependencyMet=true}
01-22 19:58:20.424  2864  2864 D DCT     : [0]setupDataForSinglePdn: reason = radioTurnedOff isDisconnected = false
01-22 19:58:20.424  2864  2864 D DCT     : [0]isOnlySingleDcAllowed(15): false
01-22 19:58:20.424  2864  2864 D DCT     : [0]cleanUpConnection: X tearDown=true reason=radioTurnedOff apnContext={mApnType=hipri mState=IDLE mWaitingApns={null} mWaitingApnsPermanentFailureCountDown=0 mApnSetting={null} mReason=radioTurnedOff mDataEnabled=false mDependencyMet=true} dcac=null
01-22 19:58:20.424  2864  2864 D DCT     : [0]stopNetStatPoll
01-22 19:58:20.426  2864  2977 D DC-1    : DcActiveState: EVENT_DISCONNECT dp={mTag=0 mApnContext={mApnType=default mState=DISCONNECTING mWaitingApns={[[ApnSettingV3] Free Mobile, 159, 20815, free, , , , , , 0, default | supl, IP, IP, true, 0, 0, 0, false, 0, 0, 0, 0, , ]} mWaitingApnsPermanentFailureCountDown=1 mApnSetting={[ApnSettingV3] Free Mobile, 159, 20815, free, , , , , , 0, default | supl, IP, IP, true, 0, 0, 0, false, 0, 0, 0, 0, , } mReason=radioTurnedOff mDataEnabled=true mDependencyMet=true} mReason=radioTurnedOff mOnCompletedMsg={what=0x4200f when=-1m17s580ms obj=android.util.Pair@89ac2f9 target=Handler (com.android.internal.telephony.dataconnection.DcTracker) {51cc3d1} replyTo=null}} dc={DC-1: State=DcActiveState mApnSetting=[ApnSettingV3] Free Mobile, 159, 20815, free, , , , , , 0, default | supl, IP, IP, true, 0, 0, 0, false, 0, 0, 0, 0, ,  RefCount=1 mCid=1 mCreateTime=-1 mLastastFailTime=-1 mLastFailCause=NONE mTag=2 mRetryManager=RetryManager: { forever=false maxRetry=10 curMaxRetry=10 retry=0 config={default_randomization=2000,5000,10000,20000,40000,80000:5000,160000:5000,320000:5000,640000:5000,1280000:5000,1800000:5000} retryArray={5000:2000 10000:2000 20000:2000 40000:2000 80000:5000 160000:5000 320000:5000 640000:5000 1280000:5000 1800000:5000 }} mLinkProperties={InterfaceName: rmnet0 LinkAddresses: [10.213.154.3/32,]  Routes: [0.0.0.0/0 -> 10.213.154.3 rmnet0,] DnsAddresses: [212.27.40.240,212.27.40.241,] Domains: null MTU: 1500 TcpBufferSizes: 122334,734003,2202010,32040,192239,576717} linkCapabilities=[ Transports: CELLULAR Capabilities: SUPL&INTERNET&NOT_RESTRICTED&TRUSTED&NOT_VPN LinkUpBandwidth>=11264Kbps LinkDnBandwidth>=43008Kbps Specifier: <3>] mApnContexts={{mApnType=default mState=DISCONNECTING mWaitingApns={[[ApnSettingV3] Free Mobile, 159, 20815, free, , , , , , 0, default | supl, IP, IP, true, 0, 0, 0, false, 0, 0, 0, 0, , ]} mWaitingApnsPermanentFailureCountDown=1 mApnSetting={[ApnSettingV3] Free Mobile, 159, 20815, free, , , , , , 0, default | supl, IP, IP, true, 0, 0, 0, false, 0, 0, 0, 0, , } mReason=radioTurnedOff mDataEnabled=true mDependencyMet=true}={mTag=2 mApnContext={mApnType=default mState=DISCONNECTING mWaitingApns={[[ApnSettingV3] Free Mobile, 159, 20815, free, , , , , , 0, default | supl, IP, IP, true, 0, 0, 0, false, 0, 0, 0, 0, , ]} mWaitingApnsPermanentFailureCountDown=1 mApnSetting={[ApnSettingV3] Free Mobile, 159, 20815, free, , , , , , 0, default | supl, IP, IP, true, 0, 0, 0, false, 0, 0, 0, 0, , } mReason=radioTurnedOff mDataEnabled=true mDependencyMet=true} mInitialMaxRetry=1 mProfileId=0 mRat=9 mOnCompletedMsg={what=0x42000 when=-1m17s581ms obj=android.util.Pair@89ac2f9 target=Handler (com.android.internal.telephony.dataconnection.DcTracker) {51cc3d1} replyTo=null}}}}
01-22 19:58:20.426  2864  2977 D DC-1    : DcActiveState msg.what=EVENT_DISCONNECT RefCount=1
01-22 19:58:20.426  2864  2977 D DC-1    : tearDownData radio is on, call deactivateDataCall
01-22 19:58:20.426  2864  2977 D RILJ    : [3860]> DEACTIVATE_DATA_CALL 1 1 [SUB0]
01-22 19:58:20.428  2864  2977 D DC-1    : DcActiveState: exit dc=com.android.internal.telephony.dataconnection.DataConnection$DcActiveState@3b60755
01-22 19:58:20.429  1955  1975 D use-Rlog/RLOG-RIL: 1 RIL request in the queue (1 pending, 0 handled, 0 unhandled)
01-22 19:58:20.429  1955  2216 D use-Rlog/RLOG-RIL-IPC: 
01-22 19:58:20.429  1955  2216 D use-Rlog/RLOG-RIL-IPC: xmm626_sec_modem_fmt_send: Sent FMT message
01-22 19:58:20.429  1955  2216 D use-Rlog/RLOG-RIL-IPC: xmm626_sec_modem_fmt_send: Message: mseq=0x66, command=IPC_GPRS_PDP_CONTEXT, type=IPC_TYPE_SET, size=103
01-22 19:58:20.429  1955  2216 D use-Rlog/RLOG-RIL-IPC: ================================= IPC FMT data =================================
01-22 19:58:20.430  1955  2216 D use-Rlog/RLOG-RIL-IPC: [0000]   00 01 00 00 00 00 00 00  00 00 00 00 00 00 00 00   ........ ........
01-22 19:58:20.430  1955  2216 D use-Rlog/RLOG-RIL-IPC: [0010]   00 00 00 00 00 00 00 00  00 00 00 00 00 00 00 00   ........ ........
01-22 19:58:20.430  1955  2216 D use-Rlog/RLOG-RIL-IPC: [0020]   00 00 00 00 00 00 00 00  00 00 00 00 00 00 00 00   ........ ........
01-22 19:58:20.430  1955  2216 D use-Rlog/RLOG-RIL-IPC: [0030]   00 00 00 00 00 00 00 00  00 00 00 00 00 00 00 00   ........ ........
01-22 19:58:20.430  1955  2216 D use-Rlog/RLOG-RIL-IPC: [0040]   00 00 00 00 00 00 00 00  00 00 00 00 00 00 00 00   ........ ........
01-22 19:58:20.430  1955  2216 D use-Rlog/RLOG-RIL-IPC: [0050]   00 00 00 00 00 00 00 00  00 00 00 00 00 00 00 00   ........ ........
01-22 19:58:20.430  1955  2216 D use-Rlog/RLOG-RIL-IPC: [0060]   00 00 00 00 00 00 00                               .......
01-22 19:58:20.430  1955  2216 D use-Rlog/RLOG-RIL-IPC: ================================================================================
01-22 19:58:20.450  2864  2864 D DCT     : [0]cleanUpConnection: mDisconnectPendingCount = 1
01-22 19:58:20.532  1955  2212 D use-Rlog/RLOG-RIL-IPC: 
01-22 19:58:20.532  1955  2212 D use-Rlog/RLOG-RIL-IPC: xmm626_sec_modem_fmt_recv: Received FMT message
01-22 19:58:20.532  1955  2212 D use-Rlog/RLOG-RIL-IPC: xmm626_sec_modem_fmt_recv: Message: aseq=0x66, command=IPC_GEN_PHONE_RES, type=IPC_TYPE_RESP, size=5
01-22 19:58:20.532  1955  2212 D use-Rlog/RLOG-RIL-IPC: ================================= IPC FMT data =================================
01-22 19:58:20.532  1955  2212 D use-Rlog/RLOG-RIL-IPC: [0000]   0D 04 03 00 80                                     .....
01-22 19:58:20.532  1955  2212 D use-Rlog/RLOG-RIL-IPC: ================================================================================
01-22 19:58:20.532  1955  2212 D use-Rlog/RLOG-RIL: Generic response was expected
01-22 19:58:22.215  1955  2212 D use-Rlog/RLOG-RIL-IPC: 
