01-22 19:58:22.215  1955  2212 D use-Rlog/RLOG-RIL-IPC: xmm626_sec_modem_fmt_recv: Received FMT message
01-22 19:58:22.215  1955  2212 D use-Rlog/RLOG-RIL-IPC: xmm626_sec_modem_fmt_recv: Message: aseq=0x66, command=IPC_GPRS_HSDPA_STATUS, type=IPC_TYPE_NOTI, size=1
01-22 19:58:22.215  1955  2212 D use-Rlog/RLOG-RIL-IPC: ================================= IPC FMT data =================================
01-22 19:58:22.215  1955  2212 D use-Rlog/RLOG-RIL-IPC: [0000]   01                                                 .
01-22 19:58:22.215  1955  2212 D use-Rlog/RLOG-RIL-IPC: ================================================================================
01-22 19:58:22.215  1955  2212 D use-Rlog/RLOG-RIL-IPC: 
01-22 19:58:22.215  1955  2212 D use-Rlog/RLOG-RIL-IPC: xmm626_sec_modem_fmt_recv: Received FMT message
01-22 19:58:22.215  1955  2212 D use-Rlog/RLOG-RIL-IPC: xmm626_sec_modem_fmt_recv: Message: aseq=0x66, command=IPC_GPRS_HSDPA_STATUS, type=IPC_TYPE_NOTI, size=1
01-22 19:58:22.215  1955  2212 D use-Rlog/RLOG-RIL-IPC: ================================= IPC FMT data =================================
01-22 19:58:22.215  1955  2212 D use-Rlog/RLOG-RIL-IPC: [0000]   00                                                 .
01-22 19:58:22.215  1955  2212 D use-Rlog/RLOG-RIL-IPC: ================================================================================
01-22 19:58:22.216  2864  2967 D RILJ    : [UNSL]< UNSOL_RESPONSE_VOICE_NETWORK_STATE_CHANGED [SUB0]
01-22 19:58:22.216  2864  2967 D RILJ    : [UNSL]< UNSOL_RESPONSE_VOICE_NETWORK_STATE_CHANGED [SUB0]
01-22 19:58:22.216  2864  2864 D RILJ    : [3861]> OPERATOR [SUB0]
01-22 19:58:22.217  2864  2864 D RILJ    : [3862]> DATA_REGISTRATION_STATE [SUB0]
01-22 19:58:22.217  1955  1975 D use-Rlog/RLOG-RIL: 2 RIL requests in the queue (1 pending, 1 handled, 0 unhandled)
01-22 19:58:22.218  1955  2216 D use-Rlog/RLOG-RIL-IPC: 
01-22 19:58:22.218  1955  2216 D use-Rlog/RLOG-RIL-IPC: xmm626_sec_modem_fmt_send: Sent FMT message
01-22 19:58:22.218  1955  2216 D use-Rlog/RLOG-RIL-IPC: xmm626_sec_modem_fmt_send: Message: mseq=0x67, command=IPC_NET_SERVING_NETWORK, type=IPC_TYPE_GET, size=0
01-22 19:58:22.218  2864  2864 D RILJ    : [3863]> VOICE_REGISTRATION_STATE [SUB0]
01-22 19:58:22.219  1955  1975 D use-Rlog/RLOG-RIL: 3 RIL requests in the queue (1 pending, 2 handled, 0 unhandled)
01-22 19:58:22.219  1955  2216 D use-Rlog/RLOG-RIL-IPC: 
01-22 19:58:22.219  1955  2216 D use-Rlog/RLOG-RIL-IPC: xmm626_sec_modem_fmt_send: Sent FMT message
01-22 19:58:22.219  1955  2216 D use-Rlog/RLOG-RIL-IPC: xmm626_sec_modem_fmt_send: Message: mseq=0x68, command=IPC_NET_REGIST, type=IPC_TYPE_GET, size=2
01-22 19:58:22.219  1955  2216 D use-Rlog/RLOG-RIL-IPC: ================================= IPC FMT data =================================
01-22 19:58:22.219  1955  2216 D use-Rlog/RLOG-RIL-IPC: [0000]   FF 03                                              ..
01-22 19:58:22.219  1955  2216 D use-Rlog/RLOG-RIL-IPC: ================================================================================
01-22 19:58:22.219  1955  2212 D use-Rlog/RLOG-RIL-IPC: 
01-22 19:58:22.219  1955  2212 D use-Rlog/RLOG-RIL-IPC: xmm626_sec_modem_fmt_recv: Received FMT message
01-22 19:58:22.219  1955  2212 D use-Rlog/RLOG-RIL-IPC: xmm626_sec_modem_fmt_recv: Message: aseq=0x67, command=IPC_NET_SERVING_NETWORK, type=IPC_TYPE_RESP, size=11
01-22 19:58:22.219  1955  2212 D use-Rlog/RLOG-RIL-IPC: ================================= IPC FMT data =================================
01-22 19:58:22.219  1955  2212 D use-Rlog/RLOG-RIL-IPC: [0000]   02 02 04 32 30 38 31 35  23 8F 0F                  ...20815 #..
01-22 19:58:22.219  1955  2212 D use-Rlog/RLOG-RIL-IPC: ================================================================================
01-22 19:58:22.219  1955  2212 D use-Rlog/RLOG-RIL: 2 RIL requests in the queue (0 pending, 2 handled, 0 unhandled)
01-22 19:58:22.220  2864  2967 D RILJ    : [3861]< OPERATOR {Free Mobile, Free Mobile, 20815} [SUB0]
01-22 19:58:22.220  2864  2864 D RILJ    : [3864]> QUERY_NETWORK_SELECTION_MODE [SUB0]
01-22 19:58:22.221  1955  1975 D use-Rlog/RLOG-RIL: 3 RIL requests in the queue (1 pending, 2 handled, 0 unhandled)
01-22 19:58:22.221  1955  2216 D use-Rlog/RLOG-RIL-IPC: 
01-22 19:58:22.221  1955  2216 D use-Rlog/RLOG-RIL-IPC: xmm626_sec_modem_fmt_send: Sent FMT message
01-22 19:58:22.221  1955  2216 D use-Rlog/RLOG-RIL-IPC: xmm626_sec_modem_fmt_send: Message: mseq=0x69, command=IPC_NET_REGIST, type=IPC_TYPE_GET, size=2
01-22 19:58:22.221  1955  2216 D use-Rlog/RLOG-RIL-IPC: ================================= IPC FMT data =================================
01-22 19:58:22.221  1955  2216 D use-Rlog/RLOG-RIL-IPC: [0000]   FF 02                                              ..
01-22 19:58:22.221  1955  2216 D use-Rlog/RLOG-RIL-IPC: ================================================================================
01-22 19:58:22.221  1955  2212 D use-Rlog/RLOG-RIL-IPC: 
01-22 19:58:22.221  1955  2212 D use-Rlog/RLOG-RIL-IPC: xmm626_sec_modem_fmt_recv: Received FMT message
01-22 19:58:22.221  1955  2212 D use-Rlog/RLOG-RIL-IPC: xmm626_sec_modem_fmt_recv: Message: aseq=0x68, command=IPC_NET_REGIST, type=IPC_TYPE_RESP, size=11
01-22 19:58:22.221  1955  2212 D use-Rlog/RLOG-RIL-IPC: ================================= IPC FMT data =================================
01-22 19:58:22.222  1955  2212 D use-Rlog/RLOG-RIL-IPC: [0000]   04 03 02 01 8F 0F 69 99  55 03 00                  ......i. U..
01-22 19:58:22.222  1955  2212 D use-Rlog/RLOG-RIL-IPC: ================================================================================
01-22 19:58:22.222  1955  2212 D use-Rlog/RLOG-RIL: 2 RIL requests in the queue (0 pending, 2 handled, 0 unhandled)
01-22 19:58:22.222  2864  2864 D RILJ    : [3865]> OPERATOR [SUB0]
01-22 19:58:22.223  1955  1975 D use-Rlog/RLOG-RIL: 3 RIL requests in the queue (1 pending, 2 handled, 0 unhandled)
01-22 19:58:22.223  1955  2216 D use-Rlog/RLOG-RIL-IPC: 
01-22 19:58:22.223  1955  2216 D use-Rlog/RLOG-RIL-IPC: xmm626_sec_modem_fmt_send: Sent FMT message
01-22 19:58:22.223  1955  2216 D use-Rlog/RLOG-RIL-IPC: xmm626_sec_modem_fmt_send: Message: mseq=0x6a, command=IPC_NET_PLMN_SEL, type=IPC_TYPE_GET, size=0
01-22 19:58:22.223  1955  2212 D use-Rlog/RLOG-RIL-IPC: 
01-22 19:58:22.223  1955  2212 D use-Rlog/RLOG-RIL-IPC: xmm626_sec_modem_fmt_recv: Received FMT message
01-22 19:58:22.223  1955  2212 D use-Rlog/RLOG-RIL-IPC: xmm626_sec_modem_fmt_recv: Message: aseq=0x69, command=IPC_NET_REGIST, type=IPC_TYPE_RESP, size=11
01-22 19:58:22.223  1955  2212 D use-Rlog/RLOG-RIL-IPC: ================================= IPC FMT data =================================
01-22 19:58:22.223  1955  2212 D use-Rlog/RLOG-RIL-IPC: [0000]   04 02 02 01 8F 0F 69 99  55 03 00                  ......i. U..
01-22 19:58:22.223  1955  2212 D use-Rlog/RLOG-RIL-IPC: ================================================================================
01-22 19:58:22.223  1955  2212 D use-Rlog/RLOG-RIL: 2 RIL requests in the queue (0 pending, 2 handled, 0 unhandled)
01-22 19:58:22.224  2864  2864 D RILJ    : [3866]> DATA_REGISTRATION_STATE [SUB0]
01-22 19:58:22.224  1955  1975 D use-Rlog/RLOG-RIL: 3 RIL requests in the queue (1 pending, 2 handled, 0 unhandled)
01-22 19:58:22.224  1955  2216 D use-Rlog/RLOG-RIL-IPC: 
01-22 19:58:22.225  1955  2216 D use-Rlog/RLOG-RIL-IPC: xmm626_sec_modem_fmt_send: Sent FMT message
01-22 19:58:22.225  1955  2216 D use-Rlog/RLOG-RIL-IPC: xmm626_sec_modem_fmt_send: Message: mseq=0x6b, command=IPC_NET_SERVING_NETWORK, type=IPC_TYPE_GET, size=0
01-22 19:58:22.225  1955  2212 D use-Rlog/RLOG-RIL-IPC: 
01-22 19:58:22.225  1955  2212 D use-Rlog/RLOG-RIL-IPC: xmm626_sec_modem_fmt_recv: Received FMT message
01-22 19:58:22.225  1955  2212 D use-Rlog/RLOG-RIL-IPC: xmm626_sec_modem_fmt_recv: Message: aseq=0x6a, command=IPC_NET_PLMN_SEL, type=IPC_TYPE_RESP, size=1
01-22 19:58:22.225  1955  2212 D use-Rlog/RLOG-RIL-IPC: ================================= IPC FMT data =================================
01-22 19:58:22.225  1955  2212 D use-Rlog/RLOG-RIL-IPC: [0000]   02                                                 .
01-22 19:58:22.225  1955  2212 D use-Rlog/RLOG-RIL-IPC: ================================================================================
01-22 19:58:22.225  1955  2212 D use-Rlog/RLOG-RIL: 2 RIL requests in the queue (0 pending, 2 handled, 0 unhandled)
01-22 19:58:22.227  1955  2212 D use-Rlog/RLOG-RIL-IPC: 
01-22 19:58:22.227  1955  2212 D use-Rlog/RLOG-RIL-IPC: xmm626_sec_modem_fmt_recv: Received FMT message
01-22 19:58:22.227  1955  2212 D use-Rlog/RLOG-RIL-IPC: xmm626_sec_modem_fmt_recv: Message: aseq=0x6b, command=IPC_NET_SERVING_NETWORK, type=IPC_TYPE_RESP, size=11
01-22 19:58:22.227  1955  2212 D use-Rlog/RLOG-RIL-IPC: ================================= IPC FMT data =================================
01-22 19:58:22.227  1955  2212 D use-Rlog/RLOG-RIL-IPC: [0000]   02 02 04 32 30 38 31 35  23 8F 0F                  ...20815 #..
01-22 19:58:22.227  1955  2212 D use-Rlog/RLOG-RIL-IPC: ================================================================================
01-22 19:58:22.227  1955  2212 D use-Rlog/RLOG-RIL: 1 RIL request in the queue (0 pending, 1 handled, 0 unhandled)
01-22 19:58:22.228  1955  1975 D use-Rlog/RLOG-RIL: 2 RIL requests in the queue (1 pending, 1 handled, 0 unhandled)
01-22 19:58:22.228  2864  2967 D RILJ    : [3862]< DATA_REGISTRATION_STATE {1, f8f, 3559969, 3, 3} [SUB0]
01-22 19:58:22.228  2864  2967 D RILJ    : [3863]< VOICE_REGISTRATION_STATE {1, f8f, 3559969, 3, null, null, null, null, null, null, null, null, null, null, null} [SUB0]
01-22 19:58:22.228  2864  2967 D RILJ    : [3864]< QUERY_NETWORK_SELECTION_MODE {0} [SUB0]
01-22 19:58:22.228  2864  2967 D RILJ    : [3865]< OPERATOR {Free Mobile, Free Mobile, 20815} [SUB0]
01-22 19:58:22.229  1955  2216 D use-Rlog/RLOG-RIL-IPC: 
01-22 19:58:22.229  1955  2216 D use-Rlog/RLOG-RIL-IPC: xmm626_sec_modem_fmt_send: Sent FMT message
01-22 19:58:22.229  1955  2216 D use-Rlog/RLOG-RIL-IPC: xmm626_sec_modem_fmt_send: Message: mseq=0x6c, command=IPC_NET_REGIST, type=IPC_TYPE_GET, size=2
01-22 19:58:22.229  1955  2216 D use-Rlog/RLOG-RIL-IPC: ================================= IPC FMT data =================================
01-22 19:58:22.229  1955  2216 D use-Rlog/RLOG-RIL-IPC: [0000]   FF 03                                              ..
01-22 19:58:22.229  1955  2216 D use-Rlog/RLOG-RIL-IPC: ================================================================================
01-22 19:58:22.229  2864  2864 D RILJ    : [3867]> VOICE_REGISTRATION_STATE [SUB0]
01-22 19:58:22.230  1955  2212 D use-Rlog/RLOG-RIL-IPC: 
01-22 19:58:22.230  1955  2212 D use-Rlog/RLOG-RIL-IPC: xmm626_sec_modem_fmt_recv: Received FMT message
01-22 19:58:22.230  1955  2212 D use-Rlog/RLOG-RIL-IPC: xmm626_sec_modem_fmt_recv: Message: aseq=0x6c, command=IPC_NET_REGIST, type=IPC_TYPE_RESP, size=11
01-22 19:58:22.230  1955  2212 D use-Rlog/RLOG-RIL-IPC: ================================= IPC FMT data =================================
01-22 19:58:22.230  1955  2212 D use-Rlog/RLOG-RIL-IPC: [0000]   04 03 02 01 8F 0F 69 99  55 03 00                  ......i. U..
01-22 19:58:22.230  1955  2212 D use-Rlog/RLOG-RIL-IPC: ================================================================================
01-22 19:58:22.231  1955  2212 D use-Rlog/RLOG-RIL: 1 RIL request in the queue (0 pending, 1 handled, 0 unhandled)
01-22 19:58:22.231  2864  2967 D RILJ    : [3866]< DATA_REGISTRATION_STATE {1, f8f, 3559969, 3, 3} [SUB0]
01-22 19:58:22.231  2864  2864 D RILJ    : [3868]> QUERY_NETWORK_SELECTION_MODE [SUB0]
01-22 19:58:22.231  1955  1975 D use-Rlog/RLOG-RIL: 2 RIL requests in the queue (1 pending, 1 handled, 0 unhandled)
01-22 19:58:22.232  1955  2216 D use-Rlog/RLOG-RIL-IPC: 
01-22 19:58:22.232  1955  2216 D use-Rlog/RLOG-RIL-IPC: xmm626_sec_modem_fmt_send: Sent FMT message
01-22 19:58:22.232  1955  2216 D use-Rlog/RLOG-RIL-IPC: xmm626_sec_modem_fmt_send: Message: mseq=0x6d, command=IPC_NET_REGIST, type=IPC_TYPE_GET, size=2
01-22 19:58:22.232  1955  2216 D use-Rlog/RLOG-RIL-IPC: ================================= IPC FMT data =================================
01-22 19:58:22.232  1955  2216 D use-Rlog/RLOG-RIL-IPC: [0000]   FF 02                                              ..
01-22 19:58:22.232  1955  2216 D use-Rlog/RLOG-RIL-IPC: ================================================================================
01-22 19:58:22.233  1955  2212 D use-Rlog/RLOG-RIL-IPC: 
01-22 19:58:22.233  1955  2212 D use-Rlog/RLOG-RIL-IPC: xmm626_sec_modem_fmt_recv: Received FMT message
01-22 19:58:22.233  1955  2212 D use-Rlog/RLOG-RIL-IPC: xmm626_sec_modem_fmt_recv: Message: aseq=0x6d, command=IPC_NET_REGIST, type=IPC_TYPE_RESP, size=11
01-22 19:58:22.233  1955  2212 D use-Rlog/RLOG-RIL-IPC: ================================= IPC FMT data =================================
01-22 19:58:22.233  1955  2212 D use-Rlog/RLOG-RIL-IPC: [0000]   04 02 02 01 8F 0F 69 99  55 03 00                  ......i. U..
01-22 19:58:22.233  1955  2212 D use-Rlog/RLOG-RIL-IPC: ================================================================================
01-22 19:58:22.233  1955  2212 D use-Rlog/RLOG-RIL: 1 RIL request in the queue (0 pending, 1 handled, 0 unhandled)
01-22 19:58:22.233  2864  2967 D RILJ    : [3867]< VOICE_REGISTRATION_STATE {1, f8f, 3559969, 3, null, null, null, null, null, null, null, null, null, null, null} [SUB0]
01-22 19:58:22.234  1955  1975 D use-Rlog/RLOG-RIL: 2 RIL requests in the queue (1 pending, 1 handled, 0 unhandled)
01-22 19:58:22.234  1955  2216 D use-Rlog/RLOG-RIL-IPC: 
01-22 19:58:22.234  1955  2216 D use-Rlog/RLOG-RIL-IPC: xmm626_sec_modem_fmt_send: Sent FMT message
01-22 19:58:22.234  1955  2216 D use-Rlog/RLOG-RIL-IPC: xmm626_sec_modem_fmt_send: Message: mseq=0x6e, command=IPC_NET_PLMN_SEL, type=IPC_TYPE_GET, size=0
01-22 19:58:22.234  2864  2864 D PHONE   : [ServiceState] setDataRegState=0
01-22 19:58:22.234  2864  2864 D PHONE   : [ServiceState] setDataRadioTechnology=3
01-22 19:58:22.234  2864  2864 D GsmSST  : [GsmSST] handlPollStateResultMessage: GsmSST setDataRegState=0 regState=1 dataRadioTechnology=3
01-22 19:58:22.234  2864  2864 D PHONE   : [ServiceState] setVoiceRegState=0
01-22 19:58:22.234  2864  2864 E PHONE   : [ServiceState] setState deprecated use setVoiceRegState()
01-22 19:58:22.237  1955  2212 D use-Rlog/RLOG-RIL-IPC: 
01-22 19:58:22.237  1955  2212 D use-Rlog/RLOG-RIL-IPC: xmm626_sec_modem_fmt_recv: Received FMT message
01-22 19:58:22.237  1955  2212 D use-Rlog/RLOG-RIL-IPC: xmm626_sec_modem_fmt_recv: Message: aseq=0x6e, command=IPC_NET_PLMN_SEL, type=IPC_TYPE_RESP, size=1
01-22 19:58:22.237  1955  2212 D use-Rlog/RLOG-RIL-IPC: ================================= IPC FMT data =================================
01-22 19:58:22.237  1955  2212 D use-Rlog/RLOG-RIL-IPC: [0000]   02                                                 .
01-22 19:58:22.237  1955  2212 D use-Rlog/RLOG-RIL-IPC: ================================================================================
01-22 19:58:22.237  1955  2212 D use-Rlog/RLOG-RIL: 1 RIL request in the queue (0 pending, 1 handled, 0 unhandled)
01-22 19:58:22.237  2864  2967 D RILJ    : [3868]< QUERY_NETWORK_SELECTION_MODE {0} [SUB0]
01-22 19:58:22.241  2864  2864 D GsmSST  : [GsmSST] Poll ServiceState done:  oldSS=[0 0 voice home data home Free Mobile Free Mobile 20815 Free Mobile Free Mobile 20815  HSPAP HSPAP CSS not supported -1 -1 RoamInd=-1 DefRoamInd=-1 EmergOnly=false IsDataRoamingFromRegistration=false] newSS=[0 0 voice home data home Free Mobile Free Mobile 20815 Free Mobile Free Mobile 20815  UMTS UMTS CSS not supported -1 -1 RoamInd=-1 DefRoamInd=-1 EmergOnly=false IsDataRoamingFromRegistration=false] oldMaxDataCalls=1 mNewMaxDataCalls=1 oldReasonDataDenied=-1 mNewReasonDataDenied=-1
01-22 19:58:22.241  2864  2864 D GsmSST  : [GsmSST] RAT switched HSPAP -> UMTS at cell 55941481
01-22 19:58:22.241  2864  2864 D PHONE   : [ServiceState] setNullState=1
01-22 19:58:22.241  2864  2864 D PhoneProxy: [PhoneProxy] updatePhoneObject: radioTechnology=3
01-22 19:58:22.241  2864  2864 D TelephonyManager: setTelephonyProperty: success phoneId=0 property=gsm.network.type value: UMTS propVal=UMTS
01-22 19:58:22.242  2864  2864 D SIMRecords: [SIMRecords] getServiceProviderName: no brandOverride
01-22 19:58:22.243  2864  2864 D SIMRecords: [SIMRecords] getServiceProviderName: providerName=Free
01-22 19:58:22.243  2864  2864 D SIMRecords: [SIMRecords] getServiceProviderName: no brandOverride
01-22 19:58:22.243  2864  2864 D SIMRecords: [SIMRecords] getServiceProviderName: providerName=Free
01-22 19:58:22.244  2864  2864 D TelephonyManager: setTelephonyProperty: success phoneId=0 property=gsm.operator.alpha value: Free Mobile propVal=Free Mobile
01-22 19:58:22.245  2864  2864 D TelephonyManager: setTelephonyProperty: success phoneId=0 property=gsm.operator.numeric value: 20815 propVal=20815
01-22 19:58:22.245  2864  2864 D TelephonyManager: setTelephonyProperty: success phoneId=0 property=gsm.operator.iso-country value: fr propVal=fr
01-22 19:58:22.246  2864  2864 D GsmSST  : [GsmSST] pollStateDone: no nitz but one TZ for iso-cc=fr with zone.getID=Europe/Paris testOneUniqueOffsetPath=false
01-22 19:58:22.246  2864  2864 D GsmSST  : [GsmSST] setAndBroadcastNetworkSetTimeZone: setTimeZone=Europe/Paris
01-22 19:58:22.247  2864  2864 D GsmSST  : [GsmSST] setAndBroadcastNetworkSetTimeZone: call alarm.setTimeZone and broadcast zoneId=Europe/Paris
01-22 19:58:22.248  2864  2864 D GsmSST  : [GsmSST] shouldFixTimeZoneNow: retVal=false iccCardExist=true operatorNumeric=20815 mcc=208 prevOperatorNumeric=20815 prevMcc=208 needToFixTimeZone=false ltod=01-22 19:58:22.247
01-22 19:58:22.248  2864  2864 D TelephonyManager: setTelephonyProperty: success phoneId=0 property=gsm.operator.isroaming value: false propVal=false
01-22 19:58:22.248  2864  2864 D GsmSST  : [GsmSST] Broadcasting ServiceState : 0 0 voice home data home Free Mobile Free Mobile 20815 Free Mobile Free Mobile 20815  UMTS UMTS CSS not supported -1 -1 RoamInd=-1 DefRoamInd=-1 EmergOnly=false IsDataRoamingFromRegistration=false
01-22 19:58:22.248  2864  2864 D DefaultPhoneNotifier: nofityServiceState: mRegistry=com.android.internal.telephony.ITelephonyRegistry$Stub$Proxy@b2c19a9 ss=0 0 voice home data home Free Mobile Free Mobile 20815 Free Mobile Free Mobile 20815  UMTS UMTS CSS not supported -1 -1 RoamInd=-1 DefRoamInd=-1 EmergOnly=false IsDataRoamingFromRegistration=false sender=Handler (com.android.internal.telephony.gsm.GSMPhone) {e262d71} phondId=0 subId=3
01-22 19:58:22.251  2864  2864 D SubscriptionController: getSimStateForSlotIdx:  simState=READY ordinal=5
01-22 19:58:22.251  2307  2318 D SubscriptionManager: getSimStateForSubscriber: simState=5 slotIdx=0
01-22 19:58:22.256  2864  2864 D GsmSST  : [GsmSST] notifyDataRegStateRilRadioTechnologyChanged: drs=0 rat=3
01-22 19:58:22.258  2864  2864 D TelephonyManager: setTelephonyProperty: success phoneId=0 property=gsm.network.type value: UMTS propVal=UMTS
01-22 19:58:22.258  2864  2977 D DC-1    : DcDisconnectingState not handled msg.what=EVENT_DATA_CONNECTION_DRS_OR_RAT_CHANGED
01-22 19:58:22.258  2864  2977 D DC-1    : DcDefault msg=EVENT_DATA_CONNECTION_DRS_OR_RAT_CHANGED RefCount=0
01-22 19:58:22.258  2864  2977 D DC-1    : DcDefaultState: EVENT_DATA_CONNECTION_DRS_OR_RAT_CHANGED drs=0 mRilRat=3
01-22 19:58:22.259  2864  2864 D DCT     : [0]get all active apn types
01-22 19:58:22.259  2864  2864 D DCT     : [0]return link properites for default
01-22 19:58:22.259  2864  2977 D DC-1    : DcDisconnectingState not handled msg.what=REQ_GET_LINK_PROPERTIES
01-22 19:58:22.259  2864  2977 D DC-1    : DcDefault msg=REQ_GET_LINK_PROPERTIES RefCount=0
01-22 19:58:22.260  2864  2977 D DC-1    : REQ_GET_LINK_PROPERTIES linkProperties{InterfaceName: rmnet0 LinkAddresses: [10.213.154.3/32,]  Routes: [0.0.0.0/0 -> 10.213.154.3 rmnet0,] DnsAddresses: [212.27.40.240,212.27.40.241,] Domains: null MTU: 1500 TcpBufferSizes: 58254,349525,1048576,58254,349525,1048576}
01-22 19:58:22.260  2864  2864 D DCT     : [0]get active pdp is not null, return NetworkCapabilities for default
01-22 19:58:22.260  2864  2977 D DC-1    : DcDisconnectingState not handled msg.what=REQ_GET_NETWORK_CAPABILITIES
01-22 19:58:22.260  2864  2977 D DC-1    : DcDefault msg=REQ_GET_NETWORK_CAPABILITIES RefCount=0
01-22 19:58:22.260  2864  2977 D DC-1    : REQ_GET_NETWORK_CAPABILITIES networkCapabilities[ Transports: CELLULAR Capabilities: SUPL&INTERNET&NOT_RESTRICTED&TRUSTED&NOT_VPN LinkUpBandwidth>=384Kbps LinkDnBandwidth>=384Kbps Specifier: <3>]
01-22 19:58:22.261  2864  2864 D DCT     : [0]isDataAllowed: not allowed due to - desiredPowerState= false
01-22 19:58:22.262  2307  2772 D TelephonyRegistry: Notify data connection state changed on sub: 3
01-22 19:58:22.263  2307  2772 D TelephonyRegistry: Notify data connection state changed on sub: 3
01-22 19:58:22.264  1955  2212 D use-Rlog/RLOG-RIL-IPC: 
01-22 19:58:22.264  1955  2212 D use-Rlog/RLOG-RIL-IPC: xmm626_sec_modem_fmt_recv: Received FMT message
01-22 19:58:22.264  1955  2212 D use-Rlog/RLOG-RIL-IPC: xmm626_sec_modem_fmt_recv: Message: aseq=0x6e, command=IPC_GPRS_CALL_STATUS, type=IPC_TYPE_NOTI, size=4
01-22 19:58:22.264  1955  2212 D use-Rlog/RLOG-RIL-IPC: ================================= IPC FMT data =================================
01-22 19:58:22.264  1955  2212 D use-Rlog/RLOG-RIL-IPC: [0000]   01 03 00 00                                        ....
01-22 19:58:22.264  1955  2212 D use-Rlog/RLOG-RIL-IPC: ================================================================================
01-22 19:58:22.279  2864  2864 D PhoneProxy: [PhoneProxy] phoneObjectUpdater: newVoiceRadioTech=3
01-22 19:58:22.279  2864  2864 D PhoneProxy: [PhoneProxy] Device is shutting down. No need to switch phone now.
01-22 19:58:22.280  2864  2864 D DCT     : [0]handleMessage msg={ when=-21ms what=270377 obj=android.os.AsyncResult@10b300 target=com.android.internal.telephony.dataconnection.DcTracker }
01-22 19:58:22.280  2864  2864 D DCT     : [0]onUpdateIcc: newIccRecords com.android.internal.telephony.uicc.SIMRecords
01-22 19:58:22.280  2864  2864 D DCT     : [0]setupDataOnConnectableApns: nwTypeChanged
01-22 19:58:22.280  2864  2864 D DCT     : [0]setupDataOnConnectableApns: apnContext {mApnType=dun mState=IDLE mWaitingApns={null} mWaitingApnsPermanentFailureCountDown=0 mApnSetting={null} mReason=radioTurnedOff mDataEnabled=false mDependencyMet=true}
01-22 19:58:22.280  2864  2864 D DCT     : [0]setupDataOnConnectableApns: apnContext {mApnType=hipri mState=IDLE mWaitingApns={null} mWaitingApnsPermanentFailureCountDown=0 mApnSetting={null} mReason=radioTurnedOff mDataEnabled=false mDependencyMet=true}
01-22 19:58:22.280  2864  2864 D DCT     : [0]setupDataOnConnectableApns: apnContext {mApnType=supl mState=IDLE mWaitingApns={null} mWaitingApnsPermanentFailureCountDown=0 mApnSetting={null} mReason=radioTurnedOff mDataEnabled=false mDependencyMet=true}
01-22 19:58:22.280  2864  2864 D DCT     : [0]setupDataOnConnectableApns: apnContext {mApnType=default mState=DISCONNECTING mWaitingApns={[[ApnSettingV3] Free Mobile, 159, 20815, free, , , , , , 0, default | supl, IP, IP, true, 0, 0, 0, false, 0, 0, 0, 0, , ]} mWaitingApnsPermanentFailureCountDown=1 mApnSetting={[ApnSettingV3] Free Mobile, 159, 20815, free, , , , , , 0, default | supl, IP, IP, true, 0, 0, 0, false, 0, 0, 0, 0, , } mReason=radioTurnedOff mDataEnabled=true mDependencyMet=true}
01-22 19:58:22.280  2864  2864 D DCT     : [0]setupDataOnConnectableApns: apnContext {mApnType=mms mState=IDLE mWaitingApns={null} mWaitingApnsPermanentFailureCountDown=0 mApnSetting={null} mReason=radioTurnedOff mDataEnabled=false mDependencyMet=true}
01-22 19:58:22.281  2864  2864 D DCT     : [0]getDataOnRoamingEnabled: phoneSubId=3 isDataRoamingEnabled=false
01-22 19:58:22.297  1955  2212 D use-Rlog/RLOG-RIL: ril_data_connection_disable: Disabled data connection with cid 1
01-22 19:58:22.297  1955  2212 D use-Rlog/RLOG-RIL: 0 RIL request in the queue (0 pending, 0 handled, 0 unhandled)
01-22 19:58:22.297  1955  2212 D use-Rlog/RLOG-RIL-IPC: 
01-22 19:58:22.297  1955  2212 D use-Rlog/RLOG-RIL-IPC: xmm626_sec_modem_fmt_recv: Received FMT message
01-22 19:58:22.297  1955  2212 D use-Rlog/RLOG-RIL-IPC: xmm626_sec_modem_fmt_recv: Message: aseq=0x6e, command=IPC_GPRS_CURRENT_SESSION_DATA_COUNTER, type=IPC_TYPE_NOTI, size=9
01-22 19:58:22.298  1955  2212 D use-Rlog/RLOG-RIL-IPC: ================================= IPC FMT data =================================
01-22 19:58:22.298  1955  2212 D use-Rlog/RLOG-RIL-IPC: [0000]   01 00 00 00 00 88 00 00  00                        ........ .
01-22 19:58:22.298  1955  2212 D use-Rlog/RLOG-RIL-IPC: ================================================================================
01-22 19:58:22.298  1955  2212 D use-Rlog/RLOG-RIL-IPC: Unhandled IPC FMT message: IPC_GPRS_CURRENT_SESSION_DATA_COUNTER
01-22 19:58:22.304  2864  2967 D RILJ    : [3860]< DEACTIVATE_DATA_CALL  [SUB0]
01-22 19:58:22.305  2864  2977 D DC-1    : DcDisconnectingState msg.what=EVENT_DEACTIVATE_DONE RefCount=0
01-22 19:58:22.306  2864  2977 D DC-1    : DcInactiveState: setEnterNoticationParams dp
01-22 19:58:22.306  2864  2977 D DC-1    : DcInactiveState: enter() mTag=3
01-22 19:58:22.306  2864  2977 D DC-1    : DcInactiveState: enter notifyDisconnectCompleted +ALL failCause=NONE
01-22 19:58:22.306  2864  2977 D DC-1    : NotifyDisconnectCompleted
01-22 19:58:22.306  2864  2977 D DC-1    : msg={ when=-1m19s461ms what=270351 obj=android.util.Pair@89ac2f9 target=com.android.internal.telephony.dataconnection.DcTracker } msg.obj=<no-reason>
01-22 19:58:22.306  2864  2977 D DC-1    : NotifyDisconnectCompleted DisconnectParams={mTag=2 mApnContext={mApnType=default mState=DISCONNECTING mWaitingApns={[[ApnSettingV3] Free Mobile, 159, 20815, free, , , , , , 0, default | supl, IP, IP, true, 0, 0, 0, false, 0, 0, 0, 0, , ]} mWaitingApnsPermanentFailureCountDown=1 mApnSetting={[ApnSettingV3] Free Mobile, 159, 20815, free, , , , , , 0, default | supl, IP, IP, true, 0, 0, 0, false, 0, 0, 0, 0, , } mReason=radioTurnedOff mDataEnabled=true mDependencyMet=true} mReason=radioTurnedOff mOnCompletedMsg=null}
01-22 19:58:22.306  2864  2977 D DC-1    : clearSettings
01-22 19:58:22.306  2864  2864 D DCT     : [0]handleMessage msg={ when=-1ms what=270351 obj=android.os.AsyncResult@fa66739 target=com.android.internal.telephony.dataconnection.DcTracker }
01-22 19:58:22.306  2864  2864 D DCT     : [0]DataConnectionTracker.handleMessage: EVENT_DISCONNECT_DONE msg={ when=-1ms what=270351 obj=android.os.AsyncResult@fa66739 target=com.android.internal.telephony.dataconnection.DcTracker }
01-22 19:58:22.307  2864  2864 D DCT     : [0]getValidApnContext (onDisconnectDone) on {mApnType=default mState=DISCONNECTING mWaitingApns={[[ApnSettingV3] Free Mobile, 159, 20815, free, , , , , , 0, default | supl, IP, IP, true, 0, 0, 0, false, 0, 0, 0, 0, , ]} mWaitingApnsPermanentFailureCountDown=1 mApnSetting={[ApnSettingV3] Free Mobile, 159, 20815, free, , , , , , 0, default | supl, IP, IP, true, 0, 0, 0, false, 0, 0, 0, 0, , } mReason=radioTurnedOff mDataEnabled=true mDependencyMet=true} got 1 vs 1
01-22 19:58:22.307  2864  2864 D DCT     : [0]onDisconnectDone: EVENT_DISCONNECT_DONE apnContext={mApnType=default mState=DISCONNECTING mWaitingApns={[[ApnSettingV3] Free Mobile, 159, 20815, free, , , , , , 0, default | supl, IP, IP, true, 0, 0, 0, false, 0, 0, 0, 0, , ]} mWaitingApnsPermanentFailureCountDown=1 mApnSetting={[ApnSettingV3] Free Mobile, 159, 20815, free, , , , , , 0, default | supl, IP, IP, true, 0, 0, 0, false, 0, 0, 0, 0, , } mReason=radioTurnedOff mDataEnabled=true mDependencyMet=true}
01-22 19:58:22.310  2864  2864 D DCT     : [0]isDataAllowed: not allowed due to - desiredPowerState= false
01-22 19:58:22.312  2307  3118 D TelephonyRegistry: Notify data connection state changed on sub: 3
01-22 19:58:22.312  2307  3118 D TelephonyRegistry: Notify data connection state changed on sub: 3
01-22 19:58:22.314  2864  2864 D GsmSST  : [GsmSST] Process pending request to turn radio off.
01-22 19:58:22.314  2864  2864 D RILJ    : [3869]> RADIO_POWER off [SUB0]
01-22 19:58:22.315  2864  2864 D DCT     : [0]onDisconnectDone: radio will be turned off, no retries
01-22 19:58:22.315  2864  2864 D DCT     : [0]notifyDataDisconnectComplete
01-22 19:58:22.316  1955  1975 D use-Rlog/RLOG-RIL: 1 RIL request in the queue (1 pending, 0 handled, 0 unhandled)
01-22 19:58:22.316  1955  2216 D use-Rlog/RLOG-RIL: Requesting low power mode power state
01-22 19:58:22.316  1955  2216 D use-Rlog/RLOG-RIL-IPC: 
01-22 19:58:22.316  1955  2216 D use-Rlog/RLOG-RIL-IPC: xmm626_sec_modem_fmt_send: Sent FMT message
01-22 19:58:22.316  1955  2216 D use-Rlog/RLOG-RIL-IPC: xmm626_sec_modem_fmt_send: Message: mseq=0x6f, command=IPC_PWR_PHONE_STATE, type=IPC_TYPE_EXEC, size=2
01-22 19:58:22.316  1955  2216 D use-Rlog/RLOG-RIL-IPC: ================================= IPC FMT data =================================
01-22 19:58:22.316  1955  2216 D use-Rlog/RLOG-RIL-IPC: [0000]   01 00                                              ..
01-22 19:58:22.316  1955  2216 D use-Rlog/RLOG-RIL-IPC: ================================================================================
01-22 19:58:22.317  2864  2864 D DCT     : [0]getDataOnRoamingEnabled: phoneSubId=3 isDataRoamingEnabled=false
01-22 19:58:22.340  2864  3125 D SubscriptionController: [getActiveSubInfoList]+
01-22 19:58:22.341  2864  3125 D SubscriptionController: selection:sim_id>=0 null
01-22 19:58:22.349  2864  3125 D SubscriptionController: [getSubInfoRecord] id:3 iccid:893315011XXXXXXXXXXX simSlotIndex:0 displayName:Free nameSource:0 iconTint:-16746133 dataRoaming:0 mcc:0 mnc:0 countIso:fr userNwMode:0
01-22 19:58:22.353  2864  3125 D SubscriptionController: [getActiveSubInfoList]- 1 infos return
01-22 19:58:22.353  2864  3125 D SubscriptionController: [getActiveSubInfoForSubscriber]+ subId=3 subInfo={id=3, iccId=893315011XXXXXXXXXXX simSlotIndex=0 displayName=Free carrierName=Free nameSource=0 iconTint=-16746133 dataRoaming=0 iconBitmap=android.graphics.Bitmap@d46b6df mcc 0 mnc 0 mUserNwMode=0}
01-22 19:58:22.378  2864  2892 D SubscriptionController: getSubscriptionProperty Query value = 1
01-22 19:58:22.395  2864  3077 D SubscriptionController: getSubscriptionProperty Query value = 0
01-22 19:58:22.400  2864  2892 D SubscriptionController: getSubscriptionProperty Query value = 1
01-22 19:58:22.405  2864  2890 D SubscriptionController: getSubscriptionProperty Query value = 1
01-22 19:58:22.409  2864  3077 D SubscriptionController: getSubscriptionProperty Query value = 1
01-22 19:58:22.413  2864  3125 D SubscriptionController: getSubscriptionProperty Query value = 1
01-22 19:58:22.420  2864  2892 E PhoneFactory: Settings Exception Reading Dual Sim SMS Prompt Values
01-22 19:58:22.420  2864  2892 D PhoneFactory: SMS Prompt option:false
01-22 19:58:22.420  2864  2892 D RIL_UiccSmsController: isSmsSimPickActivityNeeded: false, sms prompt disabled.
01-22 19:58:22.424  2864  3166 D RILJ    : [3870]> RIL_REQUEST_GSM_SET_BROADCAST_CONFIG with 1 configs :  [SUB0]
01-22 19:58:22.424  2864  3166 D RILJ    : SmsBroadcastConfigInfo: Id [4352,4354] Code [0,255] ENABLED [SUB0]
01-22 19:58:22.425  1955  1975 D use-Rlog/RLOG-RIL: 2 RIL requests in the queue (1 pending, 1 handled, 0 unhandled)
01-22 19:58:22.425  1955  2216 D use-Rlog/RLOG-RIL: Unhandled RIL request: 90
01-22 19:58:22.425  1955  2216 D use-Rlog/RLOG-RIL: 1 RIL request in the queue (0 pending, 1 handled, 0 unhandled)
01-22 19:58:22.425  2864  2967 D RilRequest: [3870]< RIL_REQUEST_GSM_SET_BROADCAST_CONFIG error: com.android.internal.telephony.CommandException: REQUEST_NOT_SUPPORTED ret=
01-22 19:58:22.475  2864  2892 E PhoneFactory: Settings Exception Reading Dual Sim SMS Prompt Values
01-22 19:58:22.475  2864  2892 D PhoneFactory: SMS Prompt option:false
01-22 19:58:22.475  2864  2892 D RIL_UiccSmsController: isSmsSimPickActivityNeeded: false, sms prompt disabled.
01-22 19:58:22.476  2864  3166 D RILJ    : [3871]> RIL_REQUEST_GSM_SET_BROADCAST_CONFIG with 1 configs :  [SUB0]
01-22 19:58:22.476  2864  3166 D RILJ    : SmsBroadcastConfigInfo: Id [4356,4356] Code [0,255] ENABLED [SUB0]
01-22 19:58:22.477  1955  1975 D use-Rlog/RLOG-RIL: 2 RIL requests in the queue (1 pending, 1 handled, 0 unhandled)
01-22 19:58:22.477  1955  2216 D use-Rlog/RLOG-RIL: Unhandled RIL request: 90
01-22 19:58:22.477  1955  2216 D use-Rlog/RLOG-RIL: 1 RIL request in the queue (0 pending, 1 handled, 0 unhandled)
01-22 19:58:22.478  2864  2967 D RilRequest: [3871]< RIL_REQUEST_GSM_SET_BROADCAST_CONFIG error: com.android.internal.telephony.CommandException: REQUEST_NOT_SUPPORTED ret=
01-22 19:58:22.481  2864  2890 E PhoneFactory: Settings Exception Reading Dual Sim SMS Prompt Values
01-22 19:58:22.481  2864  2890 D PhoneFactory: SMS Prompt option:false
01-22 19:58:22.481  2864  2890 D RIL_UiccSmsController: isSmsSimPickActivityNeeded: false, sms prompt disabled.
01-22 19:58:22.482  2864  3077 D RILJ    : [3872]> RIL_REQUEST_GSM_SET_BROADCAST_CONFIG with 1 configs :  [SUB0]
01-22 19:58:22.482  2864  3077 D RILJ    : SmsBroadcastConfigInfo: Id [4371,4372] Code [0,255] ENABLED [SUB0]
01-22 19:58:22.483  1955  1975 D use-Rlog/RLOG-RIL: 2 RIL requests in the queue (1 pending, 1 handled, 0 unhandled)
01-22 19:58:22.483  1955  2216 D use-Rlog/RLOG-RIL: Unhandled RIL request: 90
01-22 19:58:22.483  1955  2216 D use-Rlog/RLOG-RIL: 1 RIL request in the queue (0 pending, 1 handled, 0 unhandled)
01-22 19:58:22.484  2864  2967 D RilRequest: [3872]< RIL_REQUEST_GSM_SET_BROADCAST_CONFIG error: com.android.internal.telephony.CommandException: REQUEST_NOT_SUPPORTED ret=
01-22 19:58:22.487  2864  3125 E PhoneFactory: Settings Exception Reading Dual Sim SMS Prompt Values
01-22 19:58:22.487  2864  3125 D PhoneFactory: SMS Prompt option:false
01-22 19:58:22.487  2864  3125 D RIL_UiccSmsController: isSmsSimPickActivityNeeded: false, sms prompt disabled.
01-22 19:58:22.488  2864  3149 D RILJ    : [3873]> RIL_REQUEST_CDMA_SET_BROADCAST_CONFIG with 1 configs :  [SUB0]
01-22 19:58:22.488  2864  3149 D RILJ    : CdmaSmsBroadcastConfigInfo: Id [4097, 4097] ENABLED [SUB0]
01-22 19:58:22.489  1955  1975 D use-Rlog/RLOG-RIL: 2 RIL requests in the queue (1 pending, 1 handled, 0 unhandled)
01-22 19:58:22.489  1955  2216 D use-Rlog/RLOG-RIL: Unhandled RIL request: 93
01-22 19:58:22.489  1955  2216 D use-Rlog/RLOG-RIL: 1 RIL request in the queue (0 pending, 1 handled, 0 unhandled)
01-22 19:58:22.489  2864  2967 D RilRequest: [3873]< RIL_REQUEST_CDMA_SET_BROADCAST_CONFIG error: com.android.internal.telephony.CommandException: REQUEST_NOT_SUPPORTED ret=
01-22 19:58:22.493  2864  2892 E PhoneFactory: Settings Exception Reading Dual Sim SMS Prompt Values
01-22 19:58:22.493  2864  2892 D PhoneFactory: SMS Prompt option:false
01-22 19:58:22.493  2864  2892 D RIL_UiccSmsController: isSmsSimPickActivityNeeded: false, sms prompt disabled.
01-22 19:58:22.494  2864  3166 D RILJ    : [3874]> RIL_REQUEST_GSM_SET_BROADCAST_CONFIG with 1 configs :  [SUB0]
01-22 19:58:22.494  2864  3166 D RILJ    : SmsBroadcastConfigInfo: Id [4373,4378] Code [0,255] ENABLED [SUB0]
01-22 19:58:22.495  1955  1975 D use-Rlog/RLOG-RIL: 2 RIL requests in the queue (1 pending, 1 handled, 0 unhandled)
01-22 19:58:22.495  1955  2216 D use-Rlog/RLOG-RIL: Unhandled RIL request: 90
01-22 19:58:22.495  1955  2216 D use-Rlog/RLOG-RIL: 1 RIL request in the queue (0 pending, 1 handled, 0 unhandled)
01-22 19:58:22.495  2864  2967 D RilRequest: [3874]< RIL_REQUEST_GSM_SET_BROADCAST_CONFIG error: com.android.internal.telephony.CommandException: REQUEST_NOT_SUPPORTED ret=
01-22 19:58:22.503  2864  2890 E PhoneFactory: Settings Exception Reading Dual Sim SMS Prompt Values
01-22 19:58:22.504  2864  2890 D PhoneFactory: SMS Prompt option:false
01-22 19:58:22.504  2864  2890 D RIL_UiccSmsController: isSmsSimPickActivityNeeded: false, sms prompt disabled.
01-22 19:58:22.505  2864  3077 D RILJ    : [3875]> RIL_REQUEST_CDMA_SET_BROADCAST_CONFIG with 1 configs :  [SUB0]
01-22 19:58:22.505  2864  3077 D RILJ    : CdmaSmsBroadcastConfigInfo: Id [4098, 4098] ENABLED [SUB0]
01-22 19:58:22.506  1955  1975 D use-Rlog/RLOG-RIL: 2 RIL requests in the queue (1 pending, 1 handled, 0 unhandled)
01-22 19:58:22.506  1955  2216 D use-Rlog/RLOG-RIL: Unhandled RIL request: 93
01-22 19:58:22.506  1955  2216 D use-Rlog/RLOG-RIL: 1 RIL request in the queue (0 pending, 1 handled, 0 unhandled)
01-22 19:58:22.506  2864  2967 D RilRequest: [3875]< RIL_REQUEST_CDMA_SET_BROADCAST_CONFIG error: com.android.internal.telephony.CommandException: REQUEST_NOT_SUPPORTED ret=
01-22 19:58:22.510  2864  3125 E PhoneFactory: Settings Exception Reading Dual Sim SMS Prompt Values
01-22 19:58:22.510  2864  3125 D PhoneFactory: SMS Prompt option:false
01-22 19:58:22.510  2864  3125 D RIL_UiccSmsController: isSmsSimPickActivityNeeded: false, sms prompt disabled.
01-22 19:58:22.511  2864  3149 D RILJ    : [3876]> RIL_REQUEST_GSM_SET_BROADCAST_CONFIG with 1 configs :  [SUB0]
01-22 19:58:22.511  2864  3149 D RILJ    : SmsBroadcastConfigInfo: Id [4379,4379] Code [0,255] ENABLED [SUB0]
01-22 19:58:22.512  1955  1975 D use-Rlog/RLOG-RIL: 2 RIL requests in the queue (1 pending, 1 handled, 0 unhandled)
01-22 19:58:22.513  1955  2216 D use-Rlog/RLOG-RIL: Unhandled RIL request: 90
01-22 19:58:22.513  1955  2216 D use-Rlog/RLOG-RIL: 1 RIL request in the queue (0 pending, 1 handled, 0 unhandled)
01-22 19:58:22.513  2864  2967 D RilRequest: [3876]< RIL_REQUEST_GSM_SET_BROADCAST_CONFIG error: com.android.internal.telephony.CommandException: REQUEST_NOT_SUPPORTED ret=
01-22 19:58:22.517  2864  2892 E PhoneFactory: Settings Exception Reading Dual Sim SMS Prompt Values
01-22 19:58:22.517  2864  2892 D PhoneFactory: SMS Prompt option:false
01-22 19:58:22.517  2864  2892 D RIL_UiccSmsController: isSmsSimPickActivityNeeded: false, sms prompt disabled.
01-22 19:58:22.518  2864  3166 D RILJ    : [3877]> RIL_REQUEST_CDMA_SET_BROADCAST_CONFIG with 1 configs :  [SUB0]
01-22 19:58:22.518  2864  3166 D RILJ    : CdmaSmsBroadcastConfigInfo: Id [4099, 4099] ENABLED [SUB0]
01-22 19:58:22.519  1955  1975 D use-Rlog/RLOG-RIL: 2 RIL requests in the queue (1 pending, 1 handled, 0 unhandled)
01-22 19:58:22.519  1955  2216 D use-Rlog/RLOG-RIL: Unhandled RIL request: 93
01-22 19:58:22.519  1955  2216 D use-Rlog/RLOG-RIL: 1 RIL request in the queue (0 pending, 1 handled, 0 unhandled)
01-22 19:58:22.519  2864  2967 D RilRequest: [3877]< RIL_REQUEST_CDMA_SET_BROADCAST_CONFIG error: com.android.internal.telephony.CommandException: REQUEST_NOT_SUPPORTED ret=
01-22 19:58:22.523  2864  2890 E PhoneFactory: Settings Exception Reading Dual Sim SMS Prompt Values
01-22 19:58:22.523  2864  2890 D PhoneFactory: SMS Prompt option:false
01-22 19:58:22.523  2864  2890 D RIL_UiccSmsController: isSmsSimPickActivityNeeded: false, sms prompt disabled.
01-22 19:58:22.524  2864  3077 D RILJ    : [3878]> RIL_REQUEST_GSM_SET_BROADCAST_CONFIG with 1 configs :  [SUB0]
01-22 19:58:22.524  2864  3077 D RILJ    : SmsBroadcastConfigInfo: Id [4380,4382] Code [0,255] ENABLED [SUB0]
01-22 19:58:22.525  1955  1975 D use-Rlog/RLOG-RIL: 2 RIL requests in the queue (1 pending, 1 handled, 0 unhandled)
01-22 19:58:22.525  1955  2216 D use-Rlog/RLOG-RIL: Unhandled RIL request: 90
01-22 19:58:22.525  1955  2216 D use-Rlog/RLOG-RIL: 1 RIL request in the queue (0 pending, 1 handled, 0 unhandled)
01-22 19:58:22.525  2864  2967 D RilRequest: [3878]< RIL_REQUEST_GSM_SET_BROADCAST_CONFIG error: com.android.internal.telephony.CommandException: REQUEST_NOT_SUPPORTED ret=
01-22 19:58:22.528  2864  3125 E PhoneFactory: Settings Exception Reading Dual Sim SMS Prompt Values
01-22 19:58:22.528  2864  3125 D PhoneFactory: SMS Prompt option:false
01-22 19:58:22.528  2864  3125 D RIL_UiccSmsController: isSmsSimPickActivityNeeded: false, sms prompt disabled.
01-22 19:58:22.529  2864  3149 D RILJ    : [3879]> RIL_REQUEST_CDMA_SET_BROADCAST_CONFIG with 1 configs :  [SUB0]
01-22 19:58:22.529  2864  3149 D RILJ    : CdmaSmsBroadcastConfigInfo: Id [4100, 4100] ENABLED [SUB0]
01-22 19:58:22.530  1955  1975 D use-Rlog/RLOG-RIL: 2 RIL requests in the queue (1 pending, 1 handled, 0 unhandled)
01-22 19:58:22.530  1955  2216 D use-Rlog/RLOG-RIL: Unhandled RIL request: 93
01-22 19:58:22.530  1955  2216 D use-Rlog/RLOG-RIL: 1 RIL request in the queue (0 pending, 1 handled, 0 unhandled)
01-22 19:58:22.531  2864  2967 D RilRequest: [3879]< RIL_REQUEST_CDMA_SET_BROADCAST_CONFIG error: com.android.internal.telephony.CommandException: REQUEST_NOT_SUPPORTED ret=
01-22 19:58:22.534  2864  2892 E PhoneFactory: Settings Exception Reading Dual Sim SMS Prompt Values
01-22 19:58:22.534  2864  2892 D PhoneFactory: SMS Prompt option:false
01-22 19:58:22.534  2864  2892 D RIL_UiccSmsController: isSmsSimPickActivityNeeded: false, sms prompt disabled.
01-22 19:58:22.536  2864  3166 D RILJ    : [3880]> RIL_REQUEST_GSM_SET_BROADCAST_CONFIG with 1 configs :  [SUB0]
01-22 19:58:22.536  2864  3166 D RILJ    : SmsBroadcastConfigInfo: Id [4393,4395] Code [0,255] ENABLED [SUB0]
01-22 19:58:22.537  1955  1975 D use-Rlog/RLOG-RIL: 2 RIL requests in the queue (1 pending, 1 handled, 0 unhandled)
01-22 19:58:22.537  1955  2216 D use-Rlog/RLOG-RIL: Unhandled RIL request: 90
01-22 19:58:22.537  1955  2216 D use-Rlog/RLOG-RIL: 1 RIL request in the queue (0 pending, 1 handled, 0 unhandled)
01-22 19:58:22.538  2864  2967 D RilRequest: [3880]< RIL_REQUEST_GSM_SET_BROADCAST_CONFIG error: com.android.internal.telephony.CommandException: REQUEST_NOT_SUPPORTED ret=
01-22 19:58:22.549  2864  2890 E PhoneFactory: Settings Exception Reading Dual Sim SMS Prompt Values
01-22 19:58:22.549  2864  2890 D PhoneFactory: SMS Prompt option:false
01-22 19:58:22.549  2864  2890 D RIL_UiccSmsController: isSmsSimPickActivityNeeded: false, sms prompt disabled.
01-22 19:58:22.550  2864  3077 D RILJ    : [3881]> RIL_REQUEST_GSM_SET_BROADCAST_CONFIG with 1 configs :  [SUB0]
01-22 19:58:22.550  2864  3077 D RILJ    : SmsBroadcastConfigInfo: Id [4370,4370] Code [0,255] ENABLED [SUB0]
01-22 19:58:22.551  1955  1975 D use-Rlog/RLOG-RIL: 2 RIL requests in the queue (1 pending, 1 handled, 0 unhandled)
01-22 19:58:22.551  1955  2216 D use-Rlog/RLOG-RIL: Unhandled RIL request: 90
01-22 19:58:22.551  1955  2216 D use-Rlog/RLOG-RIL: 1 RIL request in the queue (0 pending, 1 handled, 0 unhandled)
01-22 19:58:22.551  2864  2967 D RilRequest: [3881]< RIL_REQUEST_GSM_SET_BROADCAST_CONFIG error: com.android.internal.telephony.CommandException: REQUEST_NOT_SUPPORTED ret=
01-22 19:58:22.556  2864  3125 E PhoneFactory: Settings Exception Reading Dual Sim SMS Prompt Values
01-22 19:58:22.556  2864  3125 D PhoneFactory: SMS Prompt option:false
01-22 19:58:22.556  2864  3125 D RIL_UiccSmsController: isSmsSimPickActivityNeeded: false, sms prompt disabled.
01-22 19:58:22.557  2864  3149 D RILJ    : [3882]> RIL_REQUEST_CDMA_SET_BROADCAST_CONFIG with 1 configs :  [SUB0]
01-22 19:58:22.557  2864  3149 D RILJ    : CdmaSmsBroadcastConfigInfo: Id [4096, 4096] ENABLED [SUB0]
01-22 19:58:22.558  1955  1975 D use-Rlog/RLOG-RIL: 2 RIL requests in the queue (1 pending, 1 handled, 0 unhandled)
01-22 19:58:22.558  1955  2216 D use-Rlog/RLOG-RIL: Unhandled RIL request: 93
01-22 19:58:22.558  1955  2216 D use-Rlog/RLOG-RIL: 1 RIL request in the queue (0 pending, 1 handled, 0 unhandled)
01-22 19:58:22.558  2864  2967 D RilRequest: [3882]< RIL_REQUEST_CDMA_SET_BROADCAST_CONFIG error: com.android.internal.telephony.CommandException: REQUEST_NOT_SUPPORTED ret=
01-22 19:58:22.562  2864  2892 E PhoneFactory: Settings Exception Reading Dual Sim SMS Prompt Values
01-22 19:58:22.562  2864  2892 D PhoneFactory: SMS Prompt option:false
01-22 19:58:22.562  2864  2892 D RIL_UiccSmsController: isSmsSimPickActivityNeeded: false, sms prompt disabled.
01-22 19:58:22.563  2864  3166 D RILJ    : [3883]> RIL_REQUEST_GSM_SET_BROADCAST_CONFIG with 1 configs :  [SUB0]
01-22 19:58:22.563  2864  3166 D RILJ    : SmsBroadcastConfigInfo: Id [4383,4383] Code [0,255] ENABLED [SUB0]
01-22 19:58:22.564  1955  1975 D use-Rlog/RLOG-RIL: 2 RIL requests in the queue (1 pending, 1 handled, 0 unhandled)
01-22 19:58:22.564  1955  2216 D use-Rlog/RLOG-RIL: Unhandled RIL request: 90
01-22 19:58:22.564  1955  2216 D use-Rlog/RLOG-RIL: 1 RIL request in the queue (0 pending, 1 handled, 0 unhandled)
01-22 19:58:22.564  2864  2967 D RilRequest: [3883]< RIL_REQUEST_GSM_SET_BROADCAST_CONFIG error: com.android.internal.telephony.CommandException: REQUEST_NOT_SUPPORTED ret=
01-22 19:58:22.568  2864  2890 E PhoneFactory: Settings Exception Reading Dual Sim SMS Prompt Values
01-22 19:58:22.568  2864  2890 D PhoneFactory: SMS Prompt option:false
01-22 19:58:22.568  2864  2890 D RIL_UiccSmsController: isSmsSimPickActivityNeeded: false, sms prompt disabled.
01-22 19:58:22.573  2864  3125 E PhoneFactory: Settings Exception Reading Dual Sim SMS Prompt Values
01-22 19:58:22.573  2864  3125 D PhoneFactory: SMS Prompt option:false
01-22 19:58:22.573  2864  3125 D RIL_UiccSmsController: isSmsSimPickActivityNeeded: false, sms prompt disabled.
01-22 19:58:22.586  2864  3125 E PhoneFactory: Settings Exception Reading Dual Sim SMS Prompt Values
01-22 19:58:22.586  2864  3125 D PhoneFactory: SMS Prompt option:false
01-22 19:58:22.586  2864  3125 D RIL_UiccSmsController: isSmsSimPickActivityNeeded: false, sms prompt disabled.
01-22 19:58:22.595  2864  3125 E PhoneFactory: Settings Exception Reading Dual Sim SMS Prompt Values
01-22 19:58:22.595  2864  3125 D PhoneFactory: SMS Prompt option:false
01-22 19:58:22.595  2864  3125 D RIL_UiccSmsController: isSmsSimPickActivityNeeded: false, sms prompt disabled.
01-22 19:58:22.936  2864  2892 D SubscriptionController: [getActiveSubIdList] simInfoSet=[0=3]
01-22 19:58:22.937  2864  2892 D SubscriptionController: [getActiveSubIdList] X subIdArr.length=1
01-22 19:58:22.939  2864  2890 D SubscriptionController: [getActiveSubIdList] simInfoSet=[0=3]
01-22 19:58:22.939  2864  2890 D SubscriptionController: [getActiveSubIdList] X subIdArr.length=1
01-22 19:58:22.942  2864  3077 D SubscriptionController: [getActiveSubIdList] simInfoSet=[0=3]
01-22 19:58:22.942  2864  3077 D SubscriptionController: [getActiveSubIdList] X subIdArr.length=1
01-22 19:58:22.947  2864  3149 D SubscriptionController: [getActiveSubIdList] simInfoSet=[0=3]
01-22 19:58:22.947  2864  3149 D SubscriptionController: [getActiveSubIdList] X subIdArr.length=1
01-22 19:58:22.951  2864  3166 D SubscriptionController: [getActiveSubIdList] simInfoSet=[0=3]
01-22 19:58:22.951  2864  3166 D SubscriptionController: [getActiveSubIdList] X subIdArr.length=1
01-22 19:58:22.962  2864  3125 D SubscriptionController: [getActiveSubIdList] simInfoSet=[0=3]
01-22 19:58:22.962  2864  3125 D SubscriptionController: [getActiveSubIdList] X subIdArr.length=1
01-22 19:58:22.966  2864  2892 D SubscriptionController: [getActiveSubIdList] simInfoSet=[0=3]
01-22 19:58:22.967  2864  2892 D SubscriptionController: [getActiveSubIdList] X subIdArr.length=1
01-22 19:58:22.972  2864  2890 D SubscriptionController: [getActiveSubIdList] simInfoSet=[0=3]
01-22 19:58:22.972  2864  2890 D SubscriptionController: [getActiveSubIdList] X subIdArr.length=1
01-22 19:58:22.975  2864  3125 D SubscriptionController: [getActiveSubIdList] simInfoSet=[0=3]
01-22 19:58:22.975  2864  3125 D SubscriptionController: [getActiveSubIdList] X subIdArr.length=1
01-22 19:58:22.976  2864  3149 D SubscriptionController: [getActiveSubIdList] simInfoSet=[0=3]
01-22 19:58:22.976  2864  3149 D SubscriptionController: [getActiveSubIdList] X subIdArr.length=1
01-22 19:58:24.480  1955  2212 D use-Rlog/RLOG-RIL-IPC: 
01-22 19:58:24.480  1955  2212 D use-Rlog/RLOG-RIL-IPC: xmm626_sec_modem_fmt_recv: Received FMT message
01-22 19:58:24.480  1955  2212 D use-Rlog/RLOG-RIL-IPC: xmm626_sec_modem_fmt_recv: Message: aseq=0xff, command=IPC_NET_REGIST, type=IPC_TYPE_NOTI, size=11
01-22 19:58:24.480  1955  2212 D use-Rlog/RLOG-RIL-IPC: ================================= IPC FMT data =================================
01-22 19:58:24.480  1955  2212 D use-Rlog/RLOG-RIL-IPC: [0000]   04 02 01 01 8F 0F 69 99  55 03 FF                  ......i. U..
01-22 19:58:24.480  1955  2212 D use-Rlog/RLOG-RIL-IPC: ================================================================================
01-22 19:58:24.481  1955  2212 D use-Rlog/RLOG-RIL-IPC: 
01-22 19:58:24.481  1955  2212 D use-Rlog/RLOG-RIL-IPC: xmm626_sec_modem_fmt_recv: Received FMT message
01-22 19:58:24.481  1955  2212 D use-Rlog/RLOG-RIL-IPC: xmm626_sec_modem_fmt_recv: Message: aseq=0xff, command=IPC_NET_REGIST, type=IPC_TYPE_NOTI, size=11
01-22 19:58:24.481  1955  2212 D use-Rlog/RLOG-RIL-IPC: ================================= IPC FMT data =================================
01-22 19:58:24.481  1955  2212 D use-Rlog/RLOG-RIL-IPC: [0000]   04 03 01 01 8F 0F 69 99  55 03 FF                  ......i. U..
01-22 19:58:24.481  1955  2212 D use-Rlog/RLOG-RIL-IPC: ================================================================================
01-22 19:58:24.481  1955  2212 D use-Rlog/RLOG-RIL-IPC: 
01-22 19:58:24.481  1955  2212 D use-Rlog/RLOG-RIL-IPC: xmm626_sec_modem_fmt_recv: Received FMT message
01-22 19:58:24.481  1955  2212 D use-Rlog/RLOG-RIL-IPC: xmm626_sec_modem_fmt_recv: Message: aseq=0xff, command=IPC_GPRS_HSDPA_STATUS, type=IPC_TYPE_NOTI, size=1
01-22 19:58:24.481  1955  2212 D use-Rlog/RLOG-RIL-IPC: ================================= IPC FMT data =================================
01-22 19:58:24.481  1955  2212 D use-Rlog/RLOG-RIL-IPC: [0000]   00                                                 .
01-22 19:58:24.481  1955  2212 D use-Rlog/RLOG-RIL-IPC: ================================================================================
01-22 19:58:24.481  1955  2212 D use-Rlog/RLOG-RIL-IPC: 
