01-22 19:57:38.161  2864  2864 E PhoneBase: Error! registerForCallWaiting() in PhoneBase should not be called, CDMAPhone inactive.
01-22 19:57:38.186  2864  2864 E PhoneBase: Error! unregisterForCallWaiting() in PhoneBase should not be called, CDMAPhone inactive.
01-22 19:57:38.189  2864  2864 D SubscriptionController: [getActiveSubInfoList]+
01-22 19:57:38.191  2864  2864 D SubscriptionController: selection:sim_id>=0 null
01-22 19:57:38.198  2864  2864 D SubscriptionController: [getSubInfoRecord] id:3 iccid:893315011XXXXXXXXXXX simSlotIndex:0 displayName:Free nameSource:0 iconTint:-16746133 dataRoaming:0 mcc:0 mnc:0 countIso:fr userNwMode:0
01-22 19:57:38.210  2864  2864 D SubscriptionController: [getActiveSubInfoList]- 1 infos return
01-22 19:57:38.210  2864  2864 D SubscriptionController: [getActiveSubInfoForSubscriber]+ subId=3 subInfo={id=3, iccId=893315011XXXXXXXXXXX simSlotIndex=0 displayName=Free carrierName=Free nameSource=0 iconTint=-16746133 dataRoaming=0 iconBitmap=android.graphics.Bitmap@38cf9dc mcc 0 mnc 0 mUserNwMode=0}
01-22 19:57:38.214  2864  2890 D DCT     : [0]fetchDunApn: net.tethering.noprovisioning=true ret: null
01-22 19:57:38.214  2864  2890 D DCT     : [0]hasMatchedTetherApnSetting: APN=null
01-22 19:57:38.216  2864  3166 D SubscriptionController: [getActiveSubInfoList]- 1 infos return
01-22 19:57:38.283  2864  2864 E PhoneBase: Error! registerForCallWaiting() in PhoneBase should not be called, CDMAPhone inactive.
01-22 19:57:38.310  2864  2864 D DCT     : [0]handleMessage msg={ when=-264ms what=270377 obj=android.os.AsyncResult@19a606b target=com.android.internal.telephony.dataconnection.DcTracker }
01-22 19:57:38.310  2864  2864 D DCT     : [0]onUpdateIcc: newIccRecords com.android.internal.telephony.uicc.SIMRecords
01-22 19:57:38.310  2864  2864 D DCT     : [0]New records found.
01-22 19:57:38.310  2864  2864 D DCT     : [0]onUpdateIcc: tryRestartDataConnections nwTypeChanged
01-22 19:57:38.310  2864  2864 D DCT     : [0]overall state is IDLE
01-22 19:57:38.311  2864  2864 D GSMPhone: [GSMPhone] updateCurrentCarrierInProvider: mSubId = 3 currentDds = 3 operatorNumeric = 20815
01-22 19:57:38.326  2864  3077 D DCT     : [0]fetchDunApn: net.tethering.noprovisioning=true ret: null
01-22 19:57:38.326  2864  3077 D DCT     : [0]hasMatchedTetherApnSetting: APN=null
01-22 19:57:38.331  2864  3149 D DCT     : [0]fetchDunApn: net.tethering.noprovisioning=true ret: null
01-22 19:57:38.331  2864  3149 D DCT     : [0]hasMatchedTetherApnSetting: APN=null
01-22 19:57:38.389  2864  3125 D DCT     : [0]fetchDunApn: net.tethering.noprovisioning=true ret: null
01-22 19:57:38.389  2864  3125 D DCT     : [0]hasMatchedTetherApnSetting: APN=null
01-22 19:57:38.427  2864  2890 D SubscriptionController: [getActiveSubInfoList]+
01-22 19:57:38.427  2864  2890 D SubscriptionController: selection:sim_id>=0 null
01-22 19:57:38.428  2864  2864 D DCT     : [0]tryRestartDataConnections: createAllApnList and cleanUpAllConnections
01-22 19:57:38.428  2864  2864 D DCT     : [0]getOperatorNumberic - returning from card: 20815
01-22 19:57:38.428  2864  2864 D DCT     : [0]createAllApnList: selection=numeric = '20815'
01-22 19:57:38.438  2864  2864 D DCT     : [0]createApnList: X result=[[ApnSettingV3] Free Mobile, 159, 20815, free, , , , , , 0, default | supl, IP, IP, true, 0, 0, 0, false, 0, 0, 0, 0, , , [ApnSettingV3] Free Mobile MMS, 160, 20815, mmsfree, , http://mms.free.fr, , , , 0, mms, IP, IP, true, 0, 0, 0, false, 0, 0, 0, 0, , ]
01-22 19:57:38.441  2864  2890 D SubscriptionController: [getSubInfoRecord] id:3 iccid:893315011XXXXXXXXXXX simSlotIndex:0 displayName:Free nameSource:0 iconTint:-16746133 dataRoaming:0 mcc:0 mnc:0 countIso:fr userNwMode:0
01-22 19:57:38.444  2864  2890 D SubscriptionController: [getActiveSubInfoList]- 1 infos return
01-22 19:57:38.446  2864  3166 D SubscriptionController: getSimStateForSlotIdx:  simState=READY ordinal=5
01-22 19:57:38.446  2417  2417 D SubscriptionManager: getSimStateForSubscriber: simState=5 slotIdx=0
01-22 19:57:38.454  2864  2864 D DCT     : [0]getPreferredApn: mRequestedApnType=default cursor=android.content.ContentResolver$CursorWrapperInner@3e40061 cursor.count=1
01-22 19:57:38.455  2864  2864 D DCT     : [0]getPreferredApn: apnSetting=[ApnSettingV3] Free Mobile, 159, 20815, free, , , , , , 0, default | supl, IP, IP, true, 0, 0, 0, false, 0, 0, 0, 0, , 
01-22 19:57:38.455  2864  2864 D DCT     : [0]getPreferredApn: X found apnSetting[ApnSettingV3] Free Mobile, 159, 20815, free, , , , , , 0, default | supl, IP, IP, true, 0, 0, 0, false, 0, 0, 0, 0, , 
01-22 19:57:38.456  2864  2864 D DCT     : [0]createAllApnList: mPreferredApn=[ApnSettingV3] Free Mobile, 159, 20815, free, , , , , , 0, default | supl, IP, IP, true, 0, 0, 0, false, 0, 0, 0, 0, , 
01-22 19:57:38.456  2864  2864 D DCT     : [0]createAllApnList: X mAllApnSettings=[[ApnSettingV3] Free Mobile, 159, 20815, free, , , , , , 0, default | supl, IP, IP, true, 0, 0, 0, false, 0, 0, 0, 0, , , [ApnSettingV3] Free Mobile MMS, 160, 20815, mmsfree, , http://mms.free.fr, , , , 0, mms, IP, IP, true, 0, 0, 0, false, 0, 0, 0, 0, , ]
01-22 19:57:38.456  2864  2864 D DCT     : [0]setDataProfilesAsNeeded
01-22 19:57:38.456  2864  2864 D DCT     : [0]setInitialApn: E preferredApn=[ApnSettingV3] Free Mobile, 159, 20815, free, , , , , , 0, default | supl, IP, IP, true, 0, 0, 0, false, 0, 0, 0, 0, , 
01-22 19:57:38.456  2864  2864 D DCT     : [0]setInitialApn: firstApnSetting=[ApnSettingV3] Free Mobile, 159, 20815, free, , , , , , 0, default | supl, IP, IP, true, 0, 0, 0, false, 0, 0, 0, 0, , 
01-22 19:57:38.456  2864  2864 D DCT     : [0]setInitialApn: defaultApnSetting=[ApnSettingV3] Free Mobile, 159, 20815, free, , , , , , 0, default | supl, IP, IP, true, 0, 0, 0, false, 0, 0, 0, 0, , 
01-22 19:57:38.456  2864  2864 D DCT     : [0]setInitialAttachApn: using preferredApn
01-22 19:57:38.456  2864  2864 D DCT     : [0]setInitialAttachApn: X selected Apn=[ApnSettingV3] Free Mobile, 159, 20815, free, , , , , , 0, default | supl, IP, IP, true, 0, 0, 0, false, 0, 0, 0, 0, , 
01-22 19:57:38.456  2864  2864 D RILJ    : Set RIL_REQUEST_SET_INITIAL_ATTACH_APN [SUB0]
01-22 19:57:38.456  2864  2864 D RILJ    : [3758]> RIL_REQUEST_SET_INITIAL_ATTACH_APN, apn:free, protocol:IP, authType:0, username:, password: [SUB0]
01-22 19:57:38.457  2864  2864 D DCT     : [0]cleanUpAllConnections: tearDown=false reason=nwTypeChanged
01-22 19:57:38.457  2864  2864 D DCT     : [0]cleanUpConnection: tearDown=false reason=nwTypeChanged apnContext={mApnType=default mState=IDLE mWaitingApns={null} mWaitingApnsPermanentFailureCountDown=0 mApnSetting={null} mReason=nwTypeChanged mDataEnabled=false mDependencyMet=true}
01-22 19:57:38.457  1955  1975 D use-Rlog/RLOG-RIL: 1 RIL request in the queue (1 pending, 0 handled, 0 unhandled)
01-22 19:57:38.457  1955  2216 D use-Rlog/RLOG-RIL: Unhandled RIL request: 111
01-22 19:57:38.457  1955  2216 D use-Rlog/RLOG-RIL: 0 RIL request in the queue (0 pending, 0 handled, 0 unhandled)
01-22 19:57:38.458  2864  2967 D RilRequest: [3758]< RIL_REQUEST_SET_INITIAL_ATTACH_APN error: com.android.internal.telephony.CommandException: REQUEST_NOT_SUPPORTED ret=
01-22 19:57:38.458  2864  2864 D DCT     : [0]isDataAllowed: not allowed due to - Attached= false
01-22 19:57:38.459  2307  2468 D TelephonyRegistry: Notify data connection state changed on sub: 3
01-22 19:57:38.460  2307  2468 D TelephonyRegistry: Notify data connection state changed on sub: 3
01-22 19:57:38.461  2864  2864 D DCT     : [0]setupDataForSinglePdn: reason = nwTypeChanged isDisconnected = true
01-22 19:57:38.461  2864  2864 D DCT     : [0]isOnlySingleDcAllowed(9): false
01-22 19:57:38.461  2864  2864 D DCT     : [0]cleanUpConnection: X tearDown=false reason=nwTypeChanged apnContext={mApnType=default mState=IDLE mWaitingApns={null} mWaitingApnsPermanentFailureCountDown=0 mApnSetting={null} mReason=nwTypeChanged mDataEnabled=false mDependencyMet=true} dcac=null
01-22 19:57:38.462  2864  2864 D DCT     : [0]cleanUpConnection: tearDown=false reason=nwTypeChanged apnContext={mApnType=mms mState=IDLE mWaitingApns={null} mWaitingApnsPermanentFailureCountDown=0 mApnSetting={null} mReason=nwTypeChanged mDataEnabled=false mDependencyMet=true}
01-22 19:57:38.462  2864  2864 D DCT     : [0]isDataAllowed: not allowed due to - Attached= false
01-22 19:57:38.466  2864  2864 D DCT     : [0]setupDataForSinglePdn: reason = nwTypeChanged isDisconnected = true
01-22 19:57:38.466  2864  2864 D DCT     : [0]isOnlySingleDcAllowed(9): false
01-22 19:57:38.466  2864  2864 D DCT     : [0]cleanUpConnection: X tearDown=false reason=nwTypeChanged apnContext={mApnType=mms mState=IDLE mWaitingApns={null} mWaitingApnsPermanentFailureCountDown=0 mApnSetting={null} mReason=nwTypeChanged mDataEnabled=false mDependencyMet=true} dcac=null
01-22 19:57:38.466  2864  2864 D DCT     : [0]cleanUpConnection: tearDown=false reason=nwTypeChanged apnContext={mApnType=supl mState=IDLE mWaitingApns={null} mWaitingApnsPermanentFailureCountDown=0 mApnSetting={null} mReason=nwTypeChanged mDataEnabled=false mDependencyMet=true}
01-22 19:57:38.468  2864  2864 D DCT     : [0]isDataAllowed: not allowed due to - Attached= false
01-22 19:57:38.472  2864  2864 D DCT     : [0]setupDataForSinglePdn: reason = nwTypeChanged isDisconnected = true
01-22 19:57:38.472  2864  2864 D DCT     : [0]isOnlySingleDcAllowed(9): false
01-22 19:57:38.472  2864  2864 D DCT     : [0]cleanUpConnection: X tearDown=false reason=nwTypeChanged apnContext={mApnType=supl mState=IDLE mWaitingApns={null} mWaitingApnsPermanentFailureCountDown=0 mApnSetting={null} mReason=nwTypeChanged mDataEnabled=false mDependencyMet=true} dcac=null
01-22 19:57:38.472  2864  2864 D DCT     : [0]cleanUpConnection: tearDown=false reason=nwTypeChanged apnContext={mApnType=dun mState=IDLE mWaitingApns={null} mWaitingApnsPermanentFailureCountDown=0 mApnSetting={null} mReason=nwTypeChanged mDataEnabled=false mDependencyMet=true}
01-22 19:57:38.473  2864  2864 D DCT     : [0]isDataAllowed: not allowed due to - Attached= false
01-22 19:57:38.476  2864  2864 D DCT     : [0]setupDataForSinglePdn: reason = nwTypeChanged isDisconnected = true
01-22 19:57:38.476  2864  2864 D DCT     : [0]isOnlySingleDcAllowed(9): false
01-22 19:57:38.476  2864  2864 D DCT     : [0]cleanUpConnection: X tearDown=false reason=nwTypeChanged apnContext={mApnType=dun mState=IDLE mWaitingApns={null} mWaitingApnsPermanentFailureCountDown=0 mApnSetting={null} mReason=nwTypeChanged mDataEnabled=false mDependencyMet=true} dcac=null
01-22 19:57:38.476  2864  2864 D DCT     : [0]cleanUpConnection: tearDown=false reason=nwTypeChanged apnContext={mApnType=hipri mState=IDLE mWaitingApns={null} mWaitingApnsPermanentFailureCountDown=0 mApnSetting={null} mReason=nwTypeChanged mDataEnabled=false mDependencyMet=true}
01-22 19:57:38.477  2864  2864 D DCT     : [0]isDataAllowed: not allowed due to - Attached= false
01-22 19:57:38.480  2864  2864 D DCT     : [0]setupDataForSinglePdn: reason = nwTypeChanged isDisconnected = true
01-22 19:57:38.480  2864  2864 D DCT     : [0]isOnlySingleDcAllowed(9): false
01-22 19:57:38.480  2864  2864 D DCT     : [0]cleanUpConnection: X tearDown=false reason=nwTypeChanged apnContext={mApnType=hipri mState=IDLE mWaitingApns={null} mWaitingApnsPermanentFailureCountDown=0 mApnSetting={null} mReason=nwTypeChanged mDataEnabled=false mDependencyMet=true} dcac=null
01-22 19:57:38.480  2864  2864 D DCT     : [0]stopNetStatPoll
01-22 19:57:38.481  2864  2864 D DCT     : [0]cleanUpConnection: mDisconnectPendingCount = 0
01-22 19:57:38.481  2864  2864 D DCT     : [0]setupDataOnConnectableApns: nwTypeChanged
01-22 19:57:38.481  2864  2864 D DCT     : [0]setupDataOnConnectableApns: apnContext {mApnType=dun mState=IDLE mWaitingApns={null} mWaitingApnsPermanentFailureCountDown=0 mApnSetting={null} mReason=nwTypeChanged mDataEnabled=false mDependencyMet=true}
01-22 19:57:38.481  2864  2864 D DCT     : [0]setupDataOnConnectableApns: apnContext {mApnType=hipri mState=IDLE mWaitingApns={null} mWaitingApnsPermanentFailureCountDown=0 mApnSetting={null} mReason=nwTypeChanged mDataEnabled=false mDependencyMet=true}
01-22 19:57:38.481  2864  2864 D DCT     : [0]setupDataOnConnectableApns: apnContext {mApnType=supl mState=IDLE mWaitingApns={null} mWaitingApnsPermanentFailureCountDown=0 mApnSetting={null} mReason=nwTypeChanged mDataEnabled=false mDependencyMet=true}
01-22 19:57:38.481  2864  2864 D DCT     : [0]setupDataOnConnectableApns: apnContext {mApnType=default mState=IDLE mWaitingApns={null} mWaitingApnsPermanentFailureCountDown=0 mApnSetting={null} mReason=nwTypeChanged mDataEnabled=false mDependencyMet=true}
01-22 19:57:38.481  2864  2864 D DCT     : [0]setupDataOnConnectableApns: apnContext {mApnType=mms mState=IDLE mWaitingApns={null} mWaitingApnsPermanentFailureCountDown=0 mApnSetting={null} mReason=nwTypeChanged mDataEnabled=false mDependencyMet=true}
01-22 19:57:38.492  2864  2864 D DCT     : [0]handleMessage msg={ when=-447ms what=270352 obj=android.os.AsyncResult@c37e786 target=com.android.internal.telephony.dataconnection.DcTracker }
01-22 19:57:38.492  2864  2864 D DCT     : [0]onDataConnectionAttached
01-22 19:57:38.492  2864  2864 D DCT     : [0]overall state is IDLE
01-22 19:57:38.509  2864  2864 D DCT     : [0]setupDataOnConnectableApns: dataAttached
01-22 19:57:38.509  2864  2864 D DCT     : [0]setupDataOnConnectableApns: apnContext {mApnType=dun mState=IDLE mWaitingApns={null} mWaitingApnsPermanentFailureCountDown=0 mApnSetting={null} mReason=nwTypeChanged mDataEnabled=false mDependencyMet=true}
01-22 19:57:38.509  2864  2864 D DCT     : [0]setupDataOnConnectableApns: apnContext {mApnType=hipri mState=IDLE mWaitingApns={null} mWaitingApnsPermanentFailureCountDown=0 mApnSetting={null} mReason=nwTypeChanged mDataEnabled=false mDependencyMet=true}
01-22 19:57:38.509  2864  2864 D DCT     : [0]setupDataOnConnectableApns: apnContext {mApnType=supl mState=IDLE mWaitingApns={null} mWaitingApnsPermanentFailureCountDown=0 mApnSetting={null} mReason=nwTypeChanged mDataEnabled=false mDependencyMet=true}
01-22 19:57:38.509  2864  2864 D DCT     : [0]setupDataOnConnectableApns: apnContext {mApnType=default mState=IDLE mWaitingApns={null} mWaitingApnsPermanentFailureCountDown=0 mApnSetting={null} mReason=nwTypeChanged mDataEnabled=false mDependencyMet=true}
01-22 19:57:38.509  2864  2864 D DCT     : [0]setupDataOnConnectableApns: apnContext {mApnType=mms mState=IDLE mWaitingApns={null} mWaitingApnsPermanentFailureCountDown=0 mApnSetting={null} mReason=nwTypeChanged mDataEnabled=false mDependencyMet=true}
01-22 19:57:38.510  2864  2864 D DctController: EVENT_PHONE1_DATA_ATTACH.
01-22 19:57:38.510  2864  3040 D DcSwitchSM: [DcSwitchStateMachine-0] AttachingState: EVENT_DATA_ATTACHED
01-22 19:57:38.510  2864  3040 D DcSwitchSM: [DcSwitchStateMachine-0] AttachedState: enter
01-22 19:57:38.510  2864  3040 D DctController: executeAllRequests, phone:0
01-22 19:57:38.510  2864  2864 D DctController: handleMessage msg={ when=-460ms what=107 target=com.android.internal.telephony.dataconnection.DctController }
01-22 19:57:38.511  2864  2864 D DctController: onSubInfoReady mPhoneNum=1
01-22 19:57:38.511  2864  2864 D DctController: onSubInfoReady handle pending requests subId=3
01-22 19:57:38.511  2864  2864 D DctController: [TNF 3]evalPendingRequest, pending request size is 0
01-22 19:57:38.511  2864  2864 D DctController: processRequests
01-22 19:57:38.602  2864  2864 D DCT     : [0]handleMessage msg={ when=-293ms what=270338 obj=android.os.AsyncResult@3fc9847 target=com.android.internal.telephony.dataconnection.DcTracker }
01-22 19:57:38.602  2864  2864 D DCT     : [0]onRecordsLoaded: createAllApnList
01-22 19:57:38.603  2864  2864 D DCT     : [0]getOperatorNumberic - returning from card: 20815
01-22 19:57:38.603  2864  2864 D DCT     : [0]createAllApnList: selection=numeric = '20815'
01-22 19:57:38.607  2864  2864 D DCT     : [0]createApnList: X result=[[ApnSettingV3] Free Mobile, 159, 20815, free, , , , , , 0, default | supl, IP, IP, true, 0, 0, 0, false, 0, 0, 0, 0, , , [ApnSettingV3] Free Mobile MMS, 160, 20815, mmsfree, , http://mms.free.fr, , , , 0, mms, IP, IP, true, 0, 0, 0, false, 0, 0, 0, 0, , ]
01-22 19:57:38.621  2864  2864 D DCT     : [0]getPreferredApn: mRequestedApnType=default cursor=android.content.ContentResolver$CursorWrapperInner@6dca874 cursor.count=1
01-22 19:57:38.621  2864  2864 D DCT     : [0]getPreferredApn: apnSetting=[ApnSettingV3] Free Mobile, 159, 20815, free, , , , , , 0, default | supl, IP, IP, true, 0, 0, 0, false, 0, 0, 0, 0, , 
01-22 19:57:38.621  2864  2864 D DCT     : [0]getPreferredApn: X found apnSetting[ApnSettingV3] Free Mobile, 159, 20815, free, , , , , , 0, default | supl, IP, IP, true, 0, 0, 0, false, 0, 0, 0, 0, , 
01-22 19:57:38.622  2864  2864 D DCT     : [0]createAllApnList: mPreferredApn=[ApnSettingV3] Free Mobile, 159, 20815, free, , , , , , 0, default | supl, IP, IP, true, 0, 0, 0, false, 0, 0, 0, 0, , 
01-22 19:57:38.622  2864  2864 D DCT     : [0]createAllApnList: X mAllApnSettings=[[ApnSettingV3] Free Mobile, 159, 20815, free, , , , , , 0, default | supl, IP, IP, true, 0, 0, 0, false, 0, 0, 0, 0, , , [ApnSettingV3] Free Mobile MMS, 160, 20815, mmsfree, , http://mms.free.fr, , , , 0, mms, IP, IP, true, 0, 0, 0, false, 0, 0, 0, 0, , ]
01-22 19:57:38.622  2864  2864 D DCT     : [0]setDataProfilesAsNeeded
01-22 19:57:38.622  2864  2864 D DCT     : [0]setInitialApn: E preferredApn=[ApnSettingV3] Free Mobile, 159, 20815, free, , , , , , 0, default | supl, IP, IP, true, 0, 0, 0, false, 0, 0, 0, 0, , 
01-22 19:57:38.622  2864  2864 D DCT     : [0]setInitialApn: firstApnSetting=[ApnSettingV3] Free Mobile, 159, 20815, free, , , , , , 0, default | supl, IP, IP, true, 0, 0, 0, false, 0, 0, 0, 0, , 
01-22 19:57:38.622  2864  2864 D DCT     : [0]setInitialApn: defaultApnSetting=[ApnSettingV3] Free Mobile, 159, 20815, free, , , , , , 0, default | supl, IP, IP, true, 0, 0, 0, false, 0, 0, 0, 0, , 
01-22 19:57:38.623  2864  2864 D DCT     : [0]setInitialAttachApn: using preferredApn
01-22 19:57:38.623  2864  2864 D DCT     : [0]setInitialAttachApn: X selected Apn=[ApnSettingV3] Free Mobile, 159, 20815, free, , , , , , 0, default | supl, IP, IP, true, 0, 0, 0, false, 0, 0, 0, 0, , 
01-22 19:57:38.623  2864  2864 D RILJ    : Set RIL_REQUEST_SET_INITIAL_ATTACH_APN [SUB0]
01-22 19:57:38.623  2864  2864 D RILJ    : [3759]> RIL_REQUEST_SET_INITIAL_ATTACH_APN, apn:free, protocol:IP, authType:0, username:, password: [SUB0]
01-22 19:57:38.624  1955  1975 D use-Rlog/RLOG-RIL: 1 RIL request in the queue (1 pending, 0 handled, 0 unhandled)
01-22 19:57:38.624  1955  2216 D use-Rlog/RLOG-RIL: Unhandled RIL request: 111
01-22 19:57:38.624  1955  2216 D use-Rlog/RLOG-RIL: 0 RIL request in the queue (0 pending, 0 handled, 0 unhandled)
01-22 19:57:38.625  2864  2967 D RilRequest: [3759]< RIL_REQUEST_SET_INITIAL_ATTACH_APN error: com.android.internal.telephony.CommandException: REQUEST_NOT_SUPPORTED ret=
01-22 19:57:38.625  2864  2864 D DCT     : [0]onRecordsLoaded: notifying data availability
01-22 19:57:38.626  2864  3149 E PhoneFactory: Settings Exception Reading Dual Sim SMS Prompt Values
01-22 19:57:38.626  2864  3149 D PhoneFactory: SMS Prompt option:false
01-22 19:57:38.626  2864  3149 D RIL_UiccSmsController: isSmsSimPickActivityNeeded: false, sms prompt disabled.
01-22 19:57:38.629  2864  3125 D RILJ    : [3760]> RIL_REQUEST_GSM_SET_BROADCAST_CONFIG with 1 configs :  [SUB0]
01-22 19:57:38.629  2864  3125 D RILJ    : SmsBroadcastConfigInfo: Id [4356,4356] Code [0,255] ENABLED [SUB0]
01-22 19:57:38.629  1955  1975 D use-Rlog/RLOG-RIL: 1 RIL request in the queue (1 pending, 0 handled, 0 unhandled)
01-22 19:57:38.630  1955  2216 D use-Rlog/RLOG-RIL: Unhandled RIL request: 90
01-22 19:57:38.630  1955  2216 D use-Rlog/RLOG-RIL: 0 RIL request in the queue (0 pending, 0 handled, 0 unhandled)
01-22 19:57:38.630  2864  2967 D RilRequest: [3760]< RIL_REQUEST_GSM_SET_BROADCAST_CONFIG error: com.android.internal.telephony.CommandException: REQUEST_NOT_SUPPORTED ret=
01-22 19:57:38.645  2864  2864 D DCT     : [0]setupDataOnConnectableApns: simLoaded
01-22 19:57:38.645  2864  2864 D DCT     : [0]setupDataOnConnectableApns: apnContext {mApnType=dun mState=IDLE mWaitingApns={null} mWaitingApnsPermanentFailureCountDown=0 mApnSetting={null} mReason=nwTypeChanged mDataEnabled=false mDependencyMet=true}
01-22 19:57:38.645  2864  2864 D DCT     : [0]setupDataOnConnectableApns: apnContext {mApnType=hipri mState=IDLE mWaitingApns={null} mWaitingApnsPermanentFailureCountDown=0 mApnSetting={null} mReason=nwTypeChanged mDataEnabled=false mDependencyMet=true}
01-22 19:57:38.645  2864  2864 D DCT     : [0]setupDataOnConnectableApns: apnContext {mApnType=supl mState=IDLE mWaitingApns={null} mWaitingApnsPermanentFailureCountDown=0 mApnSetting={null} mReason=nwTypeChanged mDataEnabled=false mDependencyMet=true}
01-22 19:57:38.645  2864  2864 D DCT     : [0]setupDataOnConnectableApns: apnContext {mApnType=default mState=IDLE mWaitingApns={null} mWaitingApnsPermanentFailureCountDown=0 mApnSetting={null} mReason=nwTypeChanged mDataEnabled=false mDependencyMet=true}
01-22 19:57:38.645  2864  2864 D DCT     : [0]setupDataOnConnectableApns: apnContext {mApnType=mms mState=IDLE mWaitingApns={null} mWaitingApnsPermanentFailureCountDown=0 mApnSetting={null} mReason=nwTypeChanged mDataEnabled=false mDependencyMet=true}
01-22 19:57:38.650  2864  2864 D DCT     : [0]getDataOnRoamingEnabled: phoneSubId=3 isDataRoamingEnabled=false
01-22 19:57:38.650  2864  2864 D DCT     : [0]getDataOnRoamingEnabled: phoneSubId=3 isDataRoamingEnabled=false
01-22 19:57:38.650  2864  2864 D DCT     : [0]getDataOnRoamingEnabled: phoneSubId=3 isDataRoamingEnabled=false
01-22 19:57:38.651  2864  2864 D DCT     : [0]getDataOnRoamingEnabled: phoneSubId=3 isDataRoamingEnabled=false
01-22 19:57:38.651  2864  2864 D DCT     : [0]getDataOnRoamingEnabled: phoneSubId=3 isDataRoamingEnabled=false
01-22 19:57:38.651  2864  2864 D DCT     : [0]getDataOnRoamingEnabled: phoneSubId=3 isDataRoamingEnabled=false
01-22 19:57:38.652  2864  2864 D DCT     : [0]getDataOnRoamingEnabled: phoneSubId=3 isDataRoamingEnabled=false
01-22 19:57:38.652  2864  2864 D DCT     : [0]getDataOnRoamingEnabled: phoneSubId=3 isDataRoamingEnabled=false
01-22 19:57:38.652  2864  2864 D DCT     : [0]getDataOnRoamingEnabled: phoneSubId=3 isDataRoamingEnabled=false
01-22 19:57:38.654  2864  2864 D DCT     : [0]getDataOnRoamingEnabled: phoneSubId=3 isDataRoamingEnabled=false
01-22 19:57:38.654  2864  2864 D DctController: handleMessage msg={ when=-143ms what=102 target=com.android.internal.telephony.dataconnection.DctController }
01-22 19:57:38.654  2864  2864 D DctController: onExecuteAllRequests phoneId=0
01-22 19:57:38.654  2864  2864 D DctController: onExecuteRequest request=[ request=NetworkRequest [ id=1, legacyType=-1, [ Capabilities: INTERNET&NOT_RESTRICTED&TRUSTED&NOT_VPN] ], executedPhoneId=-1, priority=0]
01-22 19:57:38.655  2864  2864 D DCT     : [0]setEnabled(0, true) with old state = true and enabledCount = 1
01-22 19:57:38.655  2864  2864 D DCT     : [ApnContext:default] incRefCount postIncrement = 1
01-22 19:57:38.655  2864  2864 D DctController: handleMessage msg={ when=-144ms what=100 target=com.android.internal.telephony.dataconnection.DctController }
01-22 19:57:38.655  2864  2864 D DcSwitchAsyncChannel: [DcSwitchAsyncChannel-0]: rspIsIdle=false
01-22 19:57:38.655  2864  2864 D DctController: getTopPriorityRequestPhoneId requestInfo=[ request=NetworkRequest [ id=1, legacyType=-1, [ Capabilities: INTERNET&NOT_RESTRICTED&TRUSTED&NOT_VPN] ], executedPhoneId=0, priority=0]
01-22 19:57:38.656  2864  2864 D DcSwitchAsyncChannel: [DcSwitchAsyncChannel-0]: rspIsIdle=false
01-22 19:57:38.656  2864  2864 D DctController: onProcessRequest requestedPhoneId=0, activePhoneId=0
01-22 19:57:38.657  2864  2864 D DCT     : [0]getDataOnRoamingEnabled: phoneSubId=3 isDataRoamingEnabled=false
01-22 19:57:38.658  2864  2864 D DCT     : [0]getDataOnRoamingEnabled: phoneSubId=3 isDataRoamingEnabled=false
01-22 19:57:38.658  2864  2864 D DCT     : [0]getDataOnRoamingEnabled: phoneSubId=3 isDataRoamingEnabled=false
01-22 19:57:38.658  2864  2864 D DCT     : [0]getDataOnRoamingEnabled: phoneSubId=3 isDataRoamingEnabled=false
01-22 19:57:38.659  2864  2864 D DCT     : [0]getDataOnRoamingEnabled: phoneSubId=3 isDataRoamingEnabled=false
01-22 19:57:38.659  2864  2864 D DCT     : [0]handleMessage msg={ when=-4ms what=270349 arg2=1 target=com.android.internal.telephony.dataconnection.DcTracker }
01-22 19:57:38.659  2864  2864 D DCT     : [0]onEnableApn: apnContext={mApnType=default mState=IDLE mWaitingApns={null} mWaitingApnsPermanentFailureCountDown=0 mApnSetting={null} mReason=nwTypeChanged mDataEnabled=false mDependencyMet=true} call applyNewState
01-22 19:57:38.659  2864  2864 D DCT     : [0]applyNewState(default, true(false), true(true))
01-22 19:57:38.661  2864  2864 D DCT     : [0]trySetupData for type:default due to dataEnabled apnContext={mApnType=default mState=IDLE mWaitingApns={null} mWaitingApnsPermanentFailureCountDown=0 mApnSetting={null} mReason=dataEnabled mDataEnabled=true mDependencyMet=true}
01-22 19:57:38.661  2864  2864 D DCT     : [0]trySetupData with mIsPsRestricted=false
01-22 19:57:38.662  2864  2864 D DCT     : [0]isEmergency: result=false
01-22 19:57:38.662  2864  2864 D DCT     : [0]buildWaitingApns: E requestedApnType=default
01-22 19:57:38.662  2864  2864 D DCT     : [0]getOperatorNumberic - returning from card: 20815
01-22 19:57:38.666  2864  2864 D DCT     : [0]getPreferredApn: mRequestedApnType=default cursor=android.content.ContentResolver$CursorWrapperInner@4ff419d cursor.count=1
01-22 19:57:38.666  2864  2864 D DCT     : [0]getPreferredApn: apnSetting=[ApnSettingV3] Free Mobile, 159, 20815, free, , , , , , 0, default | supl, IP, IP, true, 0, 0, 0, false, 0, 0, 0, 0, , 
01-22 19:57:38.667  2864  2864 D DCT     : [0]getPreferredApn: X found apnSetting[ApnSettingV3] Free Mobile, 159, 20815, free, , , , , , 0, default | supl, IP, IP, true, 0, 0, 0, false, 0, 0, 0, 0, , 
01-22 19:57:38.668  2864  2864 D DCT     : [0]buildWaitingApns: usePreferred=true canSetPreferApn=true mPreferredApn=[ApnSettingV3] Free Mobile, 159, 20815, free, , , , , , 0, default | supl, IP, IP, true, 0, 0, 0, false, 0, 0, 0, 0, ,  operator=20815 radioTech=9
01-22 19:57:38.668  2864  2864 D DCT     : [0]buildWaitingApns: Preferred APN:20815:20815:[ApnSettingV3] Free Mobile, 159, 20815, free, , , , , , 0, default | supl, IP, IP, true, 0, 0, 0, false, 0, 0, 0, 0, , 
01-22 19:57:38.668  2864  2864 D DCT     : [0]buildWaitingApns: X added preferred apnList=[[ApnSettingV3] Free Mobile, 159, 20815, free, , , , , , 0, default | supl, IP, IP, true, 0, 0, 0, false, 0, 0, 0, 0, , ]
01-22 19:57:38.669  2864  2864 D DCT     : [0]trySetupData: Create from mAllApnSettings : [[ApnSettingV3] Free Mobile, 159, 20815, free, , , , , , 0, default | supl, IP, IP, true, 0, 0, 0, false, 0, 0, 0, 0, , ][[ApnSettingV3] Free Mobile MMS, 160, 20815, mmsfree, , http://mms.free.fr, , , , 0, mms, IP, IP, true, 0, 0, 0, false, 0, 0, 0, 0, , ]
01-22 19:57:38.669  2864  2864 D DCT     : [0]trySetupData: call setupData, waitingApns : [[ApnSettingV3] Free Mobile, 159, 20815, free, , , , , , 0, default | supl, IP, IP, true, 0, 0, 0, false, 0, 0, 0, 0, , ]
01-22 19:57:38.669  2864  2864 D DCT     : [0]setupData: apnContext={mApnType=default mState=IDLE mWaitingApns={[[ApnSettingV3] Free Mobile, 159, 20815, free, , , , , , 0, default | supl, IP, IP, true, 0, 0, 0, false, 0, 0, 0, 0, , ]} mWaitingApnsPermanentFailureCountDown=1 mApnSetting={null} mReason=dataEnabled mDataEnabled=true mDependencyMet=true}
01-22 19:57:38.669  2864  2864 D DCT     : [0]checkForCompatibleConnectedApnContext: apnContext={mApnType=default mState=IDLE mWaitingApns={[[ApnSettingV3] Free Mobile, 159, 20815, free, , , , , , 0, default | supl, IP, IP, true, 0, 0, 0, false, 0, 0, 0, 0, , ]} mWaitingApnsPermanentFailureCountDown=1 mApnSetting={null} mReason=dataEnabled mDataEnabled=true mDependencyMet=true}
01-22 19:57:38.669  2864  2864 D DCT     : [0]checkForCompatibleConnectedApnContext: NO conn apnContext={mApnType=default mState=IDLE mWaitingApns={[[ApnSettingV3] Free Mobile, 159, 20815, free, , , , , , 0, default | supl, IP, IP, true, 0, 0, 0, false, 0, 0, 0, 0, , ]} mWaitingApnsPermanentFailureCountDown=1 mApnSetting={null} mReason=dataEnabled mDataEnabled=true mDependencyMet=true}
01-22 19:57:38.669  2864  2864 D DCT     : [0]isOnlySingleDcAllowed(9): false
01-22 19:57:38.669  2864  2864 D DCT     : [0]findFreeDataConnection: NO free DataConnection
01-22 19:57:38.669  2864  2864 D DCT     : [0]createDataConnection E
01-22 19:57:38.671  2864  2864 D DC-1    : DataConnection constructor E
01-22 19:57:38.672  2864  2864 D DC-1    : [dcRac] DcRetryAlarmController: register for intent action=com.android.internal.telephony.dataconnection.DataConnection.DC-1.action_retry
01-22 19:57:38.674  2864  2864 D DC-1    : DataConnection constructor X
01-22 19:57:38.674  2864  2864 D DC-1    : Made DC-1
01-22 19:57:38.674  2864  2977 D DC-1    : DcDefaultState: enter
01-22 19:57:38.674  2864  2977 D GsmSST  : [GsmSST] notifyDataRegStateRilRadioTechnologyChanged: drs=0 rat=9
01-22 19:57:38.674  2864  2977 D TelephonyManager: setTelephonyProperty: success phoneId=0 property=gsm.network.type value: HSDPA propVal=HSDPA
01-22 19:57:38.675  2864  2977 D DC-1    : DcInactiveState: enter() mTag=1
01-22 19:57:38.675  2864  2977 D Dcc     : removeActiveDcByCid removedDc=null dc={DC-1: State=DcInactiveState mApnSetting=null RefCount=0 mCid=-1 mCreateTime=0 mLastastFailTime=0 mLastFailCause=null mTag=1 mRetryManager=RetryManager: { forever=false maxRetry=0 curMaxRetry=0 retry=0 config={null} retryArray={}} mLinkProperties={LinkAddresses: []  Routes: [] DnsAddresses: [] Domains: null MTU: 0} linkCapabilities=[ Transports: CELLULAR Capabilities: NOT_RESTRICTED&TRUSTED&NOT_VPN LinkUpBandwidth>=2048Kbps LinkDnBandwidth>=14336Kbps Specifier: <3>] mApnContexts={}}
01-22 19:57:38.676  2864  2977 D DC-1    : clearSettings
01-22 19:57:38.676  2864  2977 D DC-1    : DcInactiveState nothandled msg.what=CMD_CHANNEL_FULL_CONNECTION
01-22 19:57:38.676  2864  2977 D DC-1    : DcDefault msg=CMD_CHANNEL_FULL_CONNECTION RefCount=0
01-22 19:57:38.676  2864  2977 D DC-1    : DcDefaultState: FULL_CONNECTION reply connected
01-22 19:57:38.676  2864  2977 D DC-1    : DcInactiveState nothandled msg.what=EVENT_DATA_CONNECTION_DRS_OR_RAT_CHANGED
01-22 19:57:38.676  2864  2977 D DC-1    : DcDefault msg=EVENT_DATA_CONNECTION_DRS_OR_RAT_CHANGED RefCount=0
01-22 19:57:38.676  2864  2977 D DC-1    : DcDefaultState: EVENT_DATA_CONNECTION_DRS_OR_RAT_CHANGED drs=0 mRilRat=9
01-22 19:57:38.676  2864  2977 D DC-1    : DcInactiveState nothandled msg.what=EVENT_DATA_CONNECTION_ROAM_OFF
01-22 19:57:38.676  2864  2977 D DC-1    : DcDefault msg=EVENT_DATA_CONNECTION_ROAM_OFF RefCount=0
01-22 19:57:38.676  2864  2864 D DCT     : [0]createDataConnection() X id=0 dc={DC-1: State=DcInactiveState mApnSetting=null RefCount=0 mCid=-1 mCreateTime=-1 mLastastFailTime=-1 mLastFailCause=NONE mTag=1 mRetryManager=RetryManager: { forever=false maxRetry=0 curMaxRetry=0 retry=0 config={null} retryArray={}} mLinkProperties={LinkAddresses: []  Routes: [] DnsAddresses: [] Domains: null MTU: 0} linkCapabilities=[ Transports: CELLULAR Capabilities: NOT_RESTRICTED&TRUSTED&NOT_VPN LinkUpBandwidth>=2048Kbps LinkDnBandwidth>=14336Kbps Specifier: <3>] mApnContexts={}}
01-22 19:57:38.676  2864  2864 D DCT     : [0]setupData: dcac=DC-1 apnSetting=[ApnSettingV3] Free Mobile, 159, 20815, free, , , , , , 0, default | supl, IP, IP, true, 0, 0, 0, false, 0, 0, 0, 0, ,  gen#=1
01-22 19:57:38.683  2864  2864 D DCT     : [0]setupData: initing!
01-22 19:57:38.683  2864  2977 D DC-1    : DcInactiveState: mag.what=EVENT_CONNECT
01-22 19:57:38.684  2864  2977 E PHONE   : ServiceState.getNetworkType() DEPRECATED will be removed *******
01-22 19:57:38.684  2864  2977 D DC-1    : configureRetry: forDefault=true mRetryManager=RetryManager: { forever=false maxRetry=10 curMaxRetry=10 retry=0 config={default_randomization=2000,5000,10000,20000,40000,80000:5000,160000:5000,320000:5000,640000:5000,1280000:5000,1800000:5000} retryArray={5000:2000 10000:2000 20000:2000 40000:2000 80000:5000 160000:5000 320000:5000 640000:5000 1280000:5000 1800000:5000 }}
01-22 19:57:38.685  2864  2977 D DC-1    : initConnection:  RefCount=1 mApnList={{mApnType=default mState=CONNECTING mWaitingApns={[[ApnSettingV3] Free Mobile, 159, 20815, free, , , , , , 0, default | supl, IP, IP, true, 0, 0, 0, false, 0, 0, 0, 0, , ]} mWaitingApnsPermanentFailureCountDown=1 mApnSetting={[ApnSettingV3] Free Mobile, 159, 20815, free, , , , , , 0, default | supl, IP, IP, true, 0, 0, 0, false, 0, 0, 0, 0, , } mReason=dataEnabled mDataEnabled=true mDependencyMet=true}={mTag=2 mApnContext={mApnType=default mState=CONNECTING mWaitingApns={[[ApnSettingV3] Free Mobile, 159, 20815, free, , , , , , 0, default | supl, IP, IP, true, 0, 0, 0, false, 0, 0, 0, 0, , ]} mWaitingApnsPermanentFailureCountDown=1 mApnSetting={[ApnSettingV3] Free Mobile, 159, 20815, free, , , , , , 0, default | supl, IP, IP, true, 0, 0, 0, false, 0, 0, 0, 0, , } mReason=dataEnabled mDataEnabled=true mDependencyMet=true} mInitialMaxRetry=1 mProfileId=0 mRat=9 mOnCompletedMsg={what=0x42000 when=-35s840ms obj=android.util.Pair@89ac2f9 target=Handler (com.android.internal.telephony.dataconnection.DcTracker) {51cc3d1} replyTo=null}}} mConnectionParams={mTag=2 mApnContext={mApnType=default mState=CONNECTING mWaitingApns={[[ApnSettingV3] Free Mobile, 159, 20815, free, , , , , , 0, default | supl, IP, IP, true, 0, 0, 0, false, 0, 0, 0, 0, , ]} mWaitingApnsPermanentFailureCountDown=1 mApnSetting={[ApnSettingV3] Free Mobile, 159, 20815, free, , , , , , 0, default | supl, IP, IP, true, 0, 0, 0, false, 0, 0, 0, 0, , } mReason=dataEnabled mDataEnabled=true mDependencyMet=true} mInitialMaxRetry=1 mProfileId=0 mRat=9 mOnCompletedMsg={what=0x42000 when=-35s840ms obj=android.util.Pair@89ac2f9 target=Handler (com.android.internal.telephony.dataconnection.DcTracker) {51cc3d1} replyTo=null}}
01-22 19:57:38.685  2864  2977 D DC-1    : onConnect: carrier='Free Mobile' APN='free' proxy='' port=''
01-22 19:57:38.685  2864  2977 D RILJ    : [3761]> SETUP_DATA_CALL 11 0 free   0 IP [SUB0]
01-22 19:57:38.686  1955  1975 D use-Rlog/RLOG-RIL: 1 RIL request in the queue (1 pending, 0 handled, 0 unhandled)
01-22 19:57:38.686  1955  2216 D use-Rlog/RLOG-RIL: Setting up data connection to APN: free with username/password: /
01-22 19:57:38.686  1955  2216 D use-Rlog/RLOG-RIL: Starting new data connection with cid: 1 and iface: rmnet0
01-22 19:57:38.686  1955  2216 D use-Rlog/RLOG-RIL-IPC: 
01-22 19:57:38.686  1955  2216 D use-Rlog/RLOG-RIL-IPC: xmm626_sec_modem_fmt_send: Sent FMT message
01-22 19:57:38.686  1955  2216 D use-Rlog/RLOG-RIL-IPC: xmm626_sec_modem_fmt_send: Message: mseq=0x55, command=IPC_GPRS_DEFINE_PDP_CONTEXT, type=IPC_TYPE_SET, size=127
01-22 19:57:38.686  1955  2216 D use-Rlog/RLOG-RIL-IPC: ================================= IPC FMT data =================================
01-22 19:57:38.686  1955  2216 D use-Rlog/RLOG-RIL-IPC: [0000]   01 01 02 66 72 65 65 00  00 00 00 00 00 00 00 00   ...free. ........
01-22 19:57:38.686  1955  2216 D use-Rlog/RLOG-RIL-IPC: [0010]   00 00 00 00 00 00 00 00  00 00 00 00 00 00 00 00   ........ ........
01-22 19:57:38.686  1955  2216 D use-Rlog/RLOG-RIL-IPC: [0020]   00 00 00 00 00 00 00 00  00 00 00 00 00 00 00 00   ........ ........
01-22 19:57:38.686  1955  2216 D use-Rlog/RLOG-RIL-IPC: [0030]   00 00 00 00 00 00 00 00  00 00 00 00 00 00 00 00   ........ ........
01-22 19:57:38.687  1955  2216 D use-Rlog/RLOG-RIL-IPC: [0040]   00 00 00 00 00 00 00 00  00 00 00 00 00 00 00 00   ........ ........
01-22 19:57:38.687  1955  2216 D use-Rlog/RLOG-RIL-IPC: [0050]   00 00 00 00 00 00 00 00  00 00 00 00 00 00 00 00   ........ ........
01-22 19:57:38.687  1955  2216 D use-Rlog/RLOG-RIL-IPC: [0060]   00 00 00 00 00 00 00 00  00 00 00 00 00 00 00 00   ........ ........
01-22 19:57:38.687  1955  2216 D use-Rlog/RLOG-RIL-IPC: [0070]   00 00 00 00 00 00 00 00  00 00 00 00 00 00 00      ........ .......
01-22 19:57:38.687  1955  2216 D use-Rlog/RLOG-RIL-IPC: ================================================================================
01-22 19:57:38.693  2864  3149 E PhoneFactory: Settings Exception Reading Dual Sim SMS Prompt Values
01-22 19:57:38.693  2864  3149 D PhoneFactory: SMS Prompt option:false
01-22 19:57:38.693  2864  3149 D RIL_UiccSmsController: isSmsSimPickActivityNeeded: false, sms prompt disabled.
01-22 19:57:38.696  2864  2864 D DCT     : [0]trySetupData: X retValue=true
01-22 19:57:38.698  2864  2864 D DCT     : [0]handleMessage msg={ when=-23ms what=270377 obj=android.os.AsyncResult@58f3e36 target=com.android.internal.telephony.dataconnection.DcTracker }
01-22 19:57:38.698  2864  2864 D DCT     : [0]onUpdateIcc: newIccRecords com.android.internal.telephony.uicc.SIMRecords
01-22 19:57:38.698  2864  2864 D DCT     : [0]setupDataOnConnectableApns: nwTypeChanged
01-22 19:57:38.698  2864  2864 D DCT     : [0]setupDataOnConnectableApns: apnContext {mApnType=dun mState=IDLE mWaitingApns={null} mWaitingApnsPermanentFailureCountDown=0 mApnSetting={null} mReason=nwTypeChanged mDataEnabled=false mDependencyMet=true}
01-22 19:57:38.698  2864  2864 D DCT     : [0]setupDataOnConnectableApns: apnContext {mApnType=hipri mState=IDLE mWaitingApns={null} mWaitingApnsPermanentFailureCountDown=0 mApnSetting={null} mReason=nwTypeChanged mDataEnabled=false mDependencyMet=true}
01-22 19:57:38.698  2864  2864 D DCT     : [0]setupDataOnConnectableApns: apnContext {mApnType=supl mState=IDLE mWaitingApns={null} mWaitingApnsPermanentFailureCountDown=0 mApnSetting={null} mReason=nwTypeChanged mDataEnabled=false mDependencyMet=true}
01-22 19:57:38.698  2864  2864 D DCT     : [0]setupDataOnConnectableApns: apnContext {mApnType=default mState=CONNECTING mWaitingApns={[[ApnSettingV3] Free Mobile, 159, 20815, free, , , , , , 0, default | supl, IP, IP, true, 0, 0, 0, false, 0, 0, 0, 0, , ]} mWaitingApnsPermanentFailureCountDown=1 mApnSetting={[ApnSettingV3] Free Mobile, 159, 20815, free, , , , , , 0, default | supl, IP, IP, true, 0, 0, 0, false, 0, 0, 0, 0, , } mReason=dataEnabled mDataEnabled=true mDependencyMet=true}
01-22 19:57:38.698  2864  2864 D DCT     : [0]setupDataOnConnectableApns: apnContext {mApnType=mms mState=IDLE mWaitingApns={null} mWaitingApnsPermanentFailureCountDown=0 mApnSetting={null} mReason=nwTypeChanged mDataEnabled=false mDependencyMet=true}
01-22 19:57:38.699  2864  2864 D DCT     : [0]getDataOnRoamingEnabled: phoneSubId=3 isDataRoamingEnabled=false
01-22 19:57:38.699  2864  2864 D DCT     : [0]getDataOnRoamingEnabled: phoneSubId=3 isDataRoamingEnabled=false
01-22 19:57:38.700  2864  2864 D DCT     : [0]getDataOnRoamingEnabled: phoneSubId=3 isDataRoamingEnabled=false
01-22 19:57:38.700  2864  2864 D DCT     : [0]getDataOnRoamingEnabled: phoneSubId=3 isDataRoamingEnabled=false
01-22 19:57:38.701  2864  2864 D DCT     : [0]getDataOnRoamingEnabled: phoneSubId=3 isDataRoamingEnabled=false
01-22 19:57:38.702  2864  3077 D RILJ    : [3762]> RIL_REQUEST_GSM_SET_BROADCAST_CONFIG with 1 configs :  [SUB0]
01-22 19:57:38.702  2864  3077 D RILJ    : SmsBroadcastConfigInfo: Id [4371,4372] Code [0,255] ENABLED [SUB0]
01-22 19:57:38.703  1955  1975 D use-Rlog/RLOG-RIL: 2 RIL requests in the queue (1 pending, 1 handled, 0 unhandled)
01-22 19:57:38.703  1955  2216 D use-Rlog/RLOG-RIL: Unhandled RIL request: 90
01-22 19:57:38.703  1955  2216 D use-Rlog/RLOG-RIL: 1 RIL request in the queue (0 pending, 1 handled, 0 unhandled)
01-22 19:57:38.703  2864  2967 D RilRequest: [3762]< RIL_REQUEST_GSM_SET_BROADCAST_CONFIG error: com.android.internal.telephony.CommandException: REQUEST_NOT_SUPPORTED ret=
01-22 19:57:38.708  2864  2892 E PhoneFactory: Settings Exception Reading Dual Sim SMS Prompt Values
01-22 19:57:38.708  2864  2892 D PhoneFactory: SMS Prompt option:false
01-22 19:57:38.708  2864  2892 D RIL_UiccSmsController: isSmsSimPickActivityNeeded: false, sms prompt disabled.
01-22 19:57:38.709  2864  3166 D RILJ    : [3763]> RIL_REQUEST_CDMA_SET_BROADCAST_CONFIG with 1 configs :  [SUB0]
01-22 19:57:38.709  2864  3166 D RILJ    : CdmaSmsBroadcastConfigInfo: Id [4097, 4097] ENABLED [SUB0]
01-22 19:57:38.711  1955  1975 D use-Rlog/RLOG-RIL: 2 RIL requests in the queue (1 pending, 1 handled, 0 unhandled)
01-22 19:57:38.711  1955  2216 D use-Rlog/RLOG-RIL: Unhandled RIL request: 93
01-22 19:57:38.711  1955  2216 D use-Rlog/RLOG-RIL: 1 RIL request in the queue (0 pending, 1 handled, 0 unhandled)
01-22 19:57:38.711  2864  2967 D RilRequest: [3763]< RIL_REQUEST_CDMA_SET_BROADCAST_CONFIG error: com.android.internal.telephony.CommandException: REQUEST_NOT_SUPPORTED ret=
01-22 19:57:38.715  2864  2890 E PhoneFactory: Settings Exception Reading Dual Sim SMS Prompt Values
01-22 19:57:38.715  2864  2890 D PhoneFactory: SMS Prompt option:false
01-22 19:57:38.715  2864  2890 D RIL_UiccSmsController: isSmsSimPickActivityNeeded: false, sms prompt disabled.
01-22 19:57:38.717  2864  3149 D RILJ    : [3764]> RIL_REQUEST_GSM_SET_BROADCAST_CONFIG with 1 configs :  [SUB0]
01-22 19:57:38.717  2864  3149 D RILJ    : SmsBroadcastConfigInfo: Id [4373,4378] Code [0,255] ENABLED [SUB0]
01-22 19:57:38.718  1955  1975 D use-Rlog/RLOG-RIL: 2 RIL requests in the queue (1 pending, 1 handled, 0 unhandled)
01-22 19:57:38.718  1955  2216 D use-Rlog/RLOG-RIL: Unhandled RIL request: 90
01-22 19:57:38.718  1955  2216 D use-Rlog/RLOG-RIL: 1 RIL request in the queue (0 pending, 1 handled, 0 unhandled)
01-22 19:57:38.718  2864  2967 D RilRequest: [3764]< RIL_REQUEST_GSM_SET_BROADCAST_CONFIG error: com.android.internal.telephony.CommandException: REQUEST_NOT_SUPPORTED ret=
01-22 19:57:38.723  2864  3125 E PhoneFactory: Settings Exception Reading Dual Sim SMS Prompt Values
01-22 19:57:38.723  2864  3125 D PhoneFactory: SMS Prompt option:false
01-22 19:57:38.723  2864  3125 D RIL_UiccSmsController: isSmsSimPickActivityNeeded: false, sms prompt disabled.
01-22 19:57:38.725  2864  3077 D RILJ    : [3765]> RIL_REQUEST_CDMA_SET_BROADCAST_CONFIG with 1 configs :  [SUB0]
01-22 19:57:38.725  2864  3077 D RILJ    : CdmaSmsBroadcastConfigInfo: Id [4098, 4098] ENABLED [SUB0]
01-22 19:57:38.726  1955  1975 D use-Rlog/RLOG-RIL: 2 RIL requests in the queue (1 pending, 1 handled, 0 unhandled)
01-22 19:57:38.726  1955  2216 D use-Rlog/RLOG-RIL: Unhandled RIL request: 93
01-22 19:57:38.726  1955  2216 D use-Rlog/RLOG-RIL: 1 RIL request in the queue (0 pending, 1 handled, 0 unhandled)
01-22 19:57:38.726  2864  2967 D RilRequest: [3765]< RIL_REQUEST_CDMA_SET_BROADCAST_CONFIG error: com.android.internal.telephony.CommandException: REQUEST_NOT_SUPPORTED ret=
01-22 19:57:38.730  2864  2892 E PhoneFactory: Settings Exception Reading Dual Sim SMS Prompt Values
01-22 19:57:38.730  2864  2892 D PhoneFactory: SMS Prompt option:false
01-22 19:57:38.730  2864  2892 D RIL_UiccSmsController: isSmsSimPickActivityNeeded: false, sms prompt disabled.
01-22 19:57:38.733  2864  3166 D RILJ    : [3766]> RIL_REQUEST_GSM_SET_BROADCAST_CONFIG with 1 configs :  [SUB0]
01-22 19:57:38.733  2864  3166 D RILJ    : SmsBroadcastConfigInfo: Id [4379,4379] Code [0,255] ENABLED [SUB0]
01-22 19:57:38.734  1955  1975 D use-Rlog/RLOG-RIL: 2 RIL requests in the queue (1 pending, 1 handled, 0 unhandled)
01-22 19:57:38.734  1955  2216 D use-Rlog/RLOG-RIL: Unhandled RIL request: 90
01-22 19:57:38.734  1955  2216 D use-Rlog/RLOG-RIL: 1 RIL request in the queue (0 pending, 1 handled, 0 unhandled)
01-22 19:57:38.734  2864  2967 D RilRequest: [3766]< RIL_REQUEST_GSM_SET_BROADCAST_CONFIG error: com.android.internal.telephony.CommandException: REQUEST_NOT_SUPPORTED ret=
01-22 19:57:38.739  2864  2890 E PhoneFactory: Settings Exception Reading Dual Sim SMS Prompt Values
01-22 19:57:38.739  2864  2890 D PhoneFactory: SMS Prompt option:false
01-22 19:57:38.739  2864  2890 D RIL_UiccSmsController: isSmsSimPickActivityNeeded: false, sms prompt disabled.
01-22 19:57:38.740  2864  3149 D RILJ    : [3767]> RIL_REQUEST_CDMA_SET_BROADCAST_CONFIG with 1 configs :  [SUB0]
01-22 19:57:38.740  2864  3149 D RILJ    : CdmaSmsBroadcastConfigInfo: Id [4099, 4099] ENABLED [SUB0]
01-22 19:57:38.741  1955  1975 D use-Rlog/RLOG-RIL: 2 RIL requests in the queue (1 pending, 1 handled, 0 unhandled)
01-22 19:57:38.741  1955  2216 D use-Rlog/RLOG-RIL: Unhandled RIL request: 93
01-22 19:57:38.741  1955  2216 D use-Rlog/RLOG-RIL: 1 RIL request in the queue (0 pending, 1 handled, 0 unhandled)
01-22 19:57:38.741  2864  2967 D RilRequest: [3767]< RIL_REQUEST_CDMA_SET_BROADCAST_CONFIG error: com.android.internal.telephony.CommandException: REQUEST_NOT_SUPPORTED ret=
01-22 19:57:38.745  2864  3125 E PhoneFactory: Settings Exception Reading Dual Sim SMS Prompt Values
01-22 19:57:38.746  2864  3125 D PhoneFactory: SMS Prompt option:false
01-22 19:57:38.746  2864  3125 D RIL_UiccSmsController: isSmsSimPickActivityNeeded: false, sms prompt disabled.
01-22 19:57:38.747  2864  3077 D RILJ    : [3768]> RIL_REQUEST_GSM_SET_BROADCAST_CONFIG with 1 configs :  [SUB0]
01-22 19:57:38.747  2864  3077 D RILJ    : SmsBroadcastConfigInfo: Id [4380,4382] Code [0,255] ENABLED [SUB0]
01-22 19:57:38.748  1955  1975 D use-Rlog/RLOG-RIL: 2 RIL requests in the queue (1 pending, 1 handled, 0 unhandled)
01-22 19:57:38.748  1955  2216 D use-Rlog/RLOG-RIL: Unhandled RIL request: 90
01-22 19:57:38.748  1955  2216 D use-Rlog/RLOG-RIL: 1 RIL request in the queue (0 pending, 1 handled, 0 unhandled)
01-22 19:57:38.748  2864  2967 D RilRequest: [3768]< RIL_REQUEST_GSM_SET_BROADCAST_CONFIG error: com.android.internal.telephony.CommandException: REQUEST_NOT_SUPPORTED ret=
01-22 19:57:38.753  2864  2892 E PhoneFactory: Settings Exception Reading Dual Sim SMS Prompt Values
01-22 19:57:38.753  2864  2892 D PhoneFactory: SMS Prompt option:false
01-22 19:57:38.753  2864  2892 D RIL_UiccSmsController: isSmsSimPickActivityNeeded: false, sms prompt disabled.
01-22 19:57:38.755  2864  3166 D RILJ    : [3769]> RIL_REQUEST_CDMA_SET_BROADCAST_CONFIG with 1 configs :  [SUB0]
01-22 19:57:38.755  2864  3166 D RILJ    : CdmaSmsBroadcastConfigInfo: Id [4100, 4100] ENABLED [SUB0]
01-22 19:57:38.755  1955  1975 D use-Rlog/RLOG-RIL: 2 RIL requests in the queue (1 pending, 1 handled, 0 unhandled)
01-22 19:57:38.755  1955  2216 D use-Rlog/RLOG-RIL: Unhandled RIL request: 93
01-22 19:57:38.755  1955  2216 D use-Rlog/RLOG-RIL: 1 RIL request in the queue (0 pending, 1 handled, 0 unhandled)
01-22 19:57:38.756  2864  2967 D RilRequest: [3769]< RIL_REQUEST_CDMA_SET_BROADCAST_CONFIG error: com.android.internal.telephony.CommandException: REQUEST_NOT_SUPPORTED ret=
01-22 19:57:38.760  2864  2890 E PhoneFactory: Settings Exception Reading Dual Sim SMS Prompt Values
01-22 19:57:38.760  2864  2890 D PhoneFactory: SMS Prompt option:false
01-22 19:57:38.760  2864  2890 D RIL_UiccSmsController: isSmsSimPickActivityNeeded: false, sms prompt disabled.
01-22 19:57:38.761  2864  3149 D RILJ    : [3770]> RIL_REQUEST_GSM_SET_BROADCAST_CONFIG with 1 configs :  [SUB0]
01-22 19:57:38.761  2864  3149 D RILJ    : SmsBroadcastConfigInfo: Id [4393,4395] Code [0,255] ENABLED [SUB0]
01-22 19:57:38.762  1955  1975 D use-Rlog/RLOG-RIL: 2 RIL requests in the queue (1 pending, 1 handled, 0 unhandled)
01-22 19:57:38.762  1955  2216 D use-Rlog/RLOG-RIL: Unhandled RIL request: 90
01-22 19:57:38.762  1955  2216 D use-Rlog/RLOG-RIL: 1 RIL request in the queue (0 pending, 1 handled, 0 unhandled)
01-22 19:57:38.762  2864  2967 D RilRequest: [3770]< RIL_REQUEST_GSM_SET_BROADCAST_CONFIG error: com.android.internal.telephony.CommandException: REQUEST_NOT_SUPPORTED ret=
01-22 19:57:38.766  2864  3125 E PhoneFactory: Settings Exception Reading Dual Sim SMS Prompt Values
01-22 19:57:38.766  2864  3125 D PhoneFactory: SMS Prompt option:false
01-22 19:57:38.766  2864  3125 D RIL_UiccSmsController: isSmsSimPickActivityNeeded: false, sms prompt disabled.
01-22 19:57:38.767  2864  3077 D RILJ    : [3771]> RIL_REQUEST_GSM_SET_BROADCAST_CONFIG with 1 configs :  [SUB0]
01-22 19:57:38.767  2864  3077 D RILJ    : SmsBroadcastConfigInfo: Id [4370,4370] Code [0,255] ENABLED [SUB0]
01-22 19:57:38.768  1955  1975 D use-Rlog/RLOG-RIL: 2 RIL requests in the queue (1 pending, 1 handled, 0 unhandled)
01-22 19:57:38.768  1955  2216 D use-Rlog/RLOG-RIL: Unhandled RIL request: 90
01-22 19:57:38.768  1955  2216 D use-Rlog/RLOG-RIL: 1 RIL request in the queue (0 pending, 1 handled, 0 unhandled)
01-22 19:57:38.768  2864  2967 D RilRequest: [3771]< RIL_REQUEST_GSM_SET_BROADCAST_CONFIG error: com.android.internal.telephony.CommandException: REQUEST_NOT_SUPPORTED ret=
01-22 19:57:38.773  2864  2892 E PhoneFactory: Settings Exception Reading Dual Sim SMS Prompt Values
01-22 19:57:38.773  2864  2892 D PhoneFactory: SMS Prompt option:false
01-22 19:57:38.773  2864  2892 D RIL_UiccSmsController: isSmsSimPickActivityNeeded: false, sms prompt disabled.
01-22 19:57:38.773  1955  2212 D use-Rlog/RLOG-RIL-IPC: 
01-22 19:57:38.773  1955  2212 D use-Rlog/RLOG-RIL-IPC: xmm626_sec_modem_fmt_recv: Received FMT message
01-22 19:57:38.773  1955  2212 D use-Rlog/RLOG-RIL-IPC: xmm626_sec_modem_fmt_recv: Message: aseq=0x55, command=IPC_GEN_PHONE_RES, type=IPC_TYPE_RESP, size=5
01-22 19:57:38.773  1955  2212 D use-Rlog/RLOG-RIL-IPC: ================================= IPC FMT data =================================
01-22 19:57:38.773  1955  2212 D use-Rlog/RLOG-RIL-IPC: [0000]   0D 01 03 00 80                                     .....
01-22 19:57:38.773  1955  2212 D use-Rlog/RLOG-RIL-IPC: ================================================================================
01-22 19:57:38.773  1955  2212 D use-Rlog/RLOG-RIL: Generic response was expected
01-22 19:57:38.773  1955  2212 D use-Rlog/RLOG-RIL-IPC: 
