01-22 19:57:35.310  1955  2212 D use-Rlog/RLOG-RIL-IPC: 
01-22 19:57:35.310  1955  2212 D use-Rlog/RLOG-RIL-IPC: xmm626_sec_modem_fmt_recv: Received FMT message
01-22 19:57:35.310  1955  2212 D use-Rlog/RLOG-RIL-IPC: xmm626_sec_modem_fmt_recv: Message: aseq=0x45, command=IPC_SEC_RSIM_ACCESS, type=IPC_TYPE_RESP, size=31
01-22 19:57:35.310  1955  2212 D use-Rlog/RLOG-RIL-IPC: ================================= IPC FMT data =================================
01-22 19:57:35.310  1955  2212 D use-Rlog/RLOG-RIL-IPC: [0000]   90 00 1C 4D 65 73 73 61  67 65 72 69 65 FF FF FF   ...Messa gerie...
01-22 19:57:35.310  1955  2212 D use-Rlog/RLOG-RIL-IPC: [0010]   FF 07 91 33 96 65 00 10  F1 FF FF FF FF FF FF      ...3.e.. .......
01-22 19:57:35.310  1955  2212 D use-Rlog/RLOG-RIL-IPC: ================================================================================
01-22 19:57:35.311  1955  2212 D use-Rlog/RLOG-RIL: 0 RIL request in the queue (0 pending, 0 handled, 0 unhandled)
01-22 19:57:35.311  2864  2967 D RILJ    : [3736]< SIM_IO IccIoResponse sw1:0x90 sw2:0x0 [SUB0]
01-22 19:57:35.312  2864  2864 D SIMRecords: [SIMRecords] VM: ADN Record 'Tag:Messagerie', Num:'+33695600011, Emails:null, Anrs:null' EF[MBDN]
01-22 19:57:35.313  2864  2864 D SIMRecords: [SIMRecords] onRecordLoaded 0 requested: true
01-22 19:57:35.313  2864  2864 D SIMRecords: [SIMRecords] record load complete
01-22 19:57:35.324  2864  3077 D DCT     : [0]fetchDunApn: net.tethering.noprovisioning=true ret: null
01-22 19:57:35.324  2864  3077 D DCT     : [0]hasMatchedTetherApnSetting: APN=null
01-22 19:57:35.328  2864  2864 D SIMRecords: [SIMRecords] EF_CFF: callForwardingEnabled=0
01-22 19:57:35.328  2864  2864 D SIMRecords: [SIMRecords] onAllRecordsLoaded set 'gsm.sim.operator.numeric' to operator='20815'
01-22 19:57:35.328  2864  2864 D TelephonyManager: setTelephonyProperty: success phoneId=0 property=gsm.sim.operator.numeric value: 20815 propVal=20815
01-22 19:57:35.344  2864  2864 D SubscriptionController: [getSubId]- sSlotIdxToSubId.size == 0, return DummySubIds slotIdx=0
01-22 19:57:35.344  2864  2864 D SubscriptionController: [setMccMnc]+ mcc/mnc:208/15 subId:-2
01-22 19:57:35.379  2864  3149 D DCT     : [0]fetchDunApn: net.tethering.noprovisioning=true ret: null
01-22 19:57:35.380  2864  3149 D DCT     : [0]hasMatchedTetherApnSetting: APN=null
01-22 19:57:35.386  2864  3125 D SubscriptionController: [getPhoneId]- no sims, returning default phoneId=2147483647
01-22 19:57:35.386  2864  3125 D SubscriptionController: [getSubInfoRecord] id:3 iccid:893315011XXXXXXXXXXX simSlotIndex:0 displayName:Free nameSource:0 iconTint:-16746133 dataRoaming:0 mcc:0 mnc:0 countIso: userNwMode:0
01-22 19:57:35.389  2864  2864 D SubscriptionController: notifySubscriptionInfoChanged:
01-22 19:57:35.390  2864  2864 D SIMRecords: [SIMRecords] update icc_operator_numeric = 20815 subId = -2
01-22 19:57:35.391  2864  2864 D SIMRecords: [SIMRecords] onAllRecordsLoaded set mcc imsi
01-22 19:57:35.391  2864  2864 D TelephonyManager: setTelephonyProperty: success phoneId=0 property=gsm.sim.operator.iso-country value: fr propVal=fr
01-22 19:57:35.393  2864  2864 D GsmSST  : [GsmSST] SubscriptionListener.onSubscriptionInfoChanged
01-22 19:57:35.393  2864  2864 D SubscriptionController: [getSubId]- sSlotIdxToSubId.size == 0, return DummySubIds slotIdx=0
01-22 19:57:35.393  2864  2864 D DCT     : [0]SubscriptionListener.onSubscriptionInfoChanged
01-22 19:57:35.393  2864  2864 D SubscriptionController: [getSubId]- sSlotIdxToSubId.size == 0, return DummySubIds slotIdx=0
01-22 19:57:35.393  2864  2864 D SubscriptionController: [getActiveSubInfoList]+
01-22 19:57:35.394  2864  2864 D SubscriptionController: selection:sim_id>=0 null
01-22 19:57:35.402  2864  2864 D SubscriptionController: [getPhoneId]- no sims, returning default phoneId=2147483647
01-22 19:57:35.403  2864  2864 D SubscriptionController: [getSubInfoRecord] id:3 iccid:893315011XXXXXXXXXXX simSlotIndex:0 displayName:Free nameSource:0 iconTint:-16746133 dataRoaming:0 mcc:0 mnc:0 countIso: userNwMode:0
01-22 19:57:35.405  2864  2864 D SubscriptionController: [getPhoneId]- no sims, returning default phoneId=2147483647
01-22 19:57:35.405  2864  2864 D SubscriptionController: [getPhoneId]- no sims, returning default phoneId=2147483647
01-22 19:57:35.406  2864  2864 D SubscriptionController: [getActiveSubInfoList]- 1 infos return
01-22 19:57:35.407  2864  2864 E PhoneBase: Error! unregisterForCallWaiting() in PhoneBase should not be called, CDMAPhone inactive.
01-22 19:57:35.408  2864  2864 D SubscriptionController: [getSubId]- sSlotIdxToSubId.size == 0, return DummySubIds slotIdx=0
01-22 19:57:35.409  1955  2212 D use-Rlog/RLOG-RIL-IPC: 
01-22 19:57:35.409  1955  2212 D use-Rlog/RLOG-RIL-IPC: xmm626_sec_modem_fmt_recv: Received FMT message
01-22 19:57:35.409  1955  2212 D use-Rlog/RLOG-RIL-IPC: xmm626_sec_modem_fmt_recv: Message: aseq=0x45, command=IPC_GPRS_HSDPA_STATUS, type=IPC_TYPE_NOTI, size=1
01-22 19:57:35.409  1955  2212 D use-Rlog/RLOG-RIL-IPC: ================================= IPC FMT data =================================
01-22 19:57:35.409  1955  2212 D use-Rlog/RLOG-RIL-IPC: [0000]   01                                                 .
01-22 19:57:35.409  1955  2212 D use-Rlog/RLOG-RIL-IPC: ================================================================================
01-22 19:57:35.409  1955  2212 D use-Rlog/RLOG-RIL-IPC: 
01-22 19:57:35.409  1955  2212 D use-Rlog/RLOG-RIL-IPC: xmm626_sec_modem_fmt_recv: Received FMT message
01-22 19:57:35.409  1955  2212 D use-Rlog/RLOG-RIL-IPC: xmm626_sec_modem_fmt_recv: Message: aseq=0x45, command=IPC_GPRS_HSDPA_STATUS, type=IPC_TYPE_NOTI, size=1
01-22 19:57:35.409  2864  2967 D RILJ    : [UNSL]< UNSOL_RESPONSE_VOICE_NETWORK_STATE_CHANGED [SUB0]
01-22 19:57:35.409  1955  2212 D use-Rlog/RLOG-RIL-IPC: ================================= IPC FMT data =================================
01-22 19:57:35.409  1955  2212 D use-Rlog/RLOG-RIL-IPC: [0000]   01                                                 .
01-22 19:57:35.409  1955  2212 D use-Rlog/RLOG-RIL-IPC: ================================================================================
01-22 19:57:35.409  2864  2864 D SubscriptionController: [getSubId]- sSlotIdxToSubId.size == 0, return DummySubIds slotIdx=0
01-22 19:57:35.410  2864  2864 D SubscriptionController: [getPhoneId]- invalid subId return=-1
01-22 19:57:35.411  2864  2864 D SubscriptionController: [getSubId]- sSlotIdxToSubId.size == 0, return DummySubIds slotIdx=0
01-22 19:57:35.412  2864  2864 D SubscriptionController: [getSubId]- sSlotIdxToSubId.size == 0, return DummySubIds slotIdx=0
01-22 19:57:35.412  2864  2864 D SubscriptionController: [getSubId]- sSlotIdxToSubId.size == 0, return DummySubIds slotIdx=0
01-22 19:57:35.455  2864  2864 E PhoneBase: Error! registerForCallWaiting() in PhoneBase should not be called, CDMAPhone inactive.
01-22 19:57:35.473  2864  2864 D CAT     : CatService: handleMessage[20]
01-22 19:57:35.473  2864  2864 D SubscriptionController: [getSubId]- sSlotIdxToSubId.size == 0, return DummySubIds slotIdx=0
01-22 19:57:35.473  2864  2864 D GSMPhone: [GSMPhone] updateCurrentCarrierInProvider: mSubId = -2 currentDds = 3 operatorNumeric = 20815
01-22 19:57:35.473  2864  2864 D SubscriptionController: [getSubId]- sSlotIdxToSubId.size == 0, return DummySubIds slotIdx=0
01-22 19:57:35.473  2864  2864 D SIMRecords: [SIMRecords]  VoiceMessageCount from SIM MWIS = 0
01-22 19:57:35.473  2864  2864 D SubscriptionController: [getSubId]- sSlotIdxToSubId.size == 0, return DummySubIds slotIdx=0
01-22 19:57:35.473  2864  2864 D GSMPhone: updateVoiceMail countVoiceMessages = 0 subId -2
01-22 19:57:35.473  2864  2864 D SubscriptionController: [getSubId]- sSlotIdxToSubId.size == 0, return DummySubIds slotIdx=0
01-22 19:57:35.474  2864  2864 D GSMPhone: updateCallForwardStatus got sim records
01-22 19:57:35.474  2864  2864 D GSMPhone: Callforwarding info is present on sim
01-22 19:57:35.474  2864  2864 D SubscriptionController: [getSubId]- sSlotIdxToSubId.size == 0, return DummySubIds slotIdx=0
01-22 19:57:35.474  2864  2864 D PhoneBase: Get video call forwarding info from preferences
01-22 19:57:35.474  2864  2864 D SubscriptionController: [getSubId]- sSlotIdxToSubId.size == 0, return DummySubIds slotIdx=0
01-22 19:57:35.474  2864  2864 D SubscriptionController: [getSubId]- sSlotIdxToSubId.size == 0, return DummySubIds slotIdx=0
01-22 19:57:35.474  2864  2864 D GsmSST  : [GsmSST] EVENT_SIM_RECORDS_LOADED: what=16
01-22 19:57:35.475  2864  2864 D SST     : updatePhoneObject: Ignore update
01-22 19:57:35.475  2864  2864 D SIMRecords: [SIMRecords] getServiceProviderName: no brandOverride
01-22 19:57:35.475  2864  2864 D SIMRecords: [SIMRecords] getServiceProviderName: providerName=Free
01-22 19:57:35.475  2864  2864 D GsmSST  : [GsmSST] updateSpnDisplay: radio is on but out of service, set plmn='Aucun service'
01-22 19:57:35.475  2864  2864 D SIMRecords: [SIMRecords] getServiceProviderName: no brandOverride
01-22 19:57:35.475  2864  2864 D SIMRecords: [SIMRecords] getServiceProviderName: providerName=Free
01-22 19:57:35.489  2864  2864 D SubscriptionController: [getSubId]- sSlotIdxToSubId.size == 0, return DummySubIds slotIdx=0
01-22 19:57:35.504  2864  3125 D SubscriptionController: [getPhoneId]- no sims, returning default phoneId=2147483647
01-22 19:57:35.506  2864  3125 D SubscriptionController: [getPhoneId]- no sims, returning default phoneId=2147483647
01-22 19:57:35.531  2864  2864 D GsmSST  : [GsmSST] updateSpnDisplay: changed sending intent rule=2 showPlmn='true' plmn='Aucun service' showSpn='false' spn='Free' dataSpn='Free' subId='-2'
01-22 19:57:35.539  2864  2864 D SubscriptionController: [getSubId]- sSlotIdxToSubId.size == 0, return DummySubIds slotIdx=0
01-22 19:57:35.545  2864  2864 D SubscriptionController: [getSubId]- sSlotIdxToSubId.size == 0, return DummySubIds slotIdx=0
01-22 19:57:35.546  2864  2864 D SubscriptionController: [setPlmnSpn] No valid subscription to store info
01-22 19:57:35.546  2864  2864 D SubscriptionController: notifySubscriptionInfoChanged:
01-22 19:57:35.548  2864  2864 D IccCardProxy: operator=20815 mPhoneId=0
01-22 19:57:35.548  2864  2864 D IccCardProxy: update icc_operator_numeric=20815
01-22 19:57:35.548  2864  2864 D TelephonyManager: setTelephonyProperty: success phoneId=0 property=gsm.sim.operator.numeric value: 20815 propVal=20815
01-22 19:57:35.549  2864  2864 D TelephonyManager: setTelephonyProperty: success phoneId=0 property=gsm.sim.operator.iso-country value: fr propVal=fr
01-22 19:57:35.549  2864  2864 D IccCardProxy: Sending intent ACTION_INTERNAL_SIM_STATE_CHANGED for mPhoneId : 0
01-22 19:57:35.551  2864  2864 D DctController: handleMessage msg={ when=-144ms what=107 target=com.android.internal.telephony.dataconnection.DctController }
01-22 19:57:35.551  2864  2864 D DctController: onSubInfoReady mPhoneNum=1
01-22 19:57:35.551  2864  2864 D SubscriptionController: [getSubId]- sSlotIdxToSubId.size == 0, return DummySubIds slotIdx=0
01-22 19:57:35.551  2864  2864 D DctController: onSubInfoReady handle pending requests subId=-2
01-22 19:57:35.551  2864  2864 D SubscriptionController: [getSubId]- sSlotIdxToSubId.size == 0, return DummySubIds slotIdx=0
01-22 19:57:35.551  2864  2864 D DctController: [TNF -2]evalPendingRequest, pending request size is 1
01-22 19:57:35.551  2864  2864 D SubscriptionController: [getSubId]- sSlotIdxToSubId.size == 0, return DummySubIds slotIdx=0
01-22 19:57:35.551  2864  2864 D DctController: [TNF -2]evalPendingRequest: request = NetworkRequest [ id=1, legacyType=-1, [ Capabilities: INTERNET&NOT_RESTRICTED&TRUSTED&NOT_VPN] ]
01-22 19:57:35.551  2864  2864 D SubscriptionController: [getSubId]- sSlotIdxToSubId.size == 0, return DummySubIds slotIdx=0
01-22 19:57:35.551  2864  2864 D DctController: [TNF -2]Cellular needs Network for NetworkRequest [ id=1, legacyType=-1, [ Capabilities: INTERNET&NOT_RESTRICTED&TRUSTED&NOT_VPN] ]
01-22 19:57:35.551  2864  2864 D SubscriptionController: [getSubId]- sSlotIdxToSubId.size == 0, return DummySubIds slotIdx=0
01-22 19:57:35.551  2864  2864 D SubscriptionController: [getSubId]- sSlotIdxToSubId.size == 0, return DummySubIds slotIdx=0
01-22 19:57:35.551  2864  2864 D DctController: [TNF -2]Request not useable, pending request.
01-22 19:57:35.551  2864  2864 D DctController: processRequests
01-22 19:57:35.551  2864  2864 D RILJ    : [3737]> OPERATOR [SUB0]
01-22 19:57:35.553  1955  1975 D use-Rlog/RLOG-RIL: 1 RIL request in the queue (1 pending, 0 handled, 0 unhandled)
01-22 19:57:35.553  1955  2216 D use-Rlog/RLOG-RIL-IPC: 
01-22 19:57:35.553  1955  2216 D use-Rlog/RLOG-RIL-IPC: xmm626_sec_modem_fmt_send: Sent FMT message
01-22 19:57:35.553  1955  2216 D use-Rlog/RLOG-RIL-IPC: xmm626_sec_modem_fmt_send: Message: mseq=0x46, command=IPC_NET_SERVING_NETWORK, type=IPC_TYPE_GET, size=0
01-22 19:57:35.554  2864  2864 D RILJ    : [3738]> DATA_REGISTRATION_STATE [SUB0]
01-22 19:57:35.555  1955  2212 D use-Rlog/RLOG-RIL-IPC: 
01-22 19:57:35.555  1955  2212 D use-Rlog/RLOG-RIL-IPC: xmm626_sec_modem_fmt_recv: Received FMT message
01-22 19:57:35.556  1955  2212 D use-Rlog/RLOG-RIL-IPC: xmm626_sec_modem_fmt_recv: Message: aseq=0x46, command=IPC_NET_SERVING_NETWORK, type=IPC_TYPE_RESP, size=11
01-22 19:57:35.556  1955  2212 D use-Rlog/RLOG-RIL-IPC: ================================= IPC FMT data =================================
01-22 19:57:35.556  1955  2212 D use-Rlog/RLOG-RIL-IPC: [0000]   02 05 FF 30 30 30 30 30  23 8F 0F                  ...00000 #..
01-22 19:57:35.556  1955  2212 D use-Rlog/RLOG-RIL-IPC: ================================================================================
01-22 19:57:35.556  1955  2212 D use-Rlog/RLOG-RIL: 0 RIL request in the queue (0 pending, 0 handled, 0 unhandled)
01-22 19:57:35.556  1955  1975 D use-Rlog/RLOG-RIL: 1 RIL request in the queue (1 pending, 0 handled, 0 unhandled)
01-22 19:57:35.556  1955  2216 D use-Rlog/RLOG-RIL-IPC: 
01-22 19:57:35.556  1955  2216 D use-Rlog/RLOG-RIL-IPC: xmm626_sec_modem_fmt_send: Sent FMT message
01-22 19:57:35.556  1955  2216 D use-Rlog/RLOG-RIL-IPC: xmm626_sec_modem_fmt_send: Message: mseq=0x47, command=IPC_NET_REGIST, type=IPC_TYPE_GET, size=2
01-22 19:57:35.556  1955  2216 D use-Rlog/RLOG-RIL-IPC: ================================= IPC FMT data =================================
01-22 19:57:35.557  1955  2216 D use-Rlog/RLOG-RIL-IPC: [0000]   FF 03                                              ..
01-22 19:57:35.557  1955  2216 D use-Rlog/RLOG-RIL-IPC: ================================================================================
01-22 19:57:35.557  2864  2864 D RILJ    : [3739]> VOICE_REGISTRATION_STATE [SUB0]
01-22 19:57:35.557  2864  2967 D RILJ    : [3737]< OPERATOR {null, null, 00000} [SUB0]
01-22 19:57:35.558  1955  1975 D use-Rlog/RLOG-RIL: 2 RIL requests in the queue (1 pending, 1 handled, 0 unhandled)
01-22 19:57:35.558  1955  2216 D use-Rlog/RLOG-RIL-IPC: 
01-22 19:57:35.558  1955  2216 D use-Rlog/RLOG-RIL-IPC: xmm626_sec_modem_fmt_send: Sent FMT message
01-22 19:57:35.558  1955  2216 D use-Rlog/RLOG-RIL-IPC: xmm626_sec_modem_fmt_send: Message: mseq=0x48, command=IPC_NET_REGIST, type=IPC_TYPE_GET, size=2
01-22 19:57:35.558  1955  2216 D use-Rlog/RLOG-RIL-IPC: ================================= IPC FMT data =================================
01-22 19:57:35.558  1955  2216 D use-Rlog/RLOG-RIL-IPC: [0000]   FF 02                                              ..
01-22 19:57:35.558  1955  2216 D use-Rlog/RLOG-RIL-IPC: ================================================================================
01-22 19:57:35.558  1955  2212 D use-Rlog/RLOG-RIL-IPC: 
01-22 19:57:35.558  1955  2212 D use-Rlog/RLOG-RIL-IPC: xmm626_sec_modem_fmt_recv: Received FMT message
01-22 19:57:35.558  1955  2212 D use-Rlog/RLOG-RIL-IPC: xmm626_sec_modem_fmt_recv: Message: aseq=0x47, command=IPC_NET_REGIST, type=IPC_TYPE_RESP, size=11
01-22 19:57:35.558  1955  2212 D use-Rlog/RLOG-RIL-IPC: ================================= IPC FMT data =================================
01-22 19:57:35.558  1955  2212 D use-Rlog/RLOG-RIL-IPC: [0000]   FF 03 01 01 8F 0F 69 99  55 03 00                  ......i. U..
01-22 19:57:35.558  1955  2212 D use-Rlog/RLOG-RIL-IPC: ================================================================================
01-22 19:57:35.559  1955  2212 D use-Rlog/RLOG-RIL: 1 RIL request in the queue (0 pending, 1 handled, 0 unhandled)
01-22 19:57:35.559  2864  2864 D RILJ    : [3740]> QUERY_NETWORK_SELECTION_MODE [SUB0]
01-22 19:57:35.560  1955  2212 D use-Rlog/RLOG-RIL-IPC: 
01-22 19:57:35.560  1955  2212 D use-Rlog/RLOG-RIL-IPC: xmm626_sec_modem_fmt_recv: Received FMT message
01-22 19:57:35.560  1955  2212 D use-Rlog/RLOG-RIL-IPC: xmm626_sec_modem_fmt_recv: Message: aseq=0x48, command=IPC_NET_REGIST, type=IPC_TYPE_RESP, size=11
01-22 19:57:35.560  1955  2212 D use-Rlog/RLOG-RIL-IPC: ================================= IPC FMT data =================================
01-22 19:57:35.560  1955  2212 D use-Rlog/RLOG-RIL-IPC: [0000]   FF 02 01 01 8F 0F 69 99  55 03 00                  ......i. U..
01-22 19:57:35.560  1955  2212 D use-Rlog/RLOG-RIL-IPC: ================================================================================
01-22 19:57:35.561  1955  2212 D use-Rlog/RLOG-RIL: 0 RIL request in the queue (0 pending, 0 handled, 0 unhandled)
01-22 19:57:35.562  2864  3125 D SubscriptionController: [getActiveSubInfoList]- 1 infos return
01-22 19:57:35.565  2864  2864 D SubscriptionController: [getSubId]- sSlotIdxToSubId.size == 0, return DummySubIds slotIdx=0
01-22 19:57:35.565  2864  2967 D RILJ    : [3738]< DATA_REGISTRATION_STATE {0, f8f, 3559969, 0, 3} [SUB0]
01-22 19:57:35.565  2864  2967 D RILJ    : [3739]< VOICE_REGISTRATION_STATE {0, f8f, 3559969, 0, null, null, null, null, null, null, null, null, null, null, null} [SUB0]
01-22 19:57:35.566  1955  1975 D use-Rlog/RLOG-RIL: 1 RIL request in the queue (1 pending, 0 handled, 0 unhandled)
01-22 19:57:35.566  1955  2216 D use-Rlog/RLOG-RIL-IPC: 
01-22 19:57:35.566  1955  2216 D use-Rlog/RLOG-RIL-IPC: xmm626_sec_modem_fmt_send: Sent FMT message
01-22 19:57:35.566  1955  2216 D use-Rlog/RLOG-RIL-IPC: xmm626_sec_modem_fmt_send: Message: mseq=0x49, command=IPC_NET_PLMN_SEL, type=IPC_TYPE_GET, size=0
01-22 19:57:35.567  1955  2212 D use-Rlog/RLOG-RIL-IPC: 
01-22 19:57:35.567  1955  2212 D use-Rlog/RLOG-RIL-IPC: xmm626_sec_modem_fmt_recv: Received FMT message
01-22 19:57:35.567  1955  2212 D use-Rlog/RLOG-RIL-IPC: xmm626_sec_modem_fmt_recv: Message: aseq=0x49, command=IPC_NET_PLMN_SEL, type=IPC_TYPE_RESP, size=1
01-22 19:57:35.567  1955  2212 D use-Rlog/RLOG-RIL-IPC: ================================= IPC FMT data =================================
01-22 19:57:35.567  1955  2212 D use-Rlog/RLOG-RIL-IPC: [0000]   02                                                 .
01-22 19:57:35.567  1955  2212 D use-Rlog/RLOG-RIL-IPC: ================================================================================
01-22 19:57:35.567  1955  2212 D use-Rlog/RLOG-RIL: 0 RIL request in the queue (0 pending, 0 handled, 0 unhandled)
01-22 19:57:35.568  2864  2967 D RILJ    : [3740]< QUERY_NETWORK_SELECTION_MODE {0} [SUB0]
01-22 19:57:35.569  2864  2864 D GsmSST  : [GsmSST] SubscriptionListener.onSubscriptionInfoChanged
01-22 19:57:35.569  2864  2864 D SubscriptionController: [getSubId]- sSlotIdxToSubId.size == 0, return DummySubIds slotIdx=0
01-22 19:57:35.569  2864  2864 D DCT     : [0]SubscriptionListener.onSubscriptionInfoChanged
01-22 19:57:35.569  2864  2864 D SubscriptionController: [getSubId]- sSlotIdxToSubId.size == 0, return DummySubIds slotIdx=0
01-22 19:57:35.570  2864  2864 D SubscriptionController: [getActiveSubInfoList]+
01-22 19:57:35.570  2864  2864 D SubscriptionController: selection:sim_id>=0 null
01-22 19:57:35.590  2864  2864 D SubscriptionController: [getPhoneId]- no sims, returning default phoneId=2147483647
01-22 19:57:35.590  2864  2864 D SubscriptionController: [getSubInfoRecord] id:3 iccid:893315011XXXXXXXXXXX simSlotIndex:0 displayName:Free nameSource:0 iconTint:-16746133 dataRoaming:0 mcc:0 mnc:0 countIso: userNwMode:0
01-22 19:57:35.592  2864  2864 D SubscriptionController: [getPhoneId]- no sims, returning default phoneId=2147483647
01-22 19:57:35.594  2864  2864 D SubscriptionController: [getPhoneId]- no sims, returning default phoneId=2147483647
01-22 19:57:35.599  2864  2864 D SubscriptionController: [getActiveSubInfoList]- 1 infos return
01-22 19:57:35.600  2864  2864 E PhoneBase: Error! unregisterForCallWaiting() in PhoneBase should not be called, CDMAPhone inactive.
01-22 19:57:35.601  2864  2864 D SubscriptionController: [getSubId]- sSlotIdxToSubId.size == 0, return DummySubIds slotIdx=0
01-22 19:57:35.602  2864  2864 D SubscriptionController: [getSubId]- sSlotIdxToSubId.size == 0, return DummySubIds slotIdx=0
01-22 19:57:35.603  2864  2864 D SubscriptionController: [getPhoneId]- invalid subId return=-1
01-22 19:57:35.604  2864  2864 D SubscriptionController: [getSubId]- sSlotIdxToSubId.size == 0, return DummySubIds slotIdx=0
01-22 19:57:35.604  2864  2864 D SubscriptionController: [getSubId]- sSlotIdxToSubId.size == 0, return DummySubIds slotIdx=0
01-22 19:57:35.605  2864  2864 D SubscriptionController: [getSubId]- sSlotIdxToSubId.size == 0, return DummySubIds slotIdx=0
01-22 19:57:35.605  2864  3001 D GsmCellBroadcastHandler: mWakeLock released
01-22 19:57:35.640  2864  2890 D SubscriptionController: [getSlotId]- subId invalid
01-22 19:57:35.640  2864  3077 D SubscriptionController: getSimStateForSlotIdx:  simState=READY ordinal=5
01-22 19:57:35.642  2417  3140 D SubscriptionManager: getSimStateForSubscriber: simState=5 slotIdx=0
01-22 19:57:35.642  2417  3140 D TelephonyManager: getSimState: default sim:-1, sim state for slotIdx=0 is 5, return state as unknown
01-22 19:57:35.649  2864  3166 D SubscriptionController: [getActiveSubInfoList]+
01-22 19:57:35.660  1955  2212 D use-Rlog/RLOG-RIL-IPC: 
01-22 19:57:35.660  1955  2212 D use-Rlog/RLOG-RIL-IPC: xmm626_sec_modem_fmt_recv: Received FMT message
01-22 19:57:35.660  1955  2212 D use-Rlog/RLOG-RIL-IPC: xmm626_sec_modem_fmt_recv: Message: aseq=0x49, command=IPC_DISP_RSSI_INFO, type=IPC_TYPE_NOTI, size=1
01-22 19:57:35.660  1955  2212 D use-Rlog/RLOG-RIL-IPC: ================================= IPC FMT data =================================
01-22 19:57:35.660  1955  2212 D use-Rlog/RLOG-RIL-IPC: [0000]   6E                                                 n
01-22 19:57:35.660  1955  2212 D use-Rlog/RLOG-RIL-IPC: ================================================================================
01-22 19:57:35.660  1955  2212 D use-Rlog/RLOG-RIL: Signal strength is 1
01-22 19:57:35.662  2864  3166 D SubscriptionController: selection:sim_id>=0 null
01-22 19:57:35.664  2864  2864 E PhoneBase: Error! registerForCallWaiting() in PhoneBase should not be called, CDMAPhone inactive.
01-22 19:57:35.671  2864  2864 D DctController: handleMessage msg={ when=-120ms what=100 target=com.android.internal.telephony.dataconnection.DctController }
01-22 19:57:35.672  2864  2864 D DcSwitchAsyncChannel: [DcSwitchAsyncChannel-0]: rspIsIdle=true
01-22 19:57:35.672  2864  2864 D SubscriptionController: [getPhoneId]- no sims, returning default phoneId=2147483647
01-22 19:57:35.672  2864  2864 D DcSwitchAsyncChannel: [DcSwitchAsyncChannel-0]: rspIsIdle=true
01-22 19:57:35.672  2864  2864 D DctController: onProcessRequest requestedPhoneId=-1, activePhoneId=-1
01-22 19:57:35.672  2864  2864 D SubscriptionInfoUpdater: [Receiver]+
01-22 19:57:35.672  2864  2864 D SubscriptionInfoUpdater: Action: android.intent.action.internal_sim_state_changed
01-22 19:57:35.672  2864  2864 D SubscriptionInfoUpdater: slotId: 0
01-22 19:57:35.672  2864  2864 D SubscriptionInfoUpdater: simStatus: LOADED
01-22 19:57:35.672  2864  2864 D SubscriptionInfoUpdater: Wait for SIM1 IccId
01-22 19:57:35.672  2864  2864 D SubscriptionInfoUpdater: [Receiver]-
01-22 19:57:35.672  2864  2864 D PHONE   : [ServiceState] setDataRegState=1
01-22 19:57:35.672  2864  2864 D PHONE   : [ServiceState] setDataRadioTechnology=0
01-22 19:57:35.672  2864  2864 D GsmSST  : [GsmSST] handlPollStateResultMessage: GsmSST setDataRegState=1 regState=0 dataRadioTechnology=0
01-22 19:57:35.672  2864  2864 D PHONE   : [ServiceState] setVoiceRegState=1
01-22 19:57:35.673  2864  2864 E PHONE   : [ServiceState] setState deprecated use setVoiceRegState()
01-22 19:57:35.673  2864  2864 D SubscriptionController: [getSubId]- sSlotIdxToSubId.size == 0, return DummySubIds slotIdx=0
01-22 19:57:35.676  2864  2864 D GsmSST  : [GsmSST] Poll ServiceState done:  oldSS=[1 1 voice home data home null null 00000 null null 00000  Unknown Unknown CSS not supported -1 -1 RoamInd=-1 DefRoamInd=-1 EmergOnly=false IsDataRoamingFromRegistration=false] newSS=[1 1 voice home data home null null 00000 null null 00000  Unknown Unknown CSS not supported -1 -1 RoamInd=-1 DefRoamInd=-1 EmergOnly=false IsDataRoamingFromRegistration=false] oldMaxDataCalls=1 mNewMaxDataCalls=1 oldReasonDataDenied=-1 mNewReasonDataDenied=-1
01-22 19:57:35.676  2864  2864 D PHONE   : [ServiceState] setNullState=1
01-22 19:57:35.676  2864  2864 D SubscriptionController: [getSubId]- sSlotIdxToSubId.size == 0, return DummySubIds slotIdx=0
01-22 19:57:35.676  2864  2864 D GsmSST  : [GsmSST] getCellLocation(): X good mCellLoc=[3983,55941481,-1]
01-22 19:57:35.677  2307  3039 D TelephonyRegistry: notifyCellLocationForSubscriber: subId=-2 cellLocation=Bundle[mParcelledData.dataSize=64]
01-22 19:57:35.677  2864  2864 D DctController: handleMessage msg={ when=-107ms what=107 target=com.android.internal.telephony.dataconnection.DctController }
01-22 19:57:35.677  2864  2864 D DctController: onSubInfoReady mPhoneNum=1
01-22 19:57:35.677  2864  2864 D SubscriptionController: [getSubId]- sSlotIdxToSubId.size == 0, return DummySubIds slotIdx=0
01-22 19:57:35.677  2864  2864 D DctController: onSubInfoReady handle pending requests subId=-2
01-22 19:57:35.677  2864  2864 D SubscriptionController: [getSubId]- sSlotIdxToSubId.size == 0, return DummySubIds slotIdx=0
01-22 19:57:35.677  2864  2864 D DctController: [TNF -2]evalPendingRequest, pending request size is 1
01-22 19:57:35.677  2864  2864 D SubscriptionController: [getSubId]- sSlotIdxToSubId.size == 0, return DummySubIds slotIdx=0
01-22 19:57:35.677  2864  2864 D DctController: [TNF -2]evalPendingRequest: request = NetworkRequest [ id=1, legacyType=-1, [ Capabilities: INTERNET&NOT_RESTRICTED&TRUSTED&NOT_VPN] ]
01-22 19:57:35.678  2864  2864 D SubscriptionController: [getSubId]- sSlotIdxToSubId.size == 0, return DummySubIds slotIdx=0
01-22 19:57:35.678  2864  2864 D DctController: [TNF -2]Cellular needs Network for NetworkRequest [ id=1, legacyType=-1, [ Capabilities: INTERNET&NOT_RESTRICTED&TRUSTED&NOT_VPN] ]
01-22 19:57:35.678  2864  2864 D SubscriptionController: [getSubId]- sSlotIdxToSubId.size == 0, return DummySubIds slotIdx=0
01-22 19:57:35.678  2864  2864 D SubscriptionController: [getSubId]- sSlotIdxToSubId.size == 0, return DummySubIds slotIdx=0
01-22 19:57:35.678  2864  2864 D DctController: [TNF -2]Request not useable, pending request.
01-22 19:57:35.678  2864  2864 D DctController: processRequests
01-22 19:57:35.678  2864  2864 D SubscriptionController: [getSubId]- sSlotIdxToSubId.size == 0, return DummySubIds slotIdx=0
01-22 19:57:35.678  2864  2864 D DefaultPhoneNotifier: notifySignalStrength: mRegistry=com.android.internal.telephony.ITelephonyRegistry$Stub$Proxy@b2c19a9 ss=SignalStrength: 1 99 -120 -160 -120 -1 -1 99 2147483647 2147483647 2147483647 -1 2147483647 gsm|lte sender=Handler (com.android.internal.telephony.gsm.GSMPhone) {e262d71}
01-22 19:57:35.678  2307  2318 D TelephonyRegistry: notifySignalStrengthForSubscriber: invalid phoneId=-1
01-22 19:57:35.679  2864  2864 D SubscriptionController: [getSubId]- sSlotIdxToSubId.size == 0, return DummySubIds slotIdx=0
01-22 19:57:35.682  2864  2864 D SubscriptionInfoUpdater: handleSimStateLoadedInternal: slotId: 0
01-22 19:57:35.682  2864  2864 D SubscriptionInfoUpdater: All IccIds query complete
01-22 19:57:35.682  2864  2864 D SubscriptionInfoUpdater: updateSubscriptionInfoByIccId:+ Start
01-22 19:57:35.682  2864  2864 D SubscriptionInfoUpdater: insertedSimCount = 1
01-22 19:57:35.683  2864  2864 D SubscriptionController: [getSubInfoUsingSlotIdWithCheck]+ slotId:0
01-22 19:57:35.703  2864  3125 D DCT     : [0]fetchDunApn: net.tethering.noprovisioning=true ret: null
01-22 19:57:35.703  2864  3125 D DCT     : [0]hasMatchedTetherApnSetting: APN=null
01-22 19:57:35.707  2864  2864 D SubscriptionController: [getPhoneId]- no sims, returning default phoneId=2147483647
01-22 19:57:35.707  2864  2864 D SubscriptionController: [getSubInfoRecord] id:3 iccid:893315011XXXXXXXXXXX simSlotIndex:0 displayName:Free nameSource:0 iconTint:-16746133 dataRoaming:0 mcc:0 mnc:0 countIso: userNwMode:0
01-22 19:57:35.710  2864  2864 D SubscriptionController: [getPhoneId]- no sims, returning default phoneId=2147483647
01-22 19:57:35.711  2864  2864 D SubscriptionController: [getPhoneId]- no sims, returning default phoneId=2147483647
01-22 19:57:35.712  2864  2864 D SubscriptionController: [getSubInfoUsingSlotId]- null info return
01-22 19:57:35.712  2864  2864 D SubscriptionInfoUpdater: updateSubscriptionInfoByIccId: oldSubId = 3
01-22 19:57:35.712  2864  2864 D SubscriptionInfoUpdater: updateSubscriptionInfoByIccId: oldIccId[0] = 8933150113051263328, sIccId[0] = 8933150113051263328
01-22 19:57:35.712  2864  2864 D SubscriptionInfoUpdater: newSim = false
01-22 19:57:35.712  2864  2864 D SubscriptionInfoUpdater: updateSubscriptionInfoByIccId: sInsertSimState[0] = 0
01-22 19:57:35.712  2864  2864 D SubscriptionController: [getActiveSubInfoList]+
01-22 19:57:35.713  2864  2864 D SubscriptionController: [getActiveSubInfoList] Sub Controller not ready
01-22 19:57:35.713  2864  2864 D SubscriptionInfoUpdater: updateSubscriptionInfoByIccId: nSubCount = 0
01-22 19:57:35.713  2864  2864 D SubscriptionInfoUpdater: updateSubscriptionInfoByIccId:- SsubscriptionInfo update complete
01-22 19:57:35.713  2864  2864 D SubscriptionController: [getSubId]- sSlotIdxToSubId.size == 0, return DummySubIds slotIdx=0
01-22 19:57:35.713  2864  2864 D SubscriptionInfoUpdater: Invalid subId, could not update ContentResolver
01-22 19:57:35.714  2864  2864 D SubscriptionController: [getSubId]- sSlotIdxToSubId.size == 0, return DummySubIds slotIdx=0
01-22 19:57:35.714  2864  2864 D SubscriptionInfoUpdater: Broadcasting intent ACTION_SIM_STATE_CHANGED LOADED reason null for mCardIndex : 0
01-22 19:57:35.726  2864  3166 D SubscriptionController: [getPhoneId]- no sims, returning default phoneId=2147483647
01-22 19:57:35.726  2864  3166 D SubscriptionController: [getSubInfoRecord] id:3 iccid:893315011XXXXXXXXXXX simSlotIndex:0 displayName:Free nameSource:0 iconTint:-16746133 dataRoaming:0 mcc:0 mnc:0 countIso: userNwMode:0
01-22 19:57:35.743  2864  2864 D DctController: handleMessage msg={ when=-65ms what=100 target=com.android.internal.telephony.dataconnection.DctController }
01-22 19:57:35.743  2864  2864 D DcSwitchAsyncChannel: [DcSwitchAsyncChannel-0]: rspIsIdle=true
01-22 19:57:35.743  2864  2864 D SubscriptionController: [getPhoneId]- no sims, returning default phoneId=2147483647
01-22 19:57:35.743  2864  2864 D DcSwitchAsyncChannel: [DcSwitchAsyncChannel-0]: rspIsIdle=true
01-22 19:57:35.743  2864  2864 D DctController: onProcessRequest requestedPhoneId=-1, activePhoneId=-1
01-22 19:57:35.743  2864  2864 D SubscriptionInfoUpdater: [Receiver]+
01-22 19:57:35.743  2864  2864 D SubscriptionInfoUpdater: Action: android.intent.action.SIM_STATE_CHANGED
01-22 19:57:35.745  2864  2864 D SubscriptionInfoUpdater: slotId: 0
01-22 19:57:35.745  2864  2864 D SubscriptionInfoUpdater: simStatus: LOADED
01-22 19:57:35.745  2864  2864 D SubscriptionInfoUpdater: Ignoring simStatus: LOADED
01-22 19:57:35.745  2864  2864 D SubscriptionInfoUpdater: All IccIds query complete
01-22 19:57:35.745  2864  2864 D SubscriptionInfoUpdater: All IccIds query complete
01-22 19:57:35.745  2864  2864 D SubscriptionInfoUpdater: updateSubscriptionInfoByIccId:+ Start
01-22 19:57:35.745  2864  2864 D SubscriptionInfoUpdater: insertedSimCount = 1
01-22 19:57:35.745  2864  2864 D SubscriptionController: [getSubInfoUsingSlotIdWithCheck]+ slotId:0
01-22 19:57:35.748  2864  3017 D CellBroadcastHandler: mWakeLock released
01-22 19:57:35.756  2864  2864 D SubscriptionController: [getPhoneId]- no sims, returning default phoneId=2147483647
01-22 19:57:35.756  2864  2864 D SubscriptionController: [getSubInfoRecord] id:3 iccid:893315011XXXXXXXXXXX simSlotIndex:0 displayName:Free nameSource:0 iconTint:-16746133 dataRoaming:0 mcc:0 mnc:0 countIso: userNwMode:0
01-22 19:57:35.760  2864  2864 D SubscriptionController: [getPhoneId]- no sims, returning default phoneId=2147483647
01-22 19:57:35.761  2864  2864 D SubscriptionController: [getPhoneId]- no sims, returning default phoneId=2147483647
01-22 19:57:35.761  2864  3166 D SubscriptionController: [getPhoneId]- no sims, returning default phoneId=2147483647
01-22 19:57:35.762  2864  2864 D SubscriptionController: [getSubInfoUsingSlotId]- null info return
01-22 19:57:35.762  2864  2864 D SubscriptionInfoUpdater: updateSubscriptionInfoByIccId: oldSubId = 3
01-22 19:57:35.762  2864  2864 D SubscriptionInfoUpdater: updateSubscriptionInfoByIccId: oldIccId[0] = 8933150113051263328, sIccId[0] = 8933150113051263328
01-22 19:57:35.762  2864  2864 D SubscriptionInfoUpdater: newSim = false
01-22 19:57:35.762  2864  2864 D SubscriptionInfoUpdater: updateSubscriptionInfoByIccId: sInsertSimState[0] = 0
01-22 19:57:35.764  2864  2864 D SubscriptionController: [getActiveSubInfoList]+
01-22 19:57:35.765  2864  2864 D SubscriptionController: [getActiveSubInfoList] Sub Controller not ready
01-22 19:57:35.765  2864  2864 D SubscriptionInfoUpdater: updateSubscriptionInfoByIccId: nSubCount = 0
01-22 19:57:35.765  2864  2864 D SubscriptionInfoUpdater: updateSubscriptionInfoByIccId:- SsubscriptionInfo update complete
01-22 19:57:35.765  2864  2864 D SubscriptionInfoUpdater: [Receiver]-
01-22 19:57:35.774  2864  3166 D SubscriptionController: [getPhoneId]- no sims, returning default phoneId=2147483647
01-22 19:57:35.814  2864  3025 D CdmaServiceCategoryProgramHandler: mWakeLock released
01-22 19:57:35.835  2864  2864 D SubscriptionController: [getSubId]- sSlotIdxToSubId.size == 0, return DummySubIds slotIdx=0
01-22 19:57:35.837  2864  2864 D PhoneProxy: [PhoneProxy] Carrier config changed. Reloading config
01-22 19:57:35.837  2864  2864 D RILJ    : [3741]> RIL_REQUEST_VOICE_RADIO_TECH [SUB0]
01-22 19:57:35.838  2864  2864 D PhoneProxy: mPhoneProxyReceiver: action android.telephony.action.CARRIER_CONFIG_CHANGED
01-22 19:57:35.839  2864  2967 D RILJ    : [3741]< RIL_REQUEST_VOICE_RADIO_TECH {3} [SUB0]
01-22 19:57:35.841  2864  2864 D ImsManager: updateVolteFeatureValue: available = false, enabled = true, nonTTY = true
01-22 19:57:35.841  2864  2864 E ImsManager: updateImsServiceConfig: com.android.ims.ImsException: Service is unavailable, code = 106
01-22 19:57:35.841  2864  2864 D SubscriptionController: [getSubId]- sSlotIdxToSubId.size == 0, return DummySubIds slotIdx=0
01-22 19:57:35.842  2864  2864 D PhoneProxy: [PhoneProxy] broadcastEmergencyCallStateChanges =false
01-22 19:57:35.842  2864  2864 D PhoneProxy: [PhoneProxy] EVENT_REQUEST_VOICE_RADIO_TECH_DONE: newVoiceTech=3
01-22 19:57:35.842  2864  2864 D PhoneProxy: [PhoneProxy] phoneObjectUpdater: newVoiceRadioTech=3
01-22 19:57:35.842  2864  2864 D PhoneProxy: [PhoneProxy] phoneObjectUpdater: No change ignore, newVoiceRadioTech=3 mActivePhone=GSM
01-22 19:57:35.881  2864  2890 D SubscriptionController: [getSlotId]- subId invalid
01-22 19:57:35.883  2864  3166 D SubscriptionController: [getActiveSubInfoList]- 1 infos return
01-22 19:57:35.884  2864  3149 D SubscriptionController: getSimStateForSlotIdx:  simState=READY ordinal=5
01-22 19:57:35.885  2417  3140 D SubscriptionManager: getSimStateForSubscriber: simState=5 slotIdx=0
01-22 19:57:35.885  2417  3140 D TelephonyManager: getSimState: default sim:-1, sim state for slotIdx=0 is 5, return state as unknown
01-22 19:57:35.886  2864  3077 D SubscriptionController: [getActiveSubInfoList]+
01-22 19:57:35.887  2864  3077 D SubscriptionController: [getActiveSubInfoList] Sub Controller not ready
01-22 19:57:35.921  2864  2890 D SubscriptionController: [getActiveSubInfoList]+
01-22 19:57:35.925  2864  2890 D SubscriptionController: [getActiveSubInfoList] Sub Controller not ready
01-22 19:57:35.945  2864  3166 D SubscriptionController: [getActiveSubInfoList]+
01-22 19:57:35.949  2864  3166 D SubscriptionController: [getActiveSubInfoList] Sub Controller not ready
01-22 19:57:35.967  2864  2892 D DCT     : [0]fetchDunApn: net.tethering.noprovisioning=true ret: null
01-22 19:57:35.967  2864  2892 D DCT     : [0]hasMatchedTetherApnSetting: APN=null
01-22 19:57:35.967  2864  3077 D SubscriptionController: [getActiveSubInfoList]+
01-22 19:57:35.968  2864  3077 D SubscriptionController: [getActiveSubInfoList] Sub Controller not ready
01-22 19:57:36.142  2864  3077 D SubscriptionController: [getSlotId]- subId invalid
01-22 19:57:36.143  2864  3166 D SubscriptionController: getSimStateForSlotIdx:  simState=READY ordinal=5
01-22 19:57:36.144  2417  3140 D SubscriptionManager: getSimStateForSubscriber: simState=5 slotIdx=0
01-22 19:57:36.144  2417  3140 D TelephonyManager: getSimState: default sim:-1, sim state for slotIdx=0 is 5, return state as unknown
01-22 19:57:36.170  2864  2864 D SubscriptionController: [getPhoneId]- invalid subId return=-1
01-22 19:57:36.172  2864  2864 D SubscriptionController: [getSubId]- sSlotIdxToSubId.size == 0, return DummySubIds slotIdx=0
01-22 19:57:36.183  2864  2864 D SubscriptionInfoUpdater: EVENT_UPDATE_INSERTED_SIM_COUNT: locked sims: 0
01-22 19:57:36.184  2864  2864 D SubscriptionInfoUpdater: All IccIds query complete
01-22 19:57:36.245  2864  2864 D SubscriptionInfoUpdater: EVENT_UPDATE_INSERTED_SIM_COUNT: locked sims: 0
01-22 19:57:36.245  2864  2864 D SubscriptionInfoUpdater: All IccIds query complete
01-22 19:57:36.245  2864  2864 D SubscriptionInfoUpdater: updateSubscriptionInfoByIccId:+ Start
01-22 19:57:36.246  2864  2864 D SubscriptionController: [clearSubInfo]+
01-22 19:57:36.246  2864  2864 D SubscriptionController: [clearSubInfo]- no simInfo size=0
01-22 19:57:36.246  2864  2864 D SubscriptionInfoUpdater: insertedSimCount = 1
01-22 19:57:36.246  2864  2864 D SubscriptionController: [getSubInfoUsingSlotIdWithCheck]+ slotId:0
01-22 19:57:36.250  2864  2864 D SubscriptionController: [getPhoneId]- no sims, returning default phoneId=2147483647
01-22 19:57:36.250  2864  2864 D SubscriptionController: [getSubInfoRecord] id:3 iccid:893315011XXXXXXXXXXX simSlotIndex:0 displayName:Free nameSource:0 iconTint:-16746133 dataRoaming:0 mcc:0 mnc:0 countIso: userNwMode:0
01-22 19:57:36.255  2864  2864 D SubscriptionController: [getPhoneId]- no sims, returning default phoneId=2147483647
01-22 19:57:36.256  2864  2864 D SubscriptionController: [getPhoneId]- no sims, returning default phoneId=2147483647
01-22 19:57:36.257  2864  2864 D SubscriptionController: [getSubInfoUsingSlotId]- null info return
01-22 19:57:36.257  2864  2864 D SubscriptionInfoUpdater: updateSubscriptionInfoByIccId: oldSubId = 3
01-22 19:57:36.257  2864  2864 D SubscriptionInfoUpdater: updateSubscriptionInfoByIccId: oldIccId[0] = 8933150113051263328, sIccId[0] = 8933150113051263328
01-22 19:57:36.262  2864  2864 D SubscriptionController: [addSubInfoRecord]+ iccId:8933150113051263328 slotId:0
01-22 19:57:36.270  2864  2864 D SubscriptionController: [getActiveSubInfoList]+
01-22 19:57:36.276  2864  2864 D SubscriptionController: [getActiveSubInfoList] Sub Controller not ready
01-22 19:57:36.276  2864  2864 D SubscriptionController: [addSubInfoRecord] Record already exists
01-22 19:57:36.285  2864  2864 D SubscriptionController: [addSubInfoRecord] sSlotIdxToSubId.size=1 slotId=0 subId=3 defaultSubId=3 simCount=1
01-22 19:57:36.285  2864  2864 D SubscriptionController: [setDefaultFallbackSubId] subId=3
01-22 19:57:36.285  2864  2864 D SubscriptionController: [setDefaultFallbackSubId] set mDefaultFallbackSubId=3
01-22 19:57:36.289  2864  2864 D SubscriptionController: [setDefaultFallbackSubId] broadcast default subId changed phoneId=0 subId=3
01-22 19:57:36.293  2864  2864 D SubscriptionController: [addSubInfoRecord] one sim set defaults to subId=3
01-22 19:57:36.294  2864  2864 D SubscriptionController: [setDefaultDataSubId] subId=3
01-22 19:57:36.294  2864  2864 D SubscriptionController: [setDefaultDataSubId] num phones=1 dds flex map = dds
01-22 19:57:36.294  2864  2864 D SubscriptionController: [setDefaultDataSubId] phoneId=0 subId=3 RAF=36366
01-22 19:57:36.294  2864  2864 D ProxyController: setRadioCapability: Already in requested configuration, nothing to do.
01-22 19:57:36.295  2864  2864 D SubscriptionController: [updateAllDataConnectionTrackers] sProxyPhones.length=1
01-22 19:57:36.295  2864  2864 D SubscriptionController: [updateAllDataConnectionTrackers] phoneId=0
01-22 19:57:36.295  2864  2864 D PhoneProxy: [PhoneProxy] Updating Data Connection Tracker
01-22 19:57:36.296  2864  2864 D DCT     : [0]update sub = 3
01-22 19:57:36.296  2864  2864 D DCT     : [0]update(): Active DDS, register for all events now!
01-22 19:57:36.296  2864  2864 D DCT     : [0]onUpdateIcc: newIccRecords null
01-22 19:57:36.296  2864  2864 D DCT     : [0]getDataEnabled: getIntWithSubId retVal=true
01-22 19:57:36.297  2864  2864 D GSMPhone: [GSMPhone] updateCurrentCarrierInProvider: mSubId = 3 currentDds = 3 operatorNumeric = 20815
01-22 19:57:36.336  2864  2890 D DCT     : [0]fetchDunApn: net.tethering.noprovisioning=true ret: null
01-22 19:57:36.336  2864  2890 D DCT     : [0]hasMatchedTetherApnSetting: APN=null
01-22 19:57:36.379  2864  2864 D SubscriptionController: [broadcastDefaultDataSubIdChanged] subId=3
01-22 19:57:36.381  2864  2864 D SubscriptionController: [setDefaultSmsSubId] subId=3
01-22 19:57:36.381  2864  2864 D SubscriptionController: [broadcastDefaultSmsSubIdChanged] subId=3
01-22 19:57:36.382  2864  2864 D SubscriptionController: [setDefaultVoiceSubId] subId=3
01-22 19:57:36.383  2864  2864 D SubscriptionController: [broadcastDefaultVoiceSubIdChanged] subId=3
01-22 19:57:36.384  2864  2864 D SubscriptionController: [addSubInfoRecord] hashmap(0,3)
01-22 19:57:36.422  2864  2864 D SubscriptionController: [addSubInfoRecord] sim name = Free
01-22 19:57:36.422  2864  2864 D SubscriptionController: [updateAllDataConnectionTrackers] sProxyPhones.length=1
01-22 19:57:36.422  2864  2864 D SubscriptionController: [updateAllDataConnectionTrackers] phoneId=0
01-22 19:57:36.422  2864  2864 D PhoneProxy: [PhoneProxy] Updating Data Connection Tracker
01-22 19:57:36.422  2864  2864 D DCT     : [0]update sub = 3
01-22 19:57:36.422  2864  2864 D DCT     : [0]update(): Active DDS, register for all events now!
01-22 19:57:36.422  2864  2864 D DCT     : [0]onUpdateIcc: newIccRecords null
01-22 19:57:36.423  2864  2864 D DCT     : [0]getDataEnabled: getIntWithSubId retVal=true
01-22 19:57:36.423  2864  2864 D GSMPhone: [GSMPhone] updateCurrentCarrierInProvider: mSubId = 3 currentDds = 3 operatorNumeric = 20815
01-22 19:57:36.497  2864  2864 D SubscriptionController: [addSubInfoRecord]- info size=1
01-22 19:57:36.497  2864  2864 D SubscriptionInfoUpdater: newSim = false
01-22 19:57:36.497  2864  2864 D SubscriptionInfoUpdater: updateSubscriptionInfoByIccId: sInsertSimState[0] = 0
01-22 19:57:36.498  2864  2864 D SubscriptionController: [getActiveSubInfoList]+
01-22 19:57:36.498  2864  2864 D SubscriptionController: selection:sim_id>=0 null
01-22 19:57:36.503  2864  2864 D SubscriptionController: [getSubInfoRecord] id:3 iccid:893315011XXXXXXXXXXX simSlotIndex:0 displayName:Free nameSource:0 iconTint:-16746133 dataRoaming:0 mcc:0 mnc:0 countIso:fr userNwMode:0
01-22 19:57:36.510  2864  2864 D SubscriptionController: [getActiveSubInfoList]- 1 infos return
01-22 19:57:36.511  2864  2864 D SubscriptionInfoUpdater: updateSubscriptionInfoByIccId: nSubCount = 1
01-22 19:57:36.512  2864  2864 D SubscriptionController: [setDefaultDataSubId] subId=3
01-22 19:57:36.513  2864  2864 D SubscriptionController: [setDefaultDataSubId] num phones=1 dds flex map = dds
01-22 19:57:36.513  2864  2864 D SubscriptionController: [setDefaultDataSubId] phoneId=0 subId=3 RAF=36366
01-22 19:57:36.513  2864  2864 D ProxyController: setRadioCapability: Already in requested configuration, nothing to do.
01-22 19:57:36.513  2864  2864 D SubscriptionController: [updateAllDataConnectionTrackers] sProxyPhones.length=1
01-22 19:57:36.513  2864  2864 D SubscriptionController: [updateAllDataConnectionTrackers] phoneId=0
01-22 19:57:36.513  2864  2864 D PhoneProxy: [PhoneProxy] Updating Data Connection Tracker
01-22 19:57:36.513  2864  2864 D DCT     : [0]update sub = 3
01-22 19:57:36.513  2864  2864 D DCT     : [0]update(): Active DDS, register for all events now!
01-22 19:57:36.513  2864  2864 D DCT     : [0]onUpdateIcc: newIccRecords null
01-22 19:57:36.513  2864  2864 D DCT     : [0]getDataEnabled: getIntWithSubId retVal=true
01-22 19:57:36.514  2864  2864 D GSMPhone: [GSMPhone] updateCurrentCarrierInProvider: mSubId = 3 currentDds = 3 operatorNumeric = 20815
01-22 19:57:36.604  2864  2864 D SubscriptionController: [broadcastDefaultDataSubIdChanged] subId=3
01-22 19:57:36.606  2864  2864 D SubscriptionController: notifySubscriptionInfoChanged:
01-22 19:57:36.608  2864  2864 D SubscriptionInfoUpdater: updateSubscriptionInfoByIccId:- SsubscriptionInfo update complete
01-22 19:57:36.608  2864  2864 D SubscriptionInfoUpdater: update inserted sim count, current sim count: 1
01-22 19:57:36.622  2864  3149 D SubscriptionController: [getActiveSubInfoList]+
01-22 19:57:36.637  2864  3149 D SubscriptionController: selection:sim_id>=0 null
01-22 19:57:36.650  2864  2864 D GsmSST  : [GsmSST] SubscriptionListener.onSubscriptionInfoChanged
01-22 19:57:36.650  2864  2864 D PhoneBase: Get video call forwarding info from preferences
01-22 19:57:36.652  2864  2864 D PhoneFactory: calculatePreferredNetworkType: phoneId = 0 phoneIdNetworkType = 0
01-22 19:57:36.654  2864  2864 D SubscriptionController: [getActiveSubInfoList]+
01-22 19:57:36.655  2864  2864 D SubscriptionController: selection:sim_id>=0 null
01-22 19:57:36.660  2864  2864 D SubscriptionController: [getSubInfoRecord] id:3 iccid:893315011XXXXXXXXXXX simSlotIndex:0 displayName:Free nameSource:0 iconTint:-16746133 dataRoaming:0 mcc:0 mnc:0 countIso:fr userNwMode:0
01-22 19:57:36.666  2864  3149 D SubscriptionController: [getSubInfoRecord] id:3 iccid:893315011XXXXXXXXXXX simSlotIndex:0 displayName:Free nameSource:0 iconTint:-16746133 dataRoaming:0 mcc:0 mnc:0 countIso:fr userNwMode:0
01-22 19:57:36.683  2864  2864 D SubscriptionController: [getActiveSubInfoList]- 1 infos return
01-22 19:57:36.683  2864  2864 D SubscriptionController: [getActiveSubInfoForSubscriber]+ subId=3 subInfo={id=3, iccId=893315011XXXXXXXXXXX simSlotIndex=0 displayName=Free carrierName=Aucun service nameSource=0 iconTint=-16746133 dataRoaming=0 iconBitmap=android.graphics.Bitmap@2d17e49 mcc 0 mnc 0 mUserNwMode=0}
01-22 19:57:36.683  2864  2864 D PhoneFactory: calculatePreferredNetworkType: phoneSubId = 3 networkType = 0
01-22 19:57:36.683  2864  2864 D PhoneBase: setPreferredNetworkType: networkType = 0 modemRaf = 36366 rafFromType = 101902 filteredType = 0
01-22 19:57:36.683  2864  2864 D RILJ    : [3742]> REQUEST_SET_PREFERRED_NETWORK_TYPE : 0 [SUB0]
01-22 19:57:36.690  2864  2864 D PhoneBase: setNetworkSelectionModeAutomatic, querying current mode
01-22 19:57:36.690  2864  2864 D RILJ    : [3743]> QUERY_NETWORK_SELECTION_MODE [SUB0]
01-22 19:57:36.691  1955  1975 D use-Rlog/RLOG-RIL: 1 RIL request in the queue (1 pending, 0 handled, 0 unhandled)
01-22 19:57:36.692  1955  2216 D use-Rlog/RLOG-RIL-IPC: 
01-22 19:57:36.692  1955  2216 D use-Rlog/RLOG-RIL-IPC: xmm626_sec_modem_fmt_send: Sent FMT message
01-22 19:57:36.692  1955  2216 D use-Rlog/RLOG-RIL-IPC: xmm626_sec_modem_fmt_send: Message: mseq=0x4a, command=IPC_NET_MODE_SEL, type=IPC_TYPE_SET, size=1
01-22 19:57:36.692  1955  2216 D use-Rlog/RLOG-RIL-IPC: ================================= IPC FMT data =================================
01-22 19:57:36.692  1955  2216 D use-Rlog/RLOG-RIL-IPC: [0000]   01                                                 .
01-22 19:57:36.692  1955  2216 D use-Rlog/RLOG-RIL-IPC: ================================================================================
01-22 19:57:36.701  2864  2864 D DCT     : [0]getDataEnabled: getIntWithSubId retVal=true
01-22 19:57:36.701  2864  2864 D DCT     : [0]setDataEnabled: sendMessage: enable=true, subId=3
01-22 19:57:36.701  2864  2864 D TelephonyManager: setTelephonyProperty: success phoneId=0 property=gsm.network.type value: Unknown propVal=Unknown
01-22 19:57:36.702  1955  1975 D use-Rlog/RLOG-RIL: 2 RIL requests in the queue (1 pending, 1 handled, 0 unhandled)
01-22 19:57:36.702  1955  2216 D use-Rlog/RLOG-RIL-IPC: 
01-22 19:57:36.702  1955  2216 D use-Rlog/RLOG-RIL-IPC: xmm626_sec_modem_fmt_send: Sent FMT message
01-22 19:57:36.702  1955  2216 D use-Rlog/RLOG-RIL-IPC: xmm626_sec_modem_fmt_send: Message: mseq=0x4b, command=IPC_NET_PLMN_SEL, type=IPC_TYPE_GET, size=0
01-22 19:57:36.708  2864  2864 D SubscriptionController: [setCarrierText]+ text:Aucun service subId:3
01-22 19:57:36.718  2864  3149 D SubscriptionController: [getActiveSubInfoList]- 1 infos return
01-22 19:57:36.794  1955  2212 D use-Rlog/RLOG-RIL-IPC: 
01-22 19:57:36.794  2864  2864 D SubscriptionController: notifySubscriptionInfoChanged:
01-22 19:57:36.794  1955  2212 D use-Rlog/RLOG-RIL-IPC: xmm626_sec_modem_fmt_recv: Received FMT message
01-22 19:57:36.794  1955  2212 D use-Rlog/RLOG-RIL-IPC: xmm626_sec_modem_fmt_recv: Message: aseq=0x4a, command=IPC_GEN_PHONE_RES, type=IPC_TYPE_RESP, size=5
