01-22 19:58:24.922  2864  2864 D DCT     : [0]getAnyDataEnabled(true) = false
01-22 19:58:24.922  2864  2864 D DCT     : [0]setupDataOnConnectableApns: apnContext {mApnType=mms mState=IDLE mWaitingApns={null} mWaitingApnsPermanentFailureCountDown=0 mApnSetting={null} mReason=radioTurnedOff mDataEnabled=false mDependencyMet=true}
01-22 19:58:24.922  2864  2864 D DCT     : [0]getDataOnRoamingEnabled: phoneSubId=3 isDataRoamingEnabled=false
01-22 19:58:24.922  2864  2864 D GsmSST  : [GsmSST] mDeviceShuttingDown = true
01-22 19:58:24.922  2864  2864 D GsmSST  : [GsmSST] mDesiredPowerState = false
01-22 19:58:24.922  2864  2864 D GsmSST  : [GsmSST] getRadioState = RADIO_UNAVAILABLE
01-22 19:58:24.922  2864  2864 D GsmSST  : [GsmSST] mPowerOffDelayNeed = true
01-22 19:58:24.922  2864  2864 D GsmSST  : [GsmSST] mAlarmSwitch = false
01-22 19:58:24.922  2864  2864 D PHONE   : [ServiceState] setNullState=1
01-22 19:58:24.923  2864  2864 D GsmSST  : [GsmSST] Poll ServiceState done:  oldSS=[1 1 voice home data home null null null null null null  Unknown Unknown CSS not supported -1 -1 RoamInd=-1 DefRoamInd=-1 EmergOnly=false IsDataRoamingFromRegistration=false] newSS=[1 1 voice home data home null null null null null null  Unknown Unknown CSS not supported -1 -1 RoamInd=-1 DefRoamInd=-1 EmergOnly=false IsDataRoamingFromRegistration=false] oldMaxDataCalls=1 mNewMaxDataCalls=1 oldReasonDataDenied=-1 mNewReasonDataDenied=-1
01-22 19:58:24.923  2864  2864 D PHONE   : [ServiceState] setNullState=1
01-22 19:58:24.923  2864  2864 D UiccController: EVENT_RADIO_UNAVAILABLE, dispose card
01-22 19:58:24.923  2864  2864 D UiccCard: Disposing card
01-22 19:58:24.923  2864  2864 D CAT     : CatService: Disposing CatService object
01-22 19:58:24.923  2864  2864 D CAT     : CatService: Sending Card Status: CARDSTATE_ABSENT cardPresent: falseSLOT_ID: 0
01-22 19:58:24.927  2864  2864 D UiccCardApplication: APPTYPE_SIM being Disposed
01-22 19:58:24.927  2864  2864 D SIMRecords: [SIMRecords] Disposing SIMRecords this=SimRecords: mDestroyed=false mContext=com.android.phone.PhoneGlobals@efb82bb mCi=com.android.internal.telephony.RIL@181a4ef mFh=Handler (com.android.internal.telephony.uicc.SIMFileHandler) {a8dd3d8} mParentApp=com.android.internal.telephony.uicc.UiccCardApplication@5ff3331 mSpnOverride=mSpnOverride recordsLoadedRegistrants=android.os.RegistrantList@827ea16 mImsiReadyRegistrants=android.os.RegistrantList@5558f97 mRecordsEventsRegistrants=android.os.RegistrantList@cf85584 mNewSmsRegistrants=android.os.RegistrantList@7e2d16d mNetworkSelectionModeAutomaticRegistrants=android.os.RegistrantList@eb091a2 recordsToLoad=0 adnCache=Handler (com.android.internal.telephony.uicc.AdnRecordCache) {2d98e33} recordsRequested=true iccid=893315011XXXXXXXXXXX msisdnTag=Messagerie voiceMailNum=+33695600011 voiceMailTag=Messagerie newVoiceMailNum=null newVoiceMailTag=null isVoiceMailFixed=false mncLength=2 mailboxIndex=1 spn=Free mVmConfigcom.android.internal.telephony.uicc.VoiceMailConstants@e6745f0 callForwardingEnabled=0 spnState=IDLE mCphsInfo=[B@feaabe1 mCspPlmnEnabled=true efMWIS=[B@84fed06 efCPHS_MWI=[B@ce3efc7 mEfCff=[B@b05e9f4 mEfCfis=[B@585251d getOperatorNumeric=20815
01-22 19:58:24.927  2864  2864 D SIMRecords: [SIMRecords] setting0 mMncLength-1
01-22 19:58:24.927  2864  2864 D SIMRecords: [SIMRecords] SIMRecords: onRadioOffOrNotAvailable set 'gsm.sim.operator.numeric' to operator=null
01-22 19:58:24.927  2864  2864 D SIMRecords: [SIMRecords] update icc_operator_numeric=null
01-22 19:58:24.927  2864  2864 D TelephonyManager: setTelephonyProperty: success phoneId=0 property=gsm.sim.operator.numeric value:  propVal=
01-22 19:58:24.928  2864  2864 D TelephonyManager: setTelephonyProperty: success phoneId=0 property=gsm.sim.operator.alpha value:  propVal=
01-22 19:58:24.928  2864  2864 D TelephonyManager: setTelephonyProperty: success phoneId=0 property=gsm.sim.operator.iso-country value:  propVal=
01-22 19:58:24.929  2864  2864 D RILJ    : [3907]> GET_CURRENT_CALLS [SUB0]
01-22 19:58:24.930  1955  1975 D use-Rlog/RLOG-RIL: 17 RIL requests in the queue (1 pending, 3 handled, 13 unhandled)
01-22 19:58:24.930  1955  2216 D use-Rlog/RLOG-RIL: 16 RIL requests in the queue (0 pending, 3 handled, 13 unhandled)
01-22 19:58:24.930  2864  2967 D RILJ    : [3907]< GET_CURRENT_CALLS {} [SUB0]
01-22 19:58:24.930  2864  2864 E PhoneProxy: [PhoneProxy] Error! This handler was not registered for this message type. Message: 9
01-22 19:58:24.931  2864  2864 E UiccCardApplication: Received message { when=-332ms what=9 obj=android.os.AsyncResult@c6dd392 target=com.android.internal.telephony.uicc.UiccCardApplication$1 }[9] while being destroyed. Ignoring.
01-22 19:58:24.931  2864  2864 D GsmSST  : [GsmSST] SubscriptionListener.onSubscriptionInfoChanged
01-22 19:58:24.931  2864  2864 D DCT     : [0]SubscriptionListener.onSubscriptionInfoChanged
01-22 19:58:24.932  2864  2864 D SubscriptionController: [getActiveSubInfoList]+
01-22 19:58:24.933  2864  2864 D SubscriptionController: selection:sim_id>=0 null
01-22 19:58:24.937  2864  2864 D SubscriptionController: [getSubInfoRecord] id:3 iccid:893315011XXXXXXXXXXX simSlotIndex:0 displayName:Free nameSource:0 iconTint:-16746133 dataRoaming:0 mcc:0 mnc:0 countIso: userNwMode:0
01-22 19:58:24.940  2864  2864 D SubscriptionController: [getActiveSubInfoList]- 1 infos return
01-22 19:58:24.941  2864  2864 E PhoneBase: Error! unregisterForCallWaiting() in PhoneBase should not be called, CDMAPhone inactive.
01-22 19:58:24.944  2864  2864 D SubscriptionController: [getActiveSubInfoList]+
01-22 19:58:24.945  2864  2864 D SubscriptionController: selection:sim_id>=0 null
01-22 19:58:24.953  2864  2864 D SubscriptionController: [getSubInfoRecord] id:3 iccid:893315011XXXXXXXXXXX simSlotIndex:0 displayName:Free nameSource:0 iconTint:-16746133 dataRoaming:0 mcc:0 mnc:0 countIso: userNwMode:0
01-22 19:58:24.956  2864  2864 D SubscriptionController: [getActiveSubInfoList]- 1 infos return
01-22 19:58:24.956  2864  2864 D SubscriptionController: [getActiveSubInfoForSubscriber]+ subId=3 subInfo={id=3, iccId=893315011XXXXXXXXXXX simSlotIndex=0 displayName=Free carrierName=Aucun service nameSource=0 iconTint=-16746133 dataRoaming=0 iconBitmap=android.graphics.Bitmap@653f619 mcc 0 mnc 0 mUserNwMode=0}
01-22 19:58:25.000  2864  2864 E PhoneBase: Error! registerForCallWaiting() in PhoneBase should not be called, CDMAPhone inactive.
01-22 19:58:25.008  2864  2864 D DCT     : [0]handleMessage msg={ when=-334ms what=270377 obj=android.os.AsyncResult@350838c target=com.android.internal.telephony.dataconnection.DcTracker }
01-22 19:58:25.008  2864  2864 D DCT     : [0]onUpdateIcc: newIccRecords null
01-22 19:58:25.008  2864  2864 D DCT     : [0]setupDataOnConnectableApns: nwTypeChanged
01-22 19:58:25.008  2864  2864 D DCT     : [0]setupDataOnConnectableApns: apnContext {mApnType=dun mState=IDLE mWaitingApns={null} mWaitingApnsPermanentFailureCountDown=0 mApnSetting={null} mReason=radioTurnedOff mDataEnabled=false mDependencyMet=true}
01-22 19:58:25.008  2864  2864 D DCT     : [0]setupDataOnConnectableApns: apnContext {mApnType=hipri mState=IDLE mWaitingApns={null} mWaitingApnsPermanentFailureCountDown=0 mApnSetting={null} mReason=radioTurnedOff mDataEnabled=false mDependencyMet=true}
01-22 19:58:25.008  2864  2864 D DCT     : [0]setupDataOnConnectableApns: apnContext {mApnType=supl mState=IDLE mWaitingApns={null} mWaitingApnsPermanentFailureCountDown=0 mApnSetting={null} mReason=radioTurnedOff mDataEnabled=false mDependencyMet=true}
01-22 19:58:25.008  2864  2864 D DCT     : [0]setupDataOnConnectableApns: apnContext {mApnType=default mState=IDLE mWaitingApns={[[ApnSettingV3] Free Mobile, 159, 20815, free, , , , , , 0, default | supl, IP, IP, true, 0, 0, 0, false, 0, 0, 0, 0, , ]} mWaitingApnsPermanentFailureCountDown=1 mApnSetting={null} mReason=nwTypeChanged mDataEnabled=true mDependencyMet=true}
01-22 19:58:25.008  2864  2864 D DCT     : [0]setupDataOnConnectableApns: isConnectable() call trySetupData
01-22 19:58:25.008  2864  2864 D DCT     : [0]trySetupData for type:default due to nwTypeChanged apnContext={mApnType=default mState=IDLE mWaitingApns={[[ApnSettingV3] Free Mobile, 159, 20815, free, , , , , , 0, default | supl, IP, IP, true, 0, 0, 0, false, 0, 0, 0, 0, , ]} mWaitingApnsPermanentFailureCountDown=1 mApnSetting={null} mReason=nwTypeChanged mDataEnabled=true mDependencyMet=true}
01-22 19:58:25.008  2864  2864 D DCT     : [0]trySetupData with mIsPsRestricted=false
01-22 19:58:25.009  2864  2864 D DCT     : [0]isDataAllowed getRecordsLoaded=false
01-22 19:58:25.009  2864  2864 D DCT     : [0]isDataAllowed: not allowed due to - Attached= false - SIM not loaded - SIM not loaded and not NV subscription - desiredPowerState= false
01-22 19:58:25.010  2864  2864 D DCT     : [0]isDataAllowed getRecordsLoaded=false
01-22 19:58:25.010  2864  2864 D DCT     : [0]isDataAllowed: not allowed due to - Attached= false - SIM not loaded - SIM not loaded and not NV subscription - desiredPowerState= false
01-22 19:58:25.013  2864  2864 D DCT     : [0]isDataAllowed getRecordsLoaded=false
01-22 19:58:25.013  2864  2864 D DCT     : [0]isDataAllowed: not allowed due to - Attached= false - SIM not loaded - SIM not loaded and not NV subscription - desiredPowerState= false
01-22 19:58:25.016  2864  2864 D DCT     : [0]isDataAllowed getRecordsLoaded=false
01-22 19:58:25.016  2864  2864 D DCT     : [0]isDataAllowed: not allowed due to - Attached= false - SIM not loaded - SIM not loaded and not NV subscription - desiredPowerState= false
01-22 19:58:25.018  2864  2864 D DCT     : [0]isDataAllowed getRecordsLoaded=false
01-22 19:58:25.018  2864  2864 D DCT     : [0]isDataAllowed: not allowed due to - Attached= false - SIM not loaded - SIM not loaded and not NV subscription - desiredPowerState= false
01-22 19:58:25.020  2864  2864 D DCT     : [0]isDataAllowed getRecordsLoaded=false
01-22 19:58:25.021  2864  2864 D DCT     : [0]isDataAllowed: not allowed due to - Attached= false - SIM not loaded - SIM not loaded and not NV subscription - desiredPowerState= false
01-22 19:58:25.024  2864  2864 D DCT     : [0]trySetupData: X apnContext not 'ready' retValue=false
01-22 19:58:25.024  2864  2864 D DCT     : [0]isDataAllowed getRecordsLoaded=false
01-22 19:58:25.030  2864  2864 D DCT     : [0]isDataAllowed: not allowed due to - Attached= false - SIM not loaded - SIM not loaded and not NV subscription - desiredPowerState= false
01-22 19:58:25.030  2864  2864 D DCT     : [0]isDataAllowed = false
01-22 19:58:25.030  2864  2864 D DCT     : [0]isDataAllowed getRecordsLoaded=false
01-22 19:58:25.030  2864  3558 D SubscriptionController: [getActiveSubInfoList]+
01-22 19:58:25.030  2864  2864 D DCT     : [0]isDataAllowed: not allowed due to - Attached= false - SIM not loaded - SIM not loaded and not NV subscription - desiredPowerState= false
01-22 19:58:25.030  2864  2864 D DCT     : [0]getAnyDataEnabled(true) = false
01-22 19:58:25.030  2864  2864 D DCT     : [0]setupDataOnConnectableApns: apnContext {mApnType=mms mState=IDLE mWaitingApns={null} mWaitingApnsPermanentFailureCountDown=0 mApnSetting={null} mReason=radioTurnedOff mDataEnabled=false mDependencyMet=true}
01-22 19:58:25.031  2864  3558 D SubscriptionController: selection:sim_id>=0 null
01-22 19:58:25.031  2864  2864 D DCT     : [0]getDataOnRoamingEnabled: phoneSubId=3 isDataRoamingEnabled=false
01-22 19:58:25.038  2864  3077 D SubscriptionController: [getActiveSubInfoList]+
01-22 19:58:25.038  2864  3077 D SubscriptionController: selection:sim_id>=0 null
01-22 19:58:25.041  2864  2864 D DCT     : [0]getDataOnRoamingEnabled: phoneSubId=3 isDataRoamingEnabled=false
01-22 19:58:25.041  2864  2864 D DCT     : [0]getDataOnRoamingEnabled: phoneSubId=3 isDataRoamingEnabled=false
01-22 19:58:25.047  2864  3558 D SubscriptionController: [getSubInfoRecord] id:3 iccid:893315011XXXXXXXXXXX simSlotIndex:0 displayName:Free nameSource:0 iconTint:-16746133 dataRoaming:0 mcc:0 mnc:0 countIso: userNwMode:0
01-22 19:58:25.049  2864  3077 D SubscriptionController: [getSubInfoRecord] id:3 iccid:893315011XXXXXXXXXXX simSlotIndex:0 displayName:Free nameSource:0 iconTint:-16746133 dataRoaming:0 mcc:0 mnc:0 countIso: userNwMode:0
01-22 19:58:25.050  2864  2864 D DCT     : [0]getDataOnRoamingEnabled: phoneSubId=3 isDataRoamingEnabled=false
01-22 19:58:25.051  2864  2864 D DCT     : [0]getDataOnRoamingEnabled: phoneSubId=3 isDataRoamingEnabled=false
01-22 19:58:25.051  2864  2864 D DCT     : [0]getDataOnRoamingEnabled: phoneSubId=3 isDataRoamingEnabled=false
01-22 19:58:25.051  2864  2864 D DCT     : [0]getDataOnRoamingEnabled: phoneSubId=3 isDataRoamingEnabled=false
01-22 19:58:25.052  2864  2864 D DCT     : [0]getDataOnRoamingEnabled: phoneSubId=3 isDataRoamingEnabled=false
01-22 19:58:25.052  2864  2864 D DCT     : [0]getDataOnRoamingEnabled: phoneSubId=3 isDataRoamingEnabled=false
01-22 19:58:25.052  2864  2864 D DCT     : [0]getDataOnRoamingEnabled: phoneSubId=3 isDataRoamingEnabled=false
01-22 19:58:25.052  2864  2864 D SubscriptionInfoUpdater: [Receiver]+
01-22 19:58:25.052  2864  2864 D SubscriptionInfoUpdater: Action: android.intent.action.SIM_STATE_CHANGED
01-22 19:58:25.052  2864  2864 D SubscriptionInfoUpdater: slotId: 0
01-22 19:58:25.052  2864  2864 D SubscriptionInfoUpdater: simStatus: NOT_READY
01-22 19:58:25.052  2864  2864 D SubscriptionInfoUpdater: Ignoring simStatus: NOT_READY
01-22 19:58:25.052  2864  2864 D SubscriptionInfoUpdater: All IccIds query complete
01-22 19:58:25.053  2864  2864 D SubscriptionInfoUpdater: [Receiver]-
01-22 19:58:25.053  2864  2864 D DctController: handleMessage msg={ when=-309ms what=107 target=com.android.internal.telephony.dataconnection.DctController }
01-22 19:58:25.053  2864  2864 D DctController: onSubInfoReady mPhoneNum=1
01-22 19:58:25.053  2864  2864 D DctController: onSubInfoReady handle pending requests subId=3
01-22 19:58:25.053  2864  2864 D DctController: onSubInfoReady: SIM card absent on phoneId = 0
01-22 19:58:25.053  2864  2864 D DctController: [TNF 3]evalPendingRequest, pending request size is 0
01-22 19:58:25.053  2864  2864 D DctController: processRequests
01-22 19:58:25.056  2864  3077 D SubscriptionController: [getActiveSubInfoList]- 1 infos return
01-22 19:58:25.056  2864  3077 D SubscriptionController: [getActiveSubInfoForSubscriber]+ subId=3 subInfo={id=3, iccId=893315011XXXXXXXXXXX simSlotIndex=0 displayName=Free carrierName=Aucun service nameSource=0 iconTint=-16746133 dataRoaming=0 iconBitmap=android.graphics.Bitmap@ae7f9db mcc 0 mnc 0 mUserNwMode=0}
01-22 19:58:25.058  2864  3558 D SubscriptionController: [getActiveSubInfoList]- 1 infos return
01-22 19:58:25.094  2864  2864 D DCT     : [0]getDataOnRoamingEnabled: phoneSubId=3 isDataRoamingEnabled=false
01-22 19:58:25.095  2864  2864 D DCT     : [0]getDataOnRoamingEnabled: phoneSubId=3 isDataRoamingEnabled=false
01-22 19:58:25.095  2864  2864 D DCT     : [0]getDataOnRoamingEnabled: phoneSubId=3 isDataRoamingEnabled=false
01-22 19:58:25.095  2864  2864 D DCT     : [0]getDataOnRoamingEnabled: phoneSubId=3 isDataRoamingEnabled=false
01-22 19:58:25.096  2864  2864 D DCT     : [0]getDataOnRoamingEnabled: phoneSubId=3 isDataRoamingEnabled=false
01-22 19:58:25.096  2864  2864 D DctController: handleMessage msg={ when=-213ms what=100 target=com.android.internal.telephony.dataconnection.DctController }
01-22 19:58:25.096  2864  2864 D DcSwitchAsyncChannel: [DcSwitchAsyncChannel-0]: rspIsIdle=true
01-22 19:58:25.096  2864  2864 D DctController: getTopPriorityRequestPhoneId requestInfo=[ request=NetworkRequest [ id=1, legacyType=-1, [ Capabilities: INTERNET&NOT_RESTRICTED&TRUSTED&NOT_VPN] ], executedPhoneId=0, priority=0]
01-22 19:58:25.097  2864  2864 D DcSwitchAsyncChannel: [DcSwitchAsyncChannel-0]: rspIsIdle=true
01-22 19:58:25.097  2864  2864 D DctController: onProcessRequest requestedPhoneId=0, activePhoneId=-1
01-22 19:58:25.097  2864  2864 D DCT     : [0]getDataOnRoamingEnabled: phoneSubId=3 isDataRoamingEnabled=false
01-22 19:58:25.097  2864  2864 D DCT     : [0]getDataOnRoamingEnabled: phoneSubId=3 isDataRoamingEnabled=false
01-22 19:58:25.098  2864  2864 D DCT     : [0]getDataOnRoamingEnabled: phoneSubId=3 isDataRoamingEnabled=false
01-22 19:58:25.098  2864  2864 D DCT     : [0]getDataOnRoamingEnabled: phoneSubId=3 isDataRoamingEnabled=false
01-22 19:58:25.098  2864  2864 D DCT     : [0]getDataOnRoamingEnabled: phoneSubId=3 isDataRoamingEnabled=false
01-22 19:58:25.099  2864  2864 D CAT     : StkCmdReceiver: handleAction, op: 7args: Bundle[{refresh_result=0, SLOT_ID=0, op=7, card_status=false}], slot id: 0
01-22 19:58:25.100  2864  2864 D GSMPhone: [GSMPhone] Removing stale icc objects.
01-22 19:58:25.100  2864  2864 D GsmSST  : [GsmSST] Removing stale icc objects.
01-22 19:58:25.100  2864  2864 D DCT     : [0]handleMessage msg={ when=-172ms what=270369 obj=android.os.AsyncResult@d484c78 target=com.android.internal.telephony.dataconnection.DcTracker }
01-22 19:58:25.100  2864  2864 D DCT     : [0]onUpdateIcc: newIccRecords null
01-22 19:58:25.101  2864  2864 D GsmSMSDispatcher: GsmSMSDispatcher: subId = 3 slotId = 0
01-22 19:58:25.101  2864  2864 D GsmSMSDispatcher: Removing stale icc objects.
01-22 19:58:25.101  2864  2864 D IccCardProxy: Icc changed. Reregestering.
01-22 19:58:25.101  2864  2864 E IccCardProxy: setExternalState: !override and newstate unchanged from NOT_READY
01-22 19:58:25.101  2864  2864 D DctController: handleMessage msg={ when=-168ms what=107 target=com.android.internal.telephony.dataconnection.DctController }
01-22 19:58:25.101  2864  2864 D DctController: onSubInfoReady mPhoneNum=1
01-22 19:58:25.101  2864  2864 D DctController: onSubInfoReady handle pending requests subId=3
01-22 19:58:25.101  2864  2864 D DctController: onSubInfoReady: SIM card absent on phoneId = 0
01-22 19:58:25.101  2864  2864 D DctController: [TNF 3]evalPendingRequest, pending request size is 0
01-22 19:58:25.101  2864  2864 D DctController: processRequests
01-22 19:58:25.104  2864  2892 D SubscriptionController: [getActiveSubInfoList]+
01-22 19:58:25.122  2864  2892 D SubscriptionController: selection:sim_id>=0 null
01-22 19:58:25.132  2864  3077 E PhoneFactory: Settings Exception Reading Dual Sim SMS Prompt Values
01-22 19:58:25.132  2864  3077 D PhoneFactory: SMS Prompt option:false
01-22 19:58:25.132  2864  3077 D RIL_UiccSmsController: isSmsSimPickActivityNeeded: false, sms prompt disabled.
01-22 19:58:25.144  2864  2864 D DCT     : [0]getDataOnRoamingEnabled: phoneSubId=3 isDataRoamingEnabled=false
01-22 19:58:25.146  2864  2864 D DCT     : [0]getDataOnRoamingEnabled: phoneSubId=3 isDataRoamingEnabled=false
01-22 19:58:25.151  2864  2864 D DCT     : [0]getDataOnRoamingEnabled: phoneSubId=3 isDataRoamingEnabled=false
01-22 19:58:25.151  2864  2864 D DCT     : [0]getDataOnRoamingEnabled: phoneSubId=3 isDataRoamingEnabled=false
01-22 19:58:25.152  2864  2864 D DCT     : [0]getDataOnRoamingEnabled: phoneSubId=3 isDataRoamingEnabled=false
01-22 19:58:25.152  2864  2864 D DctController: handleMessage msg={ when=-100ms what=100 target=com.android.internal.telephony.dataconnection.DctController }
01-22 19:58:25.153  2864  2864 D DcSwitchAsyncChannel: [DcSwitchAsyncChannel-0]: rspIsIdle=true
01-22 19:58:25.153  2864  2864 D DctController: getTopPriorityRequestPhoneId requestInfo=[ request=NetworkRequest [ id=1, legacyType=-1, [ Capabilities: INTERNET&NOT_RESTRICTED&TRUSTED&NOT_VPN] ], executedPhoneId=0, priority=0]
01-22 19:58:25.153  2864  2864 D DcSwitchAsyncChannel: [DcSwitchAsyncChannel-0]: rspIsIdle=true
01-22 19:58:25.153  2864  2864 D DctController: onProcessRequest requestedPhoneId=0, activePhoneId=-1
01-22 19:58:25.158  2864  2864 D CAT     : com.android.stk.StkAppService: onStart sim id: 0, op: 7, *****
01-22 19:58:25.164  2864  3432 D CAT     : com.android.stk.StkAppService: handleMessage opcode[7], sim id[0]
01-22 19:58:25.164  2864  3432 D CAT     : com.android.stk.StkAppService: Card/Icc Status change received
01-22 19:58:25.164  2864  3432 D CAT     : com.android.stk.StkAppService: CardStatus: false
01-22 19:58:25.164  2864  3432 D CAT     : com.android.stk.StkAppService: CARD is ABSENT
01-22 19:58:25.164  2864  3432 D CAT     : com.android.stk.StkAppService: getNotificationId, slotId: 0, notifyId: 333
01-22 19:58:25.165  2864  3432 D CAT     : com.android.stk.StkAppService: All CARDs are ABSENT
01-22 19:58:25.165  2864  3432 D CAT     : StkAppInstaller: [setAppState]+
01-22 19:58:25.165  2864  3432 D CAT     : StkAppInstaller: Need not change app state!!
01-22 19:58:25.165  2864  3432 D CAT     : StkAppInstaller: [setAppState]-
01-22 19:58:25.166  2864  2864 D DctController: handleMessage msg={ when=-66ms what=100 target=com.android.internal.telephony.dataconnection.DctController }
01-22 19:58:25.167  2864  2864 D DcSwitchAsyncChannel: [DcSwitchAsyncChannel-0]: rspIsIdle=true
01-22 19:58:25.167  2864  2864 D DctController: getTopPriorityRequestPhoneId requestInfo=[ request=NetworkRequest [ id=1, legacyType=-1, [ Capabilities: INTERNET&NOT_RESTRICTED&TRUSTED&NOT_VPN] ], executedPhoneId=0, priority=0]
01-22 19:58:25.167  2864  2864 D DcSwitchAsyncChannel: [DcSwitchAsyncChannel-0]: rspIsIdle=true
01-22 19:58:25.167  2864  2864 D DctController: onProcessRequest requestedPhoneId=0, activePhoneId=-1
01-22 19:58:25.171  2864  2864 D CAT     : com.android.stk.StkAppService: onDestroy()
01-22 19:58:25.198  2864  3149 D SubscriptionController: [getActiveSubInfoList]+
01-22 19:58:25.200  2864  3149 D SubscriptionController: selection:sim_id>=0 null
01-22 19:58:25.201  2864  2890 D SubscriptionController: [getActiveSubInfoList]+
01-22 19:58:25.202  2864  2890 D SubscriptionController: selection:sim_id>=0 null
01-22 19:58:25.202  2864  3125 D SubscriptionController: [getActiveSubInfoList]+
01-22 19:58:25.208  2864  3125 D SubscriptionController: selection:sim_id>=0 null
01-22 19:58:25.220  2864  2892 D SubscriptionController: [getSubInfoRecord] id:3 iccid:893315011XXXXXXXXXXX simSlotIndex:0 displayName:Free nameSource:0 iconTint:-16746133 dataRoaming:0 mcc:0 mnc:0 countIso: userNwMode:0
01-22 19:58:25.233  2864  3149 D SubscriptionController: [getSubInfoRecord] id:3 iccid:893315011XXXXXXXXXXX simSlotIndex:0 displayName:Free nameSource:0 iconTint:-16746133 dataRoaming:0 mcc:0 mnc:0 countIso: userNwMode:0
01-22 19:58:25.253  2864  2890 D SubscriptionController: [getSubInfoRecord] id:3 iccid:893315011XXXXXXXXXXX simSlotIndex:0 displayName:Free nameSource:0 iconTint:-16746133 dataRoaming:0 mcc:0 mnc:0 countIso: userNwMode:0
01-22 19:58:25.282  2864  3077 D SubscriptionController: [getActiveSubInfoList]+
01-22 19:58:25.283  2864  3077 D SubscriptionController: selection:sim_id>=0 null
01-22 19:58:25.292  2864  3125 D SubscriptionController: [getSubInfoRecord] id:3 iccid:893315011XXXXXXXXXXX simSlotIndex:0 displayName:Free nameSource:0 iconTint:-16746133 dataRoaming:0 mcc:0 mnc:0 countIso: userNwMode:0
01-22 19:58:25.301  2864  3077 D SubscriptionController: [getSubInfoRecord] id:3 iccid:893315011XXXXXXXXXXX simSlotIndex:0 displayName:Free nameSource:0 iconTint:-16746133 dataRoaming:0 mcc:0 mnc:0 countIso: userNwMode:0
01-22 19:58:25.330  2864  3077 D SubscriptionController: [getActiveSubInfoList]- 1 infos return
01-22 19:58:25.330  2864  3077 D SubscriptionController: [getActiveSubInfoForSubscriber]+ subId=3 subInfo={id=3, iccId=893315011XXXXXXXXXXX simSlotIndex=0 displayName=Free carrierName=Aucun service nameSource=0 iconTint=-16746133 dataRoaming=0 iconBitmap=android.graphics.Bitmap@eb9c953 mcc 0 mnc 0 mUserNwMode=0}
01-22 19:58:25.349  2864  3149 D SubscriptionController: [getActiveSubInfoList]+
01-22 19:58:25.349  2864  3149 D SubscriptionController: selection:sim_id>=0 null
01-22 19:58:25.353  2864  3149 D SubscriptionController: [getSubInfoRecord] id:3 iccid:893315011XXXXXXXXXXX simSlotIndex:0 displayName:Free nameSource:0 iconTint:-16746133 dataRoaming:0 mcc:0 mnc:0 countIso: userNwMode:0
01-22 19:58:25.356  2864  3149 D SubscriptionController: [getActiveSubInfoList]- 1 infos return
01-22 19:58:25.357  2864  3149 D SubscriptionController: [getActiveSubInfoForSubscriber]+ subId=3 subInfo={id=3, iccId=893315011XXXXXXXXXXX simSlotIndex=0 displayName=Free carrierName=Aucun service nameSource=0 iconTint=-16746133 dataRoaming=0 iconBitmap=android.graphics.Bitmap@db19789 mcc 0 mnc 0 mUserNwMode=0}
01-22 19:58:25.375  2864  2892 D SubscriptionController: [getActiveSubInfoList]- 1 infos return
01-22 19:58:25.385  2864  2890 D SubscriptionController: [getActiveSubInfoList]+
01-22 19:58:25.385  2864  2890 D SubscriptionController: selection:sim_id>=0 null
01-22 19:58:25.389  2864  2890 D SubscriptionController: [getSubInfoRecord] id:3 iccid:893315011XXXXXXXXXXX simSlotIndex:0 displayName:Free nameSource:0 iconTint:-16746133 dataRoaming:0 mcc:0 mnc:0 countIso: userNwMode:0
01-22 19:58:25.394  2864  2890 D SubscriptionController: [getActiveSubInfoList]- 1 infos return
01-22 19:58:25.394  2864  2890 D SubscriptionController: [getActiveSubInfoForSubscriber]+ subId=3 subInfo={id=3, iccId=893315011XXXXXXXXXXX simSlotIndex=0 displayName=Free carrierName=Aucun service nameSource=0 iconTint=-16746133 dataRoaming=0 iconBitmap=android.graphics.Bitmap@d8da7af mcc 0 mnc 0 mUserNwMode=0}
01-22 19:58:25.413  2864  3166 D SubscriptionController: [getActiveSubInfoList]+
01-22 19:58:25.413  2864  3166 D SubscriptionController: selection:sim_id>=0 null
01-22 19:58:25.417  2864  3166 D SubscriptionController: [getSubInfoRecord] id:3 iccid:893315011XXXXXXXXXXX simSlotIndex:0 displayName:Free nameSource:0 iconTint:-16746133 dataRoaming:0 mcc:0 mnc:0 countIso: userNwMode:0
01-22 19:58:25.419  2864  3166 D SubscriptionController: [getActiveSubInfoList]- 1 infos return
01-22 19:58:25.419  2864  3166 D SubscriptionController: [getActiveSubInfoForSubscriber]- subId=1 subList=[{id=3, iccId=893315011XXXXXXXXXXX simSlotIndex=0 displayName=Free carrierName=Aucun service nameSource=0 iconTint=-16746133 dataRoaming=0 iconBitmap=android.graphics.Bitmap@4932345 mcc 0 mnc 0 mUserNwMode=0}] subInfo=null
01-22 19:58:25.421  2864  3561 D SubscriptionController: [getActiveSubInfoList]+
01-22 19:58:25.422  2864  3561 D SubscriptionController: selection:sim_id>=0 null
01-22 19:58:25.425  2864  3561 D SubscriptionController: [getSubInfoRecord] id:3 iccid:893315011XXXXXXXXXXX simSlotIndex:0 displayName:Free nameSource:0 iconTint:-16746133 dataRoaming:0 mcc:0 mnc:0 countIso: userNwMode:0
01-22 19:58:25.427  2864  3561 D SubscriptionController: [getActiveSubInfoList]- 1 infos return
01-22 19:58:25.427  2864  3561 D SubscriptionController: [getActiveSubInfoForSubscriber]- subId=1 subList=[{id=3, iccId=893315011XXXXXXXXXXX simSlotIndex=0 displayName=Free carrierName=Aucun service nameSource=0 iconTint=-16746133 dataRoaming=0 iconBitmap=android.graphics.Bitmap@3170fcb mcc 0 mnc 0 mUserNwMode=0}] subInfo=null
01-22 19:58:25.468  2864  2890 D SubscriptionController: [getActiveSubInfoList]+
01-22 19:58:25.468  2864  2890 D SubscriptionController: selection:sim_id>=0 null
01-22 19:58:25.476  2864  2890 D SubscriptionController: [getSubInfoRecord] id:3 iccid:893315011XXXXXXXXXXX simSlotIndex:0 displayName:Free nameSource:0 iconTint:-16746133 dataRoaming:0 mcc:0 mnc:0 countIso: userNwMode:0
01-22 19:58:25.480  2864  2890 D SubscriptionController: [getActiveSubInfoList]- 1 infos return
01-22 19:58:25.480  2864  2890 D SubscriptionController: [getActiveSubInfoForSubscriber]- subId=1 subList=[{id=3, iccId=893315011XXXXXXXXXXX simSlotIndex=0 displayName=Free carrierName=Aucun service nameSource=0 iconTint=-16746133 dataRoaming=0 iconBitmap=android.graphics.Bitmap@c47aec1 mcc 0 mnc 0 mUserNwMode=0}] subInfo=null
01-22 19:58:25.482  2864  3166 D SubscriptionController: [getActiveSubInfoList]+
01-22 19:58:25.482  2864  3166 D SubscriptionController: selection:sim_id>=0 null
01-22 19:58:25.486  2864  3166 D SubscriptionController: [getSubInfoRecord] id:3 iccid:893315011XXXXXXXXXXX simSlotIndex:0 displayName:Free nameSource:0 iconTint:-16746133 dataRoaming:0 mcc:0 mnc:0 countIso: userNwMode:0
01-22 19:58:25.488  2864  3166 D SubscriptionController: [getActiveSubInfoList]- 1 infos return
01-22 19:58:25.488  2864  3166 D SubscriptionController: [getActiveSubInfoForSubscriber]- subId=1 subList=[{id=3, iccId=893315011XXXXXXXXXXX simSlotIndex=0 displayName=Free carrierName=Aucun service nameSource=0 iconTint=-16746133 dataRoaming=0 iconBitmap=android.graphics.Bitmap@484dda7 mcc 0 mnc 0 mUserNwMode=0}] subInfo=null
01-22 19:58:25.509  2864  3166 D SubscriptionController: [getActiveSubInfoList]+
01-22 19:58:25.512  2864  3125 D SubscriptionController: [getActiveSubInfoList]- 1 infos return
01-22 19:58:25.562  2864  3166 D SubscriptionController: selection:sim_id>=0 null
01-22 19:58:25.567  2864  3149 D SubscriptionController: [getActiveSubInfoList]+
01-22 19:58:25.568  2864  3149 D SubscriptionController: selection:sim_id>=0 null
01-22 19:58:25.576  2864  3077 D SubscriptionController: [getActiveSubInfoList]+
01-22 19:58:25.577  2864  3077 D SubscriptionController: selection:sim_id>=0 null
01-22 19:58:25.580  2864  3125 D SubscriptionController: [getActiveSubInfoList]+
01-22 19:58:25.584  2864  3166 D SubscriptionController: [getSubInfoRecord] id:3 iccid:893315011XXXXXXXXXXX simSlotIndex:0 displayName:Free nameSource:0 iconTint:-16746133 dataRoaming:0 mcc:0 mnc:0 countIso: userNwMode:0
01-22 19:58:25.597  2864  3077 D SubscriptionController: [getSubInfoRecord] id:3 iccid:893315011XXXXXXXXXXX simSlotIndex:0 displayName:Free nameSource:0 iconTint:-16746133 dataRoaming:0 mcc:0 mnc:0 countIso: userNwMode:0
01-22 19:58:25.597  2864  3149 D SubscriptionController: [getSubInfoRecord] id:3 iccid:893315011XXXXXXXXXXX simSlotIndex:0 displayName:Free nameSource:0 iconTint:-16746133 dataRoaming:0 mcc:0 mnc:0 countIso: userNwMode:0
01-22 19:58:25.601  2864  3077 D SubscriptionController: [getActiveSubInfoList]- 1 infos return
01-22 19:58:25.601  2864  3077 D SubscriptionController: [getActiveSubInfoForSubscriber]- subId=2 subList=[{id=3, iccId=893315011XXXXXXXXXXX simSlotIndex=0 displayName=Free carrierName=Aucun service nameSource=0 iconTint=-16746133 dataRoaming=0 iconBitmap=android.graphics.Bitmap@117ad43 mcc 0 mnc 0 mUserNwMode=0}] subInfo=null
01-22 19:58:25.602  2864  3149 D SubscriptionController: [getActiveSubInfoList]- 1 infos return
01-22 19:58:25.603  2864  3149 D SubscriptionController: [getActiveSubInfoForSubscriber]- subId=2 subList=[{id=3, iccId=893315011XXXXXXXXXXX simSlotIndex=0 displayName=Free carrierName=Aucun service nameSource=0 iconTint=-16746133 dataRoaming=0 iconBitmap=android.graphics.Bitmap@2b15fc0 mcc 0 mnc 0 mUserNwMode=0}] subInfo=null
01-22 19:58:25.605  2864  3561 D SubscriptionController: [getActiveSubInfoList]+
01-22 19:58:25.605  2864  3561 D SubscriptionController: selection:sim_id>=0 null
01-22 19:58:25.609  2864  3561 D SubscriptionController: [getSubInfoRecord] id:3 iccid:893315011XXXXXXXXXXX simSlotIndex:0 displayName:Free nameSource:0 iconTint:-16746133 dataRoaming:0 mcc:0 mnc:0 countIso: userNwMode:0
01-22 19:58:25.611  2864  3561 D SubscriptionController: [getActiveSubInfoList]- 1 infos return
01-22 19:58:25.612  2864  3561 D SubscriptionController: [getActiveSubInfoForSubscriber]- subId=2 subList=[{id=3, iccId=893315011XXXXXXXXXXX simSlotIndex=0 displayName=Free carrierName=Aucun service nameSource=0 iconTint=-16746133 dataRoaming=0 iconBitmap=android.graphics.Bitmap@9b5dc3e mcc 0 mnc 0 mUserNwMode=0}] subInfo=null
01-22 19:58:25.613  2864  2892 D SubscriptionController: [getActiveSubInfoList]+
01-22 19:58:25.613  2864  2892 D SubscriptionController: selection:sim_id>=0 null
01-22 19:58:25.616  2864  2892 D SubscriptionController: [getSubInfoRecord] id:3 iccid:893315011XXXXXXXXXXX simSlotIndex:0 displayName:Free nameSource:0 iconTint:-16746133 dataRoaming:0 mcc:0 mnc:0 countIso: userNwMode:0
01-22 19:58:25.619  2864  2892 D SubscriptionController: [getActiveSubInfoList]- 1 infos return
01-22 19:58:25.619  2864  2892 D SubscriptionController: [getActiveSubInfoForSubscriber]- subId=2 subList=[{id=3, iccId=893315011XXXXXXXXXXX simSlotIndex=0 displayName=Free carrierName=Aucun service nameSource=0 iconTint=-16746133 dataRoaming=0 iconBitmap=android.graphics.Bitmap@12cb7ec mcc 0 mnc 0 mUserNwMode=0}] subInfo=null
01-22 19:58:25.646  2864  3149 D SubscriptionController: [getActiveSubInfoList]+
01-22 19:58:25.646  2864  3149 D SubscriptionController: selection:sim_id>=0 null
01-22 19:58:25.651  2864  3149 D SubscriptionController: [getSubInfoRecord] id:3 iccid:893315011XXXXXXXXXXX simSlotIndex:0 displayName:Free nameSource:0 iconTint:-16746133 dataRoaming:0 mcc:0 mnc:0 countIso: userNwMode:0
01-22 19:58:25.653  2864  3149 D SubscriptionController: [getActiveSubInfoList]- 1 infos return
01-22 19:58:25.653  2864  3149 D SubscriptionController: [getActiveSubInfoForSubscriber]+ subId=3 subInfo={id=3, iccId=893315011XXXXXXXXXXX simSlotIndex=0 displayName=Free carrierName=Aucun service nameSource=0 iconTint=-16746133 dataRoaming=0 iconBitmap=android.graphics.Bitmap@12f7e4a mcc 0 mnc 0 mUserNwMode=0}
01-22 19:58:25.655  2864  2892 D SubscriptionController: [getActiveSubInfoList]+
01-22 19:58:25.656  2864  2892 D SubscriptionController: selection:sim_id>=0 null
01-22 19:58:25.659  2864  2892 D SubscriptionController: [getSubInfoRecord] id:3 iccid:893315011XXXXXXXXXXX simSlotIndex:0 displayName:Free nameSource:0 iconTint:-16746133 dataRoaming:0 mcc:0 mnc:0 countIso: userNwMode:0
01-22 19:58:25.662  2864  2892 D SubscriptionController: [getActiveSubInfoList]- 1 infos return
01-22 19:58:25.662  2864  2892 D SubscriptionController: [getActiveSubInfoForSubscriber]+ subId=3 subInfo={id=3, iccId=893315011XXXXXXXXXXX simSlotIndex=0 displayName=Free carrierName=Aucun service nameSource=0 iconTint=-16746133 dataRoaming=0 iconBitmap=android.graphics.Bitmap@12366d8 mcc 0 mnc 0 mUserNwMode=0}
01-22 19:58:25.668  2864  3077 D SubscriptionController: [getActiveSubInfoList]+
01-22 19:58:25.669  2864  3077 D SubscriptionController: selection:sim_id>=0 null
01-22 19:58:25.673  2864  3077 D SubscriptionController: [getSubInfoRecord] id:3 iccid:893315011XXXXXXXXXXX simSlotIndex:0 displayName:Free nameSource:0 iconTint:-16746133 dataRoaming:0 mcc:0 mnc:0 countIso: userNwMode:0
01-22 19:58:25.677  2864  3077 D SubscriptionController: [getActiveSubInfoList]- 1 infos return
01-22 19:58:25.677  2864  3077 D SubscriptionController: [getActiveSubInfoForSubscriber]+ subId=3 subInfo={id=3, iccId=893315011XXXXXXXXXXX simSlotIndex=0 displayName=Free carrierName=Aucun service nameSource=0 iconTint=-16746133 dataRoaming=0 iconBitmap=android.graphics.Bitmap@bef3516 mcc 0 mnc 0 mUserNwMode=0}
01-22 19:58:25.682  2864  3561 D SubscriptionController: [getActiveSubInfoList]+
01-22 19:58:25.683  2864  3561 D SubscriptionController: selection:sim_id>=0 null
01-22 19:58:25.686  2864  3561 D SubscriptionController: [getSubInfoRecord] id:3 iccid:893315011XXXXXXXXXXX simSlotIndex:0 displayName:Free nameSource:0 iconTint:-16746133 dataRoaming:0 mcc:0 mnc:0 countIso: userNwMode:0
01-22 19:58:25.689  2864  3561 D SubscriptionController: [getActiveSubInfoList]- 1 infos return
01-22 19:58:25.690  2864  3561 D SubscriptionController: [getActiveSubInfoForSubscriber]+ subId=3 subInfo={id=3, iccId=893315011XXXXXXXXXXX simSlotIndex=0 displayName=Free carrierName=Aucun service nameSource=0 iconTint=-16746133 dataRoaming=0 iconBitmap=android.graphics.Bitmap@2d41884 mcc 0 mnc 0 mUserNwMode=0}
01-22 19:58:25.691  2864  3125 D SubscriptionController: selection:sim_id>=0 null
01-22 19:58:25.715  2864  3125 D SubscriptionController: [getSubInfoRecord] id:3 iccid:893315011XXXXXXXXXXX simSlotIndex:0 displayName:Free nameSource:0 iconTint:-16746133 dataRoaming:0 mcc:0 mnc:0 countIso: userNwMode:0
01-22 19:58:25.804  2864  3166 D SubscriptionController: [getActiveSubInfoList]- 1 infos return
01-22 19:58:25.808  2864  3125 D SubscriptionController: [getActiveSubInfoList]- 1 infos return
01-22 19:58:25.808  2864  3125 D SubscriptionController: [getActiveSubInfoForSubscriber]+ subId=3 subInfo={id=3, iccId=893315011XXXXXXXXXXX simSlotIndex=0 displayName=Free carrierName=Aucun service nameSource=0 iconTint=-16746133 dataRoaming=0 iconBitmap=android.graphics.Bitmap@f218ca2 mcc 0 mnc 0 mUserNwMode=0}
01-22 19:58:25.816  2864  3077 D SubscriptionController: [getActiveSubInfoList]+
01-22 19:58:25.818  2864  3077 D SubscriptionController: selection:sim_id>=0 null
01-22 19:58:25.826  2864  3077 D SubscriptionController: [getSubInfoRecord] id:3 iccid:893315011XXXXXXXXXXX simSlotIndex:0 displayName:Free nameSource:0 iconTint:-16746133 dataRoaming:0 mcc:0 mnc:0 countIso: userNwMode:0
01-22 19:58:25.833  2864  3149 E PhoneFactory: Settings Exception Reading Dual Sim SMS Prompt Values
01-22 19:58:25.834  2864  3149 D PhoneFactory: SMS Prompt option:false
01-22 19:58:25.834  2864  3149 D RIL_UiccSmsController: isSmsSimPickActivityNeeded: false, sms prompt disabled.
01-22 19:58:25.838  2864  3077 D SubscriptionController: [getActiveSubInfoList]- 1 infos return
