01-22 19:57:44.498  1955  2216 D use-Rlog/RLOG-RIL-IPC: xmm626_sec_modem_fmt_send: Sent FMT message
01-22 19:57:44.498  1955  2216 D use-Rlog/RLOG-RIL-IPC: xmm626_sec_modem_fmt_send: Message: mseq=0x60, command=IPC_NET_REGIST, type=IPC_TYPE_GET, size=2
01-22 19:57:44.498  1955  2216 D use-Rlog/RLOG-RIL-IPC: ================================= IPC FMT data =================================
01-22 19:57:44.498  1955  2216 D use-Rlog/RLOG-RIL-IPC: [0000]   FF 02                                              ..
01-22 19:57:44.498  1955  2216 D use-Rlog/RLOG-RIL-IPC: ================================================================================
01-22 19:57:44.498  1955  1975 D use-Rlog/RLOG-RIL: 5 RIL requests in the queue (1 pending, 4 handled, 0 unhandled)
01-22 19:57:44.498  1955  2216 D use-Rlog/RLOG-RIL-IPC: 
01-22 19:57:44.498  1955  2216 D use-Rlog/RLOG-RIL-IPC: xmm626_sec_modem_fmt_send: Sent FMT message
01-22 19:57:44.498  1955  2216 D use-Rlog/RLOG-RIL-IPC: xmm626_sec_modem_fmt_send: Message: mseq=0x61, command=IPC_NET_PLMN_SEL, type=IPC_TYPE_GET, size=0
01-22 19:57:44.499  1955  2212 D use-Rlog/RLOG-RIL-IPC: 
01-22 19:57:44.499  1955  2212 D use-Rlog/RLOG-RIL-IPC: xmm626_sec_modem_fmt_recv: Received FMT message
01-22 19:57:44.499  1955  2212 D use-Rlog/RLOG-RIL-IPC: xmm626_sec_modem_fmt_recv: Message: aseq=0x5e, command=IPC_NET_SERVING_NETWORK, type=IPC_TYPE_RESP, size=11
01-22 19:57:44.499  1955  2212 D use-Rlog/RLOG-RIL-IPC: ================================= IPC FMT data =================================
01-22 19:57:44.499  1955  2212 D use-Rlog/RLOG-RIL-IPC: [0000]   02 02 04 32 30 38 31 35  23 8F 0F                  ...20815 #..
01-22 19:57:44.499  1955  2212 D use-Rlog/RLOG-RIL-IPC: ================================================================================
01-22 19:57:44.499  1955  2212 D use-Rlog/RLOG-RIL: 4 RIL requests in the queue (0 pending, 4 handled, 0 unhandled)
01-22 19:57:44.499  2864  2967 D RILJ    : [3810]< OPERATOR {Free Mobile, Free Mobile, 20815} [SUB0]
01-22 19:57:44.500  1955  2212 D use-Rlog/RLOG-RIL-IPC: 
01-22 19:57:44.500  1955  2212 D use-Rlog/RLOG-RIL-IPC: xmm626_sec_modem_fmt_recv: Received FMT message
01-22 19:57:44.500  1955  2212 D use-Rlog/RLOG-RIL-IPC: xmm626_sec_modem_fmt_recv: Message: aseq=0x5f, command=IPC_NET_REGIST, type=IPC_TYPE_RESP, size=11
01-22 19:57:44.500  1955  2212 D use-Rlog/RLOG-RIL-IPC: ================================= IPC FMT data =================================
01-22 19:57:44.500  1955  2212 D use-Rlog/RLOG-RIL-IPC: [0000]   04 03 02 01 8F 0F 69 99  55 03 00                  ......i. U..
01-22 19:57:44.500  1955  2212 D use-Rlog/RLOG-RIL-IPC: ================================================================================
01-22 19:57:44.500  1955  2212 D use-Rlog/RLOG-RIL: 3 RIL requests in the queue (0 pending, 3 handled, 0 unhandled)
01-22 19:57:44.501  2864  2967 D RILJ    : [3811]< DATA_REGISTRATION_STATE {1, f8f, 3559969, 9, 3} [SUB0]
01-22 19:57:44.501  2864  2864 D PHONE   : [ServiceState] setDataRegState=0
01-22 19:57:44.501  2864  2864 D PHONE   : [ServiceState] setDataRadioTechnology=9
01-22 19:57:44.501  2864  2864 D GsmSST  : [GsmSST] handlPollStateResultMessage: GsmSST setDataRegState=0 regState=1 dataRadioTechnology=9
01-22 19:57:44.502  2864  3149 E PhoneFactory: Settings Exception Reading Dual Sim SMS Prompt Values
01-22 19:57:44.502  2864  3149 D PhoneFactory: SMS Prompt option:false
01-22 19:57:44.502  2864  3149 D RIL_UiccSmsController: isSmsSimPickActivityNeeded: false, sms prompt disabled.
01-22 19:57:44.502  1955  2212 D use-Rlog/RLOG-RIL-IPC: 
01-22 19:57:44.502  1955  2212 D use-Rlog/RLOG-RIL-IPC: xmm626_sec_modem_fmt_recv: Received FMT message
01-22 19:57:44.502  1955  2212 D use-Rlog/RLOG-RIL-IPC: xmm626_sec_modem_fmt_recv: Message: aseq=0x60, command=IPC_NET_REGIST, type=IPC_TYPE_RESP, size=11
01-22 19:57:44.502  1955  2212 D use-Rlog/RLOG-RIL-IPC: ================================= IPC FMT data =================================
01-22 19:57:44.502  1955  2212 D use-Rlog/RLOG-RIL-IPC: [0000]   04 02 02 01 8F 0F 69 99  55 03 00                  ......i. U..
01-22 19:57:44.502  1955  2212 D use-Rlog/RLOG-RIL-IPC: ================================================================================
01-22 19:57:44.503  1955  2212 D use-Rlog/RLOG-RIL: 2 RIL requests in the queue (0 pending, 2 handled, 0 unhandled)
01-22 19:57:44.503  1955  2212 D use-Rlog/RLOG-RIL-IPC: 
01-22 19:57:44.503  1955  2212 D use-Rlog/RLOG-RIL-IPC: xmm626_sec_modem_fmt_recv: Received FMT message
01-22 19:57:44.503  1955  2212 D use-Rlog/RLOG-RIL-IPC: xmm626_sec_modem_fmt_recv: Message: aseq=0x61, command=IPC_NET_PLMN_SEL, type=IPC_TYPE_RESP, size=1
01-22 19:57:44.503  1955  2212 D use-Rlog/RLOG-RIL-IPC: ================================= IPC FMT data =================================
01-22 19:57:44.503  1955  2212 D use-Rlog/RLOG-RIL-IPC: [0000]   02                                                 .
01-22 19:57:44.503  1955  2212 D use-Rlog/RLOG-RIL-IPC: ================================================================================
01-22 19:57:44.503  1955  2212 D use-Rlog/RLOG-RIL: 1 RIL request in the queue (0 pending, 1 handled, 0 unhandled)
01-22 19:57:44.503  2864  2967 D RILJ    : [3813]< VOICE_REGISTRATION_STATE {1, f8f, 3559969, 9, null, null, null, null, null, null, null, null, null, null, null} [SUB0]
01-22 19:57:44.503  2864  2967 D RILJ    : [3814]< QUERY_NETWORK_SELECTION_MODE {0} [SUB0]
01-22 19:57:44.504  2864  2864 D PHONE   : [ServiceState] setVoiceRegState=0
01-22 19:57:44.504  2864  2864 E PHONE   : [ServiceState] setState deprecated use setVoiceRegState()
01-22 19:57:44.505  2864  3166 D RILJ    : [3815]> RIL_REQUEST_GSM_SET_BROADCAST_CONFIG with 1 configs :  [SUB0]
01-22 19:57:44.505  2864  3166 D RILJ    : SmsBroadcastConfigInfo: Id [4356,4356] Code [0,255] ENABLED [SUB0]
01-22 19:57:44.506  2864  2864 D GsmSST  : [GsmSST] Poll ServiceState done:  oldSS=[0 0 voice home data home Free Mobile Free Mobile 20815 Free Mobile Free Mobile 20815  UMTS UMTS CSS not supported -1 -1 RoamInd=-1 DefRoamInd=-1 EmergOnly=false IsDataRoamingFromRegistration=false] newSS=[0 0 voice home data home Free Mobile Free Mobile 20815 Free Mobile Free Mobile 20815  HSDPA HSDPA CSS not supported -1 -1 RoamInd=-1 DefRoamInd=-1 EmergOnly=false IsDataRoamingFromRegistration=false] oldMaxDataCalls=1 mNewMaxDataCalls=1 oldReasonDataDenied=-1 mNewReasonDataDenied=-1
01-22 19:57:44.506  2864  2864 D GsmSST  : [GsmSST] RAT switched UMTS -> HSDPA at cell 55941481
01-22 19:57:44.506  2864  2864 D PHONE   : [ServiceState] setNullState=1
01-22 19:57:44.506  2864  2864 D PhoneProxy: [PhoneProxy] updatePhoneObject: radioTechnology=9
01-22 19:57:44.506  2864  2864 D TelephonyManager: setTelephonyProperty: success phoneId=0 property=gsm.network.type value: HSDPA propVal=HSDPA
01-22 19:57:44.507  1955  1975 D use-Rlog/RLOG-RIL: 2 RIL requests in the queue (1 pending, 1 handled, 0 unhandled)
01-22 19:57:44.507  1955  2216 D use-Rlog/RLOG-RIL: Unhandled RIL request: 90
01-22 19:57:44.507  1955  2216 D use-Rlog/RLOG-RIL: 1 RIL request in the queue (0 pending, 1 handled, 0 unhandled)
01-22 19:57:44.507  2864  2864 D SIMRecords: [SIMRecords] getServiceProviderName: no brandOverride
01-22 19:57:44.507  2864  2864 D SIMRecords: [SIMRecords] getServiceProviderName: providerName=Free
01-22 19:57:44.507  2864  2864 D SIMRecords: [SIMRecords] getServiceProviderName: no brandOverride
01-22 19:57:44.507  2864  2864 D SIMRecords: [SIMRecords] getServiceProviderName: providerName=Free
01-22 19:57:44.508  2864  2967 D RilRequest: [3815]< RIL_REQUEST_GSM_SET_BROADCAST_CONFIG error: com.android.internal.telephony.CommandException: REQUEST_NOT_SUPPORTED ret=
01-22 19:57:44.509  2864  2864 D TelephonyManager: setTelephonyProperty: success phoneId=0 property=gsm.operator.alpha value: Free Mobile propVal=Free Mobile
01-22 19:57:44.509  2864  2864 D TelephonyManager: setTelephonyProperty: success phoneId=0 property=gsm.operator.numeric value: 20815 propVal=20815
01-22 19:57:44.510  2864  2864 D TelephonyManager: setTelephonyProperty: success phoneId=0 property=gsm.operator.iso-country value: fr propVal=fr
01-22 19:57:44.510  2864  2864 D GsmSST  : [GsmSST] pollStateDone: no nitz but one TZ for iso-cc=fr with zone.getID=Europe/Paris testOneUniqueOffsetPath=false
01-22 19:57:44.510  2864  2864 D GsmSST  : [GsmSST] setAndBroadcastNetworkSetTimeZone: setTimeZone=Europe/Paris
01-22 19:57:44.511  2864  2864 D GsmSST  : [GsmSST] setAndBroadcastNetworkSetTimeZone: call alarm.setTimeZone and broadcast zoneId=Europe/Paris
01-22 19:57:44.512  2864  2864 D GsmSST  : [GsmSST] shouldFixTimeZoneNow: retVal=false iccCardExist=true operatorNumeric=20815 mcc=208 prevOperatorNumeric=20815 prevMcc=208 needToFixTimeZone=false ltod=01-22 19:57:44.511
01-22 19:57:44.512  2864  2864 D TelephonyManager: setTelephonyProperty: success phoneId=0 property=gsm.operator.isroaming value: false propVal=false
01-22 19:57:44.512  2864  2864 D GsmSST  : [GsmSST] Broadcasting ServiceState : 0 0 voice home data home Free Mobile Free Mobile 20815 Free Mobile Free Mobile 20815  HSDPA HSDPA CSS not supported -1 -1 RoamInd=-1 DefRoamInd=-1 EmergOnly=false IsDataRoamingFromRegistration=false
01-22 19:57:44.512  2864  2864 D DefaultPhoneNotifier: nofityServiceState: mRegistry=com.android.internal.telephony.ITelephonyRegistry$Stub$Proxy@b2c19a9 ss=0 0 voice home data home Free Mobile Free Mobile 20815 Free Mobile Free Mobile 20815  HSDPA HSDPA CSS not supported -1 -1 RoamInd=-1 DefRoamInd=-1 EmergOnly=false IsDataRoamingFromRegistration=false sender=Handler (com.android.internal.telephony.gsm.GSMPhone) {e262d71} phondId=0 subId=3
01-22 19:57:44.515  2864  2864 D SubscriptionController: getSimStateForSlotIdx:  simState=READY ordinal=5
01-22 19:57:44.515  2307  2466 D SubscriptionManager: getSimStateForSubscriber: simState=5 slotIdx=0
01-22 19:57:44.516  2864  2864 D GsmSST  : [GsmSST] notifyDataRegStateRilRadioTechnologyChanged: drs=0 rat=9
01-22 19:57:44.516  2864  2864 D TelephonyManager: setTelephonyProperty: success phoneId=0 property=gsm.network.type value: HSDPA propVal=HSDPA
01-22 19:57:44.517  2864  2977 D DC-1    : DcActivatingState: msg={what=EVENT_DATA_CONNECTION_DRS_OR_RAT_CHANGED when=0 obj=android.os.AsyncResult@c4af3ef target=Handler (com.android.internal.util.StateMachine$SmHandler) {9995c2a} replyTo=null}
01-22 19:57:44.517  2864  2864 D DCT     : [0]get all active apn types
01-22 19:57:44.519  2307  3039 D TelephonyRegistry: Notify data connection state changed on sub: 3
01-22 19:57:44.519  2307  3039 D TelephonyRegistry: Notify data connection state changed on sub: 3
01-22 19:57:44.520  2864  2864 D PhoneProxy: [PhoneProxy] phoneObjectUpdater: newVoiceRadioTech=9
01-22 19:57:44.520  2864  2864 D PhoneProxy: [PhoneProxy] phoneObjectUpdater: No change ignore, newVoiceRadioTech=9 mActivePhone=GSM
01-22 19:57:44.520  2864  2864 D DCT     : [0]handleMessage msg={ when=-3ms what=270377 obj=android.os.AsyncResult@c16defc target=com.android.internal.telephony.dataconnection.DcTracker }
01-22 19:57:44.520  2864  2864 D DCT     : [0]onUpdateIcc: newIccRecords com.android.internal.telephony.uicc.SIMRecords
01-22 19:57:44.520  2864  2864 D DCT     : [0]setupDataOnConnectableApns: nwTypeChanged
01-22 19:57:44.520  2864  2864 D DCT     : [0]setupDataOnConnectableApns: apnContext {mApnType=dun mState=IDLE mWaitingApns={null} mWaitingApnsPermanentFailureCountDown=0 mApnSetting={null} mReason=nwTypeChanged mDataEnabled=false mDependencyMet=true}
01-22 19:57:44.520  2864  2864 D DCT     : [0]setupDataOnConnectableApns: apnContext {mApnType=hipri mState=IDLE mWaitingApns={null} mWaitingApnsPermanentFailureCountDown=0 mApnSetting={null} mReason=nwTypeChanged mDataEnabled=false mDependencyMet=true}
01-22 19:57:44.520  2864  2864 D DCT     : [0]setupDataOnConnectableApns: apnContext {mApnType=supl mState=IDLE mWaitingApns={null} mWaitingApnsPermanentFailureCountDown=0 mApnSetting={null} mReason=nwTypeChanged mDataEnabled=false mDependencyMet=true}
01-22 19:57:44.520  2864  2864 D DCT     : [0]setupDataOnConnectableApns: apnContext {mApnType=default mState=CONNECTING mWaitingApns={[[ApnSettingV3] Free Mobile, 159, 20815, free, , , , , , 0, default | supl, IP, IP, true, 0, 0, 0, false, 0, 0, 0, 0, , ]} mWaitingApnsPermanentFailureCountDown=1 mApnSetting={[ApnSettingV3] Free Mobile, 159, 20815, free, , , , , , 0, default | supl, IP, IP, true, 0, 0, 0, false, 0, 0, 0, 0, , } mReason=dataEnabled mDataEnabled=true mDependencyMet=true}
01-22 19:57:44.520  2864  2864 D DCT     : [0]setupDataOnConnectableApns: apnContext {mApnType=mms mState=IDLE mWaitingApns={null} mWaitingApnsPermanentFailureCountDown=0 mApnSetting={null} mReason=nwTypeChanged mDataEnabled=false mDependencyMet=true}
01-22 19:57:44.521  2864  2864 D DCT     : [0]getDataOnRoamingEnabled: phoneSubId=3 isDataRoamingEnabled=false
01-22 19:57:44.522  2864  2890 D SubscriptionController: [getActiveSubInfoList]+
01-22 19:57:44.522  2864  2890 D SubscriptionController: selection:sim_id>=0 null
01-22 19:57:44.527  2864  2890 D SubscriptionController: [getSubInfoRecord] id:3 iccid:893315011XXXXXXXXXXX simSlotIndex:0 displayName:Free nameSource:0 iconTint:-16746133 dataRoaming:0 mcc:0 mnc:0 countIso:fr userNwMode:0
01-22 19:57:44.528  2864  3125 E PhoneFactory: Settings Exception Reading Dual Sim SMS Prompt Values
01-22 19:57:44.528  2864  3125 D PhoneFactory: SMS Prompt option:false
01-22 19:57:44.528  2864  3125 D RIL_UiccSmsController: isSmsSimPickActivityNeeded: false, sms prompt disabled.
01-22 19:57:44.529  2864  2890 D SubscriptionController: [getActiveSubInfoList]- 1 infos return
01-22 19:57:44.530  2864  2890 D SubscriptionController: [getActiveSubInfoForSubscriber]+ subId=3 subInfo={id=3, iccId=893315011XXXXXXXXXXX simSlotIndex=0 displayName=Free carrierName=Free nameSource=0 iconTint=-16746133 dataRoaming=0 iconBitmap=android.graphics.Bitmap@ed923da mcc 0 mnc 0 mUserNwMode=0}
01-22 19:57:44.530  2864  2892 D RILJ    : [3816]> RIL_REQUEST_GSM_SET_BROADCAST_CONFIG with 1 configs :  [SUB0]
01-22 19:57:44.530  2864  2892 D RILJ    : SmsBroadcastConfigInfo: Id [4371,4372] Code [0,255] ENABLED [SUB0]
01-22 19:57:44.531  1955  1975 D use-Rlog/RLOG-RIL: 2 RIL requests in the queue (1 pending, 1 handled, 0 unhandled)
01-22 19:57:44.531  1955  2216 D use-Rlog/RLOG-RIL: Unhandled RIL request: 90
01-22 19:57:44.531  1955  2216 D use-Rlog/RLOG-RIL: 1 RIL request in the queue (0 pending, 1 handled, 0 unhandled)
01-22 19:57:44.531  2864  2967 D RilRequest: [3816]< RIL_REQUEST_GSM_SET_BROADCAST_CONFIG error: com.android.internal.telephony.CommandException: REQUEST_NOT_SUPPORTED ret=
01-22 19:57:44.539  2864  3125 E PhoneFactory: Settings Exception Reading Dual Sim SMS Prompt Values
01-22 19:57:44.539  2864  3125 D PhoneFactory: SMS Prompt option:false
01-22 19:57:44.539  2864  3125 D RIL_UiccSmsController: isSmsSimPickActivityNeeded: false, sms prompt disabled.
01-22 19:57:44.540  2864  3166 D RILJ    : [3817]> RIL_REQUEST_CDMA_SET_BROADCAST_CONFIG with 1 configs :  [SUB0]
01-22 19:57:44.540  2864  3166 D RILJ    : CdmaSmsBroadcastConfigInfo: Id [4097, 4097] ENABLED [SUB0]
01-22 19:57:44.541  1955  1975 D use-Rlog/RLOG-RIL: 2 RIL requests in the queue (1 pending, 1 handled, 0 unhandled)
01-22 19:57:44.541  1955  2216 D use-Rlog/RLOG-RIL: Unhandled RIL request: 93
01-22 19:57:44.541  1955  2216 D use-Rlog/RLOG-RIL: 1 RIL request in the queue (0 pending, 1 handled, 0 unhandled)
01-22 19:57:44.541  2864  2967 D RilRequest: [3817]< RIL_REQUEST_CDMA_SET_BROADCAST_CONFIG error: com.android.internal.telephony.CommandException: REQUEST_NOT_SUPPORTED ret=
01-22 19:57:44.545  2864  2892 E PhoneFactory: Settings Exception Reading Dual Sim SMS Prompt Values
01-22 19:57:44.545  2864  2892 D PhoneFactory: SMS Prompt option:false
01-22 19:57:44.545  2864  2892 D RIL_UiccSmsController: isSmsSimPickActivityNeeded: false, sms prompt disabled.
01-22 19:57:44.547  2864  3149 D RILJ    : [3818]> RIL_REQUEST_GSM_SET_BROADCAST_CONFIG with 1 configs :  [SUB0]
01-22 19:57:44.547  2864  3149 D RILJ    : SmsBroadcastConfigInfo: Id [4373,4378] Code [0,255] ENABLED [SUB0]
01-22 19:57:44.547  1955  1975 D use-Rlog/RLOG-RIL: 2 RIL requests in the queue (1 pending, 1 handled, 0 unhandled)
01-22 19:57:44.548  1955  2216 D use-Rlog/RLOG-RIL: Unhandled RIL request: 90
01-22 19:57:44.548  1955  2216 D use-Rlog/RLOG-RIL: 1 RIL request in the queue (0 pending, 1 handled, 0 unhandled)
01-22 19:57:44.548  2864  2967 D RilRequest: [3818]< RIL_REQUEST_GSM_SET_BROADCAST_CONFIG error: com.android.internal.telephony.CommandException: REQUEST_NOT_SUPPORTED ret=
01-22 19:57:44.552  2864  3125 E PhoneFactory: Settings Exception Reading Dual Sim SMS Prompt Values
01-22 19:57:44.552  2864  3125 D PhoneFactory: SMS Prompt option:false
01-22 19:57:44.552  2864  3125 D RIL_UiccSmsController: isSmsSimPickActivityNeeded: false, sms prompt disabled.
01-22 19:57:44.553  2864  3166 D RILJ    : [3819]> RIL_REQUEST_CDMA_SET_BROADCAST_CONFIG with 1 configs :  [SUB0]
01-22 19:57:44.553  2864  3166 D RILJ    : CdmaSmsBroadcastConfigInfo: Id [4098, 4098] ENABLED [SUB0]
01-22 19:57:44.554  1955  1975 D use-Rlog/RLOG-RIL: 2 RIL requests in the queue (1 pending, 1 handled, 0 unhandled)
01-22 19:57:44.554  1955  2216 D use-Rlog/RLOG-RIL: Unhandled RIL request: 93
01-22 19:57:44.554  1955  2216 D use-Rlog/RLOG-RIL: 1 RIL request in the queue (0 pending, 1 handled, 0 unhandled)
01-22 19:57:44.554  2864  2967 D RilRequest: [3819]< RIL_REQUEST_CDMA_SET_BROADCAST_CONFIG error: com.android.internal.telephony.CommandException: REQUEST_NOT_SUPPORTED ret=
01-22 19:57:44.557  2864  2892 E PhoneFactory: Settings Exception Reading Dual Sim SMS Prompt Values
01-22 19:57:44.557  2864  2892 D PhoneFactory: SMS Prompt option:false
01-22 19:57:44.557  2864  2892 D RIL_UiccSmsController: isSmsSimPickActivityNeeded: false, sms prompt disabled.
01-22 19:57:44.557  2864  3149 D RILJ    : [3820]> RIL_REQUEST_GSM_SET_BROADCAST_CONFIG with 1 configs :  [SUB0]
01-22 19:57:44.557  2864  3149 D RILJ    : SmsBroadcastConfigInfo: Id [4379,4379] Code [0,255] ENABLED [SUB0]
01-22 19:57:44.558  1955  1975 D use-Rlog/RLOG-RIL: 2 RIL requests in the queue (1 pending, 1 handled, 0 unhandled)
01-22 19:57:44.558  1955  2216 D use-Rlog/RLOG-RIL: Unhandled RIL request: 90
01-22 19:57:44.558  1955  2216 D use-Rlog/RLOG-RIL: 1 RIL request in the queue (0 pending, 1 handled, 0 unhandled)
01-22 19:57:44.558  2864  2967 D RilRequest: [3820]< RIL_REQUEST_GSM_SET_BROADCAST_CONFIG error: com.android.internal.telephony.CommandException: REQUEST_NOT_SUPPORTED ret=
01-22 19:57:44.561  2864  3077 E PhoneFactory: Settings Exception Reading Dual Sim SMS Prompt Values
01-22 19:57:44.561  2864  3077 D PhoneFactory: SMS Prompt option:false
01-22 19:57:44.561  2864  3077 D RIL_UiccSmsController: isSmsSimPickActivityNeeded: false, sms prompt disabled.
01-22 19:57:44.562  2864  3125 D RILJ    : [3821]> RIL_REQUEST_CDMA_SET_BROADCAST_CONFIG with 1 configs :  [SUB0]
01-22 19:57:44.562  2864  3125 D RILJ    : CdmaSmsBroadcastConfigInfo: Id [4099, 4099] ENABLED [SUB0]
01-22 19:57:44.562  1955  1975 D use-Rlog/RLOG-RIL: 2 RIL requests in the queue (1 pending, 1 handled, 0 unhandled)
01-22 19:57:44.562  1955  2216 D use-Rlog/RLOG-RIL: Unhandled RIL request: 93
01-22 19:57:44.562  1955  2216 D use-Rlog/RLOG-RIL: 1 RIL request in the queue (0 pending, 1 handled, 0 unhandled)
01-22 19:57:44.563  2864  2967 D RilRequest: [3821]< RIL_REQUEST_CDMA_SET_BROADCAST_CONFIG error: com.android.internal.telephony.CommandException: REQUEST_NOT_SUPPORTED ret=
01-22 19:57:44.565  2864  2890 E PhoneFactory: Settings Exception Reading Dual Sim SMS Prompt Values
01-22 19:57:44.565  2864  2890 D PhoneFactory: SMS Prompt option:false
01-22 19:57:44.565  2864  2890 D RIL_UiccSmsController: isSmsSimPickActivityNeeded: false, sms prompt disabled.
01-22 19:57:44.566  2864  3166 D RILJ    : [3822]> RIL_REQUEST_GSM_SET_BROADCAST_CONFIG with 1 configs :  [SUB0]
01-22 19:57:44.566  2864  3166 D RILJ    : SmsBroadcastConfigInfo: Id [4380,4382] Code [0,255] ENABLED [SUB0]
01-22 19:57:44.567  1955  1975 D use-Rlog/RLOG-RIL: 2 RIL requests in the queue (1 pending, 1 handled, 0 unhandled)
01-22 19:57:44.569  1955  2216 D use-Rlog/RLOG-RIL: Unhandled RIL request: 90
01-22 19:57:44.569  1955  2216 D use-Rlog/RLOG-RIL: 1 RIL request in the queue (0 pending, 1 handled, 0 unhandled)
01-22 19:57:44.570  2864  2967 D RilRequest: [3822]< RIL_REQUEST_GSM_SET_BROADCAST_CONFIG error: com.android.internal.telephony.CommandException: REQUEST_NOT_SUPPORTED ret=
01-22 19:57:44.573  2864  2892 E PhoneFactory: Settings Exception Reading Dual Sim SMS Prompt Values
01-22 19:57:44.574  2864  2892 D PhoneFactory: SMS Prompt option:false
01-22 19:57:44.574  2864  2892 D RIL_UiccSmsController: isSmsSimPickActivityNeeded: false, sms prompt disabled.
01-22 19:57:44.575  2864  3149 D RILJ    : [3823]> RIL_REQUEST_CDMA_SET_BROADCAST_CONFIG with 1 configs :  [SUB0]
01-22 19:57:44.575  2864  3149 D RILJ    : CdmaSmsBroadcastConfigInfo: Id [4100, 4100] ENABLED [SUB0]
01-22 19:57:44.576  1955  1975 D use-Rlog/RLOG-RIL: 2 RIL requests in the queue (1 pending, 1 handled, 0 unhandled)
01-22 19:57:44.576  1955  2216 D use-Rlog/RLOG-RIL: Unhandled RIL request: 93
01-22 19:57:44.576  1955  2216 D use-Rlog/RLOG-RIL: 1 RIL request in the queue (0 pending, 1 handled, 0 unhandled)
01-22 19:57:44.576  2864  2967 D RilRequest: [3823]< RIL_REQUEST_CDMA_SET_BROADCAST_CONFIG error: com.android.internal.telephony.CommandException: REQUEST_NOT_SUPPORTED ret=
01-22 19:57:44.580  2864  3077 E PhoneFactory: Settings Exception Reading Dual Sim SMS Prompt Values
01-22 19:57:44.580  2864  3077 D PhoneFactory: SMS Prompt option:false
01-22 19:57:44.580  2864  3077 D RIL_UiccSmsController: isSmsSimPickActivityNeeded: false, sms prompt disabled.
01-22 19:57:44.581  2864  3125 D RILJ    : [3824]> RIL_REQUEST_GSM_SET_BROADCAST_CONFIG with 1 configs :  [SUB0]
01-22 19:57:44.581  2864  3125 D RILJ    : SmsBroadcastConfigInfo: Id [4393,4395] Code [0,255] ENABLED [SUB0]
01-22 19:57:44.582  1955  1975 D use-Rlog/RLOG-RIL: 2 RIL requests in the queue (1 pending, 1 handled, 0 unhandled)
01-22 19:57:44.582  1955  2216 D use-Rlog/RLOG-RIL: Unhandled RIL request: 90
01-22 19:57:44.582  1955  2216 D use-Rlog/RLOG-RIL: 1 RIL request in the queue (0 pending, 1 handled, 0 unhandled)
01-22 19:57:44.582  2864  2967 D RilRequest: [3824]< RIL_REQUEST_GSM_SET_BROADCAST_CONFIG error: com.android.internal.telephony.CommandException: REQUEST_NOT_SUPPORTED ret=
01-22 19:57:44.586  2864  2890 E PhoneFactory: Settings Exception Reading Dual Sim SMS Prompt Values
01-22 19:57:44.586  2864  2890 D PhoneFactory: SMS Prompt option:false
01-22 19:57:44.586  2864  2890 D RIL_UiccSmsController: isSmsSimPickActivityNeeded: false, sms prompt disabled.
01-22 19:57:44.587  2864  3166 D RILJ    : [3825]> RIL_REQUEST_GSM_SET_BROADCAST_CONFIG with 1 configs :  [SUB0]
01-22 19:57:44.587  2864  3166 D RILJ    : SmsBroadcastConfigInfo: Id [4370,4370] Code [0,255] ENABLED [SUB0]
01-22 19:57:44.587  1955  1975 D use-Rlog/RLOG-RIL: 2 RIL requests in the queue (1 pending, 1 handled, 0 unhandled)
01-22 19:57:44.588  1955  2216 D use-Rlog/RLOG-RIL: Unhandled RIL request: 90
01-22 19:57:44.588  1955  2216 D use-Rlog/RLOG-RIL: 1 RIL request in the queue (0 pending, 1 handled, 0 unhandled)
01-22 19:57:44.588  2864  2967 D RilRequest: [3825]< RIL_REQUEST_GSM_SET_BROADCAST_CONFIG error: com.android.internal.telephony.CommandException: REQUEST_NOT_SUPPORTED ret=
01-22 19:57:44.591  2864  2892 E PhoneFactory: Settings Exception Reading Dual Sim SMS Prompt Values
01-22 19:57:44.591  2864  2892 D PhoneFactory: SMS Prompt option:false
01-22 19:57:44.591  2864  2892 D RIL_UiccSmsController: isSmsSimPickActivityNeeded: false, sms prompt disabled.
01-22 19:57:44.592  2864  3149 D RILJ    : [3826]> RIL_REQUEST_CDMA_SET_BROADCAST_CONFIG with 1 configs :  [SUB0]
01-22 19:57:44.592  2864  3149 D RILJ    : CdmaSmsBroadcastConfigInfo: Id [4096, 4096] ENABLED [SUB0]
01-22 19:57:44.593  1955  1975 D use-Rlog/RLOG-RIL: 2 RIL requests in the queue (1 pending, 1 handled, 0 unhandled)
01-22 19:57:44.594  1955  2216 D use-Rlog/RLOG-RIL: Unhandled RIL request: 93
01-22 19:57:44.594  1955  2216 D use-Rlog/RLOG-RIL: 1 RIL request in the queue (0 pending, 1 handled, 0 unhandled)
01-22 19:57:44.594  2864  2967 D RilRequest: [3826]< RIL_REQUEST_CDMA_SET_BROADCAST_CONFIG error: com.android.internal.telephony.CommandException: REQUEST_NOT_SUPPORTED ret=
01-22 19:57:44.598  2864  3077 E PhoneFactory: Settings Exception Reading Dual Sim SMS Prompt Values
01-22 19:57:44.599  2864  3077 D PhoneFactory: SMS Prompt option:false
01-22 19:57:44.599  2864  3077 D RIL_UiccSmsController: isSmsSimPickActivityNeeded: false, sms prompt disabled.
01-22 19:57:44.599  2864  3125 D RILJ    : [3827]> RIL_REQUEST_GSM_SET_BROADCAST_CONFIG with 1 configs :  [SUB0]
01-22 19:57:44.599  2864  3125 D RILJ    : SmsBroadcastConfigInfo: Id [4383,4383] Code [0,255] ENABLED [SUB0]
01-22 19:57:44.600  1955  1975 D use-Rlog/RLOG-RIL: 2 RIL requests in the queue (1 pending, 1 handled, 0 unhandled)
01-22 19:57:44.600  1955  2216 D use-Rlog/RLOG-RIL: Unhandled RIL request: 90
01-22 19:57:44.600  1955  2216 D use-Rlog/RLOG-RIL: 1 RIL request in the queue (0 pending, 1 handled, 0 unhandled)
01-22 19:57:44.601  2864  2967 D RilRequest: [3827]< RIL_REQUEST_GSM_SET_BROADCAST_CONFIG error: com.android.internal.telephony.CommandException: REQUEST_NOT_SUPPORTED ret=
01-22 19:57:44.604  2864  2890 E PhoneFactory: Settings Exception Reading Dual Sim SMS Prompt Values
01-22 19:57:44.604  2864  2890 D PhoneFactory: SMS Prompt option:false
01-22 19:57:44.604  2864  2890 D RIL_UiccSmsController: isSmsSimPickActivityNeeded: false, sms prompt disabled.
01-22 19:57:44.607  2864  2892 E PhoneFactory: Settings Exception Reading Dual Sim SMS Prompt Values
01-22 19:57:44.607  2864  2892 D PhoneFactory: SMS Prompt option:false
01-22 19:57:44.607  2864  2892 D RIL_UiccSmsController: isSmsSimPickActivityNeeded: false, sms prompt disabled.
01-22 19:57:44.611  2864  2892 E PhoneFactory: Settings Exception Reading Dual Sim SMS Prompt Values
01-22 19:57:44.611  2864  2892 D PhoneFactory: SMS Prompt option:false
01-22 19:57:44.611  2864  2892 D RIL_UiccSmsController: isSmsSimPickActivityNeeded: false, sms prompt disabled.
01-22 19:57:44.616  2864  2892 E PhoneFactory: Settings Exception Reading Dual Sim SMS Prompt Values
01-22 19:57:44.616  2864  2892 D PhoneFactory: SMS Prompt option:false
01-22 19:57:44.616  2864  2892 D RIL_UiccSmsController: isSmsSimPickActivityNeeded: false, sms prompt disabled.
01-22 19:57:44.620  2864  3077 D SubscriptionController: getSubscriptionProperty Query value = 1
01-22 19:57:44.626  2864  3149 D SubscriptionController: getSubscriptionProperty Query value = 0
01-22 19:57:44.629  2864  3077 D SubscriptionController: getSubscriptionProperty Query value = 1
01-22 19:57:44.632  2864  3125 D SubscriptionController: getSubscriptionProperty Query value = 1
01-22 19:57:44.636  2864  2890 D SubscriptionController: getSubscriptionProperty Query value = 1
01-22 19:57:44.639  2864  3166 D SubscriptionController: getSubscriptionProperty Query value = 1
01-22 19:57:44.645  2864  3149 E PhoneFactory: Settings Exception Reading Dual Sim SMS Prompt Values
01-22 19:57:44.645  2864  3149 D PhoneFactory: SMS Prompt option:false
01-22 19:57:44.645  2864  3149 D RIL_UiccSmsController: isSmsSimPickActivityNeeded: false, sms prompt disabled.
01-22 19:57:44.646  2864  3077 D RILJ    : [3828]> RIL_REQUEST_GSM_SET_BROADCAST_CONFIG with 1 configs :  [SUB0]
01-22 19:57:44.646  2864  3077 D RILJ    : SmsBroadcastConfigInfo: Id [4352,4354] Code [0,255] ENABLED [SUB0]
01-22 19:57:44.647  1955  1975 D use-Rlog/RLOG-RIL: 2 RIL requests in the queue (1 pending, 1 handled, 0 unhandled)
01-22 19:57:44.647  1955  2216 D use-Rlog/RLOG-RIL: Unhandled RIL request: 90
01-22 19:57:44.647  1955  2216 D use-Rlog/RLOG-RIL: 1 RIL request in the queue (0 pending, 1 handled, 0 unhandled)
01-22 19:57:44.647  2864  2967 D RilRequest: [3828]< RIL_REQUEST_GSM_SET_BROADCAST_CONFIG error: com.android.internal.telephony.CommandException: REQUEST_NOT_SUPPORTED ret=
01-22 19:57:44.650  2864  3125 E PhoneFactory: Settings Exception Reading Dual Sim SMS Prompt Values
01-22 19:57:44.650  2864  3125 D PhoneFactory: SMS Prompt option:false
01-22 19:57:44.650  2864  3125 D RIL_UiccSmsController: isSmsSimPickActivityNeeded: false, sms prompt disabled.
01-22 19:57:44.651  2864  2890 D RILJ    : [3829]> RIL_REQUEST_GSM_SET_BROADCAST_CONFIG with 1 configs :  [SUB0]
01-22 19:57:44.651  2864  2890 D RILJ    : SmsBroadcastConfigInfo: Id [4356,4356] Code [0,255] ENABLED [SUB0]
01-22 19:57:44.651  1955  1975 D use-Rlog/RLOG-RIL: 2 RIL requests in the queue (1 pending, 1 handled, 0 unhandled)
01-22 19:57:44.651  1955  2216 D use-Rlog/RLOG-RIL: Unhandled RIL request: 90
01-22 19:57:44.651  1955  2216 D use-Rlog/RLOG-RIL: 1 RIL request in the queue (0 pending, 1 handled, 0 unhandled)
01-22 19:57:44.652  2864  2967 D RilRequest: [3829]< RIL_REQUEST_GSM_SET_BROADCAST_CONFIG error: com.android.internal.telephony.CommandException: REQUEST_NOT_SUPPORTED ret=
01-22 19:57:44.654  2864  3166 E PhoneFactory: Settings Exception Reading Dual Sim SMS Prompt Values
01-22 19:57:44.654  2864  3166 D PhoneFactory: SMS Prompt option:false
01-22 19:57:44.654  2864  3166 D RIL_UiccSmsController: isSmsSimPickActivityNeeded: false, sms prompt disabled.
01-22 19:57:44.655  2864  2892 D RILJ    : [3830]> RIL_REQUEST_GSM_SET_BROADCAST_CONFIG with 1 configs :  [SUB0]
01-22 19:57:44.655  2864  2892 D RILJ    : SmsBroadcastConfigInfo: Id [4371,4372] Code [0,255] ENABLED [SUB0]
01-22 19:57:44.656  1955  1975 D use-Rlog/RLOG-RIL: 2 RIL requests in the queue (1 pending, 1 handled, 0 unhandled)
01-22 19:57:44.656  1955  2216 D use-Rlog/RLOG-RIL: Unhandled RIL request: 90
01-22 19:57:44.656  1955  2216 D use-Rlog/RLOG-RIL: 1 RIL request in the queue (0 pending, 1 handled, 0 unhandled)
01-22 19:57:44.656  2864  2967 D RilRequest: [3830]< RIL_REQUEST_GSM_SET_BROADCAST_CONFIG error: com.android.internal.telephony.CommandException: REQUEST_NOT_SUPPORTED ret=
01-22 19:57:44.659  2864  3149 E PhoneFactory: Settings Exception Reading Dual Sim SMS Prompt Values
01-22 19:57:44.659  2864  3149 D PhoneFactory: SMS Prompt option:false
01-22 19:57:44.659  2864  3149 D RIL_UiccSmsController: isSmsSimPickActivityNeeded: false, sms prompt disabled.
01-22 19:57:44.660  2864  3077 D RILJ    : [3831]> RIL_REQUEST_CDMA_SET_BROADCAST_CONFIG with 1 configs :  [SUB0]
01-22 19:57:44.660  2864  3077 D RILJ    : CdmaSmsBroadcastConfigInfo: Id [4097, 4097] ENABLED [SUB0]
01-22 19:57:44.660  1955  1975 D use-Rlog/RLOG-RIL: 2 RIL requests in the queue (1 pending, 1 handled, 0 unhandled)
01-22 19:57:44.660  1955  2216 D use-Rlog/RLOG-RIL: Unhandled RIL request: 93
01-22 19:57:44.660  1955  2216 D use-Rlog/RLOG-RIL: 1 RIL request in the queue (0 pending, 1 handled, 0 unhandled)
01-22 19:57:44.661  2864  2967 D RilRequest: [3831]< RIL_REQUEST_CDMA_SET_BROADCAST_CONFIG error: com.android.internal.telephony.CommandException: REQUEST_NOT_SUPPORTED ret=
01-22 19:57:44.663  2864  3125 E PhoneFactory: Settings Exception Reading Dual Sim SMS Prompt Values
01-22 19:57:44.663  2864  3125 D PhoneFactory: SMS Prompt option:false
01-22 19:57:44.663  2864  3125 D RIL_UiccSmsController: isSmsSimPickActivityNeeded: false, sms prompt disabled.
01-22 19:57:44.664  2864  2890 D RILJ    : [3832]> RIL_REQUEST_GSM_SET_BROADCAST_CONFIG with 1 configs :  [SUB0]
01-22 19:57:44.664  2864  2890 D RILJ    : SmsBroadcastConfigInfo: Id [4373,4378] Code [0,255] ENABLED [SUB0]
01-22 19:57:44.665  1955  1975 D use-Rlog/RLOG-RIL: 2 RIL requests in the queue (1 pending, 1 handled, 0 unhandled)
01-22 19:57:44.665  1955  2216 D use-Rlog/RLOG-RIL: Unhandled RIL request: 90
01-22 19:57:44.665  1955  2216 D use-Rlog/RLOG-RIL: 1 RIL request in the queue (0 pending, 1 handled, 0 unhandled)
01-22 19:57:44.665  2864  2967 D RilRequest: [3832]< RIL_REQUEST_GSM_SET_BROADCAST_CONFIG error: com.android.internal.telephony.CommandException: REQUEST_NOT_SUPPORTED ret=
01-22 19:57:44.667  2864  3166 E PhoneFactory: Settings Exception Reading Dual Sim SMS Prompt Values
01-22 19:57:44.668  2864  3166 D PhoneFactory: SMS Prompt option:false
01-22 19:57:44.668  2864  3166 D RIL_UiccSmsController: isSmsSimPickActivityNeeded: false, sms prompt disabled.
01-22 19:57:44.668  2864  2892 D RILJ    : [3833]> RIL_REQUEST_CDMA_SET_BROADCAST_CONFIG with 1 configs :  [SUB0]
01-22 19:57:44.668  2864  2892 D RILJ    : CdmaSmsBroadcastConfigInfo: Id [4098, 4098] ENABLED [SUB0]
01-22 19:57:44.669  1955  1975 D use-Rlog/RLOG-RIL: 2 RIL requests in the queue (1 pending, 1 handled, 0 unhandled)
01-22 19:57:44.669  1955  2216 D use-Rlog/RLOG-RIL: Unhandled RIL request: 93
01-22 19:57:44.669  1955  2216 D use-Rlog/RLOG-RIL: 1 RIL request in the queue (0 pending, 1 handled, 0 unhandled)
01-22 19:57:44.669  2864  2967 D RilRequest: [3833]< RIL_REQUEST_CDMA_SET_BROADCAST_CONFIG error: com.android.internal.telephony.CommandException: REQUEST_NOT_SUPPORTED ret=
01-22 19:57:44.672  2864  3149 E PhoneFactory: Settings Exception Reading Dual Sim SMS Prompt Values
01-22 19:57:44.672  2864  3149 D PhoneFactory: SMS Prompt option:false
01-22 19:57:44.672  2864  3149 D RIL_UiccSmsController: isSmsSimPickActivityNeeded: false, sms prompt disabled.
01-22 19:57:44.673  2864  3077 D RILJ    : [3834]> RIL_REQUEST_GSM_SET_BROADCAST_CONFIG with 1 configs :  [SUB0]
01-22 19:57:44.673  2864  3077 D RILJ    : SmsBroadcastConfigInfo: Id [4379,4379] Code [0,255] ENABLED [SUB0]
01-22 19:57:44.673  1955  1975 D use-Rlog/RLOG-RIL: 2 RIL requests in the queue (1 pending, 1 handled, 0 unhandled)
01-22 19:57:44.674  1955  2216 D use-Rlog/RLOG-RIL: Unhandled RIL request: 90
01-22 19:57:44.674  1955  2216 D use-Rlog/RLOG-RIL: 1 RIL request in the queue (0 pending, 1 handled, 0 unhandled)
01-22 19:57:44.674  2864  2967 D RilRequest: [3834]< RIL_REQUEST_GSM_SET_BROADCAST_CONFIG error: com.android.internal.telephony.CommandException: REQUEST_NOT_SUPPORTED ret=
01-22 19:57:44.676  2864  3125 E PhoneFactory: Settings Exception Reading Dual Sim SMS Prompt Values
01-22 19:57:44.677  2864  3125 D PhoneFactory: SMS Prompt option:false
01-22 19:57:44.677  2864  3125 D RIL_UiccSmsController: isSmsSimPickActivityNeeded: false, sms prompt disabled.
01-22 19:57:44.677  2864  2890 D RILJ    : [3835]> RIL_REQUEST_CDMA_SET_BROADCAST_CONFIG with 1 configs :  [SUB0]
01-22 19:57:44.677  2864  2890 D RILJ    : CdmaSmsBroadcastConfigInfo: Id [4099, 4099] ENABLED [SUB0]
01-22 19:57:44.678  1955  1975 D use-Rlog/RLOG-RIL: 2 RIL requests in the queue (1 pending, 1 handled, 0 unhandled)
01-22 19:57:44.678  1955  2216 D use-Rlog/RLOG-RIL: Unhandled RIL request: 93
01-22 19:57:44.678  1955  2216 D use-Rlog/RLOG-RIL: 1 RIL request in the queue (0 pending, 1 handled, 0 unhandled)
01-22 19:57:44.678  2864  2967 D RilRequest: [3835]< RIL_REQUEST_CDMA_SET_BROADCAST_CONFIG error: com.android.internal.telephony.CommandException: REQUEST_NOT_SUPPORTED ret=
01-22 19:57:44.681  2864  3166 E PhoneFactory: Settings Exception Reading Dual Sim SMS Prompt Values
01-22 19:57:44.681  2864  3166 D PhoneFactory: SMS Prompt option:false
01-22 19:57:44.681  2864  3166 D RIL_UiccSmsController: isSmsSimPickActivityNeeded: false, sms prompt disabled.
01-22 19:57:44.682  2864  2892 D RILJ    : [3836]> RIL_REQUEST_GSM_SET_BROADCAST_CONFIG with 1 configs :  [SUB0]
01-22 19:57:44.682  2864  2892 D RILJ    : SmsBroadcastConfigInfo: Id [4380,4382] Code [0,255] ENABLED [SUB0]
01-22 19:57:44.682  1955  1975 D use-Rlog/RLOG-RIL: 2 RIL requests in the queue (1 pending, 1 handled, 0 unhandled)
01-22 19:57:44.682  1955  2216 D use-Rlog/RLOG-RIL: Unhandled RIL request: 90
01-22 19:57:44.682  1955  2216 D use-Rlog/RLOG-RIL: 1 RIL request in the queue (0 pending, 1 handled, 0 unhandled)
01-22 19:57:44.682  2864  2967 D RilRequest: [3836]< RIL_REQUEST_GSM_SET_BROADCAST_CONFIG error: com.android.internal.telephony.CommandException: REQUEST_NOT_SUPPORTED ret=
01-22 19:57:44.685  2864  3149 E PhoneFactory: Settings Exception Reading Dual Sim SMS Prompt Values
01-22 19:57:44.685  2864  3149 D PhoneFactory: SMS Prompt option:false
01-22 19:57:44.685  2864  3149 D RIL_UiccSmsController: isSmsSimPickActivityNeeded: false, sms prompt disabled.
01-22 19:57:44.686  2864  3077 D RILJ    : [3837]> RIL_REQUEST_CDMA_SET_BROADCAST_CONFIG with 1 configs :  [SUB0]
01-22 19:57:44.686  2864  3077 D RILJ    : CdmaSmsBroadcastConfigInfo: Id [4100, 4100] ENABLED [SUB0]
01-22 19:57:44.687  1955  1975 D use-Rlog/RLOG-RIL: 2 RIL requests in the queue (1 pending, 1 handled, 0 unhandled)
01-22 19:57:44.687  1955  2216 D use-Rlog/RLOG-RIL: Unhandled RIL request: 93
01-22 19:57:44.687  1955  2216 D use-Rlog/RLOG-RIL: 1 RIL request in the queue (0 pending, 1 handled, 0 unhandled)
01-22 19:57:44.687  2864  2967 D RilRequest: [3837]< RIL_REQUEST_CDMA_SET_BROADCAST_CONFIG error: com.android.internal.telephony.CommandException: REQUEST_NOT_SUPPORTED ret=
01-22 19:57:44.690  2864  3125 E PhoneFactory: Settings Exception Reading Dual Sim SMS Prompt Values
01-22 19:57:44.690  2864  3125 D PhoneFactory: SMS Prompt option:false
01-22 19:57:44.690  2864  3125 D RIL_UiccSmsController: isSmsSimPickActivityNeeded: false, sms prompt disabled.
01-22 19:57:44.690  2864  2890 D RILJ    : [3838]> RIL_REQUEST_GSM_SET_BROADCAST_CONFIG with 1 configs :  [SUB0]
01-22 19:57:44.690  2864  2890 D RILJ    : SmsBroadcastConfigInfo: Id [4393,4395] Code [0,255] ENABLED [SUB0]
01-22 19:57:44.691  1955  1975 D use-Rlog/RLOG-RIL: 2 RIL requests in the queue (1 pending, 1 handled, 0 unhandled)
01-22 19:57:44.691  1955  2216 D use-Rlog/RLOG-RIL: Unhandled RIL request: 90
01-22 19:57:44.691  1955  2216 D use-Rlog/RLOG-RIL: 1 RIL request in the queue (0 pending, 1 handled, 0 unhandled)
01-22 19:57:44.691  2864  2967 D RilRequest: [3838]< RIL_REQUEST_GSM_SET_BROADCAST_CONFIG error: com.android.internal.telephony.CommandException: REQUEST_NOT_SUPPORTED ret=
01-22 19:57:44.694  2864  3166 E PhoneFactory: Settings Exception Reading Dual Sim SMS Prompt Values
01-22 19:57:44.694  2864  3166 D PhoneFactory: SMS Prompt option:false
01-22 19:57:44.694  2864  3166 D RIL_UiccSmsController: isSmsSimPickActivityNeeded: false, sms prompt disabled.
01-22 19:57:44.695  2864  2892 D RILJ    : [3839]> RIL_REQUEST_GSM_SET_BROADCAST_CONFIG with 1 configs :  [SUB0]
01-22 19:57:44.695  2864  2892 D RILJ    : SmsBroadcastConfigInfo: Id [4370,4370] Code [0,255] ENABLED [SUB0]
01-22 19:57:44.695  1955  1975 D use-Rlog/RLOG-RIL: 2 RIL requests in the queue (1 pending, 1 handled, 0 unhandled)
01-22 19:57:44.696  1955  2216 D use-Rlog/RLOG-RIL: Unhandled RIL request: 90
01-22 19:57:44.696  1955  2216 D use-Rlog/RLOG-RIL: 1 RIL request in the queue (0 pending, 1 handled, 0 unhandled)
01-22 19:57:44.696  2864  2967 D RilRequest: [3839]< RIL_REQUEST_GSM_SET_BROADCAST_CONFIG error: com.android.internal.telephony.CommandException: REQUEST_NOT_SUPPORTED ret=
01-22 19:57:44.698  2864  3149 E PhoneFactory: Settings Exception Reading Dual Sim SMS Prompt Values
01-22 19:57:44.698  2864  3149 D PhoneFactory: SMS Prompt option:false
01-22 19:57:44.698  2864  3149 D RIL_UiccSmsController: isSmsSimPickActivityNeeded: false, sms prompt disabled.
01-22 19:57:44.699  2864  3077 D RILJ    : [3840]> RIL_REQUEST_CDMA_SET_BROADCAST_CONFIG with 1 configs :  [SUB0]
01-22 19:57:44.699  2864  3077 D RILJ    : CdmaSmsBroadcastConfigInfo: Id [4096, 4096] ENABLED [SUB0]
01-22 19:57:44.700  1955  1975 D use-Rlog/RLOG-RIL: 2 RIL requests in the queue (1 pending, 1 handled, 0 unhandled)
01-22 19:57:44.700  1955  2216 D use-Rlog/RLOG-RIL: Unhandled RIL request: 93
01-22 19:57:44.700  1955  2216 D use-Rlog/RLOG-RIL: 1 RIL request in the queue (0 pending, 1 handled, 0 unhandled)
01-22 19:57:44.700  2864  2967 D RilRequest: [3840]< RIL_REQUEST_CDMA_SET_BROADCAST_CONFIG error: com.android.internal.telephony.CommandException: REQUEST_NOT_SUPPORTED ret=
01-22 19:57:44.703  2864  3125 E PhoneFactory: Settings Exception Reading Dual Sim SMS Prompt Values
01-22 19:57:44.703  2864  3125 D PhoneFactory: SMS Prompt option:false
01-22 19:57:44.703  2864  3125 D RIL_UiccSmsController: isSmsSimPickActivityNeeded: false, sms prompt disabled.
01-22 19:57:44.704  2864  2890 D RILJ    : [3841]> RIL_REQUEST_GSM_SET_BROADCAST_CONFIG with 1 configs :  [SUB0]
01-22 19:57:44.704  2864  2890 D RILJ    : SmsBroadcastConfigInfo: Id [4383,4383] Code [0,255] ENABLED [SUB0]
01-22 19:57:44.704  1955  1975 D use-Rlog/RLOG-RIL: 2 RIL requests in the queue (1 pending, 1 handled, 0 unhandled)
01-22 19:57:44.704  1955  2216 D use-Rlog/RLOG-RIL: Unhandled RIL request: 90
01-22 19:57:44.704  1955  2216 D use-Rlog/RLOG-RIL: 1 RIL request in the queue (0 pending, 1 handled, 0 unhandled)
01-22 19:57:44.705  2864  2967 D RilRequest: [3841]< RIL_REQUEST_GSM_SET_BROADCAST_CONFIG error: com.android.internal.telephony.CommandException: REQUEST_NOT_SUPPORTED ret=
01-22 19:57:44.707  2864  3166 E PhoneFactory: Settings Exception Reading Dual Sim SMS Prompt Values
01-22 19:57:44.707  2864  3166 D PhoneFactory: SMS Prompt option:false
01-22 19:57:44.707  2864  3166 D RIL_UiccSmsController: isSmsSimPickActivityNeeded: false, sms prompt disabled.
01-22 19:57:44.710  2864  3149 E PhoneFactory: Settings Exception Reading Dual Sim SMS Prompt Values
01-22 19:57:44.710  2864  3149 D PhoneFactory: SMS Prompt option:false
01-22 19:57:44.710  2864  3149 D RIL_UiccSmsController: isSmsSimPickActivityNeeded: false, sms prompt disabled.
01-22 19:57:44.715  2864  3149 E PhoneFactory: Settings Exception Reading Dual Sim SMS Prompt Values
01-22 19:57:44.715  2864  3149 D PhoneFactory: SMS Prompt option:false
01-22 19:57:44.715  2864  3149 D RIL_UiccSmsController: isSmsSimPickActivityNeeded: false, sms prompt disabled.
01-22 19:57:44.719  2864  3149 E PhoneFactory: Settings Exception Reading Dual Sim SMS Prompt Values
01-22 19:57:44.719  2864  3149 D PhoneFactory: SMS Prompt option:false
01-22 19:57:44.719  2864  3149 D RIL_UiccSmsController: isSmsSimPickActivityNeeded: false, sms prompt disabled.
01-22 19:57:47.547  2864  2864 D DCT     : [0]onReceive: action=android.intent.action.SCREEN_ON
01-22 19:57:47.547  2864  2864 D DCT     : [0]stopNetStatPoll
01-22 19:57:47.549  2864  2864 D DCT     : [0]overall state is CONNECTING
01-22 19:57:47.559  2864  2864 D DCT     : [0]onReceive: action=android.intent.action.SCREEN_OFF
01-22 19:57:47.559  2864  2864 D DCT     : [0]stopNetStatPoll
01-22 19:57:47.560  2864  2864 D DCT     : [0]overall state is CONNECTING
01-22 19:57:48.809  2864  2864 D DCT     : [0]onReceive: action=android.intent.action.SCREEN_ON
01-22 19:57:48.809  2864  2864 D DCT     : [0]stopNetStatPoll
01-22 19:57:48.814  2864  2864 D DCT     : [0]overall state is CONNECTING
01-22 19:57:50.246  2864  2890 D DCT     : [0]fetchDunApn: net.tethering.noprovisioning=true ret: null
01-22 19:57:50.246  2864  2890 D DCT     : [0]hasMatchedTetherApnSetting: APN=null
01-22 19:58:11.326  1955  2212 D use-Rlog/RLOG-RIL-IPC: 
01-22 19:58:11.327  1955  2212 D use-Rlog/RLOG-RIL-IPC: xmm626_sec_modem_fmt_recv: Received FMT message
01-22 19:58:11.327  1955  2212 D use-Rlog/RLOG-RIL-IPC: xmm626_sec_modem_fmt_recv: Message: aseq=0x61, command=IPC_GPRS_HSDPA_STATUS, type=IPC_TYPE_NOTI, size=1
01-22 19:58:11.327  1955  2212 D use-Rlog/RLOG-RIL-IPC: ================================= IPC FMT data =================================
01-22 19:58:11.327  1955  2212 D use-Rlog/RLOG-RIL-IPC: [0000]   02                                                 .
01-22 19:58:11.327  1955  2212 D use-Rlog/RLOG-RIL-IPC: ================================================================================
01-22 19:58:11.328  2864  2967 D RILJ    : [UNSL]< UNSOL_RESPONSE_VOICE_NETWORK_STATE_CHANGED [SUB0]
01-22 19:58:11.329  2864  2864 D RILJ    : [3842]> OPERATOR [SUB0]
01-22 19:58:11.333  2864  2864 D RILJ    : [3843]> DATA_REGISTRATION_STATE [SUB0]
01-22 19:58:11.335  1955  1975 D use-Rlog/RLOG-RIL: 2 RIL requests in the queue (1 pending, 1 handled, 0 unhandled)
01-22 19:58:11.336  1955  2216 D use-Rlog/RLOG-RIL-IPC: 
01-22 19:58:11.336  1955  2216 D use-Rlog/RLOG-RIL-IPC: xmm626_sec_modem_fmt_send: Sent FMT message
01-22 19:58:11.336  1955  2216 D use-Rlog/RLOG-RIL-IPC: xmm626_sec_modem_fmt_send: Message: mseq=0x62, command=IPC_NET_SERVING_NETWORK, type=IPC_TYPE_GET, size=0
01-22 19:58:11.337  2864  2864 D RILJ    : [3844]> VOICE_REGISTRATION_STATE [SUB0]
01-22 19:58:11.338  1955  1975 D use-Rlog/RLOG-RIL: 3 RIL requests in the queue (1 pending, 2 handled, 0 unhandled)
01-22 19:58:11.339  1955  2216 D use-Rlog/RLOG-RIL-IPC: 
01-22 19:58:11.339  1955  2216 D use-Rlog/RLOG-RIL-IPC: xmm626_sec_modem_fmt_send: Sent FMT message
01-22 19:58:11.339  1955  2216 D use-Rlog/RLOG-RIL-IPC: xmm626_sec_modem_fmt_send: Message: mseq=0x63, command=IPC_NET_REGIST, type=IPC_TYPE_GET, size=2
01-22 19:58:11.339  1955  2216 D use-Rlog/RLOG-RIL-IPC: ================================= IPC FMT data =================================
01-22 19:58:11.339  1955  2216 D use-Rlog/RLOG-RIL-IPC: [0000]   FF 03                                              ..
01-22 19:58:11.340  1955  2216 D use-Rlog/RLOG-RIL-IPC: ================================================================================
01-22 19:58:11.341  1955  2212 D use-Rlog/RLOG-RIL-IPC: 
01-22 19:58:11.341  1955  2212 D use-Rlog/RLOG-RIL-IPC: xmm626_sec_modem_fmt_recv: Received FMT message
01-22 19:58:11.341  1955  2212 D use-Rlog/RLOG-RIL-IPC: xmm626_sec_modem_fmt_recv: Message: aseq=0x62, command=IPC_NET_SERVING_NETWORK, type=IPC_TYPE_RESP, size=11
01-22 19:58:11.341  1955  2212 D use-Rlog/RLOG-RIL-IPC: ================================= IPC FMT data =================================
01-22 19:58:11.341  1955  2212 D use-Rlog/RLOG-RIL-IPC: [0000]   02 02 04 32 30 38 31 35  23 8F 0F                  ...20815 #..
01-22 19:58:11.341  1955  2212 D use-Rlog/RLOG-RIL-IPC: ================================================================================
01-22 19:58:11.342  1955  2212 D use-Rlog/RLOG-RIL: 2 RIL requests in the queue (0 pending, 2 handled, 0 unhandled)
01-22 19:58:11.346  2864  2967 D RILJ    : [3842]< OPERATOR {Free Mobile, Free Mobile, 20815} [SUB0]
01-22 19:58:11.347  1955  1975 D use-Rlog/RLOG-RIL: 3 RIL requests in the queue (1 pending, 2 handled, 0 unhandled)
01-22 19:58:11.347  1955  2216 D use-Rlog/RLOG-RIL-IPC: 
01-22 19:58:11.347  1955  2216 D use-Rlog/RLOG-RIL-IPC: xmm626_sec_modem_fmt_send: Sent FMT message
01-22 19:58:11.347  1955  2216 D use-Rlog/RLOG-RIL-IPC: xmm626_sec_modem_fmt_send: Message: mseq=0x64, command=IPC_NET_REGIST, type=IPC_TYPE_GET, size=2
01-22 19:58:11.347  1955  2216 D use-Rlog/RLOG-RIL-IPC: ================================= IPC FMT data =================================
01-22 19:58:11.347  1955  2216 D use-Rlog/RLOG-RIL-IPC: [0000]   FF 02                                              ..
01-22 19:58:11.348  1955  2216 D use-Rlog/RLOG-RIL-IPC: ================================================================================
01-22 19:58:11.349  2864  2864 D RILJ    : [3845]> QUERY_NETWORK_SELECTION_MODE [SUB0]
01-22 19:58:11.349  1955  2212 D use-Rlog/RLOG-RIL-IPC: 
01-22 19:58:11.349  1955  2212 D use-Rlog/RLOG-RIL-IPC: xmm626_sec_modem_fmt_recv: Received FMT message
01-22 19:58:11.349  1955  2212 D use-Rlog/RLOG-RIL-IPC: xmm626_sec_modem_fmt_recv: Message: aseq=0x63, command=IPC_NET_REGIST, type=IPC_TYPE_RESP, size=11
01-22 19:58:11.350  1955  2212 D use-Rlog/RLOG-RIL-IPC: ================================= IPC FMT data =================================
01-22 19:58:11.350  1955  2212 D use-Rlog/RLOG-RIL-IPC: [0000]   04 03 02 01 8F 0F 69 99  55 03 00                  ......i. U..
01-22 19:58:11.350  1955  2212 D use-Rlog/RLOG-RIL-IPC: ================================================================================
01-22 19:58:11.351  1955  2212 D use-Rlog/RLOG-RIL: 2 RIL requests in the queue (0 pending, 2 handled, 0 unhandled)
01-22 19:58:11.360  2864  2967 D RILJ    : [3843]< DATA_REGISTRATION_STATE {1, f8f, 3559969, 15, 3} [SUB0]
01-22 19:58:11.360  2864  2864 D PHONE   : [ServiceState] setDataRegState=0
01-22 19:58:11.360  2864  2864 D PHONE   : [ServiceState] setDataRadioTechnology=15
01-22 19:58:11.361  2864  2864 D GsmSST  : [GsmSST] handlPollStateResultMessage: GsmSST setDataRegState=0 regState=1 dataRadioTechnology=15
01-22 19:58:11.361  1955  1975 D use-Rlog/RLOG-RIL: 3 RIL requests in the queue (1 pending, 2 handled, 0 unhandled)
01-22 19:58:11.361  1955  2216 D use-Rlog/RLOG-RIL-IPC: 
01-22 19:58:11.361  1955  2216 D use-Rlog/RLOG-RIL-IPC: xmm626_sec_modem_fmt_send: Sent FMT message
01-22 19:58:11.362  1955  2216 D use-Rlog/RLOG-RIL-IPC: xmm626_sec_modem_fmt_send: Message: mseq=0x65, command=IPC_NET_PLMN_SEL, type=IPC_TYPE_GET, size=0
01-22 19:58:11.362  1955  2212 D use-Rlog/RLOG-RIL-IPC: 
01-22 19:58:11.362  1955  2212 D use-Rlog/RLOG-RIL-IPC: xmm626_sec_modem_fmt_recv: Received FMT message
01-22 19:58:11.363  1955  2212 D use-Rlog/RLOG-RIL-IPC: xmm626_sec_modem_fmt_recv: Message: aseq=0x64, command=IPC_NET_REGIST, type=IPC_TYPE_RESP, size=11
01-22 19:58:11.363  1955  2212 D use-Rlog/RLOG-RIL-IPC: ================================= IPC FMT data =================================
01-22 19:58:11.363  1955  2212 D use-Rlog/RLOG-RIL-IPC: [0000]   04 02 02 01 8F 0F 69 99  55 03 00                  ......i. U..
01-22 19:58:11.363  1955  2212 D use-Rlog/RLOG-RIL-IPC: ================================================================================
01-22 19:58:11.363  1955  2212 D use-Rlog/RLOG-RIL: 2 RIL requests in the queue (0 pending, 2 handled, 0 unhandled)
01-22 19:58:11.366  2864  2967 D RILJ    : [3844]< VOICE_REGISTRATION_STATE {1, f8f, 3559969, 15, null, null, null, null, null, null, null, null, null, null, null} [SUB0]
01-22 19:58:11.367  2864  2864 D PHONE   : [ServiceState] setVoiceRegState=0
