01-22 19:57:36.794  1955  2212 D use-Rlog/RLOG-RIL-IPC: ================================= IPC FMT data =================================
01-22 19:57:36.794  1955  2212 D use-Rlog/RLOG-RIL-IPC: [0000]   08 0A 03 00 80                                     .....
01-22 19:57:36.794  1955  2212 D use-Rlog/RLOG-RIL-IPC: ================================================================================
01-22 19:57:36.794  1955  2212 D use-Rlog/RLOG-RIL: Generic response was expected
01-22 19:57:36.794  1955  2212 D use-Rlog/RLOG-RIL: 1 RIL request in the queue (0 pending, 1 handled, 0 unhandled)
01-22 19:57:36.795  2864  2967 D RILJ    : [3742]< REQUEST_SET_PREFERRED_NETWORK_TYPE  [SUB0]
01-22 19:57:36.796  1955  2212 D use-Rlog/RLOG-RIL-IPC: 
01-22 19:57:36.796  1955  2212 D use-Rlog/RLOG-RIL-IPC: xmm626_sec_modem_fmt_recv: Received FMT message
01-22 19:57:36.796  1955  2212 D use-Rlog/RLOG-RIL-IPC: xmm626_sec_modem_fmt_recv: Message: aseq=0x4b, command=IPC_NET_PLMN_SEL, type=IPC_TYPE_RESP, size=1
01-22 19:57:36.796  1955  2212 D use-Rlog/RLOG-RIL-IPC: ================================= IPC FMT data =================================
01-22 19:57:36.796  2864  2864 D SIMRecords: [SIMRecords] getServiceProviderName: no brandOverride
01-22 19:57:36.796  1955  2212 D use-Rlog/RLOG-RIL-IPC: [0000]   02                                                 .
01-22 19:57:36.796  1955  2212 D use-Rlog/RLOG-RIL-IPC: ================================================================================
01-22 19:57:36.796  2864  2864 D SIMRecords: [SIMRecords] getServiceProviderName: providerName=Free
01-22 19:57:36.796  1955  2212 D use-Rlog/RLOG-RIL: 0 RIL request in the queue (0 pending, 0 handled, 0 unhandled)
01-22 19:57:36.796  2864  2967 D RILJ    : [3743]< QUERY_NETWORK_SELECTION_MODE {0} [SUB0]
01-22 19:57:36.796  2864  2864 D GsmSST  : [GsmSST] updateSpnDisplay: radio is on but out of service, set plmn='Aucun service'
01-22 19:57:36.796  2864  2864 D SIMRecords: [SIMRecords] getServiceProviderName: no brandOverride
01-22 19:57:36.796  2864  2864 D SIMRecords: [SIMRecords] getServiceProviderName: providerName=Free
01-22 19:57:36.799  2864  2864 D GsmSST  : [GsmSST] updateSpnDisplay: changed sending intent rule=2 showPlmn='true' plmn='Aucun service' showSpn='false' spn='Free' dataSpn='Free' subId='3'
01-22 19:57:36.802  2864  2864 D SubscriptionController: [setCarrierText]+ text:Aucun service subId:3
01-22 19:57:36.859  2864  2864 D SubscriptionController: notifySubscriptionInfoChanged:
01-22 19:57:36.865  2864  2864 D DCT     : [0]SubscriptionListener.onSubscriptionInfoChanged
01-22 19:57:36.867  2864  2864 D SubscriptionController: [getActiveSubInfoList]+
01-22 19:57:36.867  2864  2864 D SubscriptionController: selection:sim_id>=0 null
01-22 19:57:36.872  2864  2864 D SubscriptionController: [getSubInfoRecord] id:3 iccid:893315011XXXXXXXXXXX simSlotIndex:0 displayName:Free nameSource:0 iconTint:-16746133 dataRoaming:0 mcc:0 mnc:0 countIso:fr userNwMode:0
01-22 19:57:36.893  2864  2864 D SubscriptionController: [getActiveSubInfoList]- 1 infos return
01-22 19:57:36.894  2864  2864 E PhoneBase: Error! unregisterForCallWaiting() in PhoneBase should not be called, CDMAPhone inactive.
01-22 19:57:36.908  2864  2864 D SubscriptionController: [getActiveSubInfoList]+
01-22 19:57:36.910  2864  2864 D SubscriptionController: selection:sim_id>=0 null
01-22 19:57:36.920  2864  3166 D SubscriptionController: [getActiveSubInfoList]+
01-22 19:57:36.923  2864  2864 D SubscriptionController: [getSubInfoRecord] id:3 iccid:893315011XXXXXXXXXXX simSlotIndex:0 displayName:Free nameSource:0 iconTint:-16746133 dataRoaming:0 mcc:0 mnc:0 countIso:fr userNwMode:0
01-22 19:57:36.926  2864  2864 D SubscriptionController: [getActiveSubInfoList]- 1 infos return
01-22 19:57:36.927  2864  2864 D SubscriptionController: [getActiveSubInfoForSubscriber]+ subId=3 subInfo={id=3, iccId=893315011XXXXXXXXXXX simSlotIndex=0 displayName=Free carrierName=Aucun service nameSource=0 iconTint=-16746133 dataRoaming=0 iconBitmap=android.graphics.Bitmap@7850d7c mcc 0 mnc 0 mUserNwMode=0}
01-22 19:57:36.954  2864  3166 D SubscriptionController: selection:sim_id>=0 null
01-22 19:57:37.007  2864  2864 E PhoneBase: Error! registerForCallWaiting() in PhoneBase should not be called, CDMAPhone inactive.
01-22 19:57:37.023  2864  3166 D SubscriptionController: [getSubInfoRecord] id:3 iccid:893315011XXXXXXXXXXX simSlotIndex:0 displayName:Free nameSource:0 iconTint:-16746133 dataRoaming:0 mcc:0 mnc:0 countIso:fr userNwMode:0
01-22 19:57:37.025  2864  3166 D SubscriptionController: [getActiveSubInfoList]- 1 infos return
01-22 19:57:37.047  2864  3166 D SubscriptionController: [getActiveSubInfoList]+
01-22 19:57:37.050  2864  3166 D SubscriptionController: selection:sim_id>=0 null
01-22 19:57:37.069  2864  2864 D DCT     : [0]handleMessage msg={ when=-368ms what=270366 arg1=1 arg2=3 target=com.android.internal.telephony.dataconnection.DcTracker }
01-22 19:57:37.069  2864  2864 D DCT     : [0]CMD_SET_USER_DATA_ENABLE enabled=true, subId=3
01-22 19:57:37.070  2864  2864 D GsmSST  : [GsmSST] SubscriptionListener.onSubscriptionInfoChanged
01-22 19:57:37.070  2864  2864 D DCT     : [0]SubscriptionListener.onSubscriptionInfoChanged
01-22 19:57:37.072  2864  2864 D SubscriptionController: [getActiveSubInfoList]+
01-22 19:57:37.073  2864  2864 D SubscriptionController: selection:sim_id>=0 null
01-22 19:57:37.078  2864  3149 D SubscriptionController: [getActiveSubInfoList]+
01-22 19:57:37.079  2864  3149 D SubscriptionController: selection:sim_id>=0 null
01-22 19:57:37.083  2864  2864 D SubscriptionController: [getSubInfoRecord] id:3 iccid:893315011XXXXXXXXXXX simSlotIndex:0 displayName:Free nameSource:0 iconTint:-16746133 dataRoaming:0 mcc:0 mnc:0 countIso:fr userNwMode:0
01-22 19:57:37.096  2864  2864 D SubscriptionController: [getActiveSubInfoList]- 1 infos return
01-22 19:57:37.097  2864  2864 E PhoneBase: Error! unregisterForCallWaiting() in PhoneBase should not be called, CDMAPhone inactive.
01-22 19:57:37.099  2864  3149 D SubscriptionController: [getSubInfoRecord] id:3 iccid:893315011XXXXXXXXXXX simSlotIndex:0 displayName:Free nameSource:0 iconTint:-16746133 dataRoaming:0 mcc:0 mnc:0 countIso:fr userNwMode:0
01-22 19:57:37.101  2864  2864 D SubscriptionController: [getActiveSubInfoList]+
01-22 19:57:37.101  2864  2864 D SubscriptionController: selection:sim_id>=0 null
01-22 19:57:37.102  2864  3166 D SubscriptionController: [getSubInfoRecord] id:3 iccid:893315011XXXXXXXXXXX simSlotIndex:0 displayName:Free nameSource:0 iconTint:-16746133 dataRoaming:0 mcc:0 mnc:0 countIso:fr userNwMode:0
01-22 19:57:37.117  2864  2864 D SubscriptionController: [getSubInfoRecord] id:3 iccid:893315011XXXXXXXXXXX simSlotIndex:0 displayName:Free nameSource:0 iconTint:-16746133 dataRoaming:0 mcc:0 mnc:0 countIso:fr userNwMode:0
01-22 19:57:37.135  2864  3149 D SubscriptionController: [getActiveSubInfoList]- 1 infos return
01-22 19:57:37.137  2864  2890 D SubscriptionController: getSimStateForSlotIdx:  simState=READY ordinal=5
01-22 19:57:37.137  2417  2417 D SubscriptionManager: getSimStateForSubscriber: simState=5 slotIdx=0
01-22 19:57:37.144  2864  2864 D SubscriptionController: [getActiveSubInfoList]- 1 infos return
01-22 19:57:37.144  2864  2864 D SubscriptionController: [getActiveSubInfoForSubscriber]+ subId=3 subInfo={id=3, iccId=893315011XXXXXXXXXXX simSlotIndex=0 displayName=Free carrierName=Aucun service nameSource=0 iconTint=-16746133 dataRoaming=0 iconBitmap=android.graphics.Bitmap@40f9014 mcc 0 mnc 0 mUserNwMode=0}
01-22 19:57:37.146  2864  2890 D SubscriptionController: getSimStateForSlotIdx:  simState=READY ordinal=5
01-22 19:57:37.146  2417  3140 D SubscriptionManager: getSimStateForSubscriber: simState=5 slotIdx=0
01-22 19:57:37.157  2864  3149 D SubscriptionController: getSimStateForSlotIdx:  simState=READY ordinal=5
01-22 19:57:37.157  2417  2417 D SubscriptionManager: getSimStateForSubscriber: simState=5 slotIdx=0
01-22 19:57:37.168  2864  3077 D SubscriptionController: [getActiveSubInfoList]+
01-22 19:57:37.168  2864  3077 D SubscriptionController: selection:sim_id>=0 null
01-22 19:57:37.172  2864  3077 D SubscriptionController: [getSubInfoRecord] id:3 iccid:893315011XXXXXXXXXXX simSlotIndex:0 displayName:Free nameSource:0 iconTint:-16746133 dataRoaming:0 mcc:0 mnc:0 countIso:fr userNwMode:0
01-22 19:57:37.174  2864  3077 D SubscriptionController: [getActiveSubInfoList]- 1 infos return
01-22 19:57:37.176  2864  2890 D SubscriptionController: getSimStateForSlotIdx:  simState=READY ordinal=5
01-22 19:57:37.176  2417  2417 D SubscriptionManager: getSimStateForSubscriber: simState=5 slotIdx=0
01-22 19:57:37.178  2864  2864 E PhoneBase: Error! registerForCallWaiting() in PhoneBase should not be called, CDMAPhone inactive.
01-22 19:57:37.187  2864  2864 D PhoneBase: setNetworkSelectionModeAutomatic - already auto, ignoring
01-22 19:57:37.191  2864  2864 D DCT     : [0]SubscriptionListener.onSubscriptionInfoChanged
01-22 19:57:37.197  2864  2864 D SubscriptionController: [getActiveSubInfoList]+
01-22 19:57:37.199  2864  2864 D SubscriptionController: selection:sim_id>=0 null
01-22 19:57:37.204  2864  2864 D SubscriptionController: [getSubInfoRecord] id:3 iccid:893315011XXXXXXXXXXX simSlotIndex:0 displayName:Free nameSource:0 iconTint:-16746133 dataRoaming:0 mcc:0 mnc:0 countIso:fr userNwMode:0
01-22 19:57:37.215  2864  2864 D SubscriptionController: [getActiveSubInfoList]- 1 infos return
01-22 19:57:37.216  2864  2864 E PhoneBase: Error! unregisterForCallWaiting() in PhoneBase should not be called, CDMAPhone inactive.
01-22 19:57:37.219  2864  2864 D SubscriptionController: [getActiveSubInfoList]+
01-22 19:57:37.220  2864  2864 D SubscriptionController: selection:sim_id>=0 null
01-22 19:57:37.227  2864  2864 D SubscriptionController: [getSubInfoRecord] id:3 iccid:893315011XXXXXXXXXXX simSlotIndex:0 displayName:Free nameSource:0 iconTint:-16746133 dataRoaming:0 mcc:0 mnc:0 countIso:fr userNwMode:0
01-22 19:57:37.230  2864  3149 D SubscriptionController: getSimStateForSlotIdx:  simState=READY ordinal=5
01-22 19:57:37.230  2417  2417 D SubscriptionManager: getSimStateForSubscriber: simState=5 slotIdx=0
01-22 19:57:37.244  2864  2864 D SubscriptionController: [getActiveSubInfoList]- 1 infos return
01-22 19:57:37.244  2864  2864 D SubscriptionController: [getActiveSubInfoForSubscriber]+ subId=3 subInfo={id=3, iccId=893315011XXXXXXXXXXX simSlotIndex=0 displayName=Free carrierName=Aucun service nameSource=0 iconTint=-16746133 dataRoaming=0 iconBitmap=android.graphics.Bitmap@ed5af5f mcc 0 mnc 0 mUserNwMode=0}
01-22 19:57:37.248  2864  2892 D SubscriptionController: getSimStateForSlotIdx:  simState=READY ordinal=5
01-22 19:57:37.249  2417  2417 D SubscriptionManager: getSimStateForSubscriber: simState=5 slotIdx=0
01-22 19:57:37.278  2864  2864 E PhoneBase: Error! registerForCallWaiting() in PhoneBase should not be called, CDMAPhone inactive.
01-22 19:57:37.291  2864  2864 D GsmSST  : [GsmSST] SubscriptionListener.onSubscriptionInfoChanged
01-22 19:57:37.291  2864  2864 D DctController: handleMessage msg={ when=-424ms what=107 target=com.android.internal.telephony.dataconnection.DctController }
01-22 19:57:37.291  2864  2864 D DctController: onSubInfoReady mPhoneNum=1
01-22 19:57:37.291  2864  2864 D DctController: onSubInfoReady handle pending requests subId=3
01-22 19:57:37.291  2864  2864 D DctController: [TNF 3]evalPendingRequest, pending request size is 1
01-22 19:57:37.291  2864  2864 D DctController: [TNF 3]evalPendingRequest: request = NetworkRequest [ id=1, legacyType=-1, [ Capabilities: INTERNET&NOT_RESTRICTED&TRUSTED&NOT_VPN] ]
01-22 19:57:37.291  2864  2864 D DctController: [TNF 3]Cellular needs Network for NetworkRequest [ id=1, legacyType=-1, [ Capabilities: INTERNET&NOT_RESTRICTED&TRUSTED&NOT_VPN] ]
01-22 19:57:37.292  2864  2864 D DctController: requestNetwork request=NetworkRequest [ id=1, legacyType=-1, [ Capabilities: INTERNET&NOT_RESTRICTED&TRUSTED&NOT_VPN] ], priority=0
01-22 19:57:37.292  2864  2864 D DctController: processRequests
01-22 19:57:37.292  2864  2864 D DctController: processRequests
01-22 19:57:37.333  2864  3166 D SubscriptionController: [getActiveSubInfoList]- 1 infos return
01-22 19:57:37.341  2864  2864 D DctController: handleMessage msg={ when=-269ms what=107 target=com.android.internal.telephony.dataconnection.DctController }
01-22 19:57:37.341  2864  2864 D DctController: onSubInfoReady mPhoneNum=1
01-22 19:57:37.341  2864  2864 D DctController: onSubInfoReady handle pending requests subId=3
01-22 19:57:37.341  2864  2864 D DctController: [TNF 3]evalPendingRequest, pending request size is 0
01-22 19:57:37.341  2864  2864 D DctController: processRequests
01-22 19:57:37.372  2864  2864 D DctController: handleMessage msg={ when=-175ms what=107 target=com.android.internal.telephony.dataconnection.DctController }
01-22 19:57:37.372  2864  2864 D DctController: onSubInfoReady mPhoneNum=1
01-22 19:57:37.372  2864  2864 D DctController: onSubInfoReady handle pending requests subId=3
01-22 19:57:37.372  2864  2864 D DctController: [TNF 3]evalPendingRequest, pending request size is 0
01-22 19:57:37.372  2864  2864 D DctController: processRequests
01-22 19:57:37.437  2864  2864 D DctController: handleMessage msg={ when=-145ms what=100 target=com.android.internal.telephony.dataconnection.DctController }
01-22 19:57:37.444  2864  2864 D DcSwitchAsyncChannel: [DcSwitchAsyncChannel-0]: rspIsIdle=true
01-22 19:57:37.444  2864  2864 D DctController: getTopPriorityRequestPhoneId requestInfo=[ request=NetworkRequest [ id=1, legacyType=-1, [ Capabilities: INTERNET&NOT_RESTRICTED&TRUSTED&NOT_VPN] ], executedPhoneId=-1, priority=0]
01-22 19:57:37.445  2864  2864 D DcSwitchAsyncChannel: [DcSwitchAsyncChannel-0]: rspIsIdle=true
01-22 19:57:37.445  2864  2864 D DctController: onProcessRequest requestedPhoneId=0, activePhoneId=-1
01-22 19:57:37.445  2864  2864 D DctController: handleMessage msg={ when=-153ms what=100 target=com.android.internal.telephony.dataconnection.DctController }
01-22 19:57:37.446  2864  3040 D DcSwitchSM: [DcSwitchStateMachine-0] IdleState: REQ_CONNECT, apnRequest=[ request=NetworkRequest [ id=1, legacyType=-1, [ Capabilities: INTERNET&NOT_RESTRICTED&TRUSTED&NOT_VPN] ], executedPhoneId=-1, priority=0]
01-22 19:57:37.446  2864  3040 D DcSwitchSM: [DcSwitchStateMachine-0] AttachingState: enter
01-22 19:57:37.446  2864  3040 D RILJ    : [3744]> RIL_REQUEST_ALLOW_DATA allowed: true [SUB0]
01-22 19:57:37.447  2864  2864 D DcSwitchAsyncChannel: [DcSwitchAsyncChannel-0]: rspIsIdle=false
01-22 19:57:37.447  2864  2864 D DctController: getTopPriorityRequestPhoneId requestInfo=[ request=NetworkRequest [ id=1, legacyType=-1, [ Capabilities: INTERNET&NOT_RESTRICTED&TRUSTED&NOT_VPN] ], executedPhoneId=-1, priority=0]
01-22 19:57:37.447  2864  2864 D DcSwitchAsyncChannel: [DcSwitchAsyncChannel-0]: rspIsIdle=false
01-22 19:57:37.447  2864  2864 D DctController: onProcessRequest requestedPhoneId=0, activePhoneId=0
01-22 19:57:37.447  2864  2864 D DctController: handleMessage msg={ when=-106ms what=100 target=com.android.internal.telephony.dataconnection.DctController }
01-22 19:57:37.448  2864  3040 D DcSwitchSM: [DcSwitchStateMachine-0] AttachingState: REQ_CONNECT, apnRequest=[ request=NetworkRequest [ id=1, legacyType=-1, [ Capabilities: INTERNET&NOT_RESTRICTED&TRUSTED&NOT_VPN] ], executedPhoneId=-1, priority=0]
01-22 19:57:37.448  2864  2864 D DcSwitchAsyncChannel: [DcSwitchAsyncChannel-0]: rspIsIdle=false
01-22 19:57:37.448  2864  2864 D DctController: getTopPriorityRequestPhoneId requestInfo=[ request=NetworkRequest [ id=1, legacyType=-1, [ Capabilities: INTERNET&NOT_RESTRICTED&TRUSTED&NOT_VPN] ], executedPhoneId=-1, priority=0]
01-22 19:57:37.448  1955  1975 D use-Rlog/RLOG-RIL: 1 RIL request in the queue (1 pending, 0 handled, 0 unhandled)
01-22 19:57:37.448  1955  2216 D use-Rlog/RLOG-RIL: Unhandled RIL request: 123
01-22 19:57:37.448  1955  2216 D use-Rlog/RLOG-RIL: 0 RIL request in the queue (0 pending, 0 handled, 0 unhandled)
01-22 19:57:37.448  2864  2967 D RilRequest: [3744]< RIL_REQUEST_ALLOW_DATA error: com.android.internal.telephony.CommandException: REQUEST_NOT_SUPPORTED ret=
01-22 19:57:37.449  2864  3040 D DcSwitchSM: [DcSwitchStateMachine-0] DataAllowedState: enter
01-22 19:57:37.449  2864  2864 D DcSwitchAsyncChannel: [DcSwitchAsyncChannel-0]: rspIsIdle=false
01-22 19:57:37.450  2864  2864 D DctController: onProcessRequest requestedPhoneId=0, activePhoneId=0
01-22 19:57:37.450  2864  2864 D DctController: handleMessage msg={ when=-77ms what=100 target=com.android.internal.telephony.dataconnection.DctController }
01-22 19:57:37.450  2864  3040 D DcSwitchSM: [DcSwitchStateMachine-0] AttachingState: REQ_CONNECT, apnRequest=[ request=NetworkRequest [ id=1, legacyType=-1, [ Capabilities: INTERNET&NOT_RESTRICTED&TRUSTED&NOT_VPN] ], executedPhoneId=-1, priority=0]
01-22 19:57:37.459  2864  2864 D DcSwitchAsyncChannel: [DcSwitchAsyncChannel-0]: rspIsIdle=false
01-22 19:57:37.459  2864  2864 D DctController: getTopPriorityRequestPhoneId requestInfo=[ request=NetworkRequest [ id=1, legacyType=-1, [ Capabilities: INTERNET&NOT_RESTRICTED&TRUSTED&NOT_VPN] ], executedPhoneId=-1, priority=0]
01-22 19:57:37.460  2864  2864 D DcSwitchAsyncChannel: [DcSwitchAsyncChannel-0]: rspIsIdle=false
01-22 19:57:37.460  2864  2864 D DctController: onProcessRequest requestedPhoneId=0, activePhoneId=0
01-22 19:57:37.460  2864  3040 D DcSwitchSM: [DcSwitchStateMachine-0] AttachingState: REQ_CONNECT, apnRequest=[ request=NetworkRequest [ id=1, legacyType=-1, [ Capabilities: INTERNET&NOT_RESTRICTED&TRUSTED&NOT_VPN] ], executedPhoneId=-1, priority=0]
01-22 19:57:37.607  2864  3125 D DCT     : [0]fetchDunApn: net.tethering.noprovisioning=true ret: null
01-22 19:57:37.607  2864  3125 D DCT     : [0]hasMatchedTetherApnSetting: APN=null
01-22 19:57:37.708  2864  3149 D SubscriptionController: [getActiveSubInfoList]+
01-22 19:57:37.708  2864  3149 D SubscriptionController: selection:sim_id>=0 null
01-22 19:57:37.716  2864  3149 D SubscriptionController: [getSubInfoRecord] id:3 iccid:893315011XXXXXXXXXXX simSlotIndex:0 displayName:Free nameSource:0 iconTint:-16746133 dataRoaming:0 mcc:0 mnc:0 countIso:fr userNwMode:0
01-22 19:57:37.719  2864  3149 D SubscriptionController: [getActiveSubInfoList]- 1 infos return
01-22 19:57:37.721  2864  3125 D SubscriptionController: getSimStateForSlotIdx:  simState=READY ordinal=5
01-22 19:57:37.721  2417  2417 D SubscriptionManager: getSimStateForSubscriber: simState=5 slotIdx=0
01-22 19:57:37.723  2864  3166 D SubscriptionController: [getActiveSubInfoList]+
01-22 19:57:37.723  2864  3166 D SubscriptionController: selection:sim_id>=0 null
01-22 19:57:37.728  2864  3166 D SubscriptionController: [getSubInfoRecord] id:3 iccid:893315011XXXXXXXXXXX simSlotIndex:0 displayName:Free nameSource:0 iconTint:-16746133 dataRoaming:0 mcc:0 mnc:0 countIso:fr userNwMode:0
01-22 19:57:37.735  2864  3166 D SubscriptionController: [getActiveSubInfoList]- 1 infos return
01-22 19:57:37.737  2864  3077 D SubscriptionController: getSimStateForSlotIdx:  simState=READY ordinal=5
01-22 19:57:37.737  2417  2417 D SubscriptionManager: getSimStateForSubscriber: simState=5 slotIdx=0
01-22 19:57:37.782  2864  2890 D SubscriptionController: [getActiveSubInfoList]+
01-22 19:57:37.783  2864  2890 D SubscriptionController: selection:sim_id>=0 null
01-22 19:57:37.789  2864  2890 D SubscriptionController: [getSubInfoRecord] id:3 iccid:893315011XXXXXXXXXXX simSlotIndex:0 displayName:Free nameSource:0 iconTint:-16746133 dataRoaming:0 mcc:0 mnc:0 countIso:fr userNwMode:0
01-22 19:57:37.792  2864  2890 D SubscriptionController: [getActiveSubInfoList]- 1 infos return
01-22 19:57:37.877  2864  3166 D SubscriptionController: [getActiveSubInfoList]+
01-22 19:57:37.877  2864  3166 D SubscriptionController: selection:sim_id>=0 null
01-22 19:57:37.885  2864  3166 D SubscriptionController: [getSubInfoRecord] id:3 iccid:893315011XXXXXXXXXXX simSlotIndex:0 displayName:Free nameSource:0 iconTint:-16746133 dataRoaming:0 mcc:0 mnc:0 countIso:fr userNwMode:0
01-22 19:57:37.887  2864  3166 D SubscriptionController: [getActiveSubInfoList]- 1 infos return
01-22 19:57:37.889  2864  3077 D SubscriptionController: getSimStateForSlotIdx:  simState=READY ordinal=5
01-22 19:57:37.889  2417  2417 D SubscriptionManager: getSimStateForSubscriber: simState=5 slotIdx=0
01-22 19:57:37.892  2864  2890 D SubscriptionController: [getActiveSubInfoList]+
01-22 19:57:37.893  2864  2890 D SubscriptionController: selection:sim_id>=0 null
01-22 19:57:37.903  2864  2890 D SubscriptionController: [getSubInfoRecord] id:3 iccid:893315011XXXXXXXXXXX simSlotIndex:0 displayName:Free nameSource:0 iconTint:-16746133 dataRoaming:0 mcc:0 mnc:0 countIso:fr userNwMode:0
01-22 19:57:37.905  2864  2890 D SubscriptionController: [getActiveSubInfoList]- 1 infos return
01-22 19:57:37.907  2864  2892 D SubscriptionController: getSimStateForSlotIdx:  simState=READY ordinal=5
01-22 19:57:37.907  2417  2417 D SubscriptionManager: getSimStateForSubscriber: simState=5 slotIdx=0
01-22 19:57:37.911  1955  2212 D use-Rlog/RLOG-RIL-IPC: 
01-22 19:57:37.911  1955  2212 D use-Rlog/RLOG-RIL-IPC: xmm626_sec_modem_fmt_recv: Received FMT message
01-22 19:57:37.911  1955  2212 D use-Rlog/RLOG-RIL-IPC: xmm626_sec_modem_fmt_recv: Message: aseq=0xff, command=IPC_NET_REGIST, type=IPC_TYPE_NOTI, size=11
01-22 19:57:37.911  1955  2212 D use-Rlog/RLOG-RIL-IPC: ================================= IPC FMT data =================================
01-22 19:57:37.911  1955  2212 D use-Rlog/RLOG-RIL-IPC: [0000]   04 02 02 01 8F 0F 69 99  55 03 00                  ......i. U..
01-22 19:57:37.911  1955  2212 D use-Rlog/RLOG-RIL-IPC: ================================================================================
01-22 19:57:37.911  1955  2212 D use-Rlog/RLOG-RIL-IPC: 
01-22 19:57:37.911  1955  2212 D use-Rlog/RLOG-RIL-IPC: xmm626_sec_modem_fmt_recv: Received FMT message
01-22 19:57:37.911  1955  2212 D use-Rlog/RLOG-RIL-IPC: xmm626_sec_modem_fmt_recv: Message: aseq=0xff, command=IPC_NET_REGIST, type=IPC_TYPE_NOTI, size=11
01-22 19:57:37.911  1955  2212 D use-Rlog/RLOG-RIL-IPC: ================================= IPC FMT data =================================
01-22 19:57:37.911  1955  2212 D use-Rlog/RLOG-RIL-IPC: [0000]   04 03 02 01 8F 0F 69 99  55 03 00                  ......i. U..
01-22 19:57:37.911  1955  2212 D use-Rlog/RLOG-RIL-IPC: ================================================================================
01-22 19:57:37.911  1955  2212 D use-Rlog/RLOG-RIL-IPC: 
01-22 19:57:37.911  1955  2212 D use-Rlog/RLOG-RIL-IPC: xmm626_sec_modem_fmt_recv: Received FMT message
01-22 19:57:37.911  1955  2212 D use-Rlog/RLOG-RIL-IPC: xmm626_sec_modem_fmt_recv: Message: aseq=0x00, command=IPC_NET_SERVING_NETWORK, type=IPC_TYPE_NOTI, size=11
01-22 19:57:37.911  1955  2212 D use-Rlog/RLOG-RIL-IPC: ================================= IPC FMT data =================================
01-22 19:57:37.911  1955  2212 D use-Rlog/RLOG-RIL-IPC: [0000]   02 02 04 32 30 38 31 35  23 8F 0F                  ...20815 #..
01-22 19:57:37.911  1955  2212 D use-Rlog/RLOG-RIL-IPC: ================================================================================
01-22 19:57:37.912  2864  2967 D RILJ    : [UNSL]< UNSOL_RESPONSE_VOICE_NETWORK_STATE_CHANGED [SUB0]
01-22 19:57:37.912  2864  2967 D RILJ    : [UNSL]< UNSOL_RESPONSE_VOICE_NETWORK_STATE_CHANGED [SUB0]
01-22 19:57:37.912  2864  2967 D RILJ    : [UNSL]< UNSOL_RESPONSE_VOICE_NETWORK_STATE_CHANGED [SUB0]
01-22 19:57:37.912  2864  2864 D RILJ    : [3745]> OPERATOR [SUB0]
01-22 19:57:37.913  2864  2864 D RILJ    : [3746]> DATA_REGISTRATION_STATE [SUB0]
01-22 19:57:37.914  1955  1975 D use-Rlog/RLOG-RIL: 1 RIL request in the queue (1 pending, 0 handled, 0 unhandled)
01-22 19:57:37.914  1955  1975 D use-Rlog/RLOG-RIL: 3 RIL requests data in the queue
01-22 19:57:37.914  1955  2216 D use-Rlog/RLOG-RIL: 0 RIL request in the queue (0 pending, 0 handled, 0 unhandled)
01-22 19:57:37.914  1955  2216 D use-Rlog/RLOG-RIL: 2 RIL requests data in the queue
01-22 19:57:37.914  2864  2967 D RILJ    : [3745]< OPERATOR {Free Mobile, Free Mobile, 20815} [SUB0]
01-22 19:57:37.914  2864  2864 D RILJ    : [3747]> VOICE_REGISTRATION_STATE [SUB0]
01-22 19:57:37.915  1955  1975 D use-Rlog/RLOG-RIL: 1 RIL request in the queue (1 pending, 0 handled, 0 unhandled)
01-22 19:57:37.915  1955  1975 D use-Rlog/RLOG-RIL: 2 RIL requests data in the queue
01-22 19:57:37.915  1955  2216 D use-Rlog/RLOG-RIL: 0 RIL request in the queue (0 pending, 0 handled, 0 unhandled)
01-22 19:57:37.915  1955  2216 D use-Rlog/RLOG-RIL: 1 RIL request data in the queue
01-22 19:57:37.915  2864  2864 D RILJ    : [3748]> QUERY_NETWORK_SELECTION_MODE [SUB0]
01-22 19:57:37.915  1955  1975 D use-Rlog/RLOG-RIL: 1 RIL request in the queue (1 pending, 0 handled, 0 unhandled)
01-22 19:57:37.915  1955  1975 D use-Rlog/RLOG-RIL: 1 RIL request data in the queue
01-22 19:57:37.915  1955  2216 D use-Rlog/RLOG-RIL: 0 RIL request in the queue (0 pending, 0 handled, 0 unhandled)
01-22 19:57:37.916  2864  2864 D RILJ    : [3749]> OPERATOR [SUB0]
01-22 19:57:37.916  1955  1975 D use-Rlog/RLOG-RIL: 1 RIL request in the queue (1 pending, 0 handled, 0 unhandled)
01-22 19:57:37.916  1955  2216 D use-Rlog/RLOG-RIL-IPC: 
01-22 19:57:37.916  1955  2216 D use-Rlog/RLOG-RIL-IPC: xmm626_sec_modem_fmt_send: Sent FMT message
01-22 19:57:37.916  1955  2216 D use-Rlog/RLOG-RIL-IPC: xmm626_sec_modem_fmt_send: Message: mseq=0x4c, command=IPC_NET_PLMN_SEL, type=IPC_TYPE_GET, size=0
01-22 19:57:37.917  2864  2864 D RILJ    : [3750]> DATA_REGISTRATION_STATE [SUB0]
01-22 19:57:37.917  1955  1975 D use-Rlog/RLOG-RIL: 2 RIL requests in the queue (1 pending, 1 handled, 0 unhandled)
01-22 19:57:37.917  1955  2216 D use-Rlog/RLOG-RIL-IPC: 
01-22 19:57:37.917  1955  2216 D use-Rlog/RLOG-RIL-IPC: xmm626_sec_modem_fmt_send: Sent FMT message
01-22 19:57:37.917  1955  2216 D use-Rlog/RLOG-RIL-IPC: xmm626_sec_modem_fmt_send: Message: mseq=0x4d, command=IPC_NET_SERVING_NETWORK, type=IPC_TYPE_GET, size=0
01-22 19:57:37.917  2864  2864 D RILJ    : [3751]> VOICE_REGISTRATION_STATE [SUB0]
01-22 19:57:37.918  1955  1975 D use-Rlog/RLOG-RIL: 3 RIL requests in the queue (1 pending, 2 handled, 0 unhandled)
01-22 19:57:37.918  1955  2216 D use-Rlog/RLOG-RIL-IPC: 
01-22 19:57:37.918  1955  2216 D use-Rlog/RLOG-RIL-IPC: xmm626_sec_modem_fmt_send: Sent FMT message
01-22 19:57:37.918  1955  2216 D use-Rlog/RLOG-RIL-IPC: xmm626_sec_modem_fmt_send: Message: mseq=0x4e, command=IPC_NET_REGIST, type=IPC_TYPE_GET, size=2
01-22 19:57:37.918  1955  2216 D use-Rlog/RLOG-RIL-IPC: ================================= IPC FMT data =================================
01-22 19:57:37.918  1955  2216 D use-Rlog/RLOG-RIL-IPC: [0000]   FF 03                                              ..
01-22 19:57:37.918  1955  2216 D use-Rlog/RLOG-RIL-IPC: ================================================================================
01-22 19:57:37.918  1955  2212 D use-Rlog/RLOG-RIL-IPC: 
01-22 19:57:37.919  1955  2212 D use-Rlog/RLOG-RIL-IPC: xmm626_sec_modem_fmt_recv: Received FMT message
01-22 19:57:37.919  1955  2212 D use-Rlog/RLOG-RIL-IPC: xmm626_sec_modem_fmt_recv: Message: aseq=0x4c, command=IPC_NET_PLMN_SEL, type=IPC_TYPE_RESP, size=1
01-22 19:57:37.919  1955  2212 D use-Rlog/RLOG-RIL-IPC: ================================= IPC FMT data =================================
01-22 19:57:37.919  1955  2212 D use-Rlog/RLOG-RIL-IPC: [0000]   02                                                 .
01-22 19:57:37.919  1955  2212 D use-Rlog/RLOG-RIL-IPC: ================================================================================
01-22 19:57:37.919  1955  2212 D use-Rlog/RLOG-RIL: 2 RIL requests in the queue (0 pending, 2 handled, 0 unhandled)
01-22 19:57:37.919  2864  2864 D RILJ    : [3752]> QUERY_NETWORK_SELECTION_MODE [SUB0]
01-22 19:57:37.919  1955  1975 D use-Rlog/RLOG-RIL: 3 RIL requests in the queue (1 pending, 2 handled, 0 unhandled)
01-22 19:57:37.919  1955  2216 D use-Rlog/RLOG-RIL-IPC: 
01-22 19:57:37.919  1955  2216 D use-Rlog/RLOG-RIL-IPC: xmm626_sec_modem_fmt_send: Sent FMT message
01-22 19:57:37.919  1955  2216 D use-Rlog/RLOG-RIL-IPC: xmm626_sec_modem_fmt_send: Message: mseq=0x4f, command=IPC_NET_REGIST, type=IPC_TYPE_GET, size=2
01-22 19:57:37.919  1955  2216 D use-Rlog/RLOG-RIL-IPC: ================================= IPC FMT data =================================
01-22 19:57:37.919  1955  2216 D use-Rlog/RLOG-RIL-IPC: [0000]   FF 02                                              ..
01-22 19:57:37.920  1955  2216 D use-Rlog/RLOG-RIL-IPC: ================================================================================
01-22 19:57:37.920  1955  2212 D use-Rlog/RLOG-RIL-IPC: 
01-22 19:57:37.920  1955  2212 D use-Rlog/RLOG-RIL-IPC: xmm626_sec_modem_fmt_recv: Received FMT message
01-22 19:57:37.920  1955  2212 D use-Rlog/RLOG-RIL-IPC: xmm626_sec_modem_fmt_recv: Message: aseq=0x4d, command=IPC_NET_SERVING_NETWORK, type=IPC_TYPE_RESP, size=11
01-22 19:57:37.920  1955  2212 D use-Rlog/RLOG-RIL-IPC: ================================= IPC FMT data =================================
01-22 19:57:37.920  1955  2212 D use-Rlog/RLOG-RIL-IPC: [0000]   02 02 04 32 30 38 31 35  23 8F 0F                  ...20815 #..
01-22 19:57:37.920  1955  2212 D use-Rlog/RLOG-RIL-IPC: ================================================================================
01-22 19:57:37.920  1955  2212 D use-Rlog/RLOG-RIL: 2 RIL requests in the queue (0 pending, 2 handled, 0 unhandled)
01-22 19:57:37.920  2864  2864 D RILJ    : [3753]> OPERATOR [SUB0]
01-22 19:57:37.921  1955  1975 D use-Rlog/RLOG-RIL: 3 RIL requests in the queue (1 pending, 2 handled, 0 unhandled)
01-22 19:57:37.921  1955  2216 D use-Rlog/RLOG-RIL-IPC: 
01-22 19:57:37.921  1955  2216 D use-Rlog/RLOG-RIL-IPC: xmm626_sec_modem_fmt_send: Sent FMT message
01-22 19:57:37.921  1955  2216 D use-Rlog/RLOG-RIL-IPC: xmm626_sec_modem_fmt_send: Message: mseq=0x50, command=IPC_NET_PLMN_SEL, type=IPC_TYPE_GET, size=0
01-22 19:57:37.921  1955  2212 D use-Rlog/RLOG-RIL-IPC: 
01-22 19:57:37.921  1955  2212 D use-Rlog/RLOG-RIL-IPC: xmm626_sec_modem_fmt_recv: Received FMT message
01-22 19:57:37.921  1955  2212 D use-Rlog/RLOG-RIL-IPC: xmm626_sec_modem_fmt_recv: Message: aseq=0x4e, command=IPC_NET_REGIST, type=IPC_TYPE_RESP, size=11
01-22 19:57:37.921  1955  2212 D use-Rlog/RLOG-RIL-IPC: ================================= IPC FMT data =================================
01-22 19:57:37.922  1955  2212 D use-Rlog/RLOG-RIL-IPC: [0000]   04 03 02 01 8F 0F 69 99  55 03 00                  ......i. U..
01-22 19:57:37.922  1955  2212 D use-Rlog/RLOG-RIL-IPC: ================================================================================
01-22 19:57:37.922  1955  2212 D use-Rlog/RLOG-RIL: 2 RIL requests in the queue (0 pending, 2 handled, 0 unhandled)
01-22 19:57:37.922  2864  2864 D RILJ    : [3754]> DATA_REGISTRATION_STATE [SUB0]
01-22 19:57:37.922  1955  1975 D use-Rlog/RLOG-RIL: 3 RIL requests in the queue (1 pending, 2 handled, 0 unhandled)
01-22 19:57:37.922  1955  2216 D use-Rlog/RLOG-RIL-IPC: 
01-22 19:57:37.922  1955  2216 D use-Rlog/RLOG-RIL-IPC: xmm626_sec_modem_fmt_send: Sent FMT message
01-22 19:57:37.922  1955  2216 D use-Rlog/RLOG-RIL-IPC: xmm626_sec_modem_fmt_send: Message: mseq=0x51, command=IPC_NET_SERVING_NETWORK, type=IPC_TYPE_GET, size=0
01-22 19:57:37.923  2864  2864 D RILJ    : [3755]> VOICE_REGISTRATION_STATE [SUB0]
01-22 19:57:37.923  1955  1975 D use-Rlog/RLOG-RIL: 4 RIL requests in the queue (1 pending, 3 handled, 0 unhandled)
01-22 19:57:37.923  1955  2216 D use-Rlog/RLOG-RIL-IPC: 
01-22 19:57:37.923  1955  2216 D use-Rlog/RLOG-RIL-IPC: xmm626_sec_modem_fmt_send: Sent FMT message
01-22 19:57:37.923  1955  2216 D use-Rlog/RLOG-RIL-IPC: xmm626_sec_modem_fmt_send: Message: mseq=0x52, command=IPC_NET_REGIST, type=IPC_TYPE_GET, size=2
01-22 19:57:37.923  1955  2216 D use-Rlog/RLOG-RIL-IPC: ================================= IPC FMT data =================================
01-22 19:57:37.923  1955  2216 D use-Rlog/RLOG-RIL-IPC: [0000]   FF 03                                              ..
01-22 19:57:37.923  1955  2216 D use-Rlog/RLOG-RIL-IPC: ================================================================================
01-22 19:57:37.923  2864  2864 D RILJ    : [3756]> QUERY_NETWORK_SELECTION_MODE [SUB0]
01-22 19:57:37.924  1955  1975 D use-Rlog/RLOG-RIL: 5 RIL requests in the queue (1 pending, 4 handled, 0 unhandled)
01-22 19:57:37.924  1955  2212 D use-Rlog/RLOG-RIL-IPC: 
01-22 19:57:37.924  1955  2212 D use-Rlog/RLOG-RIL-IPC: xmm626_sec_modem_fmt_recv: Received FMT message
01-22 19:57:37.924  1955  2212 D use-Rlog/RLOG-RIL-IPC: xmm626_sec_modem_fmt_recv: Message: aseq=0x4f, command=IPC_NET_REGIST, type=IPC_TYPE_RESP, size=11
01-22 19:57:37.924  1955  2212 D use-Rlog/RLOG-RIL-IPC: ================================= IPC FMT data =================================
01-22 19:57:37.924  1955  2212 D use-Rlog/RLOG-RIL-IPC: [0000]   04 02 02 01 8F 0F 69 99  55 03 00                  ......i. U..
01-22 19:57:37.924  1955  2212 D use-Rlog/RLOG-RIL-IPC: ================================================================================
01-22 19:57:37.924  1955  2212 D use-Rlog/RLOG-RIL: 4 RIL requests in the queue (0 pending, 3 handled, 1 unhandled)
01-22 19:57:37.924  1955  2216 D use-Rlog/RLOG-RIL-IPC: 
01-22 19:57:37.924  1955  2216 D use-Rlog/RLOG-RIL-IPC: xmm626_sec_modem_fmt_send: Sent FMT message
01-22 19:57:37.924  1955  2216 D use-Rlog/RLOG-RIL-IPC: xmm626_sec_modem_fmt_send: Message: mseq=0x53, command=IPC_NET_REGIST, type=IPC_TYPE_GET, size=2
01-22 19:57:37.924  1955  2216 D use-Rlog/RLOG-RIL-IPC: ================================= IPC FMT data =================================
01-22 19:57:37.924  1955  2216 D use-Rlog/RLOG-RIL-IPC: [0000]   FF 02                                              ..
01-22 19:57:37.925  1955  2216 D use-Rlog/RLOG-RIL-IPC: ================================================================================
01-22 19:57:37.925  2864  2967 D RILJ    : [3746]< DATA_REGISTRATION_STATE {1, f8f, 3559969, 9, 3} [SUB0]
01-22 19:57:37.926  2864  2967 D RILJ    : [3747]< VOICE_REGISTRATION_STATE {1, f8f, 3559969, 9, null, null, null, null, null, null, null, null, null, null, null} [SUB0]
01-22 19:57:37.926  2864  2967 D RILJ    : [3748]< QUERY_NETWORK_SELECTION_MODE {0} [SUB0]
01-22 19:57:37.926  2864  2967 D RILJ    : [3749]< OPERATOR {Free Mobile, Free Mobile, 20815} [SUB0]
01-22 19:57:37.926  2864  2967 D RILJ    : [3750]< DATA_REGISTRATION_STATE {1, f8f, 3559969, 9, 3} [SUB0]
01-22 19:57:37.926  2864  2967 D RILJ    : [3751]< VOICE_REGISTRATION_STATE {1, f8f, 3559969, 9, null, null, null, null, null, null, null, null, null, null, null} [SUB0]
01-22 19:57:37.926  1955  2212 D use-Rlog/RLOG-RIL-IPC: 
01-22 19:57:37.926  1955  2212 D use-Rlog/RLOG-RIL-IPC: xmm626_sec_modem_fmt_recv: Received FMT message
01-22 19:57:37.926  1955  2212 D use-Rlog/RLOG-RIL-IPC: xmm626_sec_modem_fmt_recv: Message: aseq=0x50, command=IPC_NET_PLMN_SEL, type=IPC_TYPE_RESP, size=1
01-22 19:57:37.927  1955  2212 D use-Rlog/RLOG-RIL-IPC: ================================= IPC FMT data =================================
01-22 19:57:37.927  1955  2212 D use-Rlog/RLOG-RIL-IPC: [0000]   02                                                 .
01-22 19:57:37.927  1955  2212 D use-Rlog/RLOG-RIL-IPC: ================================================================================
01-22 19:57:37.927  1955  2212 D use-Rlog/RLOG-RIL: 3 RIL requests in the queue (0 pending, 3 handled, 0 unhandled)
01-22 19:57:37.927  2864  2967 D RILJ    : [3752]< QUERY_NETWORK_SELECTION_MODE {0} [SUB0]
01-22 19:57:37.928  1955  1975 D use-Rlog/RLOG-RIL: 4 RIL requests in the queue (1 pending, 3 handled, 0 unhandled)
01-22 19:57:37.928  1955  2216 D use-Rlog/RLOG-RIL-IPC: 
01-22 19:57:37.928  1955  2216 D use-Rlog/RLOG-RIL-IPC: xmm626_sec_modem_fmt_send: Sent FMT message
01-22 19:57:37.928  1955  2216 D use-Rlog/RLOG-RIL-IPC: xmm626_sec_modem_fmt_send: Message: mseq=0x54, command=IPC_NET_PLMN_SEL, type=IPC_TYPE_GET, size=0
01-22 19:57:37.928  1955  2212 D use-Rlog/RLOG-RIL-IPC: 
01-22 19:57:37.928  1955  2212 D use-Rlog/RLOG-RIL-IPC: xmm626_sec_modem_fmt_recv: Received FMT message
01-22 19:57:37.928  1955  2212 D use-Rlog/RLOG-RIL-IPC: xmm626_sec_modem_fmt_recv: Message: aseq=0x51, command=IPC_NET_SERVING_NETWORK, type=IPC_TYPE_RESP, size=11
01-22 19:57:37.928  1955  2212 D use-Rlog/RLOG-RIL-IPC: ================================= IPC FMT data =================================
01-22 19:57:37.928  1955  2212 D use-Rlog/RLOG-RIL-IPC: [0000]   02 02 04 32 30 38 31 35  23 8F 0F                  ...20815 #..
01-22 19:57:37.928  1955  2212 D use-Rlog/RLOG-RIL-IPC: ================================================================================
01-22 19:57:37.928  1955  2212 D use-Rlog/RLOG-RIL: 3 RIL requests in the queue (0 pending, 3 handled, 0 unhandled)
01-22 19:57:37.928  2864  2967 D RILJ    : [3753]< OPERATOR {Free Mobile, Free Mobile, 20815} [SUB0]
01-22 19:57:37.939  1955  2212 D use-Rlog/RLOG-RIL-IPC: 
01-22 19:57:37.939  1955  2212 D use-Rlog/RLOG-RIL-IPC: xmm626_sec_modem_fmt_recv: Received FMT message
01-22 19:57:37.939  1955  2212 D use-Rlog/RLOG-RIL-IPC: xmm626_sec_modem_fmt_recv: Message: aseq=0x52, command=IPC_NET_REGIST, type=IPC_TYPE_RESP, size=11
01-22 19:57:37.939  1955  2212 D use-Rlog/RLOG-RIL-IPC: ================================= IPC FMT data =================================
01-22 19:57:37.939  1955  2212 D use-Rlog/RLOG-RIL-IPC: [0000]   04 03 02 01 8F 0F 69 99  55 03 00                  ......i. U..
01-22 19:57:37.939  1955  2212 D use-Rlog/RLOG-RIL-IPC: ================================================================================
01-22 19:57:37.940  1955  2212 D use-Rlog/RLOG-RIL: 2 RIL requests in the queue (0 pending, 2 handled, 0 unhandled)
01-22 19:57:37.940  1955  2212 D use-Rlog/RLOG-RIL-IPC: 
01-22 19:57:37.940  1955  2212 D use-Rlog/RLOG-RIL-IPC: xmm626_sec_modem_fmt_recv: Received FMT message
01-22 19:57:37.940  1955  2212 D use-Rlog/RLOG-RIL-IPC: xmm626_sec_modem_fmt_recv: Message: aseq=0x53, command=IPC_NET_REGIST, type=IPC_TYPE_RESP, size=11
01-22 19:57:37.940  1955  2212 D use-Rlog/RLOG-RIL-IPC: ================================= IPC FMT data =================================
01-22 19:57:37.940  1955  2212 D use-Rlog/RLOG-RIL-IPC: [0000]   04 02 02 01 8F 0F 69 99  55 03 00                  ......i. U..
01-22 19:57:37.940  1955  2212 D use-Rlog/RLOG-RIL-IPC: ================================================================================
01-22 19:57:37.940  1955  2212 D use-Rlog/RLOG-RIL: 1 RIL request in the queue (0 pending, 1 handled, 0 unhandled)
01-22 19:57:37.940  1955  2212 D use-Rlog/RLOG-RIL-IPC: 
01-22 19:57:37.940  1955  2212 D use-Rlog/RLOG-RIL-IPC: xmm626_sec_modem_fmt_recv: Received FMT message
01-22 19:57:37.940  1955  2212 D use-Rlog/RLOG-RIL-IPC: xmm626_sec_modem_fmt_recv: Message: aseq=0x54, command=IPC_NET_PLMN_SEL, type=IPC_TYPE_RESP, size=1
01-22 19:57:37.940  1955  2212 D use-Rlog/RLOG-RIL-IPC: ================================= IPC FMT data =================================
01-22 19:57:37.940  1955  2212 D use-Rlog/RLOG-RIL-IPC: [0000]   02                                                 .
01-22 19:57:37.940  1955  2212 D use-Rlog/RLOG-RIL-IPC: ================================================================================
01-22 19:57:37.940  1955  2212 D use-Rlog/RLOG-RIL: 0 RIL request in the queue (0 pending, 0 handled, 0 unhandled)
01-22 19:57:37.940  2864  2967 D RILJ    : [3754]< DATA_REGISTRATION_STATE {1, f8f, 3559969, 9, 3} [SUB0]
01-22 19:57:37.941  2864  2967 D RILJ    : [3755]< VOICE_REGISTRATION_STATE {1, f8f, 3559969, 9, null, null, null, null, null, null, null, null, null, null, null} [SUB0]
01-22 19:57:37.941  2864  2967 D RILJ    : [3756]< QUERY_NETWORK_SELECTION_MODE {0} [SUB0]
01-22 19:57:37.941  2864  2864 D PHONE   : [ServiceState] setDataRegState=0
01-22 19:57:37.941  2864  2864 D PHONE   : [ServiceState] setDataRadioTechnology=9
01-22 19:57:37.941  2864  2864 D GsmSST  : [GsmSST] handlPollStateResultMessage: GsmSST setDataRegState=0 regState=1 dataRadioTechnology=9
01-22 19:57:37.941  2864  2864 D PHONE   : [ServiceState] setVoiceRegState=0
01-22 19:57:37.941  2864  2864 E PHONE   : [ServiceState] setState deprecated use setVoiceRegState()
01-22 19:57:37.947  2864  2864 D GsmSST  : [GsmSST] Poll ServiceState done:  oldSS=[1 1 voice home data home null null 00000 null null 00000  Unknown Unknown CSS not supported -1 -1 RoamInd=-1 DefRoamInd=-1 EmergOnly=false IsDataRoamingFromRegistration=false] newSS=[0 0 voice home data home Free Mobile Free Mobile 20815 Free Mobile Free Mobile 20815  HSDPA HSDPA CSS not supported -1 -1 RoamInd=-1 DefRoamInd=-1 EmergOnly=false IsDataRoamingFromRegistration=false] oldMaxDataCalls=1 mNewMaxDataCalls=1 oldReasonDataDenied=-1 mNewReasonDataDenied=-1
01-22 19:57:37.947  2864  2864 D GsmSST  : [GsmSST] RAT switched Unknown -> HSDPA at cell 55941481
01-22 19:57:37.947  2864  2864 D PHONE   : [ServiceState] setNullState=1
01-22 19:57:37.948  2864  2864 D PhoneProxy: [PhoneProxy] updatePhoneObject: radioTechnology=9
01-22 19:57:37.948  2864  2864 D TelephonyManager: setTelephonyProperty: success phoneId=0 property=gsm.network.type value: HSDPA propVal=HSDPA
01-22 19:57:37.950  2864  2864 D GsmSST  : [GsmSST] pollStateDone: registering current mNitzUpdatedTime=false changing to false
01-22 19:57:37.950  2864  2864 D SIMRecords: [SIMRecords] getServiceProviderName: no brandOverride
01-22 19:57:37.950  2864  2864 D SIMRecords: [SIMRecords] getServiceProviderName: providerName=Free
01-22 19:57:37.950  2864  2864 D SIMRecords: [SIMRecords] getServiceProviderName: no brandOverride
01-22 19:57:37.950  2864  2864 D SIMRecords: [SIMRecords] getServiceProviderName: providerName=Free
01-22 19:57:37.975  2864  2864 D GsmSST  : [GsmSST] updateSpnDisplay: changed sending intent rule=1 showPlmn='false' plmn='Free Mobile' showSpn='true' spn='Free' dataSpn='Free' subId='3'
01-22 19:57:37.979  2864  2864 D SubscriptionController: [setCarrierText]+ text:Free subId:3
01-22 19:57:37.999  2864  3125 D SubscriptionController: [getActiveSubInfoList]+
01-22 19:57:38.000  2864  3125 D SubscriptionController: selection:sim_id>=0 null
01-22 19:57:38.014  2864  2864 D SubscriptionController: notifySubscriptionInfoChanged:
01-22 19:57:38.016  2864  2864 D TelephonyManager: setTelephonyProperty: success phoneId=0 property=gsm.operator.alpha value: Free Mobile propVal=Free Mobile
01-22 19:57:38.018  2864  2864 D TelephonyManager: setTelephonyProperty: success phoneId=0 property=gsm.operator.numeric value: 20815 propVal=20815
01-22 19:57:38.018  2864  2864 D GsmSST  : [GsmSST] update mccmnc=20815 fromServiceState=true
01-22 19:57:38.020  2864  3149 D SubscriptionController: getSubscriptionProperty Query value = 1
01-22 19:57:38.024  2864  2864 D TelephonyManager: setTelephonyProperty: success phoneId=0 property=gsm.operator.iso-country value: fr propVal=fr
01-22 19:57:38.026  2864  3125 D SubscriptionController: [getSubInfoRecord] id:3 iccid:893315011XXXXXXXXXXX simSlotIndex:0 displayName:Free nameSource:0 iconTint:-16746133 dataRoaming:0 mcc:0 mnc:0 countIso:fr userNwMode:0
01-22 19:57:38.032  2864  3166 D SubscriptionController: [getActiveSubInfoList]+
01-22 19:57:38.033  2864  2864 D GsmSST  : [GsmSST] pollStateDone: no nitz but one TZ for iso-cc=fr with zone.getID=Europe/Paris testOneUniqueOffsetPath=false
01-22 19:57:38.033  2864  2864 D GsmSST  : [GsmSST] setAndBroadcastNetworkSetTimeZone: setTimeZone=Europe/Paris
01-22 19:57:38.034  2864  3166 D SubscriptionController: selection:sim_id>=0 null
01-22 19:57:38.036  2864  3125 D SubscriptionController: [getActiveSubInfoList]- 1 infos return
01-22 19:57:38.037  2864  2864 D GsmSST  : [GsmSST] setAndBroadcastNetworkSetTimeZone: call alarm.setTimeZone and broadcast zoneId=Europe/Paris
01-22 19:57:38.037  2864  2864 D GsmSST  : [GsmSST] shouldFixTimeZoneNow: retVal=true iccCardExist=true operatorNumeric=20815 mcc=208 prevOperatorNumeric=00000 prevMcc=0 needToFixTimeZone=false ltod=01-22 19:57:38.037
01-22 19:57:38.037  2864  2864 D GsmSST  : [GsmSST] pollStateDone: fix time zone zoneName='Europe/Paris' mZoneOffset=0 mZoneDst=false iso-cc='fr' iso-cc-idx=-5
01-22 19:57:38.037  2864  2864 D GsmSST  : [GsmSST] pollStateDone: using default TimeZone
01-22 19:57:38.037  2864  2864 D GsmSST  : [GsmSST] pollStateDone: zone != null zone.getID=Europe/Paris
01-22 19:57:38.037  2864  2864 D GsmSST  : [GsmSST] setAndBroadcastNetworkSetTimeZone: setTimeZone=Europe/Paris
01-22 19:57:38.038  2864  3077 D SubscriptionController: getSimStateForSlotIdx:  simState=READY ordinal=5
01-22 19:57:38.038  2417  2417 D SubscriptionManager: getSimStateForSubscriber: simState=5 slotIdx=0
01-22 19:57:38.039  2864  2864 D GsmSST  : [GsmSST] setAndBroadcastNetworkSetTimeZone: call alarm.setTimeZone and broadcast zoneId=Europe/Paris
01-22 19:57:38.039  2864  2864 D TelephonyManager: setTelephonyProperty: success phoneId=0 property=gsm.operator.isroaming value: false propVal=false
01-22 19:57:38.040  2864  2864 D GsmSST  : [GsmSST] Broadcasting ServiceState : 0 0 voice home data home Free Mobile Free Mobile 20815 Free Mobile Free Mobile 20815  HSDPA HSDPA CSS not supported -1 -1 RoamInd=-1 DefRoamInd=-1 EmergOnly=false IsDataRoamingFromRegistration=false
01-22 19:57:38.040  2864  2864 D DefaultPhoneNotifier: nofityServiceState: mRegistry=com.android.internal.telephony.ITelephonyRegistry$Stub$Proxy@b2c19a9 ss=0 0 voice home data home Free Mobile Free Mobile 20815 Free Mobile Free Mobile 20815  HSDPA HSDPA CSS not supported -1 -1 RoamInd=-1 DefRoamInd=-1 EmergOnly=false IsDataRoamingFromRegistration=false sender=Handler (com.android.internal.telephony.gsm.GSMPhone) {e262d71} phondId=0 subId=3
01-22 19:57:38.042  2864  2864 D SubscriptionController: getSimStateForSlotIdx:  simState=READY ordinal=5
01-22 19:57:38.043  2307  3118 D SubscriptionManager: getSimStateForSubscriber: simState=5 slotIdx=0
01-22 19:57:38.045  2864  2864 D GsmSST  : [GsmSST] notifyDataRegStateRilRadioTechnologyChanged: drs=0 rat=9
01-22 19:57:38.045  2864  2864 D TelephonyManager: setTelephonyProperty: success phoneId=0 property=gsm.network.type value: HSDPA propVal=HSDPA
01-22 19:57:38.046  2864  2864 D DCT     : [0]get all active apn types
01-22 19:57:38.048  2864  2864 D PhoneProxy: [PhoneProxy] phoneObjectUpdater: newVoiceRadioTech=9
01-22 19:57:38.048  2864  2864 D PhoneProxy: [PhoneProxy] phoneObjectUpdater: No change ignore, newVoiceRadioTech=9 mActivePhone=GSM
01-22 19:57:38.048  2864  2864 D GsmSST  : [GsmSST] SubscriptionListener.onSubscriptionInfoChanged
01-22 19:57:38.049  2864  2864 D DCT     : [0]SubscriptionListener.onSubscriptionInfoChanged
01-22 19:57:38.051  2864  2864 D SubscriptionController: [getActiveSubInfoList]+
01-22 19:57:38.051  2864  2864 D SubscriptionController: selection:sim_id>=0 null
01-22 19:57:38.078  2864  3125 D SubscriptionController: getSubscriptionProperty Query value = 0
01-22 19:57:38.078  2864  2864 D SubscriptionController: [getSubInfoRecord] id:3 iccid:893315011XXXXXXXXXXX simSlotIndex:0 displayName:Free nameSource:0 iconTint:-16746133 dataRoaming:0 mcc:0 mnc:0 countIso:fr userNwMode:0
01-22 19:57:38.080  2864  2864 D SubscriptionController: [getActiveSubInfoList]- 1 infos return
01-22 19:57:38.081  2864  2864 E PhoneBase: Error! unregisterForCallWaiting() in PhoneBase should not be called, CDMAPhone inactive.
01-22 19:57:38.085  2864  2864 D SubscriptionController: [getActiveSubInfoList]+
01-22 19:57:38.085  2864  2864 D SubscriptionController: selection:sim_id>=0 null
01-22 19:57:38.098  2864  3077 D SubscriptionController: getSubscriptionProperty Query value = 1
01-22 19:57:38.103  2864  2892 D SubscriptionController: getSubscriptionProperty Query value = 1
01-22 19:57:38.113  2864  3149 D SubscriptionController: getSubscriptionProperty Query value = 1
01-22 19:57:38.115  2864  2864 D SubscriptionController: [getSubInfoRecord] id:3 iccid:893315011XXXXXXXXXXX simSlotIndex:0 displayName:Free nameSource:0 iconTint:-16746133 dataRoaming:0 mcc:0 mnc:0 countIso:fr userNwMode:0
01-22 19:57:38.121  2864  2864 D SubscriptionController: [getActiveSubInfoList]- 1 infos return
01-22 19:57:38.121  2864  2864 D SubscriptionController: [getActiveSubInfoForSubscriber]+ subId=3 subInfo={id=3, iccId=893315011XXXXXXXXXXX simSlotIndex=0 displayName=Free carrierName=Free nameSource=0 iconTint=-16746133 dataRoaming=0 iconBitmap=android.graphics.Bitmap@96225f3 mcc 0 mnc 0 mUserNwMode=0}
01-22 19:57:38.123  2864  2890 D SubscriptionController: getSubscriptionProperty Query value = 1
01-22 19:57:38.127  2864  3166 D SubscriptionController: [getSubInfoRecord] id:3 iccid:893315011XXXXXXXXXXX simSlotIndex:0 displayName:Free nameSource:0 iconTint:-16746133 dataRoaming:0 mcc:0 mnc:0 countIso:fr userNwMode:0
01-22 19:57:38.153  2864  3077 E PhoneFactory: Settings Exception Reading Dual Sim SMS Prompt Values
01-22 19:57:38.153  2864  3077 D PhoneFactory: SMS Prompt option:false
01-22 19:57:38.153  2864  3077 D RIL_UiccSmsController: isSmsSimPickActivityNeeded: false, sms prompt disabled.
01-22 19:57:38.155  2864  2892 D RILJ    : [3757]> RIL_REQUEST_GSM_SET_BROADCAST_CONFIG with 1 configs :  [SUB0]
01-22 19:57:38.155  2864  2892 D RILJ    : SmsBroadcastConfigInfo: Id [4352,4354] Code [0,255] ENABLED [SUB0]
01-22 19:57:38.156  1955  1975 D use-Rlog/RLOG-RIL: 1 RIL request in the queue (1 pending, 0 handled, 0 unhandled)
01-22 19:57:38.156  1955  2216 D use-Rlog/RLOG-RIL: Unhandled RIL request: 90
01-22 19:57:38.156  1955  2216 D use-Rlog/RLOG-RIL: 0 RIL request in the queue (0 pending, 0 handled, 0 unhandled)
01-22 19:57:38.157  2864  2967 D RilRequest: [3757]< RIL_REQUEST_GSM_SET_BROADCAST_CONFIG error: com.android.internal.telephony.CommandException: REQUEST_NOT_SUPPORTED ret=
