08-08 13:13:30.158 1956 1976 D use-Rlog/RLOG-RIL: 3 RIL requests data in the queue
08-08 13:13:30.158 1956 1976 D use-Rlog/RLOG-RIL: 4 RIL requests in the queue (2 pending, 2 handled, 0 unhandled)
08-08 13:13:30.158 1956 1976 D use-Rlog/RLOG-RIL: 3 RIL requests data in the queue
08-08 13:13:30.159 1956 2206 D use-Rlog/RLOG-RIL-IPC:
08-08 13:13:30.159 1956 2206 D use-Rlog/RLOG-RIL-IPC: xmm626_sec_modem_fmt_send: Sent FMT message
08-08 13:13:30.159 1956 2206 D use-Rlog/RLOG-RIL-IPC: xmm626_sec_modem_fmt_send: Message: mseq=0x27, command=IPC_NET_PLMN_SEL, type=IPC_TYPE_GET, size=0
08-08 13:13:30.160 1956 2202 D use-Rlog/RLOG-RIL-IPC:
08-08 13:13:30.160 1956 2202 D use-Rlog/RLOG-RIL-IPC: xmm626_sec_modem_fmt_recv: Received FMT message
08-08 13:13:30.160 1956 2202 D use-Rlog/RLOG-RIL-IPC: xmm626_sec_modem_fmt_recv: Message: aseq=0xff, command=IPC_NET_REGIST, type=IPC_TYPE_NOTI, size=11
08-08 13:13:30.160 1956 2202 D use-Rlog/RLOG-RIL-IPC: ================================= IPC FMT data =================================
08-08 13:13:30.160 1956 2202 D use-Rlog/RLOG-RIL-IPC: [0000] 04 03 02 01 50 0F 16 60 D7 02 00 ....P..` ...
08-08 13:13:30.161 1956 2202 D use-Rlog/RLOG-RIL-IPC: ================================================================================
08-08 13:13:30.165 2878 2878 D RILJ : [4849]> VOICE_REGISTRATION_STATE [SUB0]
08-08 13:13:30.166 2878 2968 D RILJ : [UNSL]< UNSOL_RESPONSE_VOICE_NETWORK_STATE_CHANGED [SUB0]
08-08 13:13:30.166 1956 1976 D use-Rlog/RLOG-RIL: 5 RIL requests in the queue (1 pending, 3 handled, 1 unhandled)
08-08 13:13:30.167 1956 1976 D use-Rlog/RLOG-RIL: 4 RIL requests data in the queue
08-08 13:13:30.169 1956 2202 D use-Rlog/RLOG-RIL-IPC:
08-08 13:13:30.169 1956 2202 D use-Rlog/RLOG-RIL-IPC: xmm626_sec_modem_fmt_recv: Received FMT message
08-08 13:13:30.169 1956 2202 D use-Rlog/RLOG-RIL-IPC: xmm626_sec_modem_fmt_recv: Message: aseq=0x00, command=IPC_NET_SERVING_NETWORK, type=IPC_TYPE_NOTI, size=11
08-08 13:13:30.169 1956 2202 D use-Rlog/RLOG-RIL-IPC: ================================= IPC FMT data =================================
08-08 13:13:30.169 1956 2202 D use-Rlog/RLOG-RIL-IPC: [0000] 02 02 04 32 30 38 31 35 23 50 0F ...20815 #P.
08-08 13:13:30.170 1956 2202 D use-Rlog/RLOG-RIL-IPC: ================================================================================
08-08 13:13:30.172 2878 2878 D RILJ : [4850]> QUERY_NETWORK_SELECTION_MODE [SUB0]
08-08 13:13:30.175 2878 2878 D RILJ : [4851]> OPERATOR [SUB0]
08-08 13:13:30.176 2878 2968 D RILJ : [UNSL]< UNSOL_RESPONSE_VOICE_NETWORK_STATE_CHANGED [SUB0]
08-08 13:13:30.176 1956 1976 D use-Rlog/RLOG-RIL: 6 RIL requests in the queue (1 pending, 3 handled, 2 unhandled)
08-08 13:13:30.176 1956 1976 D use-Rlog/RLOG-RIL: 5 RIL requests data in the queue
08-08 13:13:30.176 1956 1976 D use-Rlog/RLOG-RIL: 7 RIL requests in the queue (2 pending, 3 handled, 2 unhandled)
08-08 13:13:30.177 1956 1976 D use-Rlog/RLOG-RIL: 5 RIL requests data in the queue
08-08 13:13:30.177 1956 2206 D use-Rlog/RLOG-RIL: 6 RIL requests in the queue (1 pending, 3 handled, 2 unhandled)
08-08 13:13:30.177 1956 2206 D use-Rlog/RLOG-RIL: 4 RIL requests data in the queue
08-08 13:13:30.177 1956 2206 D use-Rlog/RLOG-RIL-IPC:
08-08 13:13:30.177 1956 2206 D use-Rlog/RLOG-RIL-IPC: xmm626_sec_modem_fmt_send: Sent FMT message
08-08 13:13:30.178 1956 2206 D use-Rlog/RLOG-RIL-IPC: xmm626_sec_modem_fmt_send: Message: mseq=0x28, command=IPC_NET_PLMN_SEL, type=IPC_TYPE_GET, size=0
08-08 13:13:30.179 2878 2968 D RILJ : [4849]< VOICE_REGISTRATION_STATE {1, f50, 2d76016, 3, null, null, null, null, null, null, null, null, null, null, null} [SUB0]
08-08 13:13:30.179 1956 2202 D use-Rlog/RLOG-RIL-IPC:
08-08 13:13:30.179 1956 2202 D use-Rlog/RLOG-RIL-IPC: xmm626_sec_modem_fmt_recv: Received FMT message
08-08 13:13:30.180 1956 2202 D use-Rlog/RLOG-RIL-IPC: xmm626_sec_modem_fmt_recv: Message: aseq=0x25, command=IPC_NET_SERVING_NETWORK, type=IPC_TYPE_RESP, size=11
08-08 13:13:30.180 1956 2202 D use-Rlog/RLOG-RIL-IPC: ================================= IPC FMT data =================================
08-08 13:13:30.180 1956 2202 D use-Rlog/RLOG-RIL-IPC: [0000] 02 02 04 32 30 38 31 35 23 50 0F ...20815 #P.
08-08 13:13:30.180 1956 2202 D use-Rlog/RLOG-RIL-IPC: ================================================================================
08-08 13:13:30.181 1956 2202 D use-Rlog/RLOG-RIL: 5 RIL requests in the queue (0 pending, 3 handled, 2 unhandled)
08-08 13:13:30.181 1956 2202 D use-Rlog/RLOG-RIL: 4 RIL requests data in the queue
08-08 13:13:30.184 2878 2968 D RILJ : [4843]< OPERATOR {Free Mobile, Free Mobile, 20815} [SUB0]
08-08 13:13:30.185 2878 2878 D RILJ : [4852]> DATA_REGISTRATION_STATE [SUB0]
08-08 13:13:30.189 1956 2206 D use-Rlog/RLOG-RIL: 4 RIL requests in the queue (1 pending, 3 handled, 0 unhandled)
08-08 13:13:30.190 1956 2206 D use-Rlog/RLOG-RIL: 3 RIL requests data in the queue
08-08 13:13:30.190 1956 1976 D use-Rlog/RLOG-RIL: 5 RIL requests in the queue (1 pending, 3 handled, 1 unhandled)
08-08 13:13:30.190 1956 1976 D use-Rlog/RLOG-RIL: 3 RIL requests data in the queue
08-08 13:13:30.190 1956 2206 D use-Rlog/RLOG-RIL-IPC:
08-08 13:13:30.190 1956 2206 D use-Rlog/RLOG-RIL-IPC: xmm626_sec_modem_fmt_send: Sent FMT message
08-08 13:13:30.191 1956 2206 D use-Rlog/RLOG-RIL-IPC: xmm626_sec_modem_fmt_send: Message: mseq=0x29, command=IPC_NET_SERVING_NETWORK, type=IPC_TYPE_GET, size=0
08-08 13:13:30.192 2878 2968 D RILJ : [4847]< OPERATOR {Free Mobile, Free Mobile, 20815} [SUB0]
08-08 13:13:30.192 1956 2202 D use-Rlog/RLOG-RIL-IPC:
08-08 13:13:30.192 1956 2202 D use-Rlog/RLOG-RIL-IPC: xmm626_sec_modem_fmt_recv: Received FMT message
08-08 13:13:30.192 1956 2202 D use-Rlog/RLOG-RIL-IPC: xmm626_sec_modem_fmt_recv: Message: aseq=0x26, command=IPC_NET_REGIST, type=IPC_TYPE_RESP, size=11
08-08 13:13:30.193 1956 2202 D use-Rlog/RLOG-RIL-IPC: ================================= IPC FMT data =================================
08-08 13:13:30.193 1956 2202 D use-Rlog/RLOG-RIL-IPC: [0000] 04 03 02 01 50 0F 16 60 D7 02 00 ....P..` ...
08-08 13:13:30.193 1956 2202 D use-Rlog/RLOG-RIL-IPC: ================================================================================
08-08 13:13:30.195 2878 2878 D RILJ : [4853]> VOICE_REGISTRATION_STATE [SUB0]
08-08 13:13:30.199 2878 2878 D RILJ : [4854]> QUERY_NETWORK_SELECTION_MODE [SUB0]
08-08 13:13:30.200 1956 2202 D use-Rlog/RLOG-RIL: 4 RIL requests in the queue (0 pending, 3 handled, 1 unhandled)
08-08 13:13:30.200 1956 2202 D use-Rlog/RLOG-RIL: 3 RIL requests data in the queue
08-08 13:13:30.202 2878 2968 D RILJ : [4844]< DATA_REGISTRATION_STATE {1, f50, 2d76016, 3, 3} [SUB0]
08-08 13:13:30.203 1956 1976 D use-Rlog/RLOG-RIL: 5 RIL requests in the queue (1 pending, 3 handled, 1 unhandled)
08-08 13:13:30.203 1956 1976 D use-Rlog/RLOG-RIL: 3 RIL requests data in the queue
08-08 13:13:30.203 1956 1976 D use-Rlog/RLOG-RIL: 6 RIL requests in the queue (2 pending, 3 handled, 1 unhandled)
08-08 13:13:30.203 1956 1976 D use-Rlog/RLOG-RIL: 3 RIL requests data in the queue
08-08 13:13:30.204 1956 2206 D use-Rlog/RLOG-RIL: 5 RIL requests in the queue (2 pending, 3 handled, 0 unhandled)
08-08 13:13:30.204 1956 2206 D use-Rlog/RLOG-RIL: 2 RIL requests data in the queue
08-08 13:13:30.204 1956 2206 D use-Rlog/RLOG-RIL: 4 RIL requests in the queue (1 pending, 3 handled, 0 unhandled)
08-08 13:13:30.204 1956 2206 D use-Rlog/RLOG-RIL: 1 RIL request data in the queue
08-08 13:13:30.204 1956 2206 D use-Rlog/RLOG-RIL-IPC:
08-08 13:13:30.204 1956 2206 D use-Rlog/RLOG-RIL-IPC: xmm626_sec_modem_fmt_send: Sent FMT message
08-08 13:13:30.205 1956 2206 D use-Rlog/RLOG-RIL-IPC: xmm626_sec_modem_fmt_send: Message: mseq=0x2a, command=IPC_NET_REGIST, type=IPC_TYPE_GET, size=2
08-08 13:13:30.205 1956 2206 D use-Rlog/RLOG-RIL-IPC: ================================= IPC FMT data =================================
08-08 13:13:30.205 1956 2206 D use-Rlog/RLOG-RIL-IPC: [0000] FF 02 ..
08-08 13:13:30.205 1956 2206 D use-Rlog/RLOG-RIL-IPC: ================================================================================
08-08 13:13:30.206 1956 2202 D use-Rlog/RLOG-RIL-IPC:
08-08 13:13:30.206 1956 2202 D use-Rlog/RLOG-RIL-IPC: xmm626_sec_modem_fmt_recv: Received FMT message
08-08 13:13:30.206 1956 2202 D use-Rlog/RLOG-RIL-IPC: xmm626_sec_modem_fmt_recv: Message: aseq=0x27, command=IPC_NET_PLMN_SEL, type=IPC_TYPE_RESP, size=1
08-08 13:13:30.206 1956 2202 D use-Rlog/RLOG-RIL-IPC: ================================= IPC FMT data =================================
08-08 13:13:30.206 1956 2202 D use-Rlog/RLOG-RIL-IPC: [0000] 02 .
08-08 13:13:30.207 1956 2202 D use-Rlog/RLOG-RIL-IPC: ================================================================================
08-08 13:13:30.207 1956 2202 D use-Rlog/RLOG-RIL: 3 RIL requests in the queue (0 pending, 3 handled, 0 unhandled)
08-08 13:13:30.207 1956 2202 D use-Rlog/RLOG-RIL: 1 RIL request data in the queue
08-08 13:13:30.208 2878 2968 D RILJ : [4848]< DATA_REGISTRATION_STATE {1, f50, 2d76016, 3, 3} [SUB0]
08-08 13:13:30.209 2878 2968 D RILJ : [4852]< DATA_REGISTRATION_STATE {1, f50, 2d76016, 3, 3} [SUB0]
08-08 13:13:30.210 2878 2968 D RILJ : [4846]< QUERY_NETWORK_SELECTION_MODE {0} [SUB0]
08-08 13:13:30.211 2878 2878 D RILJ : [4855]> OPERATOR [SUB0]
08-08 13:13:30.214 1956 1976 D use-Rlog/RLOG-RIL: 4 RIL requests in the queue (1 pending, 3 handled, 0 unhandled)
08-08 13:13:30.214 1956 1976 D use-Rlog/RLOG-RIL: 1 RIL request data in the queue
08-08 13:13:30.214 1956 2206 D use-Rlog/RLOG-RIL-IPC:
08-08 13:13:30.214 1956 2206 D use-Rlog/RLOG-RIL-IPC: xmm626_sec_modem_fmt_send: Sent FMT message
08-08 13:13:30.214 1956 2206 D use-Rlog/RLOG-RIL-IPC: xmm626_sec_modem_fmt_send: Message: mseq=0x2b, command=IPC_NET_PLMN_SEL, type=IPC_TYPE_GET, size=0
08-08 13:13:30.215 1956 2202 D use-Rlog/RLOG-RIL-IPC:
08-08 13:13:30.215 1956 2202 D use-Rlog/RLOG-RIL-IPC: xmm626_sec_modem_fmt_recv: Received FMT message
08-08 13:13:30.215 1956 2202 D use-Rlog/RLOG-RIL-IPC: xmm626_sec_modem_fmt_recv: Message: aseq=0x28, command=IPC_NET_PLMN_SEL, type=IPC_TYPE_RESP, size=1
08-08 13:13:30.215 1956 2202 D use-Rlog/RLOG-RIL-IPC: ================================= IPC FMT data =================================
08-08 13:13:30.216 1956 2202 D use-Rlog/RLOG-RIL-IPC: [0000] 02 .
08-08 13:13:30.216 1956 2202 D use-Rlog/RLOG-RIL-IPC: ================================================================================
08-08 13:13:30.216 1956 2202 D use-Rlog/RLOG-RIL: 3 RIL requests in the queue (0 pending, 3 handled, 0 unhandled)
08-08 13:13:30.216 1956 2202 D use-Rlog/RLOG-RIL: 1 RIL request data in the queue
08-08 13:13:30.218 2878 2878 D RILJ : [4856]> DATA_REGISTRATION_STATE [SUB0]
08-08 13:13:30.221 2878 2968 D RILJ : [4850]< QUERY_NETWORK_SELECTION_MODE {0} [SUB0]
08-08 13:13:30.222 1956 1976 D use-Rlog/RLOG-RIL: 4 RIL requests in the queue (1 pending, 3 handled, 0 unhandled)
08-08 13:13:30.222 1956 1976 D use-Rlog/RLOG-RIL: 1 RIL request data in the queue
08-08 13:13:30.223 1956 2202 D use-Rlog/RLOG-RIL-IPC:
08-08 13:13:30.223 1956 2202 D use-Rlog/RLOG-RIL-IPC: xmm626_sec_modem_fmt_recv: Received FMT message
08-08 13:13:30.223 1956 2202 D use-Rlog/RLOG-RIL-IPC: xmm626_sec_modem_fmt_recv: Message: aseq=0x29, command=IPC_NET_SERVING_NETWORK, type=IPC_TYPE_RESP, size=11
08-08 13:13:30.223 1956 2202 D use-Rlog/RLOG-RIL-IPC: ================================= IPC FMT data =================================
08-08 13:13:30.223 1956 2202 D use-Rlog/RLOG-RIL-IPC: [0000] 02 02 04 32 30 38 31 35 23 50 0F ...20815 #P.
08-08 13:13:30.224 1956 2202 D use-Rlog/RLOG-RIL-IPC: ================================================================================
08-08 13:13:30.224 1956 2202 D use-Rlog/RLOG-RIL: 3 RIL requests in the queue (0 pending, 2 handled, 1 unhandled)
08-08 13:13:30.224 1956 2202 D use-Rlog/RLOG-RIL: 1 RIL request data in the queue
08-08 13:13:30.226 2878 2878 D RILJ : [4857]> VOICE_REGISTRATION_STATE [SUB0]
08-08 13:13:30.229 2878 2878 D RILJ : [4858]> QUERY_NETWORK_SELECTION_MODE [SUB0]
08-08 13:13:30.234 2878 2968 D RILJ : [4851]< OPERATOR {Free Mobile, Free Mobile, 20815} [SUB0]
08-08 13:13:30.237 1956 1976 D use-Rlog/RLOG-RIL: 4 RIL requests in the queue (1 pending, 2 handled, 1 unhandled)
08-08 13:13:30.237 1956 1976 D use-Rlog/RLOG-RIL: 1 RIL request data in the queue
08-08 13:13:30.238 1956 1976 D use-Rlog/RLOG-RIL: 5 RIL requests in the queue (2 pending, 2 handled, 1 unhandled)
08-08 13:13:30.238 1956 1976 D use-Rlog/RLOG-RIL: 1 RIL request data in the queue
08-08 13:13:30.238 1956 2206 D use-Rlog/RLOG-RIL-IPC:
08-08 13:13:30.238 1956 2206 D use-Rlog/RLOG-RIL-IPC: xmm626_sec_modem_fmt_send: Sent FMT message
08-08 13:13:30.238 1956 2206 D use-Rlog/RLOG-RIL-IPC: xmm626_sec_modem_fmt_send: Message: mseq=0x2c, command=IPC_NET_SERVING_NETWORK, type=IPC_TYPE_GET, size=0
08-08 13:13:30.238 1956 2206 D use-Rlog/RLOG-RIL-IPC:
08-08 13:13:30.238 1956 2206 D use-Rlog/RLOG-RIL-IPC: xmm626_sec_modem_fmt_send: Sent FMT message
08-08 13:13:30.239 1956 2206 D use-Rlog/RLOG-RIL-IPC: xmm626_sec_modem_fmt_send: Message: mseq=0x2d, command=IPC_NET_REGIST, type=IPC_TYPE_GET, size=2
08-08 13:13:30.239 1956 2206 D use-Rlog/RLOG-RIL-IPC: ================================= IPC FMT data =================================
08-08 13:13:30.239 1956 2206 D use-Rlog/RLOG-RIL-IPC: [0000] FF 03 ..
08-08 13:13:30.239 1956 2206 D use-Rlog/RLOG-RIL-IPC: ================================================================================
08-08 13:13:30.240 1956 2202 D use-Rlog/RLOG-RIL-IPC:
08-08 13:13:30.240 1956 2202 D use-Rlog/RLOG-RIL-IPC: xmm626_sec_modem_fmt_recv: Received FMT message
08-08 13:13:30.240 1956 2202 D use-Rlog/RLOG-RIL-IPC: xmm626_sec_modem_fmt_recv: Message: aseq=0x2a, command=IPC_NET_REGIST, type=IPC_TYPE_RESP, size=11
08-08 13:13:30.240 1956 2202 D use-Rlog/RLOG-RIL-IPC: ================================= IPC FMT data =================================
08-08 13:13:30.241 1956 2202 D use-Rlog/RLOG-RIL-IPC: [0000] 04 02 02 01 50 0F 16 60 D7 02 00 ....P..` ...
08-08 13:13:30.241 1956 2202 D use-Rlog/RLOG-RIL-IPC: ================================================================================
08-08 13:13:30.241 1956 2202 D use-Rlog/RLOG-RIL: 4 RIL requests in the queue (0 pending, 3 handled, 1 unhandled)
08-08 13:13:30.241 1956 2202 D use-Rlog/RLOG-RIL: 1 RIL request data in the queue
08-08 13:13:30.243 2878 2968 D RILJ : [4853]< VOICE_REGISTRATION_STATE {1, f50, 2d76016, 3, null, null, null, null, null, null, null, null, null, null, null} [SUB0]
08-08 13:13:30.245 2878 2878 D RILJ : [4859]> OPERATOR [SUB0]
08-08 13:13:30.246 2878 2878 D RILJ : [4860]> DATA_REGISTRATION_STATE [SUB0]
08-08 13:13:30.247 2878 2878 D RILJ : [4861]> VOICE_REGISTRATION_STATE [SUB0]
08-08 13:13:30.248 2878 2878 D RILJ : [4862]> QUERY_NETWORK_SELECTION_MODE [SUB0]
08-08 13:13:30.248 1956 2206 D use-Rlog/RLOG-RIL-IPC:
08-08 13:13:30.248 1956 2206 D use-Rlog/RLOG-RIL-IPC: xmm626_sec_modem_fmt_send: Sent FMT message
08-08 13:13:30.248 1956 2206 D use-Rlog/RLOG-RIL-IPC: xmm626_sec_modem_fmt_send: Message: mseq=0x2e, command=IPC_NET_REGIST, type=IPC_TYPE_GET, size=2
08-08 13:13:30.248 1956 2206 D use-Rlog/RLOG-RIL-IPC: ================================= IPC FMT data =================================
08-08 13:13:30.248 1956 2206 D use-Rlog/RLOG-RIL-IPC: [0000] FF 02 ..
08-08 13:13:30.248 1956 2206 D use-Rlog/RLOG-RIL-IPC: ================================================================================
08-08 13:13:30.249 1956 1976 D use-Rlog/RLOG-RIL: 5 RIL requests in the queue (1 pending, 4 handled, 0 unhandled)
08-08 13:13:30.249 1956 1976 D use-Rlog/RLOG-RIL: 1 RIL request data in the queue
08-08 13:13:30.249 1956 1976 D use-Rlog/RLOG-RIL: 6 RIL requests in the queue (2 pending, 4 handled, 0 unhandled)
08-08 13:13:30.249 1956 1976 D use-Rlog/RLOG-RIL: 1 RIL request data in the queue
08-08 13:13:30.249 1956 1976 D use-Rlog/RLOG-RIL: 7 RIL requests in the queue (3 pending, 4 handled, 0 unhandled)
08-08 13:13:30.249 1956 1976 D use-Rlog/RLOG-RIL: 1 RIL request data in the queue
08-08 13:13:30.249 1956 1976 D use-Rlog/RLOG-RIL: 8 RIL requests in the queue (4 pending, 4 handled, 0 unhandled)
08-08 13:13:30.249 1956 1976 D use-Rlog/RLOG-RIL: 1 RIL request data in the queue
08-08 13:13:30.249 1956 2206 D use-Rlog/RLOG-RIL-IPC:
08-08 13:13:30.249 1956 2206 D use-Rlog/RLOG-RIL-IPC: xmm626_sec_modem_fmt_send: Sent FMT message
08-08 13:13:30.249 1956 2206 D use-Rlog/RLOG-RIL-IPC: xmm626_sec_modem_fmt_send: Message: mseq=0x2f, command=IPC_NET_PLMN_SEL, type=IPC_TYPE_GET, size=0
08-08 13:13:30.249 1956 2202 D use-Rlog/RLOG-RIL-IPC:
08-08 13:13:30.249 1956 2202 D use-Rlog/RLOG-RIL-IPC: xmm626_sec_modem_fmt_recv: Received FMT message
08-08 13:13:30.249 1956 2202 D use-Rlog/RLOG-RIL-IPC: xmm626_sec_modem_fmt_recv: Message: aseq=0x2b, command=IPC_NET_PLMN_SEL, type=IPC_TYPE_RESP, size=1
08-08 13:13:30.249 1956 2202 D use-Rlog/RLOG-RIL-IPC: ================================= IPC FMT data =================================
08-08 13:13:30.249 1956 2202 D use-Rlog/RLOG-RIL-IPC: [0000] 02 .
08-08 13:13:30.249 1956 2202 D use-Rlog/RLOG-RIL-IPC: ================================================================================
08-08 13:13:30.250 1956 2202 D use-Rlog/RLOG-RIL: 7 RIL requests in the queue (0 pending, 4 handled, 3 unhandled)
08-08 13:13:30.250 1956 2202 D use-Rlog/RLOG-RIL: 1 RIL request data in the queue
08-08 13:13:30.250 2878 2968 D RILJ : [4854]< QUERY_NETWORK_SELECTION_MODE {0} [SUB0]
08-08 13:13:30.251 1956 1976 D use-Rlog/RLOG-RIL: 8 RIL requests in the queue (1 pending, 4 handled, 3 unhandled)
08-08 13:13:30.251 1956 1976 D use-Rlog/RLOG-RIL: 1 RIL request data in the queue
08-08 13:13:30.251 1956 2206 D use-Rlog/RLOG-RIL-IPC:
08-08 13:13:30.251 1956 2206 D use-Rlog/RLOG-RIL-IPC: xmm626_sec_modem_fmt_send: Sent FMT message
08-08 13:13:30.251 1956 2206 D use-Rlog/RLOG-RIL-IPC: xmm626_sec_modem_fmt_send: Message: mseq=0x30, command=IPC_NET_PLMN_SEL, type=IPC_TYPE_GET, size=0
08-08 13:13:30.251 1956 2202 D use-Rlog/RLOG-RIL-IPC:
08-08 13:13:30.251 1956 2202 D use-Rlog/RLOG-RIL-IPC: xmm626_sec_modem_fmt_recv: Received FMT message
08-08 13:13:30.251 1956 2202 D use-Rlog/RLOG-RIL-IPC: xmm626_sec_modem_fmt_recv: Message: aseq=0x2c, command=IPC_NET_SERVING_NETWORK, type=IPC_TYPE_RESP, size=11
08-08 13:13:30.251 1956 2202 D use-Rlog/RLOG-RIL-IPC: ================================= IPC FMT data =================================
08-08 13:13:30.251 1956 2202 D use-Rlog/RLOG-RIL-IPC: [0000] 02 02 04 32 30 38 31 35 23 50 0F ...20815 #P.
08-08 13:13:30.251 1956 2202 D use-Rlog/RLOG-RIL-IPC: ================================================================================
08-08 13:13:30.251 1956 2202 D use-Rlog/RLOG-RIL: 7 RIL requests in the queue (0 pending, 4 handled, 3 unhandled)
08-08 13:13:30.251 1956 2202 D use-Rlog/RLOG-RIL: 1 RIL request data in the queue
08-08 13:13:30.251 2878 2968 D RILJ : [4855]< OPERATOR {Free Mobile, Free Mobile, 20815} [SUB0]
08-08 13:13:30.252 1956 2206 D use-Rlog/RLOG-RIL-IPC:
08-08 13:13:30.252 1956 2206 D use-Rlog/RLOG-RIL-IPC: xmm626_sec_modem_fmt_send: Sent FMT message
08-08 13:13:30.252 1956 2206 D use-Rlog/RLOG-RIL-IPC: xmm626_sec_modem_fmt_send: Message: mseq=0x31, command=IPC_NET_SERVING_NETWORK, type=IPC_TYPE_GET, size=0
08-08 13:13:30.252 1956 2202 D use-Rlog/RLOG-RIL-IPC:
08-08 13:13:30.252 1956 2202 D use-Rlog/RLOG-RIL-IPC: xmm626_sec_modem_fmt_recv: Received FMT message
08-08 13:13:30.252 1956 2202 D use-Rlog/RLOG-RIL-IPC: xmm626_sec_modem_fmt_recv: Message: aseq=0x2d, command=IPC_NET_REGIST, type=IPC_TYPE_RESP, size=11
08-08 13:13:30.252 1956 2202 D use-Rlog/RLOG-RIL-IPC: ================================= IPC FMT data =================================
08-08 13:13:30.252 1956 2202 D use-Rlog/RLOG-RIL-IPC: [0000] 04 03 02 01 50 0F 16 60 D7 02 00 ....P..` ...
08-08 13:13:30.252 1956 2202 D use-Rlog/RLOG-RIL-IPC: ================================================================================
08-08 13:13:30.252 1956 2202 D use-Rlog/RLOG-RIL: 6 RIL requests in the queue (0 pending, 4 handled, 2 unhandled)
08-08 13:13:30.252 1956 2202 D use-Rlog/RLOG-RIL: 1 RIL request data in the queue
08-08 13:13:30.253 2878 2968 D RILJ : [4856]< DATA_REGISTRATION_STATE {1, f50, 2d76016, 3, 3} [SUB0]
08-08 13:13:30.253 1956 2206 D use-Rlog/RLOG-RIL-IPC:
08-08 13:13:30.253 1956 2206 D use-Rlog/RLOG-RIL-IPC: xmm626_sec_modem_fmt_send: Sent FMT message
08-08 13:13:30.253 1956 2206 D use-Rlog/RLOG-RIL-IPC: xmm626_sec_modem_fmt_send: Message: mseq=0x32, command=IPC_NET_REGIST, type=IPC_TYPE_GET, size=2
08-08 13:13:30.253 1956 2206 D use-Rlog/RLOG-RIL-IPC: ================================= IPC FMT data =================================
08-08 13:13:30.253 1956 2206 D use-Rlog/RLOG-RIL-IPC: [0000] FF 03 ..
08-08 13:13:30.253 1956 2206 D use-Rlog/RLOG-RIL-IPC: ================================================================================
08-08 13:13:30.253 1956 2202 D use-Rlog/RLOG-RIL-IPC:
08-08 13:13:30.253 1956 2202 D use-Rlog/RLOG-RIL-IPC: xmm626_sec_modem_fmt_recv: Received FMT message
08-08 13:13:30.253 1956 2202 D use-Rlog/RLOG-RIL-IPC: xmm626_sec_modem_fmt_recv: Message: aseq=0x2e, command=IPC_NET_REGIST, type=IPC_TYPE_RESP, size=11
08-08 13:13:30.253 1956 2202 D use-Rlog/RLOG-RIL-IPC: ================================= IPC FMT data =================================
08-08 13:13:30.253 1956 2202 D use-Rlog/RLOG-RIL-IPC: [0000] 04 02 02 01 50 0F 16 60 D7 02 00 ....P..` ...
08-08 13:13:30.253 1956 2202 D use-Rlog/RLOG-RIL-IPC: ================================================================================
08-08 13:13:30.253 1956 2202 D use-Rlog/RLOG-RIL: 5 RIL requests in the queue (0 pending, 4 handled, 1 unhandled)
08-08 13:13:30.253 1956 2202 D use-Rlog/RLOG-RIL: 1 RIL request data in the queue
08-08 13:13:30.254 2878 2968 D RILJ : [4857]< VOICE_REGISTRATION_STATE {1, f50, 2d76016, 3, null, null, null, null, null, null, null, null, null, null, null} [SUB0]
08-08 13:13:30.254 1956 2206 D use-Rlog/RLOG-RIL-IPC:
08-08 13:13:30.254 1956 2206 D use-Rlog/RLOG-RIL-IPC: xmm626_sec_modem_fmt_send: Sent FMT message
08-08 13:13:30.254 1956 2206 D use-Rlog/RLOG-RIL-IPC: xmm626_sec_modem_fmt_send: Message: mseq=0x33, command=IPC_NET_REGIST, type=IPC_TYPE_GET, size=2
08-08 13:13:30.254 1956 2206 D use-Rlog/RLOG-RIL-IPC: ================================= IPC FMT data =================================
08-08 13:13:30.254 1956 2206 D use-Rlog/RLOG-RIL-IPC: [0000] FF 02 ..
08-08 13:13:30.254 1956 2206 D use-Rlog/RLOG-RIL-IPC: ================================================================================
08-08 13:13:30.255 1956 2202 D use-Rlog/RLOG-RIL-IPC:
08-08 13:13:30.255 1956 2202 D use-Rlog/RLOG-RIL-IPC: xmm626_sec_modem_fmt_recv: Received FMT message
08-08 13:13:30.255 1956 2202 D use-Rlog/RLOG-RIL-IPC: xmm626_sec_modem_fmt_recv: Message: aseq=0x2f, command=IPC_NET_PLMN_SEL, type=IPC_TYPE_RESP, size=1
08-08 13:13:30.255 1956 2202 D use-Rlog/RLOG-RIL-IPC: ================================= IPC FMT data =================================
08-08 13:13:30.255 1956 2202 D use-Rlog/RLOG-RIL-IPC: [0000] 02 .
08-08 13:13:30.255 1956 2202 D use-Rlog/RLOG-RIL-IPC: ================================================================================
08-08 13:13:30.255 1956 2202 D use-Rlog/RLOG-RIL: 4 RIL requests in the queue (0 pending, 4 handled, 0 unhandled)
08-08 13:13:30.255 1956 2202 D use-Rlog/RLOG-RIL: 1 RIL request data in the queue
08-08 13:13:30.255 2878 2968 D RILJ : [4858]< QUERY_NETWORK_SELECTION_MODE {0} [SUB0]
08-08 13:13:30.256 1956 2202 D use-Rlog/RLOG-RIL-IPC:
08-08 13:13:30.256 1956 2202 D use-Rlog/RLOG-RIL-IPC: xmm626_sec_modem_fmt_recv: Received FMT message
08-08 13:13:30.256 1956 2202 D use-Rlog/RLOG-RIL-IPC: xmm626_sec_modem_fmt_recv: Message: aseq=0x30, command=IPC_NET_PLMN_SEL, type=IPC_TYPE_RESP, size=1
08-08 13:13:30.256 1956 2202 D use-Rlog/RLOG-RIL-IPC: ================================= IPC FMT data =================================
08-08 13:13:30.256 1956 2202 D use-Rlog/RLOG-RIL-IPC: [0000] 02 .
08-08 13:13:30.256 1956 2202 D use-Rlog/RLOG-RIL-IPC: ================================================================================
08-08 13:13:30.256 1956 2202 D use-Rlog/RLOG-RIL: 3 RIL requests in the queue (0 pending, 3 handled, 0 unhandled)
08-08 13:13:30.256 1956 2202 D use-Rlog/RLOG-RIL: 1 RIL request data in the queue
08-08 13:13:30.256 2878 2968 D RILJ : [4862]< QUERY_NETWORK_SELECTION_MODE {0} [SUB0]
08-08 13:13:30.257 1956 2202 D use-Rlog/RLOG-RIL-IPC:
08-08 13:13:30.257 1956 2202 D use-Rlog/RLOG-RIL-IPC: xmm626_sec_modem_fmt_recv: Received FMT message
08-08 13:13:30.257 1956 2202 D use-Rlog/RLOG-RIL-IPC: xmm626_sec_modem_fmt_recv: Message: aseq=0x31, command=IPC_NET_SERVING_NETWORK, type=IPC_TYPE_RESP, size=11
08-08 13:13:30.257 1956 2202 D use-Rlog/RLOG-RIL-IPC: ================================= IPC FMT data =================================
08-08 13:13:30.257 1956 2202 D use-Rlog/RLOG-RIL-IPC: [0000] 02 02 04 32 30 38 31 35 23 50 0F ...20815 #P.
08-08 13:13:30.257 1956 2202 D use-Rlog/RLOG-RIL-IPC: ================================================================================
08-08 13:13:30.257 1956 2202 D use-Rlog/RLOG-RIL: 2 RIL requests in the queue (0 pending, 2 handled, 0 unhandled)
08-08 13:13:30.257 1956 2202 D use-Rlog/RLOG-RIL: 1 RIL request data in the queue
08-08 13:13:40.346 1956 2202 D use-Rlog/RLOG-RIL-IPC:
08-08 13:13:40.346 1956 2202 D use-Rlog/RLOG-RIL-IPC: xmm626_sec_modem_fmt_recv: Received FMT message
08-08 13:13:40.346 1956 2202 D use-Rlog/RLOG-RIL-IPC: xmm626_sec_modem_fmt_recv: Message: aseq=0x33, command=IPC_GPRS_HSDPA_STATUS, type=IPC_TYPE_NOTI, size=1
08-08 13:13:40.346 1956 2202 D use-Rlog/RLOG-RIL-IPC: ================================= IPC FMT data =================================
08-08 13:13:40.346 1956 2202 D use-Rlog/RLOG-RIL-IPC: [0000] 00 .
08-08 13:13:40.347 1956 2202 D use-Rlog/RLOG-RIL-IPC: ================================================================================
08-08 13:13:40.347 1956 2202 D use-Rlog/RLOG-RIL-IPC:
08-08 13:13:40.347 1956 2202 D use-Rlog/RLOG-RIL-IPC: xmm626_sec_modem_fmt_recv: Received FMT message
08-08 13:13:40.347 1956 2202 D use-Rlog/RLOG-RIL-IPC: xmm626_sec_modem_fmt_recv: Message: aseq=0xff, command=IPC_NET_REGIST, type=IPC_TYPE_NOTI, size=11
08-08 13:13:40.347 1956 2202 D use-Rlog/RLOG-RIL-IPC: ================================= IPC FMT data =================================
08-08 13:13:40.347 1956 2202 D use-Rlog/RLOG-RIL-IPC: [0000] 04 02 02 01 50 0F 15 60 D7 02 00 ....P..` ...
08-08 13:13:40.348 1956 2202 D use-Rlog/RLOG-RIL-IPC: ================================================================================
08-08 13:13:40.349 2878 2968 D RILJ : [UNSL]< UNSOL_RESPONSE_VOICE_NETWORK_STATE_CHANGED [SUB0]
08-08 13:13:40.350 2878 2878 D RILJ : [4863]> OPERATOR [SUB0]
08-08 13:13:40.354 2878 2878 D RILJ : [4864]> DATA_REGISTRATION_STATE [SUB0]
08-08 13:13:40.357 2878 2878 D RILJ : [4865]> VOICE_REGISTRATION_STATE [SUB0]
08-08 13:13:40.358 1956 1976 D use-Rlog/RLOG-RIL: 1 RIL request in the queue (1 pending, 0 handled, 0 unhandled)
08-08 13:13:40.358 1956 1976 D use-Rlog/RLOG-RIL: 2 RIL requests data in the queue
08-08 13:13:40.359 1956 1976 D use-Rlog/RLOG-RIL: 2 RIL requests in the queue (2 pending, 0 handled, 0 unhandled)
08-08 13:13:40.359 1956 1976 D use-Rlog/RLOG-RIL: 2 RIL requests data in the queue
08-08 13:13:40.359 1956 2206 D use-Rlog/RLOG-RIL-IPC:
08-08 13:13:40.359 1956 2206 D use-Rlog/RLOG-RIL-IPC: xmm626_sec_modem_fmt_send: Sent FMT message
08-08 13:13:40.359 1956 2206 D use-Rlog/RLOG-RIL-IPC: xmm626_sec_modem_fmt_send: Message: mseq=0x34, command=IPC_NET_SERVING_NETWORK, type=IPC_TYPE_GET, size=0
08-08 13:13:40.360 1956 2206 D use-Rlog/RLOG-RIL-IPC:
08-08 13:13:40.360 1956 2206 D use-Rlog/RLOG-RIL-IPC: xmm626_sec_modem_fmt_send: Sent FMT message
08-08 13:13:40.360 1956 2206 D use-Rlog/RLOG-RIL-IPC: xmm626_sec_modem_fmt_send: Message: mseq=0x35, command=IPC_NET_REGIST, type=IPC_TYPE_GET, size=2
08-08 13:13:40.360 1956 2206 D use-Rlog/RLOG-RIL-IPC: ================================= IPC FMT data =================================
08-08 13:13:40.360 1956 2206 D use-Rlog/RLOG-RIL-IPC: [0000] FF 03 ..
08-08 13:13:40.360 1956 2206 D use-Rlog/RLOG-RIL-IPC: ================================================================================
08-08 13:13:40.361 1956 2202 D use-Rlog/RLOG-RIL-IPC:
08-08 13:13:40.361 1956 2202 D use-Rlog/RLOG-RIL-IPC: xmm626_sec_modem_fmt_recv: Received FMT message
08-08 13:13:40.361 1956 2202 D use-Rlog/RLOG-RIL-IPC: xmm626_sec_modem_fmt_recv: Message: aseq=0xff, command=IPC_NET_REGIST, type=IPC_TYPE_NOTI, size=11
08-08 13:13:40.362 1956 2202 D use-Rlog/RLOG-RIL-IPC: ================================= IPC FMT data =================================
08-08 13:13:40.362 1956 2202 D use-Rlog/RLOG-RIL-IPC: [0000] 04 03 02 01 50 0F 15 60 D7 02 00 ....P..` ...
08-08 13:13:40.362 1956 2202 D use-Rlog/RLOG-RIL-IPC: ================================================================================
08-08 13:13:40.368 2878 2878 D RILJ : [4866]> QUERY_NETWORK_SELECTION_MODE [SUB0]
08-08 13:13:40.369 2878 2968 D RILJ : [UNSL]< UNSOL_RESPONSE_VOICE_NETWORK_STATE_CHANGED [SUB0]
08-08 13:13:40.370 1956 1976 D use-Rlog/RLOG-RIL: 3 RIL requests in the queue (1 pending, 2 handled, 0 unhandled)
08-08 13:13:40.370 1956 1976 D use-Rlog/RLOG-RIL: 3 RIL requests data in the queue
08-08 13:13:40.370 1956 2206 D use-Rlog/RLOG-RIL: 2 RIL requests in the queue (0 pending, 2 handled, 0 unhandled)
08-08 13:13:40.371 1956 2206 D use-Rlog/RLOG-RIL: 2 RIL requests data in the queue
08-08 13:13:40.371 2878 2968 D RILJ : [4865]< VOICE_REGISTRATION_STATE {1, f50, 2d76015, 3, null, null, null, null, null, null, null, null, null, null, null} [SUB0]
08-08 13:13:40.372 1956 2202 D use-Rlog/RLOG-RIL-IPC:
08-08 13:13:40.372 1956 2202 D use-Rlog/RLOG-RIL-IPC: xmm626_sec_modem_fmt_recv: Received FMT message
08-08 13:13:40.372 1956 2202 D use-Rlog/RLOG-RIL-IPC: xmm626_sec_modem_fmt_recv: Message: aseq=0xff, command=IPC_GPRS_HSDPA_STATUS, type=IPC_TYPE_NOTI, size=1
08-08 13:13:40.372 1956 2202 D use-Rlog/RLOG-RIL-IPC: ================================= IPC FMT data =================================
08-08 13:13:40.372 1956 2202 D use-Rlog/RLOG-RIL-IPC: [0000] 00 .
08-08 13:13:40.373 1956 2202 D use-Rlog/RLOG-RIL-IPC: ================================================================================
08-08 13:13:40.373 1956 2202 D use-Rlog/RLOG-RIL-IPC:
08-08 13:13:40.373 1956 2202 D use-Rlog/RLOG-RIL-IPC: xmm626_sec_modem_fmt_recv: Received FMT message
08-08 13:13:40.373 1956 2202 D use-Rlog/RLOG-RIL-IPC: xmm626_sec_modem_fmt_recv: Message: aseq=0x34, command=IPC_NET_SERVING_NETWORK, type=IPC_TYPE_RESP, size=11
08-08 13:13:40.373 1956 2202 D use-Rlog/RLOG-RIL-IPC: ================================= IPC FMT data =================================
08-08 13:13:40.373 1956 2202 D use-Rlog/RLOG-RIL-IPC: [0000] 02 02 04 32 30 38 31 35 23 50 0F ...20815 #P.
08-08 13:13:40.373 1956 2202 D use-Rlog/RLOG-RIL-IPC: ================================================================================
08-08 13:13:40.374 1956 2202 D use-Rlog/RLOG-RIL: 1 RIL request in the queue (0 pending, 1 handled, 0 unhandled)
08-08 13:13:40.374 1956 2202 D use-Rlog/RLOG-RIL: 2 RIL requests data in the queue
08-08 13:13:40.377 2878 2968 D RILJ : [4863]< OPERATOR {Free Mobile, Free Mobile, 20815} [SUB0]
08-08 13:13:40.379 2878 2878 D RILJ : [4867]> OPERATOR [SUB0]
08-08 13:13:40.382 2878 2878 D RILJ : [4868]> DATA_REGISTRATION_STATE [SUB0]
08-08 13:13:40.384 1956 1976 D use-Rlog/RLOG-RIL: 2 RIL requests in the queue (1 pending, 1 handled, 0 unhandled)
08-08 13:13:40.384 1956 1976 D use-Rlog/RLOG-RIL: 2 RIL requests data in the queue
08-08 13:13:40.385 1956 1976 D use-Rlog/RLOG-RIL: 3 RIL requests in the queue (2 pending, 1 handled, 0 unhandled)
08-08 13:13:40.385 1956 1976 D use-Rlog/RLOG-RIL: 2 RIL requests data in the queue
08-08 13:13:40.385 1956 2206 D use-Rlog/RLOG-RIL-IPC:
08-08 13:13:40.385 1956 2206 D use-Rlog/RLOG-RIL-IPC: xmm626_sec_modem_fmt_send: Sent FMT message
08-08 13:13:40.385 1956 2206 D use-Rlog/RLOG-RIL-IPC: xmm626_sec_modem_fmt_send: Message: mseq=0x36, command=IPC_NET_PLMN_SEL, type=IPC_TYPE_GET, size=0
08-08 13:13:40.386 1956 2206 D use-Rlog/RLOG-RIL-IPC:
08-08 13:13:40.386 1956 2206 D use-Rlog/RLOG-RIL-IPC: xmm626_sec_modem_fmt_send: Sent FMT message
08-08 13:13:40.386 1956 2206 D use-Rlog/RLOG-RIL-IPC: xmm626_sec_modem_fmt_send: Message: mseq=0x37, command=IPC_NET_SERVING_NETWORK, type=IPC_TYPE_GET, size=0
08-08 13:13:40.387 1956 2202 D use-Rlog/RLOG-RIL-IPC:
08-08 13:13:40.387 1956 2202 D use-Rlog/RLOG-RIL-IPC: xmm626_sec_modem_fmt_recv: Received FMT message
08-08 13:13:40.387 1956 2202 D use-Rlog/RLOG-RIL-IPC: xmm626_sec_modem_fmt_recv: Message: aseq=0x35, command=IPC_NET_REGIST, type=IPC_TYPE_RESP, size=11
08-08 13:13:40.387 1956 2202 D use-Rlog/RLOG-RIL-IPC: ================================= IPC FMT data =================================
08-08 13:13:40.387 1956 2202 D use-Rlog/RLOG-RIL-IPC: [0000] 04 03 02 01 50 0F 15 60 D7 02 00 ....P..` ...
08-08 13:13:40.387 1956 2202 D use-Rlog/RLOG-RIL-IPC: ================================================================================
08-08 13:13:40.388 1956 2202 D use-Rlog/RLOG-RIL: 2 RIL requests in the queue (0 pending, 2 handled, 0 unhandled)
08-08 13:13:40.388 1956 2202 D use-Rlog/RLOG-RIL: 2 RIL requests data in the queue
08-08 13:13:40.390 2878 2878 D RILJ : [4869]> VOICE_REGISTRATION_STATE [SUB0]
08-08 13:13:40.394 2878 2878 D RILJ : [4870]> QUERY_NETWORK_SELECTION_MODE [SUB0]
08-08 13:13:40.395 2878 2968 D RILJ : [4864]< DATA_REGISTRATION_STATE {1, f50, 2d76015, 3, 3} [SUB0]
08-08 13:13:40.397 1956 1976 D use-Rlog/RLOG-RIL: 3 RIL requests in the queue (1 pending, 2 handled, 0 unhandled)
08-08 13:13:40.397 1956 1976 D use-Rlog/RLOG-RIL: 2 RIL requests data in the queue
08-08 13:13:40.397 1956 1976 D use-Rlog/RLOG-RIL: 4 RIL requests in the queue (2 pending, 2 handled, 0 unhandled)
08-08 13:13:40.397 1956 1976 D use-Rlog/RLOG-RIL: 2 RIL requests data in the queue
08-08 13:13:40.397 1956 2206 D use-Rlog/RLOG-RIL: 3 RIL requests in the queue (1 pending, 2 handled, 0 unhandled)
08-08 13:13:40.398 1956 2206 D use-Rlog/RLOG-RIL: 1 RIL request data in the queue
08-08 13:13:40.398 1956 2206 D use-Rlog/RLOG-RIL-IPC:
08-08 13:13:40.398 1956 2206 D use-Rlog/RLOG-RIL-IPC: xmm626_sec_modem_fmt_send: Sent FMT message
08-08 13:13:40.398 1956 2206 D use-Rlog/RLOG-RIL-IPC: xmm626_sec_modem_fmt_send: Message: mseq=0x38, command=IPC_NET_REGIST, type=IPC_TYPE_GET, size=2
08-08 13:13:40.398 1956 2206 D use-Rlog/RLOG-RIL-IPC: ================================= IPC FMT data =================================
08-08 13:13:40.398 1956 2206 D use-Rlog/RLOG-RIL-IPC: [0000] FF 02 ..
08-08 13:13:40.398 1956 2206 D use-Rlog/RLOG-RIL-IPC: ================================================================================
08-08 13:13:40.400 1956 2202 D use-Rlog/RLOG-RIL-IPC:
08-08 13:13:40.400 1956 2202 D use-Rlog/RLOG-RIL-IPC: xmm626_sec_modem_fmt_recv: Received FMT message
08-08 13:13:40.400 1956 2202 D use-Rlog/RLOG-RIL-IPC: xmm626_sec_modem_fmt_recv: Message: aseq=0x36, command=IPC_NET_PLMN_SEL, type=IPC_TYPE_RESP, size=1
08-08 13:13:40.400 1956 2202 D use-Rlog/RLOG-RIL-IPC: ================================= IPC FMT data =================================
08-08 13:13:40.400 1956 2202 D use-Rlog/RLOG-RIL-IPC: [0000] 02 .
08-08 13:13:40.400 1956 2202 D use-Rlog/RLOG-RIL-IPC: ================================================================================
08-08 13:13:40.400 1956 2202 D use-Rlog/RLOG-RIL: 2 RIL requests in the queue (0 pending, 2 handled, 0 unhandled)
08-08 13:13:40.401 1956 2202 D use-Rlog/RLOG-RIL: 1 RIL request data in the queue
08-08 13:13:40.402 2878 2968 D RILJ : [4868]< DATA_REGISTRATION_STATE {1, f50, 2d76015, 3, 3} [SUB0]
08-08 13:13:40.403 2878 2968 D RILJ : [4866]< QUERY_NETWORK_SELECTION_MODE {0} [SUB0]
08-08 13:13:40.405 2878 2878 D PHONE : [ServiceState] setDataRegState=0
08-08 13:13:40.405 2878 2878 D PHONE : [ServiceState] setDataRadioTechnology=3
08-08 13:13:40.405 2878 2878 D GsmSST : [GsmSST] handlPollStateResultMessage: GsmSST setDataRegState=0 regState=1 dataRadioTechnology=3
08-08 13:13:40.409 1956 1976 D use-Rlog/RLOG-RIL: 3 RIL requests in the queue (1 pending, 2 handled, 0 unhandled)
08-08 13:13:40.409 1956 1976 D use-Rlog/RLOG-RIL: 1 RIL request data in the queue
08-08 13:13:40.409 1956 2206 D use-Rlog/RLOG-RIL-IPC:
08-08 13:13:40.410 1956 2206 D use-Rlog/RLOG-RIL-IPC: xmm626_sec_modem_fmt_send: Sent FMT message
08-08 13:13:40.410 1956 2206 D use-Rlog/RLOG-RIL-IPC: xmm626_sec_modem_fmt_send: Message: mseq=0x39, command=IPC_NET_PLMN_SEL, type=IPC_TYPE_GET, size=0
08-08 13:13:40.410 1956 2202 D use-Rlog/RLOG-RIL-IPC:
08-08 13:13:40.411 1956 2202 D use-Rlog/RLOG-RIL-IPC: xmm626_sec_modem_fmt_recv: Received FMT message
08-08 13:13:40.411 1956 2202 D use-Rlog/RLOG-RIL-IPC: xmm626_sec_modem_fmt_recv: Message: aseq=0x37, command=IPC_NET_SERVING_NETWORK, type=IPC_TYPE_RESP, size=11
08-08 13:13:40.411 1956 2202 D use-Rlog/RLOG-RIL-IPC: ================================= IPC FMT data =================================
08-08 13:13:40.411 1956 2202 D use-Rlog/RLOG-RIL-IPC: [0000] 02 02 04 32 30 38 31 35 23 50 0F ...20815 #P.
08-08 13:13:40.411 1956 2202 D use-Rlog/RLOG-RIL-IPC: ================================================================================
08-08 13:13:40.411 1956 2202 D use-Rlog/RLOG-RIL: 2 RIL requests in the queue (0 pending, 2 handled, 0 unhandled)
08-08 13:13:40.412 1956 2202 D use-Rlog/RLOG-RIL: 1 RIL request data in the queue
08-08 13:13:40.413 2878 2968 D RILJ : [4867]< OPERATOR {Free Mobile, Free Mobile, 20815} [SUB0]
08-08 13:13:40.414 1956 2202 D use-Rlog/RLOG-RIL-IPC:
08-08 13:13:40.414 1956 2202 D use-Rlog/RLOG-RIL-IPC: xmm626_sec_modem_fmt_recv: Received FMT message
08-08 13:13:40.414 1956 2202 D use-Rlog/RLOG-RIL-IPC: xmm626_sec_modem_fmt_recv: Message: aseq=0x38, command=IPC_NET_REGIST, type=IPC_TYPE_RESP, size=11
08-08 13:13:40.415 1956 2202 D use-Rlog/RLOG-RIL-IPC: ================================= IPC FMT data =================================
08-08 13:13:40.415 1956 2202 D use-Rlog/RLOG-RIL-IPC: [0000] 04 02 02 01 50 0F 15 60 D7 02 00 ....P..` ...
08-08 13:13:40.415 1956 2202 D use-Rlog/RLOG-RIL-IPC: ================================================================================
08-08 13:13:40.415 1956 2202 D use-Rlog/RLOG-RIL: 1 RIL request in the queue (0 pending, 1 handled, 0 unhandled)
08-08 13:13:40.415 1956 2202 D use-Rlog/RLOG-RIL: 1 RIL request data in the queue
08-08 13:13:40.416 2878 2968 D RILJ : [4869]< VOICE_REGISTRATION_STATE {1, f50, 2d76015, 3, null, null, null, null, null, null, null, null, null, null, null} [SUB0]
08-08 13:13:40.417 2878 2878 D PHONE : [ServiceState] setVoiceRegState=0
08-08 13:13:40.417 2878 2878 E PHONE : [ServiceState] setState deprecated use setVoiceRegState()
08-08 13:13:40.417 1956 2202 D use-Rlog/RLOG-RIL-IPC:
08-08 13:13:40.418 1956 2202 D use-Rlog/RLOG-RIL-IPC: xmm626_sec_modem_fmt_recv: Received FMT message
08-08 13:13:40.418 1956 2202 D use-Rlog/RLOG-RIL-IPC: xmm626_sec_modem_fmt_recv: Message: aseq=0x39, command=IPC_NET_PLMN_SEL, type=IPC_TYPE_RESP, size=1
08-08 13:13:40.418 1956 2202 D use-Rlog/RLOG-RIL-IPC: ================================= IPC FMT data =================================
08-08 13:13:40.418 1956 2202 D use-Rlog/RLOG-RIL-IPC: [0000] 02 .
08-08 13:13:40.418 1956 2202 D use-Rlog/RLOG-RIL-IPC: ================================================================================
08-08 13:13:40.418 1956 2202 D use-Rlog/RLOG-RIL: 0 RIL request in the queue (0 pending, 0 handled, 0 unhandled)
08-08 13:13:40.418 1956 2202 D use-Rlog/RLOG-RIL: 1 RIL request data in the queue
08-08 13:13:40.419 2878 2968 D RILJ : [4870]< QUERY_NETWORK_SELECTION_MODE {0} [SUB0]
08-08 13:13:40.427 2878 2878 D GsmSST : [GsmSST] Poll ServiceState done: oldSS=[0 0 voice home data home Free Mobile Free Mobile 20815 Free Mobile Free Mobile 20815 UMTS UMTS CSS not supported -1 -1 RoamInd=-1 DefRoamInd=-1 EmergOnly=false IsDataRoamingFromRegistration=false] newSS=[0 0 voice home data home Free Mobile Free Mobile 20815 Free Mobile Free Mobile 20815 UMTS UMTS CSS not supported -1 -1 RoamInd=-1 DefRoamInd=-1 EmergOnly=false IsDataRoamingFromRegistration=false] oldMaxDataCalls=1 mNewMaxDataCalls=1 oldReasonDataDenied=-1 mNewReasonDataDenied=-1
08-08 13:13:40.427 2878 2878 D PHONE : [ServiceState] setNullState=1
08-08 13:13:40.427 2878 2878 D GsmSST : [GsmSST] getCellLocation(): X good mCellLoc=[3920,47669269,-1]
08-08 13:13:40.428 2304 2733 D TelephonyRegistry: notifyCellLocationForSubscriber: subId=7 cellLocation=Bundle[mParcelledData.dataSize=64]
08-08 13:13:40.564 1956 2202 D use-Rlog/RLOG-RIL-IPC:
08-08 13:13:40.564 1956 2202 D use-Rlog/RLOG-RIL-IPC: xmm626_sec_modem_fmt_recv: Received FMT message
08-08 13:13:40.564 1956 2202 D use-Rlog/RLOG-RIL-IPC: xmm626_sec_modem_fmt_recv: Message: aseq=0x39, command=IPC_DISP_RSSI_INFO, type=IPC_TYPE_NOTI, size=1
08-08 13:13:40.564 1956 2202 D use-Rlog/RLOG-RIL-IPC: ================================= IPC FMT data =================================
08-08 13:13:40.564 1956 2202 D use-Rlog/RLOG-RIL-IPC: [0000] 55 U
08-08 13:13:40.565 1956 2202 D use-Rlog/RLOG-RIL-IPC: ================================================================================
08-08 13:13:40.565 1956 2202 D use-Rlog/RLOG-RIL: Signal strength is 14
08-08 13:13:40.566 2878 2878 D DefaultPhoneNotifier: notifySignalStrength: mRegistry=com.android.internal.telephony.ITelephonyRegistry$Stub$Proxy@5b7d720 ss=SignalStrength: 14 99 -120 -160 -120 -1 -1 99 2147483647 2147483647 2147483647 -1 2147483647 gsm|lte sender=Handler (com.android.internal.telephony.gsm.GSMPhone) {b342f08}
08-08 13:13:43.101 1956 2202 D use-Rlog/RLOG-RIL-IPC:
08-08 13:13:43.101 1956 2202 D use-Rlog/RLOG-RIL-IPC: xmm626_sec_modem_fmt_recv: Received FMT message
08-08 13:13:43.101 1956 2202 D use-Rlog/RLOG-RIL-IPC: xmm626_sec_modem_fmt_recv: Message: aseq=0x39, command=IPC_DISP_RSSI_INFO, type=IPC_TYPE_NOTI, size=1
08-08 13:13:43.101 1956 2202 D use-Rlog/RLOG-RIL-IPC: ================================= IPC FMT data =================================
08-08 13:13:43.101 1956 2202 D use-Rlog/RLOG-RIL-IPC: [0000] 57 W
08-08 13:13:43.102 1956 2202 D use-Rlog/RLOG-RIL-IPC: ================================================================================
08-08 13:13:43.102 1956 2202 D use-Rlog/RLOG-RIL: Signal strength is 13
08-08 13:13:43.104 2878 2878 D DefaultPhoneNotifier: notifySignalStrength: mRegistry=com.android.internal.telephony.ITelephonyRegistry$Stub$Proxy@5b7d720 ss=SignalStrength: 13 99 -120 -160 -120 -1 -1 99 2147483647 2147483647 2147483647 -1 2147483647 gsm|lte sender=Handler (com.android.internal.telephony.gsm.GSMPhone) {b342f08}
08-08 13:14:12.922 2878 2878 D DCT : [0]onReceive: action=com.android.internal.telephony.data-stall
08-08 13:14:12.927 2878 2878 D DCT : [0]handleMessage msg={ when=-5ms what=270353 arg1=30811 obj=com.android.internal.telephony.data-stall target=com.android.internal.telephony.dataconnection.DcTracker }
08-08 13:14:12.932 2878 2878 D DCT : [0]overall state is CONNECTED
08-08 13:14:28.361 1956 2202 D use-Rlog/RLOG-RIL-IPC:
08-08 13:14:28.361 1956 2202 D use-Rlog/RLOG-RIL-IPC: xmm626_sec_modem_fmt_recv: Received FMT message
08-08 13:14:28.361 1956 2202 D use-Rlog/RLOG-RIL-IPC: xmm626_sec_modem_fmt_recv: Message: aseq=0x39, command=IPC_GPRS_HSDPA_STATUS, type=IPC_TYPE_NOTI, size=1
08-08 13:14:28.361 1956 2202 D use-Rlog/RLOG-RIL-IPC: ================================= IPC FMT data =================================
08-08 13:14:28.361 1956 2202 D use-Rlog/RLOG-RIL-IPC: [0000] 00 .
08-08 13:14:28.361 1956 2202 D use-Rlog/RLOG-RIL-IPC: ================================================================================
08-08 13:14:28.362 1956 2202 D use-Rlog/RLOG-RIL-IPC:
08-08 13:14:28.362 1956 2202 D use-Rlog/RLOG-RIL-IPC: xmm626_sec_modem_fmt_recv: Received FMT message
08-08 13:14:28.362 1956 2202 D use-Rlog/RLOG-RIL-IPC: xmm626_sec_modem_fmt_recv: Message: aseq=0xff, command=IPC_NET_REGIST, type=IPC_TYPE_NOTI, size=11
08-08 13:14:28.362 1956 2202 D use-Rlog/RLOG-RIL-IPC: ================================= IPC FMT data =================================
08-08 13:14:28.362 1956 2202 D use-Rlog/RLOG-RIL-IPC: [0000] 04 02 02 01 50 0F 16 60 D7 02 00 ....P..` ...
08-08 13:14:28.362 1956 2202 D use-Rlog/RLOG-RIL-IPC: ================================================================================
08-08 13:14:28.364 2878 2968 D RILJ : [UNSL]< UNSOL_RESPONSE_VOICE_NETWORK_STATE_CHANGED [SUB0]
08-08 13:14:28.365 2878 2878 D RILJ : [4871]> OPERATOR [SUB0]
08-08 13:14:28.369 2878 2878 D RILJ : [4872]> DATA_REGISTRATION_STATE [SUB0]
08-08 13:14:28.372 2878 2878 D RILJ : [4873]> VOICE_REGISTRATION_STATE [SUB0]
08-08 13:14:28.373 1956 1976 D use-Rlog/RLOG-RIL: 1 RIL request in the queue (1 pending, 0 handled, 0 unhandled)
08-08 13:14:28.373 1956 1976 D use-Rlog/RLOG-RIL: 2 RIL requests data in the queue
08-08 13:14:28.373 1956 1976 D use-Rlog/RLOG-RIL: 2 RIL requests in the queue (2 pending, 0 handled, 0 unhandled)
08-08 13:14:28.373 1956 1976 D use-Rlog/RLOG-RIL: 2 RIL requests data in the queue
08-08 13:14:28.374 1956 2206 D use-Rlog/RLOG-RIL-IPC:
08-08 13:14:28.374 1956 2206 D use-Rlog/RLOG-RIL-IPC: xmm626_sec_modem_fmt_send: Sent FMT message
08-08 13:14:28.374 1956 2206 D use-Rlog/RLOG-RIL-IPC: xmm626_sec_modem_fmt_send: Message: mseq=0x3a, command=IPC_NET_SERVING_NETWORK, type=IPC_TYPE_GET, size=0
08-08 13:14:28.374 1956 2206 D use-Rlog/RLOG-RIL-IPC:
08-08 13:14:28.374 1956 2206 D use-Rlog/RLOG-RIL-IPC: xmm626_sec_modem_fmt_send: Sent FMT message
08-08 13:14:28.374 1956 2206 D use-Rlog/RLOG-RIL-IPC: xmm626_sec_modem_fmt_send: Message: mseq=0x3b, command=IPC_NET_REGIST, type=IPC_TYPE_GET, size=2
08-08 13:14:28.375 1956 2206 D use-Rlog/RLOG-RIL-IPC: ================================= IPC FMT data =================================
08-08 13:14:28.375 1956 2206 D use-Rlog/RLOG-RIL-IPC: [0000] FF 03 ..
08-08 13:14:28.375 1956 2206 D use-Rlog/RLOG-RIL-IPC: ================================================================================
08-08 13:14:28.378 1956 2202 D use-Rlog/RLOG-RIL-IPC:
08-08 13:14:28.378 1956 2202 D use-Rlog/RLOG-RIL-IPC: xmm626_sec_modem_fmt_recv: Received FMT message
08-08 13:14:28.378 1956 2202 D use-Rlog/RLOG-RIL-IPC: xmm626_sec_modem_fmt_recv: Message: aseq=0xff, command=IPC_NET_REGIST, type=IPC_TYPE_NOTI, size=11
08-08 13:14:28.378 1956 2202 D use-Rlog/RLOG-RIL-IPC: ================================= IPC FMT data =================================
08-08 13:14:28.379 1956 2202 D use-Rlog/RLOG-RIL-IPC: [0000] 04 03 02 01 50 0F 16 60 D7 02 00 ....P..` ...
08-08 13:14:28.379 1956 2202 D use-Rlog/RLOG-RIL-IPC: ================================================================================
08-08 13:14:28.382 2878 2878 D RILJ : [4874]> QUERY_NETWORK_SELECTION_MODE [SUB0]
08-08 13:14:28.386 2878 2968 D RILJ : [UNSL]< UNSOL_RESPONSE_VOICE_NETWORK_STATE_CHANGED [SUB0]
08-08 13:14:28.387 2878 2878 D RILJ : [4875]> OPERATOR [SUB0]
08-08 13:14:28.387 1956 1976 D use-Rlog/RLOG-RIL: 3 RIL requests in the queue (1 pending, 2 handled, 0 unhandled)
08-08 13:14:28.387 1956 1976 D use-Rlog/RLOG-RIL: 3 RIL requests data in the queue
08-08 13:14:28.388 1956 1976 D use-Rlog/RLOG-RIL: 4 RIL requests in the queue (2 pending, 2 handled, 0 unhandled)
08-08 13:14:28.388 1956 1976 D use-Rlog/RLOG-RIL: 3 RIL requests data in the queue
08-08 13:14:28.388 1956 2206 D use-Rlog/RLOG-RIL: 3 RIL requests in the queue (1 pending, 2 handled, 0 unhandled)
08-08 13:14:28.388 1956 2206 D use-Rlog/RLOG-RIL: 2 RIL requests data in the queue
08-08 13:14:28.389 1956 2206 D use-Rlog/RLOG-RIL-IPC:
08-08 13:14:28.389 1956 2206 D use-Rlog/RLOG-RIL-IPC: xmm626_sec_modem_fmt_send: Sent FMT message
08-08 13:14:28.389 1956 2206 D use-Rlog/RLOG-RIL-IPC: xmm626_sec_modem_fmt_send: Message: mseq=0x3c, command=IPC_NET_PLMN_SEL, type=IPC_TYPE_GET, size=0
08-08 13:14:28.390 2878 2968 D RILJ : [4873]< VOICE_REGISTRATION_STATE {1, f50, 2d76016, 3, null, null, null, null, null, null, null, null, null, null, null} [SUB0]
08-08 13:14:28.391 1956 2202 D use-Rlog/RLOG-RIL-IPC:
08-08 13:14:28.391 1956 2202 D use-Rlog/RLOG-RIL-IPC: xmm626_sec_modem_fmt_recv: Received FMT message
08-08 13:14:28.391 1956 2202 D use-Rlog/RLOG-RIL-IPC: xmm626_sec_modem_fmt_recv: Message: aseq=0xff, command=IPC_GPRS_HSDPA_STATUS, type=IPC_TYPE_NOTI, size=1
08-08 13:14:28.391 1956 2202 D use-Rlog/RLOG-RIL-IPC: ================================= IPC FMT data =================================
08-08 13:14:28.392 1956 2202 D use-Rlog/RLOG-RIL-IPC: [0000] 00 .
08-08 13:14:28.392 1956 2202 D use-Rlog/RLOG-RIL-IPC: ================================================================================
08-08 13:14:28.392 1956 2202 D use-Rlog/RLOG-RIL-IPC:
08-08 13:14:28.392 1956 2202 D use-Rlog/RLOG-RIL-IPC: xmm626_sec_modem_fmt_recv: Received FMT message
08-08 13:14:28.392 1956 2202 D use-Rlog/RLOG-RIL-IPC: xmm626_sec_modem_fmt_recv: Message: aseq=0x3a, command=IPC_NET_SERVING_NETWORK, type=IPC_TYPE_RESP, size=11
08-08 13:14:28.392 1956 2202 D use-Rlog/RLOG-RIL-IPC: ================================= IPC FMT data =================================
08-08 13:14:28.392 1956 2202 D use-Rlog/RLOG-RIL-IPC: [0000] 02 02 04 32 30 38 31 35 23 50 0F ...20815 #P.
08-08 13:14:28.393 1956 2202 D use-Rlog/RLOG-RIL-IPC: ================================================================================
08-08 13:14:28.393 1956 2202 D use-Rlog/RLOG-RIL: 2 RIL requests in the queue (0 pending, 2 handled, 0 unhandled)
08-08 13:14:28.393 1956 2202 D use-Rlog/RLOG-RIL: 2 RIL requests data in the queue
08-08 13:14:28.397 2878 2968 D RILJ : [4871]< OPERATOR {Free Mobile, Free Mobile, 20815} [SUB0]
08-08 13:14:28.398 2878 2878 D RILJ : [4876]> DATA_REGISTRATION_STATE [SUB0]
08-08 13:14:28.402 2878 2878 D RILJ : [4877]> VOICE_REGISTRATION_STATE [SUB0]
