08-08 07:32:35.381 1956 1956 D RILD : **RIL Daemon Started**
08-08 07:32:35.381 1956 1956 D RILD : **RILd param count=1**
08-08 07:32:35.459 1956 1956 I chatty : uid=1001(radio) /system/bin/rild expire 56 lines
08-08 07:32:39.351 1956 2202 I chatty : uid=1001(radio) /system/bin/rild expire 40 lines
08-08 07:32:40.763 1965 1965 D TelephonyManager: /proc/cmdline=console=ttySAC2,115200 consoleblank=0 androidboot.hardware=smdk4210 loglevel=4 console=ram androidboot.serialno=XXXXXXXXXXXXXX sec_debug.enable=0 sec_debug.enable_user=0 c1_watchdog.sec_pet=5 sec_log=0x100000@0x4d900000 s3cfb.bootloaderfb=0x5ec00000 ld9040.get_lcdtype=0x0 consoleblank=0 lpj=3981312 vmalloc=144m
08-08 07:32:55.323 2304 2315 D TelephonyRegistry: listen oscl: hasNotifySubscriptionInfoChangedOccurred==false no callback
08-08 07:32:57.607 2304 2304 D TelephonyRegistry: systemRunning register for intents
08-08 07:33:00.322 2878 2878 I chatty : uid=1001(radio) com.android.phone expire 101 lines
08-08 07:33:00.475 1956 1976 I chatty : uid=1001(radio) /system/bin/rild expire 8 lines
08-08 07:33:00.479 2878 2968 I chatty : uid=1001(radio) RILReceiver0 expire 12 lines
08-08 07:33:00.483 1956 2206 I chatty : uid=1001(radio) /system/bin/rild expire 13 lines
08-08 07:33:00.548 2304 2733 D TelephonyRegistry: listen oscl: hasNotifySubscriptionInfoChangedOccurred==false no callback
08-08 07:33:00.570 2304 2899 D TelephonyRegistry: listen oscl: hasNotifySubscriptionInfoChangedOccurred==false no callback
08-08 07:33:00.581 2878 2997 I chatty : uid=1001(radio) DcHandlerThread expire 3 lines
08-08 07:33:00.594 1956 2202 I chatty : uid=1001(radio) /system/bin/rild expire 15 lines
08-08 07:33:00.784 2878 3028 I chatty : uid=1001(radio) com.android.phone expire 2 lines
08-08 07:33:00.811 2878 3029 I chatty : uid=1001(radio) DcSwitchStateMa expire 1 line
08-08 07:33:00.838 2304 2900 D TelephonyRegistry: listen oscl: hasNotifySubscriptionInfoChangedOccurred==false no callback
08-08 07:33:00.876 2878 3003 I chatty : uid=1001(radio) GsmInboundSmsHa expire 5 lines
08-08 07:33:00.877 2878 3013 I chatty : uid=1001(radio) CdmaInboundSmsH expire 5 lines
08-08 07:33:00.917 2878 2878 I chatty : uid=1001(radio) com.android.phone expire 112 lines
08-08 07:33:01.029 1956 1976 I chatty : uid=1001(radio) /system/bin/rild expire 11 lines
08-08 07:33:01.029 1956 2206 I chatty : uid=1001(radio) /system/bin/rild expire 29 lines
08-08 07:33:01.029 2878 2968 I chatty : uid=1001(radio) RILReceiver0 expire 14 lines
08-08 07:33:01.104 2304 2316 D TelephonyRegistry: listen oscl: hasNotifySubscriptionInfoChangedOccurred==false no callback
08-08 07:33:01.227 2304 2797 D TelephonyRegistry: listen oscl: hasNotifySubscriptionInfoChangedOccurred==false no callback
08-08 07:33:01.265 2304 2733 D TelephonyRegistry: notifySubscriptionInfoChanged: first invocation mRecords.size=12
08-08 07:33:01.326 2304 2304 D TelephonyRegistry: notifyCellLocationForSubscriber: subId=0 cellLocation=Bundle[{}]
08-08 07:33:01.338 1956 2203 I chatty : uid=1001(radio) /system/bin/rild expire 27 lines
08-08 07:33:01.352 2878 2924 I chatty : uid=1001(radio) Binder_3 expire 1 line
08-08 07:33:01.357 2304 2781 D SubscriptionManager: getSimStateForSubscriber: simState=6 slotIdx=0
08-08 07:33:01.357 2304 2781 D TelephonyManager: getSimState: default sim:-1, sim state for slotIdx=0 is 6, return state as unknown
08-08 07:33:01.432 1956 2202 I chatty : uid=1001(radio) /system/bin/rild expire 118 lines
08-08 07:33:01.511 1956 2203 I chatty : uid=1001(radio) /system/bin/rild expire 1 line
08-08 07:33:01.514 2878 2968 I chatty : uid=1001(radio) RILReceiver0 expire 12 lines
08-08 07:33:01.517 2878 2878 I chatty : uid=1001(radio) com.android.phone expire 122 lines
08-08 07:33:01.600 1956 1976 I chatty : uid=1001(radio) /system/bin/rild expire 22 lines
08-08 07:33:01.600 1956 2206 I chatty : uid=1001(radio) /system/bin/rild expire 30 lines
08-08 07:33:01.805 2878 2914 I chatty : uid=1001(radio) Binder_2 expire 5 lines
08-08 07:33:02.213 1956 2202 I chatty : uid=1001(radio) /system/bin/rild expire 106 lines
08-08 07:33:02.214 2878 2878 I chatty : uid=1001(radio) com.android.phone expire 36 lines
08-08 07:33:02.219 1956 2206 I chatty : uid=1001(radio) /system/bin/rild expire 77 lines
08-08 07:33:02.222 2878 2968 I chatty : uid=1001(radio) RILReceiver0 expire 19 lines
08-08 07:33:02.223 1956 1976 I chatty : uid=1001(radio) /system/bin/rild expire 28 lines
08-08 07:33:02.256 2304 2476 D TelephonyRegistry: notifySignalStrengthForSubscriber: invalid phoneId=-1
08-08 07:33:02.324 1956 2206 I chatty : uid=1001(radio) /system/bin/rild expire 41 lines
08-08 07:33:02.325 1956 2202 I chatty : uid=1001(radio) /system/bin/rild expire 84 lines
08-08 07:33:02.325 2878 2968 I chatty : uid=1001(radio) RILReceiver0 expire 13 lines
08-08 07:33:02.328 2878 2878 I chatty : uid=1001(radio) com.android.phone expire 104 lines
08-08 07:33:02.336 2304 2316 D TelephonyRegistry: notifySignalStrengthForSubscriber: invalid phoneId=-1
08-08 07:33:02.369 2878 2914 I chatty : uid=1001(radio) Binder_2 expire 5 lines
08-08 07:33:02.427 2878 2878 I chatty : uid=1001(radio) com.android.phone expire 197 lines
08-08 07:33:02.542 2304 2765 D SubscriptionManager: getSimStateForSubscriber: simState=6 slotIdx=0
08-08 07:33:02.542 2304 2765 D TelephonyManager: getSimState: default sim:-1, sim state for slotIdx=0 is 6, return state as unknown
08-08 07:33:02.566 2304 2733 D TelephonyRegistry: notifyCellLocationForSubscriber: subId=-2 cellLocation=Bundle[mParcelledData.dataSize=64]
08-08 07:33:02.607 1956 1976 I chatty : uid=1001(radio) /system/bin/rild expire 3 lines
08-08 07:33:02.607 1956 2206 I chatty : uid=1001(radio) /system/bin/rild expire 16 lines
08-08 07:33:02.607 2878 2968 I chatty : uid=1001(radio) RILReceiver0 expire 4 lines
08-08 07:33:02.845 2878 2924 I chatty : uid=1001(radio) Binder_3 expire 6 lines
08-08 07:33:02.901 1956 2202 I chatty : uid=1001(radio) /system/bin/rild expire 16 lines
08-08 07:33:02.907 2878 2906 I chatty : uid=1001(radio) Binder_1 expire 1 line
08-08 07:33:02.918 2421 3144 D SubscriptionManager: getSimStateForSubscriber: simState=2 slotIdx=0
08-08 07:33:02.918 2421 3144 D TelephonyManager: getSimState: default sim:-1, sim state for slotIdx=0 is 2, return state as unknown
08-08 07:33:02.926 2878 3136 I chatty : uid=1001(radio) Binder_4 expire 5 lines
08-08 07:33:02.991 2421 3144 D SubscriptionManager: getSimStateForSubscriber: simState=2 slotIdx=0
08-08 07:33:02.992 2421 3144 D TelephonyManager: getSimState: default sim:-1, sim state for slotIdx=0 is 2, return state as unknown
08-08 07:33:02.993 2878 3143 I chatty : uid=1001(radio) Binder_5 expire 12 lines
08-08 07:33:03.461 2878 2878 I chatty : uid=1001(radio) com.android.phone expire 169 lines
08-08 07:33:03.511 2878 3136 I chatty : uid=1001(radio) Binder_4 expire 9 lines
08-08 07:33:03.511 2421 3144 D SubscriptionManager: getSimStateForSubscriber: simState=2 slotIdx=0
08-08 07:33:03.511 2421 3144 D TelephonyManager: getSimState: default sim:-1, sim state for slotIdx=0 is 2, return state as unknown
08-08 07:33:03.527 2878 2924 I chatty : uid=1001(radio) Binder_3 expire 3 lines
08-08 07:33:03.580 2878 2914 I chatty : uid=1001(radio) Binder_2 expire 13 lines
08-08 07:33:03.674 2878 2906 I chatty : uid=1001(radio) Binder_1 expire 11 lines
08-08 07:33:03.680 2878 3002 I chatty : uid=1001(radio) GsmCellBroadcas expire 1 line
08-08 07:33:03.737 2878 3009 I chatty : uid=1001(radio) CellBroadcastHa expire 1 line
08-08 07:33:03.744 1956 1976 I chatty : uid=1001(radio) /system/bin/rild expire 3 lines
08-08 07:33:03.744 1956 2206 I chatty : uid=1001(radio) /system/bin/rild expire 11 lines
08-08 07:33:03.780 2878 3019 I chatty : uid=1001(radio) CdmaServiceCate expire 1 line
08-08 07:33:03.782 2421 3144 D SubscriptionManager: getSimStateForSubscriber: simState=2 slotIdx=0
08-08 07:33:03.838 1956 2202 I chatty : uid=1001(radio) /system/bin/rild expire 15 lines
08-08 07:33:03.838 2878 2968 I chatty : uid=1001(radio) RILReceiver0 expire 3 lines
08-08 07:33:04.225 2421 3144 D SubscriptionManager: getSimStateForSubscriber: simState=2 slotIdx=0
08-08 07:33:04.670 2878 3029 I chatty : uid=1001(radio) DcSwitchStateMa expire 7 lines
08-08 07:33:04.956 2421 2421 D SubscriptionManager: getSimStateForSubscriber: simState=2 slotIdx=0
08-08 07:33:04.981 2421 2421 D SubscriptionManager: getSimStateForSubscriber: simState=2 slotIdx=0
08-08 07:33:04.993 2421 2421 D SubscriptionManager: getSimStateForSubscriber: simState=2 slotIdx=0
08-08 07:33:05.034 2421 2421 D SubscriptionManager: getSimStateForSubscriber: simState=2 slotIdx=0
08-08 07:33:05.039 2421 2421 D SubscriptionManager: getSimStateForSubscriber: simState=2 slotIdx=0
08-08 07:33:05.555 2421 2421 D SubscriptionManager: getSimStateForSubscriber: simState=2 slotIdx=0
08-08 07:33:05.557 2421 3144 D SubscriptionManager: getSimStateForSubscriber: simState=2 slotIdx=0
08-08 07:33:05.589 2878 2906 I chatty : uid=1001(radio) Binder_1 expire 37 lines
08-08 07:33:05.601 2878 3136 I chatty : uid=1001(radio) Binder_4 expire 40 lines
08-08 07:33:05.602 2421 2421 D SubscriptionManager: getSimStateForSubscriber: simState=2 slotIdx=0
08-08 07:33:05.607 2878 2924 I chatty : uid=1001(radio) Binder_3 expire 44 lines
08-08 07:33:05.619 2421 2421 D SubscriptionManager: getSimStateForSubscriber: simState=2 slotIdx=0
08-08 07:33:05.646 2421 3144 D SubscriptionManager: getSimStateForSubscriber: simState=2 slotIdx=0
08-08 07:33:05.760 2421 3144 D SubscriptionManager: getSimStateForSubscriber: simState=2 slotIdx=0
08-08 07:33:05.779 2878 3143 I chatty : uid=1001(radio) Binder_5 expire 51 lines
08-08 07:33:05.832 2421 3144 D SubscriptionManager: getSimStateForSubscriber: simState=2 slotIdx=0
08-08 07:33:06.143 2878 2914 I chatty : uid=1001(radio) Binder_2 expire 39 lines
08-08 07:33:06.307 2878 3296 I chatty : uid=1001(radio) com.android.phone expire 4 lines
08-08 07:33:06.406 2878 2878 I chatty : uid=1001(radio) com.android.phone expire 1 line
08-08 07:33:06.636 2878 3306 I chatty : uid=1001(radio) Binder_6 expire 18 lines
08-08 07:33:07.766 1956 2202 I chatty : uid=1001(radio) /system/bin/rild expire 121 lines
08-08 07:33:07.769 2878 2968 I chatty : uid=1001(radio) RILReceiver0 expire 20 lines
08-08 07:33:07.771 2878 2878 I chatty : uid=1001(radio) com.android.phone expire 54 lines
08-08 07:33:07.782 1956 1976 I chatty : uid=1001(radio) /system/bin/rild expire 19 lines
08-08 07:33:07.782 1956 2206 I chatty : uid=1001(radio) /system/bin/rild expire 97 lines
08-08 07:33:07.863 2304 2476 D SubscriptionManager: getSimStateForSubscriber: simState=2 slotIdx=0
08-08 07:33:07.868 2304 2315 D TelephonyRegistry: notifyCellLocationForSubscriber: subId=7 cellLocation=Bundle[mParcelledData.dataSize=64]
08-08 07:33:07.875 2878 2878 I chatty : uid=1001(radio) com.android.phone expire 90 lines
08-08 07:33:07.879 2304 2765 D TelephonyRegistry: Notify data connection state changed on sub: 7
08-08 07:33:07.879 2304 2765 D TelephonyRegistry: Notify data connection state changed on sub: 7
08-08 07:33:07.881 2878 2924 I chatty : uid=1001(radio) Binder_3 expire 1 line
08-08 07:33:07.887 2421 3144 D SubscriptionManager: getSimStateForSubscriber: simState=2 slotIdx=0
08-08 07:33:08.561 1956 2202 I chatty : uid=1001(radio) /system/bin/rild expire 93 lines
08-08 07:33:09.084 2878 3306 I chatty : uid=1001(radio) Binder_6 expire 1 line
08-08 07:33:09.155 2878 3440 I chatty : uid=1001(radio) Stk App Service expire 5 lines
08-08 07:33:09.198 2878 3136 I chatty : uid=1001(radio) Binder_4 expire 5 lines
08-08 07:33:14.450 2878 2906 I chatty : uid=1001(radio) Binder_1 expire 1 line
08-08 07:33:14.451 1956 1976 I chatty : uid=1001(radio) /system/bin/rild expire 13 lines
08-08 07:33:14.582 2878 2968 I chatty : uid=1001(radio) RILReceiver0 expire 20 lines
08-08 07:33:14.685 1956 1976 I chatty : uid=1001(radio) /system/bin/rild expire 20 lines
08-08 07:33:14.685 2878 2878 I chatty : uid=1001(radio) com.android.phone expire 101 lines
08-08 07:33:14.721 1956 2206 I chatty : uid=1001(radio) /system/bin/rild expire 44 lines
08-08 07:33:14.724 1956 2202 I chatty : uid=1001(radio) /system/bin/rild expire 73 lines
08-08 07:33:14.785 2878 3136 I chatty : uid=1001(radio) Binder_4 expire 4 lines
08-08 07:33:14.826 2878 2914 I chatty : uid=1001(radio) Binder_2 expire 4 lines
08-08 07:33:14.944 1956 2206 I chatty : uid=1001(radio) /system/bin/rild expire 58 lines
08-08 07:33:14.944 2878 2878 I chatty : uid=1001(radio) com.android.phone expire 95 lines
08-08 07:33:14.946 1956 1976 I chatty : uid=1001(radio) /system/bin/rild expire 9 lines
08-08 07:33:14.994 1956 2202 I chatty : uid=1001(radio) /system/bin/rild expire 79 lines
08-08 07:33:14.995 2878 2968 I chatty : uid=1001(radio) RILReceiver0 expire 9 lines
08-08 07:33:15.307 2878 2906 I chatty : uid=1001(radio) Binder_1 expire 4 lines
08-08 07:33:15.466 2878 3136 I chatty : uid=1001(radio) Binder_4 expire 8 lines
08-08 07:33:15.466 2878 2878 I chatty : uid=1001(radio) com.android.phone expire 59 lines
08-08 07:33:15.474 1956 1976 I chatty : uid=1001(radio) /system/bin/rild expire 5 lines
08-08 07:33:15.475 1956 2206 I chatty : uid=1001(radio) /system/bin/rild expire 62 lines
08-08 07:33:15.478 1956 2202 I chatty : uid=1001(radio) /system/bin/rild expire 85 lines
08-08 07:33:15.479 2878 2968 I chatty : uid=1001(radio) RILReceiver0 expire 11 lines
08-08 07:33:15.519 2878 2906 I chatty : uid=1001(radio) Binder_1 expire 6 lines
08-08 07:33:15.530 2878 2924 I chatty : uid=1001(radio) Binder_3 expire 1 line
08-08 07:33:15.532 2421 2421 D SubscriptionManager: getSimStateForSubscriber: simState=5 slotIdx=0
08-08 07:33:15.572 2878 2914 I chatty : uid=1001(radio) Binder_2 expire 6 lines
08-08 07:33:15.586 2878 3143 I chatty : uid=1001(radio) Binder_5 expire 5 lines
08-08 07:33:15.601 2878 3461 I chatty : uid=1001(radio) com.android.phone expire 4 lines
08-08 07:33:15.663 2878 3029 I chatty : uid=1001(radio) DcSwitchStateMa expire 1 line
08-08 07:33:15.733 2878 3306 I chatty : uid=1001(radio) Binder_6 expire 18 lines
08-08 07:33:15.959 1956 2206 I chatty : uid=1001(radio) /system/bin/rild expire 61 lines
08-08 07:33:15.959 2878 2878 I chatty : uid=1001(radio) com.android.phone expire 47 lines
08-08 07:33:15.960 2878 2914 I chatty : uid=1001(radio) Binder_2 expire 5 lines
08-08 07:33:15.965 2878 2906 I chatty : uid=1001(radio) Binder_1 expire 11 lines
08-08 07:33:15.980 2421 3144 D SubscriptionManager: getSimStateForSubscriber: simState=5 slotIdx=0
08-08 07:33:16.019 2878 3136 I chatty : uid=1001(radio) Binder_4 expire 7 lines
08-08 07:33:16.042 1956 2202 I chatty : uid=1001(radio) /system/bin/rild expire 86 lines
08-08 07:33:16.042 2878 2968 I chatty : uid=1001(radio) RILReceiver0 expire 11 lines
08-08 07:33:16.404 2878 3143 I chatty : uid=1001(radio) Binder_5 expire 10 lines
08-08 07:33:16.437 1956 1976 I chatty : uid=1001(radio) /system/bin/rild expire 1 line
08-08 07:33:16.548 2421 2421 D SubscriptionManager: getSimStateForSubscriber: simState=5 slotIdx=0
08-08 07:33:16.563 2878 2924 I chatty : uid=1001(radio) Binder_3 expire 15 lines
08-08 07:33:16.567 2878 3143 I chatty : uid=1001(radio) Binder_5 expire 17 lines
08-08 07:33:16.584 2878 2878 I chatty : uid=1001(radio) com.android.phone expire 110 lines
08-08 07:33:16.616 2878 3136 I chatty : uid=1001(radio) Binder_4 expire 22 lines
08-08 07:33:16.622 2878 3306 I chatty : uid=1001(radio) Binder_6 expire 24 lines
08-08 07:33:16.634 2878 2906 I chatty : uid=1001(radio) Binder_1 expire 28 lines
08-08 07:33:16.658 2878 3465 I chatty : uid=1001(radio) com.android.phone expire 4 lines
08-08 07:33:16.773 2878 2914 I chatty : uid=1001(radio) Binder_2 expire 28 lines
08-08 07:33:16.846 2421 2421 D SubscriptionManager: getSimStateForSubscriber: simState=5 slotIdx=0
08-08 07:33:16.908 1956 1976 I chatty : uid=1001(radio) /system/bin/rild expire 1 line
08-08 07:33:16.908 1956 2206 I chatty : uid=1001(radio) /system/bin/rild expire 2 lines
08-08 07:33:16.908 2878 2968 I chatty : uid=1001(radio) RILReceiver0 expire 1 line
08-08 07:33:17.104 2878 3469 I chatty : uid=1001(radio) com.android.phone expire 4 lines
08-08 07:33:17.139 2878 2878 I chatty : uid=1001(radio) com.android.phone expire 90 lines
08-08 07:33:17.139 2878 3136 I chatty : uid=1001(radio) Binder_4 expire 28 lines
08-08 07:33:17.139 2878 3029 I chatty : uid=1001(radio) DcSwitchStateMa expire 3 lines
08-08 07:33:17.141 2878 2914 I chatty : uid=1001(radio) Binder_2 expire 19 lines
08-08 07:33:17.153 2878 2924 I chatty : uid=1001(radio) Binder_3 expire 24 lines
08-08 07:33:17.154 2878 3143 I chatty : uid=1001(radio) Binder_5 expire 12 lines
08-08 07:33:17.156 1956 1976 I chatty : uid=1001(radio) /system/bin/rild expire 5 lines
08-08 07:33:17.156 1956 2206 I chatty : uid=1001(radio) /system/bin/rild expire 8 lines
08-08 07:33:17.156 2878 2968 I chatty : uid=1001(radio) RILReceiver0 expire 5 lines
08-08 07:33:17.158 2878 2906 I chatty : uid=1001(radio) Binder_1 expire 25 lines
08-08 07:33:17.223 2878 3306 I chatty : uid=1001(radio) Binder_6 expire 13 lines
08-08 07:33:17.310 2421 2421 D SubscriptionManager: getSimStateForSubscriber: simState=5 slotIdx=0
08-08 07:33:17.408 2878 3471 I chatty : uid=1001(radio) Binder_7 expire 12 lines
08-08 07:33:17.445 1956 2202 I chatty : uid=1001(radio) /system/bin/rild expire 7 lines
08-08 07:33:17.484 2878 3472 I chatty : uid=1001(radio) com.android.phone expire 4 lines
08-08 07:33:17.629 1956 2206 I chatty : uid=1001(radio) /system/bin/rild expire 21 lines
08-08 07:33:17.630 2878 2968 I chatty : uid=1001(radio) RILReceiver0 expire 12 lines
08-08 07:33:17.632 1956 2202 I chatty : uid=1001(radio) /system/bin/rild expire 42 lines
08-08 07:33:17.633 2878 3136 I chatty : uid=1001(radio) Binder_4 expire 24 lines
08-08 07:33:17.634 2878 2878 I chatty : uid=1001(radio) com.android.phone expire 17 lines
08-08 07:33:17.635 1956 1976 I chatty : uid=1001(radio) /system/bin/rild expire 11 lines
08-08 07:33:17.636 2878 3143 I chatty : uid=1001(radio) Binder_5 expire 17 lines
08-08 07:33:17.638 2878 3471 I chatty : uid=1001(radio) Binder_7 expire 24 lines
08-08 07:33:17.638 2878 2924 I chatty : uid=1001(radio) Binder_3 expire 25 lines
08-08 07:33:17.640 2878 3306 I chatty : uid=1001(radio) Binder_6 expire 30 lines
08-08 07:33:17.653 2878 2914 I chatty : uid=1001(radio) Binder_2 expire 12 lines
08-08 07:33:17.658 2878 2906 I chatty : uid=1001(radio) Binder_1 expire 20 lines
08-08 07:33:17.932 1956 2202 I chatty : uid=1001(radio) /system/bin/rild expire 105 lines
08-08 07:33:17.932 2878 3471 I chatty : uid=1001(radio) Binder_7 expire 3 lines
08-08 07:33:17.933 2878 2968 I chatty : uid=1001(radio) RILReceiver0 expire 15 lines
08-08 07:33:17.933 2878 2878 I chatty : uid=1001(radio) com.android.phone expire 24 lines
08-08 07:33:17.935 1956 1976 I chatty : uid=1001(radio) /system/bin/rild expire 30 lines
08-08 07:33:17.935 1956 2206 I chatty : uid=1001(radio) /system/bin/rild expire 72 lines
08-08 07:33:17.937 2878 3306 I chatty : uid=1001(radio) Binder_6 expire 3 lines
08-08 07:33:17.949 2878 2914 I chatty : uid=1001(radio) Binder_2 expire 18 lines
08-08 07:33:17.958 1956 2202 I chatty : uid=1001(radio) /system/bin/rild expire 33 lines
08-08 07:33:17.958 1956 2206 I chatty : uid=1001(radio) /system/bin/rild expire 9 lines
08-08 07:33:17.961 1956 1976 I chatty : uid=1001(radio) /system/bin/rild expire 1 line
08-08 07:33:17.962 2878 2968 I chatty : uid=1001(radio) RILReceiver0 expire 9 lines
08-08 07:33:17.964 2878 2878 I chatty : uid=1001(radio) com.android.phone expire 106 lines
08-08 07:33:17.966 2878 3143 I chatty : uid=1001(radio) Binder_5 expire 26 lines
08-08 07:33:17.980 2878 2906 I chatty : uid=1001(radio) Binder_1 expire 16 lines
08-08 07:33:17.994 2878 3471 I chatty : uid=1001(radio) Binder_7 expire 12 lines
08-08 07:33:17.996 2421 3144 D SubscriptionManager: getSimStateForSubscriber: simState=5 slotIdx=0
08-08 07:33:17.998 2878 3136 I chatty : uid=1001(radio) Binder_4 expire 7 lines
08-08 07:33:18.027 2878 3306 I chatty : uid=1001(radio) Binder_6 expire 10 lines
08-08 07:33:18.028 2304 2316 D SubscriptionManager: getSimStateForSubscriber: simState=5 slotIdx=0
08-08 07:33:18.033 2304 2751 D TelephonyRegistry: notifyCellLocationForSubscriber: subId=7 cellLocation=Bundle[mParcelledData.dataSize=64]
08-08 07:33:18.035 2421 2421 D SubscriptionManager: getSimStateForSubscriber: simState=5 slotIdx=0
08-08 07:33:18.112 2878 2924 I chatty : uid=1001(radio) Binder_3 expire 48 lines
08-08 07:33:18.430 2878 2914 I chatty : uid=1001(radio) Binder_2 expire 24 lines
08-08 07:33:18.441 2878 3471 I chatty : uid=1001(radio) Binder_7 expire 27 lines
08-08 07:33:18.448 2878 3136 I chatty : uid=1001(radio) Binder_4 expire 24 lines
08-08 07:33:18.450 2878 3306 I chatty : uid=1001(radio) Binder_6 expire 24 lines
08-08 07:33:18.454 2878 3143 I chatty : uid=1001(radio) Binder_5 expire 9 lines
08-08 07:33:18.455 1956 1976 I chatty : uid=1001(radio) /system/bin/rild expire 5 lines
08-08 07:33:18.455 1956 2206 I chatty : uid=1001(radio) /system/bin/rild expire 10 lines
08-08 07:33:18.456 2878 2968 I chatty : uid=1001(radio) RILReceiver0 expire 5 lines
08-08 07:33:18.464 2878 2906 I chatty : uid=1001(radio) Binder_1 expire 14 lines
08-08 07:33:18.495 2878 2878 I chatty : uid=1001(radio) com.android.phone expire 66 lines
08-08 07:33:18.512 2421 2421 D SubscriptionManager: getSimStateForSubscriber: simState=5 slotIdx=0
08-08 07:33:18.640 2878 3474 I chatty : uid=1001(radio) com.android.phone expire 4 lines
08-08 07:33:18.853 2878 3477 I chatty : uid=1001(radio) com.android.phone expire 4 lines
08-08 07:33:18.949 2878 3029 I chatty : uid=1001(radio) DcSwitchStateMa expire 2 lines
08-08 07:33:18.975 1956 1976 I chatty : uid=1001(radio) /system/bin/rild expire 9 lines
08-08 07:33:18.976 1956 2206 I chatty : uid=1001(radio) /system/bin/rild expire 18 lines
08-08 07:33:18.976 2878 2968 I chatty : uid=1001(radio) RILReceiver0 expire 9 lines
08-08 07:33:18.979 2878 3306 I chatty : uid=1001(radio) Binder_6 expire 35 lines
08-08 07:33:18.980 2878 2914 I chatty : uid=1001(radio) Binder_2 expire 17 lines
08-08 07:33:18.985 2878 3136 I chatty : uid=1001(radio) Binder_4 expire 25 lines
08-08 07:33:18.987 2878 3143 I chatty : uid=1001(radio) Binder_5 expire 43 lines
08-08 07:33:18.987 2878 3471 I chatty : uid=1001(radio) Binder_7 expire 40 lines
08-08 07:33:18.996 2878 2924 I chatty : uid=1001(radio) Binder_3 expire 24 lines
08-08 07:33:19.045 2878 2906 I chatty : uid=1001(radio) Binder_1 expire 52 lines
08-08 07:33:19.477 2878 3306 I chatty : uid=1001(radio) Binder_6 expire 16 lines
08-08 07:33:19.486 2878 2914 I chatty : uid=1001(radio) Binder_2 expire 15 lines
08-08 07:33:19.503 2878 3136 I chatty : uid=1001(radio) Binder_4 expire 15 lines
08-08 07:33:19.508 2878 3143 I chatty : uid=1001(radio) Binder_5 expire 15 lines
08-08 07:33:19.514 2878 2924 I chatty : uid=1001(radio) Binder_3 expire 15 lines
08-08 07:33:19.642 2878 3471 I chatty : uid=1001(radio) Binder_7 expire 15 lines
08-08 07:33:19.726 1956 2202 I chatty : uid=1001(radio) /system/bin/rild expire 81 lines
08-08 07:33:19.726 2878 2878 I chatty : uid=1001(radio) com.android.phone expire 13 lines
08-08 07:33:21.244 2878 2968 I chatty : uid=1001(radio) RILReceiver0 expire 12 lines
08-08 07:33:21.256 1956 1976 I chatty : uid=1001(radio) /system/bin/rild expire 12 lines
08-08 07:33:21.257 1956 2206 I chatty : uid=1001(radio) /system/bin/rild expire 67 lines
08-08 07:33:21.296 1956 1976 I chatty : uid=1001(radio) /system/bin/rild expire 8 lines
08-08 07:33:21.296 2878 2878 I chatty : uid=1001(radio) com.android.phone expire 98 lines
08-08 07:33:21.299 1956 2202 I chatty : uid=1001(radio) /system/bin/rild expire 47 lines
08-08 07:33:21.301 2878 2968 I chatty : uid=1001(radio) RILReceiver0 expire 7 lines
08-08 07:33:21.365 2304 2733 D SubscriptionManager: getSimStateForSubscriber: simState=5 slotIdx=0
08-08 07:33:21.379 2304 2476 D TelephonyRegistry: Notify data connection state changed on sub: 7
08-08 07:33:21.379 2304 2476 D TelephonyRegistry: Notify data connection state changed on sub: 7
08-08 07:33:21.382 2878 3136 I chatty : uid=1001(radio) Binder_4 expire 9 lines
08-08 07:33:21.408 2878 3029 I chatty : uid=1001(radio) DcSwitchStateMa expire 3 lines
08-08 07:33:21.431 2878 2997 I chatty : uid=1001(radio) DcHandlerThread expire 20 lines
08-08 07:33:21.474 2878 3143 I chatty : uid=1001(radio) Binder_5 expire 4 lines
08-08 07:33:21.481 2878 2914 I chatty : uid=1001(radio) Binder_2 expire 6 lines
08-08 07:33:21.485 2878 3306 I chatty : uid=1001(radio) Binder_6 expire 4 lines
08-08 07:33:21.498 2878 2924 I chatty : uid=1001(radio) Binder_3 expire 3 lines
08-08 07:33:21.501 2878 3471 I chatty : uid=1001(radio) Binder_7 expire 5 lines
08-08 07:33:21.514 2878 2906 I chatty : uid=1001(radio) Binder_1 expire 14 lines
08-08 07:33:21.520 2878 3306 I chatty : uid=1001(radio) Binder_6 expire 16 lines
08-08 07:33:21.520 1956 1976 I chatty : uid=1001(radio) /system/bin/rild expire 11 lines
08-08 07:33:21.520 1956 2206 I chatty : uid=1001(radio) /system/bin/rild expire 21 lines
08-08 07:33:21.520 2878 2968 I chatty : uid=1001(radio) RILReceiver0 expire 12 lines
08-08 07:33:21.523 2878 3143 I chatty : uid=1001(radio) Binder_5 expire 16 lines
08-08 07:33:21.524 2878 3136 I chatty : uid=1001(radio) Binder_4 expire 9 lines
08-08 07:33:21.528 2878 2924 I chatty : uid=1001(radio) Binder_3 expire 14 lines
08-08 07:33:21.532 2878 3471 I chatty : uid=1001(radio) Binder_7 expire 15 lines
08-08 07:33:21.533 2878 2914 I chatty : uid=1001(radio) Binder_2 expire 12 lines
08-08 07:33:21.646 1956 2202 I chatty : uid=1001(radio) /system/bin/rild expire 78 lines
08-08 07:33:21.647 2878 2878 I chatty : uid=1001(radio) com.android.phone expire 25 lines
08-08 07:33:25.741 2878 2997 I chatty : uid=1001(radio) DcHandlerThread expire 15 lines
08-08 07:33:25.816 2304 2765 D TelephonyRegistry: Notify data connection state changed on sub: 7
08-08 07:33:25.816 2304 2765 D TelephonyRegistry: Notify data connection state changed on sub: 7
08-08 07:33:43.395 1956 2202 I chatty : uid=1001(radio) /system/bin/rild expire 73 lines
08-08 07:33:43.404 2878 2878 I chatty : uid=1001(radio) com.android.phone expire 27 lines
08-08 07:57:31.399 2878 2968 I chatty : uid=1001(radio) RILReceiver0 expire 18 lines
08-08 07:57:31.406 1956 1976 I chatty : uid=1001(radio) /system/bin/rild expire 22 lines
08-08 07:57:31.407 1956 2206 I chatty : uid=1001(radio) /system/bin/rild expire 54 lines
08-08 07:57:31.454 2304 2316 D TelephonyRegistry: notifyCellLocationForSubscriber: subId=7 cellLocation=Bundle[mParcelledData.dataSize=64]
08-08 07:57:31.794 2878 2878 I chatty : uid=1001(radio) com.android.phone expire 14 lines
08-08 08:01:53.396 1956 2202 I chatty : uid=1001(radio) /system/bin/rild expire 180 lines
08-08 08:01:53.533 2878 2968 I chatty : uid=1001(radio) RILReceiver0 expire 18 lines
08-08 08:01:53.533 2878 2878 I chatty : uid=1001(radio) com.android.phone expire 40 lines
08-08 08:01:53.540 2304 2476 D TelephonyRegistry: notifyCellLocationForSubscriber: subId=7 cellLocation=Bundle[mParcelledData.dataSize=64]
08-08 08:01:53.800 1956 1976 I chatty : uid=1001(radio) /system/bin/rild expire 16 lines
08-08 08:01:53.800 1956 2206 I chatty : uid=1001(radio) /system/bin/rild expire 46 lines
08-08 08:01:55.503 2304 2797 D TelephonyRegistry: notifyCellLocationForSubscriber: subId=7 cellLocation=Bundle[mParcelledData.dataSize=64]
08-08 08:01:59.291 2878 2924 I chatty : uid=1001(radio) Binder_3 expire 2 lines
08-08 08:02:06.992 2878 2968 I chatty : uid=1001(radio) RILReceiver0 expire 21 lines
08-08 08:02:06.993 2878 2878 I chatty : uid=1001(radio) com.android.phone expire 20 lines
08-08 08:02:07.000 1956 2202 I chatty : uid=1001(radio) /system/bin/rild expire 115 lines
08-08 08:02:07.031 1956 1976 I chatty : uid=1001(radio) /system/bin/rild expire 27 lines
08-08 08:02:07.033 1956 2206 I chatty : uid=1001(radio) /system/bin/rild expire 123 lines
08-08 08:02:07.116 2878 2968 I chatty : uid=1001(radio) RILReceiver0 expire 23 lines
08-08 08:02:07.116 1956 2202 I chatty : uid=1001(radio) /system/bin/rild expire 133 lines
08-08 08:02:07.117 2878 2878 I chatty : uid=1001(radio) com.android.phone expire 25 lines
08-08 08:02:07.121 2304 2315 D TelephonyRegistry: notifyCellLocationForSubscriber: subId=7 cellLocation=Bundle[mParcelledData.dataSize=64]
08-08 08:02:09.497 1956 1976 I chatty : uid=1001(radio) /system/bin/rild expire 50 lines
08-08 08:02:09.561 1956 2202 I chatty : uid=1001(radio) /system/bin/rild expire 121 lines
08-08 08:02:09.562 2878 2968 I chatty : uid=1001(radio) RILReceiver0 expire 21 lines
08-08 08:02:09.562 1956 2206 I chatty : uid=1001(radio) /system/bin/rild expire 59 lines
08-08 08:02:09.564 2878 2878 I chatty : uid=1001(radio) com.android.phone expire 53 lines
08-08 08:02:09.590 2304 3583 D TelephonyRegistry: notifyCellLocationForSubscriber: subId=7 cellLocation=Bundle[mParcelledData.dataSize=64]
08-08 08:02:10.257 1956 2202 I chatty : uid=1001(radio) /system/bin/rild expire 136 lines
08-08 08:02:10.259 2878 2968 I chatty : uid=1001(radio) RILReceiver0 expire 18 lines
08-08 08:02:10.260 1956 1976 I chatty : uid=1001(radio) /system/bin/rild expire 23 lines
08-08 08:02:10.260 1956 2206 I chatty : uid=1001(radio) /system/bin/rild expire 105 lines
08-08 08:02:10.284 2304 2797 D TelephonyRegistry: notifyCellLocationForSubscriber: subId=7 cellLocation=Bundle[mParcelledData.dataSize=64]
08-08 08:02:17.946 2878 2968 I chatty : uid=1001(radio) RILReceiver0 expire 22 lines
08-08 08:02:17.947 1956 2202 I chatty : uid=1001(radio) /system/bin/rild expire 142 lines
08-08 08:02:17.950 2878 2878 I chatty : uid=1001(radio) com.android.phone expire 21 lines
08-08 08:02:17.950 1956 1976 I chatty : uid=1001(radio) /system/bin/rild expire 42 lines
08-08 08:02:18.002 2304 2797 D TelephonyRegistry: notifyCellLocationForSubscriber: subId=7 cellLocation=Bundle[mParcelledData.dataSize=64]
08-08 08:02:18.473 1956 2206 I chatty : uid=1001(radio) /system/bin/rild expire 72 lines
08-08 08:02:18.473 2878 2878 I chatty : uid=1001(radio) com.android.phone expire 26 lines
08-08 08:02:18.475 2878 2968 I chatty : uid=1001(radio) RILReceiver0 expire 20 lines
08-08 08:02:18.481 1956 2202 I chatty : uid=1001(radio) /system/bin/rild expire 232 lines
08-08 08:02:18.520 2304 2733 D TelephonyRegistry: notifyCellLocationForSubscriber: subId=7 cellLocation=Bundle[mParcelledData.dataSize=64]
08-08 08:02:18.673 2878 2878 I chatty : uid=1001(radio) com.android.phone expire 21 lines
08-08 08:02:21.092 2878 2968 I chatty : uid=1001(radio) RILReceiver0 expire 21 lines
08-08 08:02:21.161 1956 1976 I chatty : uid=1001(radio) /system/bin/rild expire 26 lines
08-08 08:02:21.163 1956 2206 I chatty : uid=1001(radio) /system/bin/rild expire 118 lines
08-08 08:02:21.231 1956 2202 I chatty : uid=1001(radio) /system/bin/rild expire 135 lines
08-08 08:02:21.232 2878 2968 I chatty : uid=1001(radio) RILReceiver0 expire 22 lines
08-08 08:02:21.232 1956 1976 I chatty : uid=1001(radio) /system/bin/rild expire 23 lines
08-08 08:02:21.233 2878 2878 I chatty : uid=1001(radio) com.android.phone expire 49 lines
08-08 08:02:21.238 2304 2733 D TelephonyRegistry: notifyCellLocationForSubscriber: subId=7 cellLocation=Bundle[mParcelledData.dataSize=64]
08-08 08:02:28.891 1956 2206 I chatty : uid=1001(radio) /system/bin/rild expire 59 lines
08-08 08:02:28.892 1956 2202 I chatty : uid=1001(radio) /system/bin/rild expire 126 lines
08-08 08:02:28.897 2878 2968 I chatty : uid=1001(radio) RILReceiver0 expire 19 lines
08-08 08:02:28.899 1956 1976 I chatty : uid=1001(radio) /system/bin/rild expire 55 lines
08-08 08:02:28.934 2304 2476 D TelephonyRegistry: notifyCellLocationForSubscriber: subId=7 cellLocation=Bundle[mParcelledData.dataSize=64]
08-08 08:02:31.325 2878 2968 I chatty : uid=1001(radio) RILReceiver0 expire 21 lines
08-08 08:02:31.326 1956 2206 I chatty : uid=1001(radio) /system/bin/rild expire 58 lines
08-08 08:02:31.326 2878 2878 I chatty : uid=1001(radio) com.android.phone expire 27 lines
08-08 08:02:31.326 1956 2202 I chatty : uid=1001(radio) /system/bin/rild expire 279 lines
08-08 08:02:31.360 2304 3583 D TelephonyRegistry: notifyCellLocationForSubscriber: subId=7 cellLocation=Bundle[mParcelledData.dataSize=64]
08-08 08:02:32.027 1956 2206 I chatty : uid=1001(radio) /system/bin/rild expire 53 lines
08-08 08:02:32.033 2878 2968 I chatty : uid=1001(radio) RILReceiver0 expire 17 lines
08-08 08:02:32.035 2878 2878 I chatty : uid=1001(radio) com.android.phone expire 16 lines
08-08 08:02:32.038 1956 1976 I chatty : uid=1001(radio) /system/bin/rild expire 37 lines
08-08 08:02:40.914 1956 2202 I chatty : uid=1001(radio) /system/bin/rild expire 109 lines
08-08 08:02:40.915 2878 2968 I chatty : uid=1001(radio) RILReceiver0 expire 24 lines
08-08 08:02:40.916 2878 2878 I chatty : uid=1001(radio) com.android.phone expire 23 lines
08-08 08:02:40.918 1956 2206 I chatty : uid=1001(radio) /system/bin/rild expire 135 lines
08-08 08:02:40.939 1956 2202 I chatty : uid=1001(radio) /system/bin/rild expire 121 lines
08-08 08:02:40.940 2878 2878 I chatty : uid=1001(radio) com.android.phone expire 24 lines
08-08 08:02:40.940 2878 2968 I chatty : uid=1001(radio) RILReceiver0 expire 21 lines
08-08 08:02:40.943 2304 2781 D TelephonyRegistry: notifyCellLocationForSubscriber: subId=7 cellLocation=Bundle[mParcelledData.dataSize=64]
08-08 08:02:42.200 1956 1976 I chatty : uid=1001(radio) /system/bin/rild expire 45 lines
08-08 08:02:42.268 1956 2202 I chatty : uid=1001(radio) /system/bin/rild expire 146 lines
08-08 08:02:42.270 2878 2878 I chatty : uid=1001(radio) com.android.phone expire 31 lines
08-08 08:02:42.271 1956 2206 I chatty : uid=1001(radio) /system/bin/rild expire 33 lines
08-08 08:02:42.271 2878 2968 I chatty : uid=1001(radio) RILReceiver0 expire 16 lines
08-08 08:02:42.289 2304 2315 D TelephonyRegistry: notifyCellLocationForSubscriber: subId=7 cellLocation=Bundle[mParcelledData.dataSize=64]
08-08 08:02:56.688 2878 2914 I chatty : uid=1001(radio) Binder_2 expire 2 lines
08-08 08:02:56.710 2878 2906 I chatty : uid=1001(radio) Binder_1 expire 2 lines
08-08 08:02:56.714 2878 3143 I chatty : uid=1001(radio) Binder_5 expire 2 lines
08-08 08:02:56.716 2878 3471 I chatty : uid=1001(radio) Binder_7 expire 2 lines
08-08 08:02:56.718 2878 2924 I chatty : uid=1001(radio) Binder_3 expire 2 lines
08-08 08:03:48.128 1956 2202 I chatty : uid=1001(radio) /system/bin/rild expire 155 lines
08-08 08:03:48.128 2878 2968 I chatty : uid=1001(radio) RILReceiver0 expire 17 lines
08-08 08:03:48.129 1956 2206 I chatty : uid=1001(radio) /system/bin/rild expire 48 lines
08-08 08:03:48.130 1956 1976 I chatty : uid=1001(radio) /system/bin/rild expire 10 lines
08-08 08:03:48.130 2878 2878 I chatty : uid=1001(radio) com.android.phone expire 49 lines
08-08 08:03:48.181 2304 2797 D TelephonyRegistry: notifyCellLocationForSubscriber: subId=7 cellLocation=Bundle[mParcelledData.dataSize=64]
08-08 08:04:07.352 2878 2968 I chatty : uid=1001(radio) RILReceiver0 expire 21 lines
08-08 08:04:07.353 1956 2202 I chatty : uid=1001(radio) /system/bin/rild expire 111 lines
08-08 08:04:07.385 1956 1976 I chatty : uid=1001(radio) /system/bin/rild expire 27 lines
08-08 08:04:07.387 1956 2206 I chatty : uid=1001(radio) /system/bin/rild expire 119 lines
08-08 08:04:07.460 1956 2202 I chatty : uid=1001(radio) /system/bin/rild expire 120 lines
08-08 08:04:07.461 2878 2968 I chatty : uid=1001(radio) RILReceiver0 expire 21 lines
08-08 08:04:07.462 2878 2878 I chatty : uid=1001(radio) com.android.phone expire 40 lines
08-08 08:04:07.463 2304 2797 D TelephonyRegistry: notifyCellLocationForSubscriber: subId=7 cellLocation=Bundle[mParcelledData.dataSize=64]
08-08 08:04:07.755 1956 1976 I chatty : uid=1001(radio) /system/bin/rild expire 23 lines
08-08 08:04:07.899 2878 2914 I chatty : uid=1001(radio) Binder_2 expire 2 lines
08-08 08:04:07.909 2878 2924 I chatty : uid=1001(radio) Binder_3 expire 2 lines
08-08 08:04:12.648 1956 2202 I chatty : uid=1001(radio) /system/bin/rild expire 128 lines
08-08 08:04:12.649 2878 2968 I chatty : uid=1001(radio) RILReceiver0 expire 18 lines
08-08 08:04:12.650 1956 1976 I chatty : uid=1001(radio) /system/bin/rild expire 24 lines
08-08 08:04:12.650 1956 2206 I chatty : uid=1001(radio) /system/bin/rild expire 60 lines
08-08 08:04:12.650 2878 2878 I chatty : uid=1001(radio) com.android.phone expire 47 lines
08-08 08:04:12.683 2304 2316 D TelephonyRegistry: notifyCellLocationForSubscriber: subId=7 cellLocation=Bundle[mParcelledData.dataSize=64]
08-08 08:04:16.787 1956 2202 I chatty : uid=1001(radio) /system/bin/rild expire 144 lines
08-08 08:04:16.789 1956 1976 I chatty : uid=1001(radio) /system/bin/rild expire 13 lines
08-08 08:04:16.789 1956 2206 I chatty : uid=1001(radio) /system/bin/rild expire 57 lines
08-08 08:04:16.792 2878 2968 I chatty : uid=1001(radio) RILReceiver0 expire 43 lines
08-08 08:04:16.820 2304 2733 D TelephonyRegistry: notifyCellLocationForSubscriber: subId=7 cellLocation=Bundle[mParcelledData.dataSize=64]
08-08 08:04:19.329 1956 2202 I chatty : uid=1001(radio) /system/bin/rild expire 108 lines
08-08 08:04:19.331 2878 2878 I chatty : uid=1001(radio) com.android.phone expire 24 lines
08-08 08:04:19.333 1956 1976 I chatty : uid=1001(radio) /system/bin/rild expire 27 lines
08-08 08:04:19.333 1956 2206 I chatty : uid=1001(radio) /system/bin/rild expire 118 lines
08-08 08:04:19.380 2878 2878 I chatty : uid=1001(radio) com.android.phone expire 44 lines
08-08 08:04:19.382 1956 2202 I chatty : uid=1001(radio) /system/bin/rild expire 130 lines
08-08 08:04:19.382 2878 2968 I chatty : uid=1001(radio) RILReceiver0 expire 18 lines
08-08 08:04:19.385 2304 2899 D TelephonyRegistry: notifyCellLocationForSubscriber: subId=7 cellLocation=Bundle[mParcelledData.dataSize=64]
08-08 08:04:21.149 1956 1976 I chatty : uid=1001(radio) /system/bin/rild expire 17 lines
08-08 08:06:13.209 2878 2878 I chatty : uid=1001(radio) com.android.phone expire 39 lines
08-08 08:06:13.311 2878 3136 I chatty : uid=1001(radio) Binder_4 expire 25 lines
08-08 08:06:13.317 2304 2899 D SubscriptionManager: getSimStateForSubscriber: simState=5 slotIdx=0
08-08 08:06:13.319 2878 2997 I chatty : uid=1001(radio) DcHandlerThread expire 9 lines
08-08 08:06:13.340 2878 3306 I chatty : uid=1001(radio) Binder_6 expire 23 lines
08-08 08:06:13.340 2421 2421 D SubscriptionManager: getSimStateForSubscriber: simState=5 slotIdx=0
08-08 08:06:13.343 2304 2941 D TelephonyRegistry: Notify data connection state changed on sub: 7
08-08 08:06:13.343 2304 2941 D TelephonyRegistry: Notify data connection state changed on sub: 7
08-08 08:06:13.360 2304 2781 D TelephonyRegistry: notifyCellLocationForSubscriber: subId=7 cellLocation=Bundle[mParcelledData.dataSize=64]
08-08 08:06:13.362 2878 2906 I chatty : uid=1001(radio) Binder_1 expire 21 lines
08-08 08:06:13.370 2878 2924 I chatty : uid=1001(radio) Binder_3 expire 17 lines
08-08 08:06:13.670 1956 1976 I chatty : uid=1001(radio) /system/bin/rild expire 8 lines
08-08 08:06:13.670 1956 2206 I chatty : uid=1001(radio) /system/bin/rild expire 16 lines
08-08 08:06:13.670 2878 2968 I chatty : uid=1001(radio) RILReceiver0 expire 11 lines
08-08 08:06:13.743 2878 2914 I chatty : uid=1001(radio) Binder_2 expire 11 lines
08-08 08:06:13.746 2878 3471 I chatty : uid=1001(radio) Binder_7 expire 25 lines
08-08 08:06:13.757 2878 3143 I chatty : uid=1001(radio) Binder_5 expire 14 lines
08-08 08:06:29.371 1956 2202 I chatty : uid=1001(radio) /system/bin/rild expire 88 lines
08-08 08:06:30.067 2878 2878 I chatty : uid=1001(radio) com.android.phone expire 63 lines
08-08 08:06:30.071 1956 1976 I chatty : uid=1001(radio) /system/bin/rild expire 18 lines
08-08 08:06:30.071 1956 2206 I chatty : uid=1001(radio) /system/bin/rild expire 41 lines
08-08 08:06:30.075 2878 2968 I chatty : uid=1001(radio) RILReceiver0 expire 15 lines
08-08 08:06:30.192 2304 3583 D SubscriptionManager: getSimStateForSubscriber: simState=5 slotIdx=0
08-08 08:06:30.196 2878 2997 I chatty : uid=1001(radio) DcHandlerThread expire 9 lines
08-08 08:06:30.210 2304 2765 D TelephonyRegistry: Notify data connection state changed on sub: 7
08-08 08:06:30.210 2304 2765 D TelephonyRegistry: Notify data connection state changed on sub: 7
08-08 08:06:30.214 2878 3306 I chatty : uid=1001(radio) Binder_6 expire 8 lines
08-08 08:06:30.217 2878 2906 I chatty : uid=1001(radio) Binder_1 expire 8 lines
08-08 08:06:30.219 2878 2924 I chatty : uid=1001(radio) Binder_3 expire 13 lines
08-08 08:06:30.221 2878 3143 I chatty : uid=1001(radio) Binder_5 expire 8 lines
08-08 08:06:30.222 2878 3471 I chatty : uid=1001(radio) Binder_7 expire 7 lines
08-08 08:06:30.224 2304 2899 D TelephonyRegistry: notifyCellLocationForSubscriber: subId=7 cellLocation=Bundle[mParcelledData.dataSize=64]
08-08 08:06:30.350 2878 3136 I chatty : uid=1001(radio) Binder_4 expire 7 lines
08-08 08:06:30.361 2878 2914 I chatty : uid=1001(radio) Binder_2 expire 14 lines
08-08 08:06:30.429 2878 2906 I chatty : uid=1001(radio) Binder_1 expire 10 lines
08-08 08:06:30.431 1956 1976 I chatty : uid=1001(radio) /system/bin/rild expire 22 lines
08-08 08:06:30.431 1956 2206 I chatty : uid=1001(radio) /system/bin/rild expire 58 lines
08-08 08:06:30.431 2878 2968 I chatty : uid=1001(radio) RILReceiver0 expire 21 lines
08-08 08:06:30.436 2878 2924 I chatty : uid=1001(radio) Binder_3 expire 8 lines
08-08 08:06:30.436 2878 3136 I chatty : uid=1001(radio) Binder_4 expire 5 lines
08-08 08:06:30.441 2878 3143 I chatty : uid=1001(radio) Binder_5 expire 5 lines
08-08 08:06:30.442 2878 3306 I chatty : uid=1001(radio) Binder_6 expire 5 lines
08-08 08:06:30.446 2878 3471 I chatty : uid=1001(radio) Binder_7 expire 5 lines
08-08 08:06:35.643 1956 2202 I chatty : uid=1001(radio) /system/bin/rild expire 93 lines
08-08 08:06:35.652 2878 2878 I chatty : uid=1001(radio) com.android.phone expire 57 lines
08-08 08:06:35.703 2878 2968 I chatty : uid=1001(radio) RILReceiver0 expire 11 lines
08-08 08:10:22.404 1956 2202 I chatty : uid=1001(radio) /system/bin/rild expire 106 lines
08-08 08:10:22.416 1956 1976 I chatty : uid=1001(radio) /system/bin/rild expire 22 lines
08-08 08:10:22.416 1956 2206 I chatty : uid=1001(radio) /system/bin/rild expire 54 lines
08-08 08:10:22.490 2304 3585 D TelephonyRegistry: notifyCellLocationForSubscriber: subId=7 cellLocation=Bundle[mParcelledData.dataSize=64]
08-08 08:10:22.532 2878 2878 I chatty : uid=1001(radio) com.android.phone expire 12 lines
08-08 08:16:22.411 2878 2968 I chatty : uid=1001(radio) RILReceiver0 expire 20 lines
08-08 08:16:22.446 2878 2878 I chatty : uid=1001(radio) com.android.phone expire 48 lines
08-08 08:16:22.447 1956 2202 I chatty : uid=1001(radio) /system/bin/rild expire 74 lines
08-08 08:16:22.478 2304 2900 D TelephonyRegistry: notifyCellLocationForSubscriber: subId=7 cellLocation=Bundle[mParcelledData.dataSize=64]
08-08 08:22:22.417 1956 1976 I chatty : uid=1001(radio) /system/bin/rild expire 22 lines
08-08 08:22:22.417 1956 2206 I chatty : uid=1001(radio) /system/bin/rild expire 51 lines
08-08 08:22:22.491 2304 3585 D TelephonyRegistry: notifyCellLocationForSubscriber: subId=7 cellLocation=Bundle[mParcelledData.dataSize=64]
08-08 08:22:22.553 2878 2878 I chatty : uid=1001(radio) com.android.phone expire 15 lines
08-08 08:34:21.410 1956 2202 I chatty : uid=1001(radio) /system/bin/rild expire 29 lines
08-08 08:34:21.417 2878 2968 I chatty : uid=1001(radio) RILReceiver0 expire 20 lines
08-08 08:34:21.463 1956 2202 I chatty : uid=1001(radio) /system/bin/rild expire 136 lines
08-08 08:34:21.465 1956 2206 I chatty : uid=1001(radio) /system/bin/rild expire 30 lines
08-08 08:34:21.467 2878 2878 I chatty : uid=1001(radio) com.android.phone expire 52 lines
08-08 08:34:21.508 2304 3585 D TelephonyRegistry: notifyCellLocationForSubscriber: subId=7 cellLocation=Bundle[mParcelledData.dataSize=64]
08-08 08:34:22.625 2878 2906 I chatty : uid=1001(radio) Binder_1 expire 4 lines
08-08 08:34:22.648 2878 3136 I chatty : uid=1001(radio) Binder_4 expire 2 lines
08-08 08:34:22.668 2878 3306 I chatty : uid=1001(radio) Binder_6 expire 2 lines
08-08 08:34:22.691 2878 2914 I chatty : uid=1001(radio) Binder_2 expire 2 lines
08-08 08:40:22.420 1956 1976 I chatty : uid=1001(radio) /system/bin/rild expire 22 lines
08-08 08:40:43.376 1956 2202 I chatty : uid=1001(radio) /system/bin/rild expire 72 lines
08-08 08:40:43.382 2878 2968 I chatty : uid=1001(radio) RILReceiver0 expire 15 lines
08-08 08:40:43.386 2878 2878 I chatty : uid=1001(radio) com.android.phone expire 68 lines
08-08 08:40:44.069 1956 2206 I chatty : uid=1001(radio) /system/bin/rild expire 35 lines
08-08 08:40:44.180 2304 2900 D SubscriptionManager: getSimStateForSubscriber: simState=5 slotIdx=0
08-08 08:40:44.184 2878 2997 I chatty : uid=1001(radio) DcHandlerThread expire 9 lines
08-08 08:40:44.205 2878 3143 I chatty : uid=1001(radio) Binder_5 expire 8 lines
08-08 08:40:44.208 2304 2733 D TelephonyRegistry: Notify data connection state changed on sub: 7
08-08 08:40:44.208 2304 2733 D TelephonyRegistry: Notify data connection state changed on sub: 7
08-08 08:40:44.210 2304 2751 D TelephonyRegistry: notifyCellLocationForSubscriber: subId=7 cellLocation=Bundle[mParcelledData.dataSize=64]
08-08 08:40:44.210 2878 2906 I chatty : uid=1001(radio) Binder_1 expire 7 lines
08-08 08:40:44.215 2878 2924 I chatty : uid=1001(radio) Binder_3 expire 6 lines
08-08 08:40:44.219 2878 3471 I chatty : uid=1001(radio) Binder_7 expire 5 lines
08-08 08:40:44.322 2878 2914 I chatty : uid=1001(radio) Binder_2 expire 8 lines
08-08 08:40:44.351 2878 3136 I chatty : uid=1001(radio) Binder_4 expire 4 lines
08-08 08:40:44.375 2878 3306 I chatty : uid=1001(radio) Binder_6 expire 3 lines
08-08 08:40:44.382 1956 1976 I chatty : uid=1001(radio) /system/bin/rild expire 18 lines
08-08 08:40:44.403 2878 2914 I chatty : uid=1001(radio) Binder_2 expire 3 lines
08-08 08:40:44.404 2878 2924 I chatty : uid=1001(radio) Binder_3 expire 4 lines
08-08 08:40:44.405 1956 2206 I chatty : uid=1001(radio) /system/bin/rild expire 33 lines
08-08 08:40:44.405 2878 2968 I chatty : uid=1001(radio) RILReceiver0 expire 14 lines
08-08 08:40:44.408 2878 3136 I chatty : uid=1001(radio) Binder_4 expire 5 lines
08-08 08:40:44.409 2878 3143 I chatty : uid=1001(radio) Binder_5 expire 4 lines
08-08 08:40:44.413 2878 3306 I chatty : uid=1001(radio) Binder_6 expire 8 lines
08-08 08:40:44.414 2878 3471 I chatty : uid=1001(radio) Binder_7 expire 2 lines
08-08 08:40:44.418 2878 2906 I chatty : uid=1001(radio) Binder_1 expire 5 lines
08-08 08:40:54.396 1956 2202 I chatty : uid=1001(radio) /system/bin/rild expire 88 lines
08-08 08:40:54.405 2878 2878 I chatty : uid=1001(radio) com.android.phone expire 66 lines
08-08 08:40:55.217 2304 2476 D SubscriptionManager: getSimStateForSubscriber: simState=5 slotIdx=0
08-08 08:40:55.220 2878 2997 I chatty : uid=1001(radio) DcHandlerThread expire 9 lines
08-08 08:40:55.249 2304 2315 D TelephonyRegistry: Notify data connection state changed on sub: 7
08-08 08:40:55.249 2304 2315 D TelephonyRegistry: Notify data connection state changed on sub: 7
08-08 08:40:55.251 2304 2733 D TelephonyRegistry: notifyCellLocationForSubscriber: subId=7 cellLocation=Bundle[mParcelledData.dataSize=64]
08-08 08:40:55.384 2878 3306 I chatty : uid=1001(radio) Binder_6 expire 16 lines
08-08 08:40:55.403 2878 3471 I chatty : uid=1001(radio) Binder_7 expire 12 lines
08-08 08:40:55.412 2878 3143 I chatty : uid=1001(radio) Binder_5 expire 14 lines
08-08 08:40:55.423 2878 2906 I chatty : uid=1001(radio) Binder_1 expire 11 lines
08-08 08:40:55.427 2878 2914 I chatty : uid=1001(radio) Binder_2 expire 11 lines
08-08 08:40:55.440 2878 3136 I chatty : uid=1001(radio) Binder_4 expire 16 lines
08-08 08:40:55.442 1956 1976 I chatty : uid=1001(radio) /system/bin/rild expire 25 lines
08-08 08:40:55.442 1956 2206 I chatty : uid=1001(radio) /system/bin/rild expire 54 lines
08-08 08:40:55.442 2878 2968 I chatty : uid=1001(radio) RILReceiver0 expire 18 lines
08-08 08:40:55.458 2878 2924 I chatty : uid=1001(radio) Binder_3 expire 10 lines
08-08 08:40:59.383 1956 2202 I chatty : uid=1001(radio) /system/bin/rild expire 58 lines
08-08 08:40:59.386 2878 2878 I chatty : uid=1001(radio) com.android.phone expire 70 lines
08-08 08:41:00.502 2878 2968 I chatty : uid=1001(radio) RILReceiver0 expire 20 lines
08-08 08:41:00.503 1956 2202 I chatty : uid=1001(radio) /system/bin/rild expire 117 lines
08-08 08:41:00.505 1956 1976 I chatty : uid=1001(radio) /system/bin/rild expire 10 lines
08-08 08:41:00.505 1956 2206 I chatty : uid=1001(radio) /system/bin/rild expire 38 lines
08-08 08:41:39.026 2878 3306 I chatty : uid=1001(radio) Binder_6 expire 2 lines
08-08 08:42:02.192 2878 2914 I chatty : uid=1001(radio) Binder_2 expire 2 lines
08-08 08:42:32.585 2878 3136 I chatty : uid=1001(radio) Binder_4 expire 2 lines
08-08 08:42:32.596 2878 3471 I chatty : uid=1001(radio) Binder_7 expire 2 lines
08-08 08:42:32.672 2878 2924 I chatty : uid=1001(radio) Binder_3 expire 2 lines
08-08 08:48:27.412 1956 2202 I chatty : uid=1001(radio) /system/bin/rild expire 117 lines
08-08 08:48:27.412 2878 2878 I chatty : uid=1001(radio) com.android.phone expire 44 lines
08-08 08:48:27.413 1956 1976 I chatty : uid=1001(radio) /system/bin/rild expire 22 lines
08-08 08:48:27.413 1956 2206 I chatty : uid=1001(radio) /system/bin/rild expire 54 lines
08-08 08:48:27.415 2878 2968 I chatty : uid=1001(radio) RILReceiver0 expire 16 lines
08-08 08:48:27.505 2304 4196 D TelephonyRegistry: notifyCellLocationForSubscriber: subId=7 cellLocation=Bundle[mParcelledData.dataSize=64]
08-08 08:48:27.506 2878 2906 I chatty : uid=1001(radio) Binder_1 expire 2 lines
08-08 08:56:58.071 2878 2968 I chatty : uid=1001(radio) RILReceiver0 expire 12 lines
08-08 08:56:58.072 2878 2878 I chatty : uid=1001(radio) com.android.phone expire 61 lines
08-08 08:56:58.074 1956 1976 I chatty : uid=1001(radio) /system/bin/rild expire 13 lines
08-08 08:56:58.074 1956 2206 I chatty : uid=1001(radio) /system/bin/rild expire 36 lines
08-08 08:56:58.076 1956 2202 I chatty : uid=1001(radio) /system/bin/rild expire 114 lines
