08-08 08:56:58.183 2304 2797 D SubscriptionManager: getSimStateForSubscriber: simState=5 slotIdx=0
08-08 08:56:58.189 2878 2997 I chatty : uid=1001(radio) DcHandlerThread expire 9 lines
08-08 08:56:58.207 2304 2941 D TelephonyRegistry: Notify data connection state changed on sub: 7
08-08 08:56:58.207 2304 2941 D TelephonyRegistry: Notify data connection state changed on sub: 7
08-08 08:56:58.210 2878 3143 I chatty : uid=1001(radio) Binder_5 expire 2 lines
08-08 08:56:58.213 2878 3471 I chatty : uid=1001(radio) Binder_7 expire 2 lines
08-08 08:56:58.215 2878 2914 I chatty : uid=1001(radio) Binder_2 expire 2 lines
08-08 08:56:58.217 2878 3136 I chatty : uid=1001(radio) Binder_4 expire 2 lines
08-08 08:56:58.219 2878 3306 I chatty : uid=1001(radio) Binder_6 expire 27 lines
08-08 08:56:58.220 2304 3583 D TelephonyRegistry: notifyCellLocationForSubscriber: subId=7 cellLocation=Bundle[mParcelledData.dataSize=64]
08-08 09:02:58.417 1956 1976 I chatty : uid=1001(radio) /system/bin/rild expire 13 lines
08-08 09:02:58.417 1956 2206 I chatty : uid=1001(radio) /system/bin/rild expire 36 lines
08-08 09:02:58.418 2878 2878 I chatty : uid=1001(radio) com.android.phone expire 21 lines
08-08 09:02:58.418 2878 2968 I chatty : uid=1001(radio) RILReceiver0 expire 13 lines
08-08 09:02:58.420 1956 2202 I chatty : uid=1001(radio) /system/bin/rild expire 72 lines
08-08 09:02:58.426 2304 2765 D TelephonyRegistry: notifyCellLocationForSubscriber: subId=7 cellLocation=Bundle[mParcelledData.dataSize=64]
08-08 09:02:58.507 2878 3143 I chatty : uid=1001(radio) Binder_5 expire 22 lines
08-08 09:02:58.554 2878 2914 I chatty : uid=1001(radio) Binder_2 expire 10 lines
08-08 09:02:58.637 2878 2924 I chatty : uid=1001(radio) Binder_3 expire 12 lines
08-08 09:02:58.646 2878 3136 I chatty : uid=1001(radio) Binder_4 expire 10 lines
08-08 09:02:58.666 2878 2906 I chatty : uid=1001(radio) Binder_1 expire 9 lines
08-08 09:02:58.683 2878 3471 I chatty : uid=1001(radio) Binder_7 expire 12 lines
08-08 09:08:58.426 1956 2202 I chatty : uid=1001(radio) /system/bin/rild expire 145 lines
08-08 09:08:58.427 2878 2968 I chatty : uid=1001(radio) RILReceiver0 expire 15 lines
08-08 09:08:58.427 2878 2878 I chatty : uid=1001(radio) com.android.phone expire 45 lines
08-08 09:08:58.432 2304 3583 D TelephonyRegistry: notifyCellLocationForSubscriber: subId=7 cellLocation=Bundle[mParcelledData.dataSize=64]
08-08 09:20:58.427 1956 1976 I chatty : uid=1001(radio) /system/bin/rild expire 11 lines
08-08 09:20:58.427 1956 2206 I chatty : uid=1001(radio) /system/bin/rild expire 27 lines
08-08 09:33:35.531 2878 2997 I chatty : uid=1001(radio) DcHandlerThread expire 32 lines
08-08 09:33:35.553 2878 2878 I chatty : uid=1001(radio) com.android.phone expire 25 lines
08-08 09:33:35.557 2304 2941 D TelephonyRegistry: Notify data connection state changed on sub: 7
08-08 09:33:35.557 2304 2941 D TelephonyRegistry: Notify data connection state changed on sub: 7
08-08 09:33:35.562 2878 3136 I chatty : uid=1001(radio) Binder_4 expire 10 lines
08-08 09:33:35.566 2878 3306 I chatty : uid=1001(radio) Binder_6 expire 8 lines
08-08 09:33:35.570 2878 2906 I chatty : uid=1001(radio) Binder_1 expire 10 lines
08-08 09:33:35.573 2878 2924 I chatty : uid=1001(radio) Binder_3 expire 14 lines
08-08 09:33:35.575 2878 3143 I chatty : uid=1001(radio) Binder_5 expire 12 lines
08-08 09:33:35.605 1956 2202 I chatty : uid=1001(radio) /system/bin/rild expire 113 lines
08-08 09:33:40.944 1956 1976 I chatty : uid=1001(radio) /system/bin/rild expire 5 lines
08-08 09:33:40.944 1956 2206 I chatty : uid=1001(radio) /system/bin/rild expire 20 lines
08-08 09:33:44.033 2878 2968 I chatty : uid=1001(radio) RILReceiver0 expire 4 lines
08-08 09:33:44.100 2304 4196 D TelephonyRegistry: Notify data connection state changed on sub: 7
08-08 09:33:44.101 2304 4196 D TelephonyRegistry: Notify data connection state changed on sub: 7
08-08 09:33:44.202 2878 3471 I chatty : uid=1001(radio) Binder_7 expire 8 lines
08-08 09:33:44.204 2878 2914 I chatty : uid=1001(radio) Binder_2 expire 8 lines
08-08 09:53:26.410 1956 2202 I chatty : uid=1001(radio) /system/bin/rild expire 105 lines
08-08 09:53:26.414 1956 1976 I chatty : uid=1001(radio) /system/bin/rild expire 18 lines
08-08 09:53:26.414 1956 2206 I chatty : uid=1001(radio) /system/bin/rild expire 49 lines
08-08 09:53:26.417 2878 2968 I chatty : uid=1001(radio) RILReceiver0 expire 17 lines
08-08 09:53:26.417 2878 2878 I chatty : uid=1001(radio) com.android.phone expire 31 lines
08-08 10:02:58.442 2304 4200 D TelephonyRegistry: notifyCellLocationForSubscriber: subId=7 cellLocation=Bundle[mParcelledData.dataSize=64]
08-08 10:02:58.746 2878 3136 I chatty : uid=1001(radio) Binder_4 expire 4 lines
08-08 10:02:58.752 2878 2878 I chatty : uid=1001(radio) com.android.phone expire 5 lines
08-08 10:02:58.779 2878 2924 I chatty : uid=1001(radio) Binder_3 expire 2 lines
08-08 10:02:58.813 2878 3471 I chatty : uid=1001(radio) Binder_7 expire 2 lines
08-08 10:08:58.382 1956 2202 I chatty : uid=1001(radio) /system/bin/rild expire 18 lines
08-08 10:08:58.389 2878 2968 I chatty : uid=1001(radio) RILReceiver0 expire 20 lines
08-08 10:08:58.392 1956 1976 I chatty : uid=1001(radio) /system/bin/rild expire 22 lines
08-08 10:08:58.392 2878 2878 I chatty : uid=1001(radio) com.android.phone expire 40 lines
08-08 10:08:58.392 1956 2206 I chatty : uid=1001(radio) /system/bin/rild expire 54 lines
08-08 10:08:58.400 1956 2202 I chatty : uid=1001(radio) /system/bin/rild expire 109 lines
08-08 10:08:58.416 2304 3585 D TelephonyRegistry: notifyCellLocationForSubscriber: subId=7 cellLocation=Bundle[mParcelledData.dataSize=64]
08-08 10:26:58.455 2304 3587 D TelephonyRegistry: notifyCellLocationForSubscriber: subId=7 cellLocation=Bundle[mParcelledData.dataSize=64]
08-08 10:26:58.883 2878 2878 I chatty : uid=1001(radio) com.android.phone expire 6 lines
08-08 10:32:58.971 2878 2924 I chatty : uid=1001(radio) Binder_3 expire 2 lines
08-08 10:32:58.983 2878 3143 I chatty : uid=1001(radio) Binder_5 expire 2 lines
08-08 10:32:58.996 2878 3471 I chatty : uid=1001(radio) Binder_7 expire 2 lines
08-08 10:32:59.044 2878 2906 I chatty : uid=1001(radio) Binder_1 expire 2 lines
08-08 10:32:59.054 2878 2924 I chatty : uid=1001(radio) Binder_3 expire 2 lines
08-08 10:37:47.389 1956 2202 I chatty : uid=1001(radio) /system/bin/rild expire 113 lines
08-08 10:37:47.396 2878 2968 I chatty : uid=1001(radio) RILReceiver0 expire 20 lines
08-08 10:37:47.399 2878 2878 I chatty : uid=1001(radio) com.android.phone expire 39 lines
08-08 10:37:47.467 1956 1976 I chatty : uid=1001(radio) /system/bin/rild expire 24 lines
08-08 10:37:47.467 1956 2206 I chatty : uid=1001(radio) /system/bin/rild expire 73 lines
08-08 10:37:47.500 2304 4196 D TelephonyRegistry: notifyCellLocationForSubscriber: subId=7 cellLocation=Bundle[mParcelledData.dataSize=64]
08-08 10:37:51.163 1956 2202 I chatty : uid=1001(radio) /system/bin/rild expire 42 lines
08-08 10:37:51.164 2878 2878 I chatty : uid=1001(radio) com.android.phone expire 10 lines
08-08 10:37:51.164 2878 2968 I chatty : uid=1001(radio) RILReceiver0 expire 6 lines
08-08 10:37:51.164 1956 1976 I chatty : uid=1001(radio) /system/bin/rild expire 3 lines
08-08 10:37:51.173 2304 3585 D TelephonyRegistry: notifyCellLocationForSubscriber: subId=7 cellLocation=Bundle[mParcelledData.dataSize=64]
08-08 10:37:53.866 2878 4424 I chatty : uid=1001(radio) Binder_8 expire 12 lines
08-08 10:38:00.446 2878 3306 I chatty : uid=1001(radio) Binder_6 expire 22 lines
08-08 10:38:00.971 4480 4480 D SubscriptionManager: getSimStateForSubscriber: simState=5 slotIdx=0
08-08 10:38:00.977 2878 3471 I chatty : uid=1001(radio) Binder_7 expire 22 lines
08-08 10:38:00.977 4480 4480 D SubscriptionManager: getSimStateForSubscriber: simState=5 slotIdx=0
08-08 10:38:01.120 2878 2924 I chatty : uid=1001(radio) Binder_3 expire 26 lines
08-08 10:38:01.133 2878 3143 I chatty : uid=1001(radio) Binder_5 expire 20 lines
08-08 10:38:01.134 4480 4480 D SubscriptionManager: getSimStateForSubscriber: simState=5 slotIdx=0
08-08 10:38:01.149 4480 4480 D SubscriptionManager: getSimStateForSubscriber: simState=5 slotIdx=0
08-08 10:38:02.355 4480 4480 D SubscriptionManager: getSimStateForSubscriber: simState=5 slotIdx=0
08-08 10:38:03.761 2878 2906 I chatty : uid=1001(radio) Binder_1 expire 14 lines
08-08 10:38:03.826 2878 2914 I chatty : uid=1001(radio) Binder_2 expire 31 lines
08-08 10:38:03.836 2878 3136 I chatty : uid=1001(radio) Binder_4 expire 57 lines
08-08 10:38:19.015 2878 2906 I chatty : uid=1001(radio) Binder_1 expire 12 lines
08-08 10:38:19.423 2878 3143 I chatty : uid=1001(radio) Binder_5 expire 12 lines
08-08 10:38:19.647 2878 4424 I chatty : uid=1001(radio) Binder_8 expire 12 lines
08-08 10:38:27.489 2878 2914 I chatty : uid=1001(radio) Binder_2 expire 51 lines
08-08 10:38:27.744 2878 3306 I chatty : uid=1001(radio) Binder_6 expire 48 lines
08-08 10:38:27.957 2878 2924 I chatty : uid=1001(radio) Binder_3 expire 50 lines
08-08 10:38:27.970 2878 3471 I chatty : uid=1001(radio) Binder_7 expire 31 lines
08-08 10:38:31.654 1956 2202 I chatty : uid=1001(radio) /system/bin/rild expire 7 lines
08-08 10:38:31.655 2878 2878 I chatty : uid=1001(radio) com.android.phone expire 4 lines
08-08 10:39:00.666 2878 2924 I chatty : uid=1001(radio) Binder_3 expire 19 lines
08-08 10:39:01.578 2878 3306 I chatty : uid=1001(radio) Binder_6 expire 42 lines
08-08 10:39:01.757 2878 3136 I chatty : uid=1001(radio) Binder_4 expire 45 lines
08-08 10:39:01.816 2878 2914 I chatty : uid=1001(radio) Binder_2 expire 42 lines
08-08 10:39:07.292 2878 3471 I chatty : uid=1001(radio) Binder_7 expire 21 lines
08-08 10:39:07.424 2878 2906 I chatty : uid=1001(radio) Binder_1 expire 44 lines
08-08 10:39:07.463 2878 3143 I chatty : uid=1001(radio) Binder_5 expire 21 lines
08-08 10:39:07.601 2878 4424 I chatty : uid=1001(radio) Binder_8 expire 21 lines
08-08 10:39:41.081 2878 2906 I chatty : uid=1001(radio) Binder_1 expire 61 lines
08-08 10:39:41.239 2878 3306 I chatty : uid=1001(radio) Binder_6 expire 9 lines
08-08 10:39:41.476 2878 3136 I chatty : uid=1001(radio) Binder_4 expire 63 lines
08-08 10:39:41.633 2878 2914 I chatty : uid=1001(radio) Binder_2 expire 62 lines
08-08 10:39:47.550 2878 2878 I chatty : uid=1001(radio) com.android.phone expire 3 lines
08-08 10:40:04.968 2878 3143 I chatty : uid=1001(radio) Binder_5 expire 71 lines
08-08 10:40:24.694 2878 2914 I chatty : uid=1001(radio) Binder_2 expire 16 lines
08-08 10:40:24.934 2878 3136 I chatty : uid=1001(radio) Binder_4 expire 18 lines
08-08 10:40:24.952 2878 2906 I chatty : uid=1001(radio) Binder_1 expire 18 lines
08-08 10:40:29.016 2878 3306 I chatty : uid=1001(radio) Binder_6 expire 48 lines
08-08 10:40:29.803 2878 4424 I chatty : uid=1001(radio) Binder_8 expire 48 lines
08-08 10:40:30.081 2878 2924 I chatty : uid=1001(radio) Binder_3 expire 45 lines
08-08 10:40:30.304 2878 3471 I chatty : uid=1001(radio) Binder_7 expire 45 lines
08-08 10:40:47.556 2878 2878 I chatty : uid=1001(radio) com.android.phone expire 24 lines
08-08 10:40:51.920 2878 3143 I chatty : uid=1001(radio) Binder_5 expire 7 lines
08-08 10:40:56.984 2878 2914 I chatty : uid=1001(radio) Binder_2 expire 19 lines
08-08 10:40:59.257 2878 3136 I chatty : uid=1001(radio) Binder_4 expire 14 lines
08-08 10:41:00.819 2878 2906 I chatty : uid=1001(radio) Binder_1 expire 6 lines
08-08 10:41:02.409 2878 3306 I chatty : uid=1001(radio) Binder_6 expire 19 lines
08-08 10:41:02.454 2878 3471 I chatty : uid=1001(radio) Binder_7 expire 12 lines
08-08 10:41:03.316 2878 4424 I chatty : uid=1001(radio) Binder_8 expire 3 lines
08-08 10:41:03.396 1956 1976 I chatty : uid=1001(radio) /system/bin/rild expire 9 lines
08-08 10:41:03.397 1956 2206 I chatty : uid=1001(radio) /system/bin/rild expire 26 lines
08-08 10:41:03.524 1956 2202 I chatty : uid=1001(radio) /system/bin/rild expire 108 lines
08-08 10:41:06.880 2878 2968 I chatty : uid=1001(radio) RILReceiver0 expire 8 lines
08-08 10:41:37.339 2878 2924 I chatty : uid=1001(radio) Binder_3 expire 5 lines
08-08 10:42:08.919 1956 2202 I chatty : uid=1001(radio) /system/bin/rild expire 80 lines
08-08 10:42:08.920 2878 2968 I chatty : uid=1001(radio) RILReceiver0 expire 12 lines
08-08 10:42:08.929 2878 2878 I chatty : uid=1001(radio) com.android.phone expire 29 lines
08-08 10:42:12.750 2878 2906 I chatty : uid=1001(radio) Binder_1 expire 4 lines
08-08 10:42:12.812 2878 2914 I chatty : uid=1001(radio) Binder_2 expire 1 line
08-08 10:42:12.843 2878 3143 I chatty : uid=1001(radio) Binder_5 expire 8 lines
08-08 10:42:16.154 2878 3136 I chatty : uid=1001(radio) Binder_4 expire 4 lines
08-08 10:42:16.170 2878 3306 I chatty : uid=1001(radio) Binder_6 expire 1 line
08-08 10:42:17.177 4480 4480 D SubscriptionManager: getSimStateForSubscriber: simState=5 slotIdx=0
08-08 10:42:17.198 2878 4424 I chatty : uid=1001(radio) Binder_8 expire 1 line
08-08 10:42:17.198 4480 4480 D SubscriptionManager: getSimStateForSubscriber: simState=5 slotIdx=0
08-08 10:43:22.449 1956 1976 I chatty : uid=1001(radio) /system/bin/rild expire 14 lines
08-08 10:43:22.450 1956 2206 I chatty : uid=1001(radio) /system/bin/rild expire 28 lines
08-08 10:49:22.448 2304 4196 D TelephonyRegistry: notifyCellLocationForSubscriber: subId=7 cellLocation=Bundle[mParcelledData.dataSize=64]
08-08 10:49:22.647 2878 2878 I chatty : uid=1001(radio) com.android.phone expire 11 lines
08-08 10:55:22.395 1956 2202 I chatty : uid=1001(radio) /system/bin/rild expire 37 lines
08-08 10:55:22.407 2878 2968 I chatty : uid=1001(radio) RILReceiver0 expire 3 lines
08-08 10:55:22.425 1956 1976 I chatty : uid=1001(radio) /system/bin/rild expire 8 lines
08-08 10:55:22.426 1956 2206 I chatty : uid=1001(radio) /system/bin/rild expire 54 lines
08-08 10:55:22.436 1956 2202 I chatty : uid=1001(radio) /system/bin/rild expire 90 lines
08-08 10:55:22.437 2878 2968 I chatty : uid=1001(radio) RILReceiver0 expire 17 lines
08-08 10:55:22.439 1956 1976 I chatty : uid=1001(radio) /system/bin/rild expire 14 lines
08-08 10:55:22.442 2878 2878 I chatty : uid=1001(radio) com.android.phone expire 29 lines
08-08 11:02:58.773 2878 2914 I chatty : uid=1001(radio) Binder_2 expire 2 lines
08-08 11:02:58.784 2878 3136 I chatty : uid=1001(radio) Binder_4 expire 2 lines
08-08 11:02:58.827 2878 3306 I chatty : uid=1001(radio) Binder_6 expire 2 lines
08-08 11:02:58.839 2878 2906 I chatty : uid=1001(radio) Binder_1 expire 2 lines
08-08 11:02:58.841 2878 2924 I chatty : uid=1001(radio) Binder_3 expire 2 lines
08-08 11:08:58.459 2304 3587 D TelephonyRegistry: notifyCellLocationForSubscriber: subId=7 cellLocation=Bundle[mParcelledData.dataSize=64]
08-08 11:08:58.848 2878 2878 I chatty : uid=1001(radio) com.android.phone expire 14 lines
08-08 11:20:58.390 1956 2202 I chatty : uid=1001(radio) /system/bin/rild expire 18 lines
08-08 11:20:58.397 2878 2968 I chatty : uid=1001(radio) RILReceiver0 expire 3 lines
08-08 11:20:58.402 1956 1976 I chatty : uid=1001(radio) /system/bin/rild expire 9 lines
08-08 11:20:58.402 1956 2206 I chatty : uid=1001(radio) /system/bin/rild expire 57 lines
08-08 11:20:58.417 1956 1976 I chatty : uid=1001(radio) /system/bin/rild expire 15 lines
08-08 11:20:58.418 2878 2968 I chatty : uid=1001(radio) RILReceiver0 expire 19 lines
08-08 11:20:58.436 1956 2202 I chatty : uid=1001(radio) /system/bin/rild expire 141 lines
08-08 11:20:58.440 2878 2878 I chatty : uid=1001(radio) com.android.phone expire 65 lines
08-08 11:32:58.418 1956 1976 I chatty : uid=1001(radio) /system/bin/rild expire 20 lines
08-08 11:32:58.418 1956 2206 I chatty : uid=1001(radio) /system/bin/rild expire 51 lines
08-08 11:32:58.418 2878 2968 I chatty : uid=1001(radio) RILReceiver0 expire 19 lines
08-08 11:32:58.447 1956 2202 I chatty : uid=1001(radio) /system/bin/rild expire 128 lines
08-08 11:33:52.544 2878 2997 I chatty : uid=1001(radio) DcHandlerThread expire 32 lines
08-08 11:33:52.557 1956 2202 I chatty : uid=1001(radio) /system/bin/rild expire 122 lines
08-08 11:33:52.558 2878 2968 I chatty : uid=1001(radio) RILReceiver0 expire 4 lines
08-08 11:33:52.567 2878 2878 I chatty : uid=1001(radio) com.android.phone expire 23 lines
08-08 11:33:52.582 2304 2751 D TelephonyRegistry: Notify data connection state changed on sub: 7
08-08 11:33:52.582 2304 2751 D TelephonyRegistry: Notify data connection state changed on sub: 7
08-08 11:33:52.587 2878 3136 I chatty : uid=1001(radio) Binder_4 expire 6 lines
08-08 11:33:52.590 2878 3306 I chatty : uid=1001(radio) Binder_6 expire 4 lines
08-08 11:33:52.595 2878 4424 I chatty : uid=1001(radio) Binder_8 expire 4 lines
08-08 11:33:52.598 2878 2914 I chatty : uid=1001(radio) Binder_2 expire 6 lines
08-08 11:33:52.618 2878 3471 I chatty : uid=1001(radio) Binder_7 expire 12 lines
08-08 11:33:52.620 2878 2906 I chatty : uid=1001(radio) Binder_1 expire 10 lines
08-08 11:33:58.216 1956 1976 I chatty : uid=1001(radio) /system/bin/rild expire 3 lines
08-08 11:33:58.216 1956 2206 I chatty : uid=1001(radio) /system/bin/rild expire 17 lines
08-08 11:34:01.446 2304 2900 D TelephonyRegistry: Notify data connection state changed on sub: 7
08-08 11:34:01.446 2304 2900 D TelephonyRegistry: Notify data connection state changed on sub: 7
08-08 11:34:01.551 2878 2924 I chatty : uid=1001(radio) Binder_3 expire 8 lines
08-08 11:34:01.552 2878 3143 I chatty : uid=1001(radio) Binder_5 expire 8 lines
08-08 11:40:01.418 1956 2206 I chatty : uid=1001(radio) /system/bin/rild expire 52 lines
08-08 11:40:01.419 2878 2878 I chatty : uid=1001(radio) com.android.phone expire 35 lines
08-08 11:40:01.420 1956 1976 I chatty : uid=1001(radio) /system/bin/rild expire 20 lines
08-08 11:40:01.420 2878 2968 I chatty : uid=1001(radio) RILReceiver0 expire 17 lines
08-08 11:40:01.480 1956 2202 I chatty : uid=1001(radio) /system/bin/rild expire 121 lines
08-08 11:40:01.484 2878 2914 I chatty : uid=1001(radio) Binder_2 expire 4 lines
08-08 11:40:01.488 2878 3136 I chatty : uid=1001(radio) Binder_4 expire 2 lines
08-08 11:40:01.499 2878 3306 I chatty : uid=1001(radio) Binder_6 expire 2 lines
08-08 11:40:01.502 2878 4424 I chatty : uid=1001(radio) Binder_8 expire 4 lines
08-08 11:40:01.517 2304 2765 D TelephonyRegistry: notifyCellLocationForSubscriber: subId=7 cellLocation=Bundle[mParcelledData.dataSize=64]
08-08 11:54:22.469 2878 2968 I chatty : uid=1001(radio) RILReceiver0 expire 16 lines
08-08 11:54:22.472 2878 2878 I chatty : uid=1001(radio) com.android.phone expire 41 lines
08-08 11:54:22.475 2304 4196 D TelephonyRegistry: notifyCellLocationForSubscriber: subId=7 cellLocation=Bundle[mParcelledData.dataSize=64]
08-08 12:02:58.406 1956 2202 I chatty : uid=1001(radio) /system/bin/rild expire 95 lines
08-08 12:02:58.421 1956 1976 I chatty : uid=1001(radio) /system/bin/rild expire 15 lines
08-08 12:02:58.421 1956 2206 I chatty : uid=1001(radio) /system/bin/rild expire 45 lines
08-08 12:02:58.502 2304 3585 D SubscriptionManager: getSimStateForSubscriber: simState=5 slotIdx=0
08-08 12:02:58.512 2878 2878 I chatty : uid=1001(radio) com.android.phone expire 17 lines
08-08 12:02:58.513 2878 2997 I chatty : uid=1001(radio) DcHandlerThread expire 9 lines
08-08 12:02:58.538 2304 2315 D TelephonyRegistry: Notify data connection state changed on sub: 7
08-08 12:02:58.538 2304 2315 D TelephonyRegistry: Notify data connection state changed on sub: 7
08-08 12:02:58.598 2878 3136 I chatty : uid=1001(radio) Binder_4 expire 5 lines
08-08 12:02:58.599 2304 2765 D TelephonyRegistry: notifyCellLocationForSubscriber: subId=7 cellLocation=Bundle[mParcelledData.dataSize=64]
08-08 12:02:58.600 2878 2924 I chatty : uid=1001(radio) Binder_3 expire 2 lines
08-08 12:02:58.607 2878 3306 I chatty : uid=1001(radio) Binder_6 expire 2 lines
08-08 12:02:58.615 2878 2914 I chatty : uid=1001(radio) Binder_2 expire 2 lines
08-08 12:02:58.617 2878 3143 I chatty : uid=1001(radio) Binder_5 expire 3 lines
08-08 12:02:58.643 2878 3471 I chatty : uid=1001(radio) Binder_7 expire 4 lines
08-08 12:02:58.659 2878 3306 I chatty : uid=1001(radio) Binder_6 expire 5 lines
08-08 12:02:58.662 2878 3136 I chatty : uid=1001(radio) Binder_4 expire 6 lines
08-08 12:02:58.669 2878 4424 I chatty : uid=1001(radio) Binder_8 expire 1 line
08-08 12:02:58.683 2878 2914 I chatty : uid=1001(radio) Binder_2 expire 3 lines
08-08 12:02:58.684 2878 2924 I chatty : uid=1001(radio) Binder_3 expire 4 lines
08-08 12:02:58.685 1956 1976 I chatty : uid=1001(radio) /system/bin/rild expire 18 lines
08-08 12:02:58.685 1956 2206 I chatty : uid=1001(radio) /system/bin/rild expire 50 lines
08-08 12:02:58.686 2878 2968 I chatty : uid=1001(radio) RILReceiver0 expire 17 lines
08-08 12:02:58.689 2878 3143 I chatty : uid=1001(radio) Binder_5 expire 3 lines
08-08 12:08:58.761 2878 2878 I chatty : uid=1001(radio) com.android.phone expire 46 lines
08-08 12:20:58.389 1956 2202 I chatty : uid=1001(radio) /system/bin/rild expire 95 lines
08-08 12:32:58.981 2878 2906 I chatty : uid=1001(radio) Binder_1 expire 13 lines
08-08 12:34:07.583 2878 2878 I chatty : uid=1001(radio) com.android.phone expire 43 lines
08-08 12:34:07.593 2304 2781 D SubscriptionManager: getSimStateForSubscriber: simState=5 slotIdx=0
08-08 12:34:07.598 2878 2997 I chatty : uid=1001(radio) DcHandlerThread expire 9 lines
08-08 12:34:07.609 2304 2941 D TelephonyRegistry: Notify data connection state changed on sub: 7
08-08 12:34:07.609 2304 2941 D TelephonyRegistry: Notify data connection state changed on sub: 7
08-08 12:34:07.610 2304 3583 D TelephonyRegistry: notifyCellLocationForSubscriber: subId=7 cellLocation=Bundle[mParcelledData.dataSize=64]
08-08 12:34:07.677 2878 4424 I chatty : uid=1001(radio) Binder_8 expire 13 lines
08-08 12:34:07.718 2878 3143 I chatty : uid=1001(radio) Binder_5 expire 11 lines
08-08 12:34:07.725 2878 2914 I chatty : uid=1001(radio) Binder_2 expire 3 lines
08-08 12:34:07.733 2878 2924 I chatty : uid=1001(radio) Binder_3 expire 9 lines
08-08 12:34:07.736 2878 3136 I chatty : uid=1001(radio) Binder_4 expire 5 lines
08-08 12:34:07.778 1956 1976 I chatty : uid=1001(radio) /system/bin/rild expire 13 lines
08-08 12:34:07.778 1956 2206 I chatty : uid=1001(radio) /system/bin/rild expire 35 lines
08-08 12:34:07.778 2878 2968 I chatty : uid=1001(radio) RILReceiver0 expire 14 lines
08-08 12:34:07.852 2878 3306 I chatty : uid=1001(radio) Binder_6 expire 8 lines
08-08 12:34:07.977 1956 2202 I chatty : uid=1001(radio) /system/bin/rild expire 79 lines
08-08 12:34:08.175 2878 3471 I chatty : uid=1001(radio) Binder_7 expire 4 lines
08-08 12:34:20.894 1956 2202 I chatty : uid=1001(radio) /system/bin/rild expire 65 lines
08-08 12:34:20.894 2878 2878 I chatty : uid=1001(radio) com.android.phone expire 27 lines
08-08 12:34:25.755 1956 1976 I chatty : uid=1001(radio) /system/bin/rild expire 12 lines
08-08 12:34:25.755 1956 2206 I chatty : uid=1001(radio) /system/bin/rild expire 28 lines
08-08 12:34:25.755 2878 2968 I chatty : uid=1001(radio) RILReceiver0 expire 11 lines
08-08 12:40:26.476 2304 2476 D TelephonyRegistry: notifyCellLocationForSubscriber: subId=7 cellLocation=Bundle[mParcelledData.dataSize=64]
08-08 12:40:26.620 1956 2202 I chatty : uid=1001(radio) /system/bin/rild expire 54 lines
08-08 12:40:26.621 2878 2878 I chatty : uid=1001(radio) com.android.phone expire 12 lines
08-08 12:46:26.398 2878 2968 I chatty : uid=1001(radio) RILReceiver0 expire 5 lines
08-08 12:46:26.408 1956 1976 I chatty : uid=1001(radio) /system/bin/rild expire 14 lines
08-08 12:46:26.409 1956 2206 I chatty : uid=1001(radio) /system/bin/rild expire 54 lines
08-08 12:46:26.448 1956 2202 I chatty : uid=1001(radio) /system/bin/rild expire 102 lines
08-08 12:46:26.451 2878 2968 I chatty : uid=1001(radio) RILReceiver0 expire 15 lines
08-08 12:46:26.452 2878 2878 I chatty : uid=1001(radio) com.android.phone expire 27 lines
08-08 12:52:26.421 1956 1976 I chatty : uid=1001(radio) /system/bin/rild expire 11 lines
08-08 12:52:26.452 2304 3585 D TelephonyRegistry: notifyCellLocationForSubscriber: subId=7 cellLocation=Bundle[mParcelledData.dataSize=64]
08-08 12:52:26.497 2878 2878 I chatty : uid=1001(radio) com.android.phone expire 8 lines
08-08 12:58:26.390 1956 2202 I chatty : uid=1001(radio) /system/bin/rild expire 63 lines
08-08 12:59:39.400 2878 2968 I chatty : uid=1001(radio) RILReceiver0 expire 16 lines
08-08 12:59:39.404 2878 2878 I chatty : uid=1001(radio) com.android.phone expire 66 lines
08-08 12:59:39.407 1956 1976 I chatty : uid=1001(radio) /system/bin/rild expire 22 lines
08-08 12:59:39.407 1956 2206 I chatty : uid=1001(radio) /system/bin/rild expire 50 lines
08-08 12:59:39.449 1956 2202 I chatty : uid=1001(radio) /system/bin/rild expire 101 lines
08-08 12:59:39.474 2304 3587 W PhoneNumberUtils: getCountryIso null
08-08 12:59:39.478 2304 3587 W PhoneNumberUtils: isLocalEmergencyNumberInternalFR
08-08 12:59:39.478 2304 3587 D PhoneNumberUtils: subId:7, defaultCountryIso:FR
08-08 12:59:39.479 2304 3587 D PhoneNumberUtils: slotId:0, emergencyNumbers:
08-08 12:59:39.479 2304 3587 D PhoneNumberUtils: System property doesn't provide any emergency numbers. Use embedded logic for determining ones.
08-08 12:59:39.498 2304 2304 W PhoneNumberUtils: getCountryIso Country {ISO=FR, source=0, time=19627760}
08-08 12:59:39.498 2304 2304 W PhoneNumberUtils: isLocalEmergencyNumberInternalFR
08-08 12:59:39.498 2304 2304 D PhoneNumberUtils: subId:7, defaultCountryIso:FR
08-08 12:59:39.498 2304 2304 D PhoneNumberUtils: slotId:0, emergencyNumbers:
08-08 12:59:39.499 2304 2304 D PhoneNumberUtils: System property doesn't provide any emergency numbers. Use embedded logic for determining ones.
08-08 12:59:40.579 4480 4480 D PhoneNumberUtils: subId:7, defaultCountryIso:NULL
08-08 12:59:40.579 4480 4480 D PhoneNumberUtils: slotId:0, emergencyNumbers:
08-08 12:59:40.579 4480 4480 D PhoneNumberUtils: System property doesn't provide any emergency numbers. Use embedded logic for determining ones.
08-08 12:59:40.610 4480 4480 W PhoneNumberUtils: getCountryIso null
08-08 12:59:40.621 4480 4480 W PhoneNumberUtils: isLocalEmergencyNumberInternalFR
08-08 12:59:40.621 4480 4480 D PhoneNumberUtils: subId:7, defaultCountryIso:FR
08-08 12:59:40.621 4480 4480 D PhoneNumberUtils: slotId:0, emergencyNumbers:
08-08 12:59:40.621 4480 4480 D PhoneNumberUtils: System property doesn't provide any emergency numbers. Use embedded logic for determining ones.
08-08 12:59:41.693 2878 2906 I chatty : uid=1001(radio) Binder_1 expire 4 lines
08-08 12:59:44.697 1956 2202 I chatty : uid=1001(radio) /system/bin/rild expire 46 lines
08-08 12:59:44.697 2878 2968 I chatty : uid=1001(radio) RILReceiver0 expire 10 lines
08-08 12:59:44.698 1956 1976 I chatty : uid=1001(radio) /system/bin/rild expire 11 lines
08-08 12:59:44.698 1956 2206 I chatty : uid=1001(radio) /system/bin/rild expire 26 lines
08-08 12:59:44.700 2878 2878 I chatty : uid=1001(radio) com.android.phone expire 10 lines
08-08 12:59:44.704 2304 4196 D TelephonyRegistry: notifyCellLocationForSubscriber: subId=7 cellLocation=Bundle[mParcelledData.dataSize=64]
08-08 12:59:53.573 2878 3471 I chatty : uid=1001(radio) Binder_7 expire 3 lines
08-08 12:59:56.094 2878 2914 I chatty : uid=1001(radio) Binder_2 expire 3 lines
08-08 12:59:57.019 2878 3136 I chatty : uid=1001(radio) Binder_4 expire 5 lines
08-08 12:59:57.031 2878 3143 I chatty : uid=1001(radio) Binder_5 expire 1 line
08-08 12:59:57.031 4480 4480 D SubscriptionManager: getSimStateForSubscriber: simState=5 slotIdx=0
08-08 12:59:59.216 2304 2304 W PhoneNumberUtils: getCountryIso Country {ISO=FR, source=0, time=19627760}
08-08 12:59:59.217 2304 2304 W PhoneNumberUtils: isLocalEmergencyNumberInternalFR
08-08 12:59:59.217 2304 2304 D PhoneNumberUtils: subId:7, defaultCountryIso:FR
08-08 12:59:59.220 2304 2304 D PhoneNumberUtils: slotId:0, emergencyNumbers:
08-08 12:59:59.220 2304 2304 D PhoneNumberUtils: System property doesn't provide any emergency numbers. Use embedded logic for determining ones.
08-08 12:59:59.253 2304 2304 W PhoneNumberUtils: getCountryIso Country {ISO=FR, source=0, time=19627760}
08-08 12:59:59.253 2304 2304 W PhoneNumberUtils: isLocalEmergencyNumberInternalFR
08-08 12:59:59.253 2304 2304 D PhoneNumberUtils: subId:7, defaultCountryIso:FR
08-08 12:59:59.254 2304 2304 D PhoneNumberUtils: slotId:0, emergencyNumbers:
08-08 12:59:59.254 2304 2304 D PhoneNumberUtils: System property doesn't provide any emergency numbers. Use embedded logic for determining ones.
08-08 12:59:59.267 2304 2304 W PhoneNumberUtils: getCountryIso Country {ISO=FR, source=0, time=19627760}
08-08 12:59:59.267 2304 2304 W PhoneNumberUtils: isLocalEmergencyNumberInternalFR
08-08 12:59:59.267 2304 2304 D PhoneNumberUtils: subId:7, defaultCountryIso:FR
08-08 12:59:59.268 2304 2304 D PhoneNumberUtils: slotId:0, emergencyNumbers:
08-08 12:59:59.268 2304 2304 D PhoneNumberUtils: System property doesn't provide any emergency numbers. Use embedded logic for determining ones.
08-08 12:59:59.327 1956 2204 I chatty : uid=1001(radio) /system/bin/rild expire 1 line
08-08 12:59:59.327 1956 2205 I chatty : uid=1001(radio) /system/bin/rild expire 36 lines
08-08 12:59:59.426 1956 2202 I chatty : uid=1001(radio) /system/bin/rild expire 63 lines
08-08 12:59:59.432 4480 4480 D SubscriptionManager: getSimStateForSubscriber: simState=5 slotIdx=0
08-08 12:59:59.451 4480 4480 D SubscriptionManager: getSimStateForSubscriber: simState=5 slotIdx=0
08-08 12:59:59.617 2304 2304 W PhoneNumberUtils: getCountryIso Country {ISO=FR, source=0, time=19627760}
08-08 12:59:59.617 2304 2304 W PhoneNumberUtils: isLocalEmergencyNumberInternalFR
08-08 12:59:59.617 2304 2304 D PhoneNumberUtils: subId:7, defaultCountryIso:FR
08-08 12:59:59.618 2304 2304 D PhoneNumberUtils: slotId:0, emergencyNumbers:
08-08 12:59:59.618 2304 2304 D PhoneNumberUtils: System property doesn't provide any emergency numbers. Use embedded logic for determining ones.
08-08 12:59:59.645 2878 2878 I chatty : uid=1001(radio) com.android.phone expire 78 lines
08-08 12:59:59.720 1956 2202 I chatty : uid=1001(radio) /system/bin/rild expire 139 lines
08-08 12:59:59.721 2878 2968 I chatty : uid=1001(radio) RILReceiver0 expire 23 lines
08-08 12:59:59.875 4480 4480 D PhoneNumberUtils: subId:7, defaultCountryIso:NULL
08-08 12:59:59.875 4480 4480 D PhoneNumberUtils: slotId:0, emergencyNumbers:
08-08 12:59:59.875 4480 4480 D PhoneNumberUtils: System property doesn't provide any emergency numbers. Use embedded logic for determining ones.
08-08 13:00:00.349 4480 4480 W PhoneNumberUtils: getCountryIso Country {ISO=FR, source=0, time=19628902}
08-08 13:00:00.349 4480 4480 W PhoneNumberUtils: isLocalEmergencyNumberInternalFR
08-08 13:00:00.349 4480 4480 D PhoneNumberUtils: subId:7, defaultCountryIso:FR
08-08 13:00:00.350 4480 4480 D PhoneNumberUtils: slotId:0, emergencyNumbers:
08-08 13:00:00.350 4480 4480 D PhoneNumberUtils: System property doesn't provide any emergency numbers. Use embedded logic for determining ones.
08-08 13:00:01.423 1956 1976 I chatty : uid=1001(radio) /system/bin/rild expire 20 lines
08-08 13:00:01.423 1956 2206 I chatty : uid=1001(radio) /system/bin/rild expire 75 lines
08-08 13:00:05.136 1956 2202 I chatty : uid=1001(radio) /system/bin/rild expire 115 lines
08-08 13:00:05.139 2878 2968 I chatty : uid=1001(radio) RILReceiver0 expire 19 lines
08-08 13:00:05.141 2878 2878 I chatty : uid=1001(radio) com.android.phone expire 44 lines
08-08 13:00:06.069 1956 1976 I chatty : uid=1001(radio) /system/bin/rild expire 26 lines
08-08 13:00:07.552 1956 2205 I chatty : uid=1001(radio) /system/bin/rild expire 2 lines
08-08 13:00:07.814 2878 3471 I chatty : uid=1001(radio) Binder_7 expire 5 lines
08-08 13:00:07.825 2878 2914 I chatty : uid=1001(radio) Binder_2 expire 1 line
08-08 13:00:07.826 4480 4480 D SubscriptionManager: getSimStateForSubscriber: simState=5 slotIdx=0
08-08 13:00:07.897 2878 2906 I chatty : uid=1001(radio) Binder_1 expire 1 line
08-08 13:00:07.897 4480 4480 D SubscriptionManager: getSimStateForSubscriber: simState=5 slotIdx=0
08-08 13:00:09.036 1956 2202 I chatty : uid=1001(radio) /system/bin/rild expire 130 lines
08-08 13:00:09.036 2878 2878 I chatty : uid=1001(radio) com.android.phone expire 34 lines
08-08 13:00:09.036 1956 1976 I chatty : uid=1001(radio) /system/bin/rild expire 24 lines
08-08 13:00:09.036 1956 2206 I chatty : uid=1001(radio) /system/bin/rild expire 45 lines
08-08 13:00:09.037 2878 2968 I chatty : uid=1001(radio) RILReceiver0 expire 18 lines
08-08 13:00:09.046 2304 2733 D TelephonyRegistry: notifyCellLocationForSubscriber: subId=7 cellLocation=Bundle[mParcelledData.dataSize=64]
08-08 13:00:45.420 2304 2941 D TelephonyRegistry: notifyCellLocationForSubscriber: subId=7 cellLocation=Bundle[mParcelledData.dataSize=64]
08-08 13:00:45.995 2878 3136 I chatty : uid=1001(radio) Binder_4 expire 2 lines
08-08 13:00:46.008 2878 3471 I chatty : uid=1001(radio) Binder_7 expire 4 lines
08-08 13:03:11.391 1956 2202 I chatty : uid=1001(radio) /system/bin/rild expire 110 lines
08-08 13:03:11.697 2878 2878 I chatty : uid=1001(radio) com.android.phone expire 33 lines
08-08 13:03:11.708 1956 1976 I chatty : uid=1001(radio) /system/bin/rild expire 26 lines
08-08 13:03:11.709 1956 2206 I chatty : uid=1001(radio) /system/bin/rild expire 48 lines
08-08 13:03:11.710 2878 2968 I chatty : uid=1001(radio) RILReceiver0 expire 16 lines
08-08 13:03:12.653 2878 3136 I chatty : uid=1001(radio) Binder_4 expire 4 lines
08-08 13:03:12.657 2878 3306 I chatty : uid=1001(radio) Binder_6 expire 2 lines
08-08 13:03:12.659 2878 2914 I chatty : uid=1001(radio) Binder_2 expire 2 lines
08-08 13:03:23.438 2304 4200 D TelephonyRegistry: notifyCellLocationForSubscriber: subId=7 cellLocation=Bundle[mParcelledData.dataSize=64]
08-08 13:03:29.195 2878 2906 I chatty : uid=1001(radio) Binder_1 expire 2 lines
08-08 13:03:34.022 2878 4424 I chatty : uid=1001(radio) Binder_8 expire 2 lines
08-08 13:03:40.231 1956 2202 I chatty : uid=1001(radio) /system/bin/rild expire 7 lines
08-08 13:03:40.233 2878 2878 I chatty : uid=1001(radio) com.android.phone expire 1 line
08-08 13:04:12.661 2878 2878 D DCT : [0]onReceive: action=com.android.internal.telephony.data-stall
08-08 13:04:12.661 2878 2878 D DCT : [0]handleMessage msg={ when=0 what=270353 arg1=30801 obj=com.android.internal.telephony.data-stall target=com.android.internal.telephony.dataconnection.DcTracker }
08-08 13:04:12.665 2878 2878 D DCT : [0]overall state is CONNECTED
08-08 13:04:49.801 1956 2202 D use-Rlog/RLOG-RIL-IPC:
08-08 13:04:49.801 1956 2202 D use-Rlog/RLOG-RIL-IPC: xmm626_sec_modem_fmt_recv: Received FMT message
08-08 13:04:49.801 1956 2202 D use-Rlog/RLOG-RIL-IPC: xmm626_sec_modem_fmt_recv: Message: aseq=0xc5, command=IPC_GPRS_HSDPA_STATUS, type=IPC_TYPE_NOTI, size=1
08-08 13:04:49.801 1956 2202 D use-Rlog/RLOG-RIL-IPC: ================================= IPC FMT data =================================
08-08 13:04:49.801 1956 2202 D use-Rlog/RLOG-RIL-IPC: [0000] 00 .
08-08 13:04:49.801 1956 2202 D use-Rlog/RLOG-RIL-IPC: ================================================================================
08-08 13:04:49.802 1956 2202 D use-Rlog/RLOG-RIL-IPC:
08-08 13:04:49.802 1956 2202 D use-Rlog/RLOG-RIL-IPC: xmm626_sec_modem_fmt_recv: Received FMT message
08-08 13:04:49.802 1956 2202 D use-Rlog/RLOG-RIL-IPC: xmm626_sec_modem_fmt_recv: Message: aseq=0xff, command=IPC_NET_REGIST, type=IPC_TYPE_NOTI, size=11
08-08 13:04:49.802 1956 2202 D use-Rlog/RLOG-RIL-IPC: ================================= IPC FMT data =================================
08-08 13:04:49.802 1956 2202 D use-Rlog/RLOG-RIL-IPC: [0000] 04 02 02 01 50 0F 15 60 D7 02 00 ....P..` ...
08-08 13:04:49.802 1956 2202 D use-Rlog/RLOG-RIL-IPC: ================================================================================
08-08 13:04:49.804 2878 2968 D RILJ : [UNSL]< UNSOL_RESPONSE_VOICE_NETWORK_STATE_CHANGED [SUB0]
08-08 13:04:49.805 2878 2878 D RILJ : [4719]> OPERATOR [SUB0]
08-08 13:04:49.811 2878 2878 D RILJ : [4720]> DATA_REGISTRATION_STATE [SUB0]
08-08 13:04:49.813 2878 2878 D RILJ : [4721]> VOICE_REGISTRATION_STATE [SUB0]
08-08 13:04:49.815 1956 1976 D use-Rlog/RLOG-RIL: 1 RIL request in the queue (1 pending, 0 handled, 0 unhandled)
08-08 13:04:49.815 1956 1976 D use-Rlog/RLOG-RIL: 2 RIL requests data in the queue
08-08 13:04:49.815 1956 1976 D use-Rlog/RLOG-RIL: 2 RIL requests in the queue (2 pending, 0 handled, 0 unhandled)
08-08 13:04:49.815 1956 1976 D use-Rlog/RLOG-RIL: 2 RIL requests data in the queue
08-08 13:04:49.815 1956 2206 D use-Rlog/RLOG-RIL-IPC:
08-08 13:04:49.815 1956 2206 D use-Rlog/RLOG-RIL-IPC: xmm626_sec_modem_fmt_send: Sent FMT message
08-08 13:04:49.816 1956 2206 D use-Rlog/RLOG-RIL-IPC: xmm626_sec_modem_fmt_send: Message: mseq=0xc6, command=IPC_NET_SERVING_NETWORK, type=IPC_TYPE_GET, size=0
08-08 13:04:49.816 1956 2206 D use-Rlog/RLOG-RIL-IPC:
08-08 13:04:49.816 1956 2206 D use-Rlog/RLOG-RIL-IPC: xmm626_sec_modem_fmt_send: Sent FMT message
08-08 13:04:49.816 1956 2206 D use-Rlog/RLOG-RIL-IPC: xmm626_sec_modem_fmt_send: Message: mseq=0xc7, command=IPC_NET_REGIST, type=IPC_TYPE_GET, size=2
08-08 13:04:49.816 1956 2206 D use-Rlog/RLOG-RIL-IPC: ================================= IPC FMT data =================================
08-08 13:04:49.816 1956 2206 D use-Rlog/RLOG-RIL-IPC: [0000] FF 03 ..
08-08 13:04:49.816 1956 2206 D use-Rlog/RLOG-RIL-IPC: ================================================================================
08-08 13:04:49.817 1956 2202 D use-Rlog/RLOG-RIL-IPC:
08-08 13:04:49.817 1956 2202 D use-Rlog/RLOG-RIL-IPC: xmm626_sec_modem_fmt_recv: Received FMT message
08-08 13:04:49.817 1956 2202 D use-Rlog/RLOG-RIL-IPC: xmm626_sec_modem_fmt_recv: Message: aseq=0xff, command=IPC_NET_REGIST, type=IPC_TYPE_NOTI, size=11
08-08 13:04:49.818 1956 2202 D use-Rlog/RLOG-RIL-IPC: ================================= IPC FMT data =================================
08-08 13:04:49.818 1956 2202 D use-Rlog/RLOG-RIL-IPC: [0000] 04 03 02 01 50 0F 15 60 D7 02 00 ....P..` ...
08-08 13:04:49.818 1956 2202 D use-Rlog/RLOG-RIL-IPC: ================================================================================
08-08 13:04:49.821 2878 2878 D RILJ : [4722]> QUERY_NETWORK_SELECTION_MODE [SUB0]
08-08 13:04:49.823 2878 2968 D RILJ : [UNSL]< UNSOL_RESPONSE_VOICE_NETWORK_STATE_CHANGED [SUB0]
08-08 13:04:49.823 1956 1976 D use-Rlog/RLOG-RIL: 3 RIL requests in the queue (1 pending, 2 handled, 0 unhandled)
08-08 13:04:49.823 1956 1976 D use-Rlog/RLOG-RIL: 3 RIL requests data in the queue
08-08 13:04:49.824 1956 2206 D use-Rlog/RLOG-RIL: 2 RIL requests in the queue (0 pending, 2 handled, 0 unhandled)
08-08 13:04:49.824 1956 2206 D use-Rlog/RLOG-RIL: 2 RIL requests data in the queue
08-08 13:04:49.825 2878 2968 D RILJ : [4721]< VOICE_REGISTRATION_STATE {1, f50, 2d76015, 3, null, null, null, null, null, null, null, null, null, null, null} [SUB0]
08-08 13:04:49.825 1956 2202 D use-Rlog/RLOG-RIL-IPC:
08-08 13:04:49.825 1956 2202 D use-Rlog/RLOG-RIL-IPC: xmm626_sec_modem_fmt_recv: Received FMT message
08-08 13:04:49.826 1956 2202 D use-Rlog/RLOG-RIL-IPC: xmm626_sec_modem_fmt_recv: Message: aseq=0xff, command=IPC_GPRS_HSDPA_STATUS, type=IPC_TYPE_NOTI, size=1
08-08 13:04:49.826 1956 2202 D use-Rlog/RLOG-RIL-IPC: ================================= IPC FMT data =================================
08-08 13:04:49.826 1956 2202 D use-Rlog/RLOG-RIL-IPC: [0000] 00 .
08-08 13:04:49.826 1956 2202 D use-Rlog/RLOG-RIL-IPC: ================================================================================
08-08 13:04:49.826 1956 2202 D use-Rlog/RLOG-RIL-IPC:
08-08 13:04:49.826 1956 2202 D use-Rlog/RLOG-RIL-IPC: xmm626_sec_modem_fmt_recv: Received FMT message
08-08 13:04:49.826 1956 2202 D use-Rlog/RLOG-RIL-IPC: xmm626_sec_modem_fmt_recv: Message: aseq=0xc6, command=IPC_NET_SERVING_NETWORK, type=IPC_TYPE_RESP, size=11
08-08 13:04:49.826 1956 2202 D use-Rlog/RLOG-RIL-IPC: ================================= IPC FMT data =================================
08-08 13:04:49.827 1956 2202 D use-Rlog/RLOG-RIL-IPC: [0000] 02 02 04 32 30 38 31 35 23 50 0F ...20815 #P.
08-08 13:04:49.827 1956 2202 D use-Rlog/RLOG-RIL-IPC: ================================================================================
08-08 13:04:49.827 1956 2202 D use-Rlog/RLOG-RIL: 1 RIL request in the queue (0 pending, 1 handled, 0 unhandled)
08-08 13:04:49.827 1956 2202 D use-Rlog/RLOG-RIL: 2 RIL requests data in the queue
08-08 13:04:49.831 2878 2968 D RILJ : [4719]< OPERATOR {Free Mobile, Free Mobile, 20815} [SUB0]
08-08 13:04:49.832 2878 2878 D RILJ : [4723]> OPERATOR [SUB0]
08-08 13:04:49.839 2878 2878 D RILJ : [4724]> DATA_REGISTRATION_STATE [SUB0]
08-08 13:04:49.839 1956 1976 D use-Rlog/RLOG-RIL: 2 RIL requests in the queue (1 pending, 1 handled, 0 unhandled)
08-08 13:04:49.839 1956 1976 D use-Rlog/RLOG-RIL: 2 RIL requests data in the queue
08-08 13:04:49.840 1956 1976 D use-Rlog/RLOG-RIL: 3 RIL requests in the queue (2 pending, 1 handled, 0 unhandled)
08-08 13:04:49.840 1956 1976 D use-Rlog/RLOG-RIL: 2 RIL requests data in the queue
08-08 13:04:49.840 1956 2206 D use-Rlog/RLOG-RIL-IPC:
08-08 13:04:49.840 1956 2206 D use-Rlog/RLOG-RIL-IPC: xmm626_sec_modem_fmt_send: Sent FMT message
08-08 13:04:49.840 1956 2206 D use-Rlog/RLOG-RIL-IPC: xmm626_sec_modem_fmt_send: Message: mseq=0xc8, command=IPC_NET_PLMN_SEL, type=IPC_TYPE_GET, size=0
08-08 13:04:49.841 1956 2206 D use-Rlog/RLOG-RIL-IPC:
08-08 13:04:49.841 1956 2206 D use-Rlog/RLOG-RIL-IPC: xmm626_sec_modem_fmt_send: Sent FMT message
08-08 13:04:49.841 1956 2206 D use-Rlog/RLOG-RIL-IPC: xmm626_sec_modem_fmt_send: Message: mseq=0xc9, command=IPC_NET_SERVING_NETWORK, type=IPC_TYPE_GET, size=0
08-08 13:04:49.842 1956 2202 D use-Rlog/RLOG-RIL-IPC:
08-08 13:04:49.844 1956 2202 D use-Rlog/RLOG-RIL-IPC: xmm626_sec_modem_fmt_recv: Received FMT message
08-08 13:04:49.844 1956 2202 D use-Rlog/RLOG-RIL-IPC: xmm626_sec_modem_fmt_recv: Message: aseq=0xc7, command=IPC_NET_REGIST, type=IPC_TYPE_RESP, size=11
08-08 13:04:49.844 1956 2202 D use-Rlog/RLOG-RIL-IPC: ================================= IPC FMT data =================================
08-08 13:04:49.845 1956 2202 D use-Rlog/RLOG-RIL-IPC: [0000] 04 03 02 01 50 0F 15 60 D7 02 00 ....P..` ...
08-08 13:04:49.845 1956 2202 D use-Rlog/RLOG-RIL-IPC: ================================================================================
08-08 13:04:49.845 1956 2202 D use-Rlog/RLOG-RIL: 2 RIL requests in the queue (0 pending, 2 handled, 0 unhandled)
08-08 13:04:49.845 1956 2202 D use-Rlog/RLOG-RIL: 2 RIL requests data in the queue
08-08 13:04:49.850 2878 2878 D RILJ : [4725]> VOICE_REGISTRATION_STATE [SUB0]
08-08 13:04:49.852 2878 2878 D RILJ : [4726]> QUERY_NETWORK_SELECTION_MODE [SUB0]
08-08 13:04:49.853 2878 2968 D RILJ : [4720]< DATA_REGISTRATION_STATE {1, f50, 2d76015, 3, 3} [SUB0]
08-08 13:04:49.853 1956 1976 D use-Rlog/RLOG-RIL: 3 RIL requests in the queue (1 pending, 2 handled, 0 unhandled)
08-08 13:04:49.853 1956 1976 D use-Rlog/RLOG-RIL: 2 RIL requests data in the queue
08-08 13:04:49.853 1956 1976 D use-Rlog/RLOG-RIL: 4 RIL requests in the queue (2 pending, 2 handled, 0 unhandled)
08-08 13:04:49.853 1956 1976 D use-Rlog/RLOG-RIL: 2 RIL requests data in the queue
08-08 13:04:49.853 1956 2206 D use-Rlog/RLOG-RIL: 3 RIL requests in the queue (1 pending, 2 handled, 0 unhandled)
08-08 13:04:49.853 1956 2206 D use-Rlog/RLOG-RIL: 1 RIL request data in the queue
08-08 13:04:49.853 1956 2206 D use-Rlog/RLOG-RIL-IPC:
08-08 13:04:49.854 1956 2206 D use-Rlog/RLOG-RIL-IPC: xmm626_sec_modem_fmt_send: Sent FMT message
08-08 13:04:49.854 1956 2206 D use-Rlog/RLOG-RIL-IPC: xmm626_sec_modem_fmt_send: Message: mseq=0xca, command=IPC_NET_REGIST, type=IPC_TYPE_GET, size=2
08-08 13:04:49.854 1956 2206 D use-Rlog/RLOG-RIL-IPC: ================================= IPC FMT data =================================
08-08 13:04:49.854 1956 2206 D use-Rlog/RLOG-RIL-IPC: [0000] FF 02 ..
08-08 13:04:49.854 1956 2206 D use-Rlog/RLOG-RIL-IPC: ================================================================================
08-08 13:04:49.854 1956 2202 D use-Rlog/RLOG-RIL-IPC:
08-08 13:04:49.854 1956 2202 D use-Rlog/RLOG-RIL-IPC: xmm626_sec_modem_fmt_recv: Received FMT message
08-08 13:04:49.854 1956 2202 D use-Rlog/RLOG-RIL-IPC: xmm626_sec_modem_fmt_recv: Message: aseq=0xc8, command=IPC_NET_PLMN_SEL, type=IPC_TYPE_RESP, size=1
08-08 13:04:49.854 1956 2202 D use-Rlog/RLOG-RIL-IPC: ================================= IPC FMT data =================================
08-08 13:04:49.854 1956 2202 D use-Rlog/RLOG-RIL-IPC: [0000] 02 .
08-08 13:04:49.854 1956 2202 D use-Rlog/RLOG-RIL-IPC: ================================================================================
08-08 13:04:49.854 1956 2202 D use-Rlog/RLOG-RIL: 2 RIL requests in the queue (0 pending, 2 handled, 0 unhandled)
08-08 13:04:49.854 1956 2202 D use-Rlog/RLOG-RIL: 1 RIL request data in the queue
08-08 13:04:49.858 1956 2202 D use-Rlog/RLOG-RIL-IPC:
08-08 13:04:49.858 1956 2202 D use-Rlog/RLOG-RIL-IPC: xmm626_sec_modem_fmt_recv: Received FMT message
08-08 13:04:49.858 1956 2202 D use-Rlog/RLOG-RIL-IPC: xmm626_sec_modem_fmt_recv: Message: aseq=0xc9, command=IPC_NET_SERVING_NETWORK, type=IPC_TYPE_RESP, size=11
08-08 13:04:49.858 1956 2202 D use-Rlog/RLOG-RIL-IPC: ================================= IPC FMT data =================================
08-08 13:04:49.858 1956 2202 D use-Rlog/RLOG-RIL-IPC: [0000] 02 02 04 32 30 38 31 35 23 50 0F ...20815 #P.
08-08 13:04:49.858 1956 2202 D use-Rlog/RLOG-RIL-IPC: ================================================================================
08-08 13:04:49.858 1956 2202 D use-Rlog/RLOG-RIL: 1 RIL request in the queue (0 pending, 1 handled, 0 unhandled)
08-08 13:04:49.858 1956 2202 D use-Rlog/RLOG-RIL: 1 RIL request data in the queue
08-08 13:04:49.858 1956 2202 D use-Rlog/RLOG-RIL-IPC:
08-08 13:04:49.858 1956 2202 D use-Rlog/RLOG-RIL-IPC: xmm626_sec_modem_fmt_recv: Received FMT message
08-08 13:04:49.858 1956 2202 D use-Rlog/RLOG-RIL-IPC: xmm626_sec_modem_fmt_recv: Message: aseq=0xca, command=IPC_NET_REGIST, type=IPC_TYPE_RESP, size=11
08-08 13:04:49.858 1956 2202 D use-Rlog/RLOG-RIL-IPC: ================================= IPC FMT data =================================
08-08 13:04:49.858 1956 2202 D use-Rlog/RLOG-RIL-IPC: [0000] 04 02 02 01 50 0F 15 60 D7 02 00 ....P..` ...
08-08 13:04:49.858 1956 2202 D use-Rlog/RLOG-RIL-IPC: ================================================================================
08-08 13:04:49.858 1956 2202 D use-Rlog/RLOG-RIL: 0 RIL request in the queue (0 pending, 0 handled, 0 unhandled)
08-08 13:04:49.859 1956 2202 D use-Rlog/RLOG-RIL: 1 RIL request data in the queue
08-08 13:04:49.861 2878 2968 D RILJ : [4724]< DATA_REGISTRATION_STATE {1, f50, 2d76015, 3, 3} [SUB0]
08-08 13:04:49.861 2878 2968 D RILJ : [4722]< QUERY_NETWORK_SELECTION_MODE {0} [SUB0]
08-08 13:04:49.861 2878 2968 D RILJ : [4723]< OPERATOR {Free Mobile, Free Mobile, 20815} [SUB0]
08-08 13:04:49.861 2878 2968 D RILJ : [4725]< VOICE_REGISTRATION_STATE {1, f50, 2d76015, 3, null, null, null, null, null, null, null, null, null, null, null} [SUB0]
08-08 13:04:49.861 2878 2878 D PHONE : [ServiceState] setDataRegState=0
08-08 13:04:49.861 2878 2878 D PHONE : [ServiceState] setDataRadioTechnology=3
08-08 13:04:49.861 2878 2878 D GsmSST : [GsmSST] handlPollStateResultMessage: GsmSST setDataRegState=0 regState=1 dataRadioTechnology=3
08-08 13:04:49.862 2878 2878 D PHONE : [ServiceState] setVoiceRegState=0
08-08 13:04:49.862 2878 2878 E PHONE : [ServiceState] setState deprecated use setVoiceRegState()
08-08 13:04:49.862 1956 1976 D use-Rlog/RLOG-RIL: 1 RIL request in the queue (1 pending, 0 handled, 0 unhandled)
08-08 13:04:49.862 1956 1976 D use-Rlog/RLOG-RIL: 1 RIL request data in the queue
08-08 13:04:49.862 1956 2206 D use-Rlog/RLOG-RIL-IPC:
08-08 13:04:49.862 1956 2206 D use-Rlog/RLOG-RIL-IPC: xmm626_sec_modem_fmt_send: Sent FMT message
08-08 13:04:49.862 1956 2206 D use-Rlog/RLOG-RIL-IPC: xmm626_sec_modem_fmt_send: Message: mseq=0xcb, command=IPC_NET_PLMN_SEL, type=IPC_TYPE_GET, size=0
08-08 13:04:49.864 1956 2202 D use-Rlog/RLOG-RIL-IPC:
08-08 13:04:49.864 1956 2202 D use-Rlog/RLOG-RIL-IPC: xmm626_sec_modem_fmt_recv: Received FMT message
08-08 13:04:49.864 1956 2202 D use-Rlog/RLOG-RIL-IPC: xmm626_sec_modem_fmt_recv: Message: aseq=0xcb, command=IPC_NET_PLMN_SEL, type=IPC_TYPE_RESP, size=1
08-08 13:04:49.864 1956 2202 D use-Rlog/RLOG-RIL-IPC: ================================= IPC FMT data =================================
08-08 13:04:49.864 1956 2202 D use-Rlog/RLOG-RIL-IPC: [0000] 02 .
08-08 13:04:49.864 1956 2202 D use-Rlog/RLOG-RIL-IPC: ================================================================================
08-08 13:04:49.864 1956 2202 D use-Rlog/RLOG-RIL: 0 RIL request in the queue (0 pending, 0 handled, 0 unhandled)
08-08 13:04:49.864 1956 2202 D use-Rlog/RLOG-RIL: 1 RIL request data in the queue
08-08 13:04:49.865 2878 2968 D RILJ : [4726]< QUERY_NETWORK_SELECTION_MODE {0} [SUB0]
08-08 13:04:49.867 2878 2878 D GsmSST : [GsmSST] Poll ServiceState done: oldSS=[0 0 voice home data home Free Mobile Free Mobile 20815 Free Mobile Free Mobile 20815 UMTS UMTS CSS not supported -1 -1 RoamInd=-1 DefRoamInd=-1 EmergOnly=false IsDataRoamingFromRegistration=false] newSS=[0 0 voice home data home Free Mobile Free Mobile 20815 Free Mobile Free Mobile 20815 UMTS UMTS CSS not supported -1 -1 RoamInd=-1 DefRoamInd=-1 EmergOnly=false IsDataRoamingFromRegistration=false] oldMaxDataCalls=1 mNewMaxDataCalls=1 oldReasonDataDenied=-1 mNewReasonDataDenied=-1
08-08 13:04:49.867 2878 2878 D PHONE : [ServiceState] setNullState=1
08-08 13:04:49.867 2878 2878 D GsmSST : [GsmSST] getCellLocation(): X good mCellLoc=[3920,47669269,-1]
08-08 13:04:49.868 2304 3583 D TelephonyRegistry: notifyCellLocationForSubscriber: subId=7 cellLocation=Bundle[mParcelledData.dataSize=64]
08-08 13:05:02.803 2878 2924 D DCT : [0]fetchDunApn: net.tethering.noprovisioning=true ret: null
08-08 13:05:02.803 2878 2924 D DCT : [0]hasMatchedTetherApnSetting: APN=null
08-08 13:05:08.036 1956 2202 D use-Rlog/RLOG-RIL-IPC:
08-08 13:05:08.036 1956 2202 D use-Rlog/RLOG-RIL-IPC: xmm626_sec_modem_fmt_recv: Received FMT message
