08-08 13:14:28.405 1956 1976 D use-Rlog/RLOG-RIL: 3 RIL requests in the queue (1 pending, 2 handled, 0 unhandled)
08-08 13:14:28.405 1956 1976 D use-Rlog/RLOG-RIL: 2 RIL requests data in the queue
08-08 13:14:28.405 1956 1976 D use-Rlog/RLOG-RIL: 4 RIL requests in the queue (2 pending, 2 handled, 0 unhandled)
08-08 13:14:28.406 1956 1976 D use-Rlog/RLOG-RIL: 2 RIL requests data in the queue
08-08 13:14:28.406 1956 2206 D use-Rlog/RLOG-RIL-IPC:
08-08 13:14:28.406 1956 2206 D use-Rlog/RLOG-RIL-IPC: xmm626_sec_modem_fmt_send: Sent FMT message
08-08 13:14:28.406 1956 2206 D use-Rlog/RLOG-RIL-IPC: xmm626_sec_modem_fmt_send: Message: mseq=0x3d, command=IPC_NET_SERVING_NETWORK, type=IPC_TYPE_GET, size=0
08-08 13:14:28.407 1956 2202 D use-Rlog/RLOG-RIL-IPC:
08-08 13:14:28.407 1956 2202 D use-Rlog/RLOG-RIL-IPC: xmm626_sec_modem_fmt_recv: Received FMT message
08-08 13:14:28.407 1956 2202 D use-Rlog/RLOG-RIL-IPC: xmm626_sec_modem_fmt_recv: Message: aseq=0x3b, command=IPC_NET_REGIST, type=IPC_TYPE_RESP, size=11
08-08 13:14:28.407 1956 2202 D use-Rlog/RLOG-RIL-IPC: ================================= IPC FMT data =================================
08-08 13:14:28.407 1956 2202 D use-Rlog/RLOG-RIL-IPC: [0000] 04 03 02 01 50 0F 16 60 D7 02 00 ....P..` ...
08-08 13:14:28.408 1956 2202 D use-Rlog/RLOG-RIL-IPC: ================================================================================
08-08 13:14:28.408 1956 2202 D use-Rlog/RLOG-RIL: 3 RIL requests in the queue (0 pending, 2 handled, 1 unhandled)
08-08 13:14:28.408 1956 2202 D use-Rlog/RLOG-RIL: 2 RIL requests data in the queue
08-08 13:14:28.410 2878 2878 D RILJ : [4878]> QUERY_NETWORK_SELECTION_MODE [SUB0]
08-08 13:14:28.412 2878 2968 D RILJ : [4872]< DATA_REGISTRATION_STATE {1, f50, 2d76016, 3, 3} [SUB0]
08-08 13:14:28.413 1956 1976 D use-Rlog/RLOG-RIL: 4 RIL requests in the queue (1 pending, 2 handled, 1 unhandled)
08-08 13:14:28.413 1956 1976 D use-Rlog/RLOG-RIL: 2 RIL requests data in the queue
08-08 13:14:28.413 1956 2206 D use-Rlog/RLOG-RIL: 3 RIL requests in the queue (1 pending, 2 handled, 0 unhandled)
08-08 13:14:28.414 1956 2206 D use-Rlog/RLOG-RIL: 1 RIL request data in the queue
08-08 13:14:28.414 1956 2206 D use-Rlog/RLOG-RIL-IPC:
08-08 13:14:28.414 1956 2206 D use-Rlog/RLOG-RIL-IPC: xmm626_sec_modem_fmt_send: Sent FMT message
08-08 13:14:28.414 1956 2206 D use-Rlog/RLOG-RIL-IPC: xmm626_sec_modem_fmt_send: Message: mseq=0x3e, command=IPC_NET_REGIST, type=IPC_TYPE_GET, size=2
08-08 13:14:28.414 1956 2206 D use-Rlog/RLOG-RIL-IPC: ================================= IPC FMT data =================================
08-08 13:14:28.415 1956 2206 D use-Rlog/RLOG-RIL-IPC: [0000] FF 02 ..
08-08 13:14:28.415 1956 2206 D use-Rlog/RLOG-RIL-IPC: ================================================================================
08-08 13:14:28.415 1956 2202 D use-Rlog/RLOG-RIL-IPC:
08-08 13:14:28.415 1956 2202 D use-Rlog/RLOG-RIL-IPC: xmm626_sec_modem_fmt_recv: Received FMT message
08-08 13:14:28.416 1956 2202 D use-Rlog/RLOG-RIL-IPC: xmm626_sec_modem_fmt_recv: Message: aseq=0x3c, command=IPC_NET_PLMN_SEL, type=IPC_TYPE_RESP, size=1
08-08 13:14:28.416 1956 2202 D use-Rlog/RLOG-RIL-IPC: ================================= IPC FMT data =================================
08-08 13:14:28.416 1956 2202 D use-Rlog/RLOG-RIL-IPC: [0000] 02 .
08-08 13:14:28.416 1956 2202 D use-Rlog/RLOG-RIL-IPC: ================================================================================
08-08 13:14:28.416 1956 2202 D use-Rlog/RLOG-RIL: 2 RIL requests in the queue (0 pending, 2 handled, 0 unhandled)
08-08 13:14:28.416 1956 2202 D use-Rlog/RLOG-RIL: 1 RIL request data in the queue
08-08 13:14:28.418 2878 2968 D RILJ : [4876]< DATA_REGISTRATION_STATE {1, f50, 2d76016, 3, 3} [SUB0]
08-08 13:14:28.418 2878 2968 D RILJ : [4874]< QUERY_NETWORK_SELECTION_MODE {0} [SUB0]
08-08 13:14:28.420 2878 2878 D PHONE : [ServiceState] setDataRegState=0
08-08 13:14:28.420 2878 2878 D PHONE : [ServiceState] setDataRadioTechnology=3
08-08 13:14:28.420 2878 2878 D GsmSST : [GsmSST] handlPollStateResultMessage: GsmSST setDataRegState=0 regState=1 dataRadioTechnology=3
08-08 13:14:28.421 1956 1976 D use-Rlog/RLOG-RIL: 3 RIL requests in the queue (1 pending, 2 handled, 0 unhandled)
08-08 13:14:28.421 1956 1976 D use-Rlog/RLOG-RIL: 1 RIL request data in the queue
08-08 13:14:28.421 1956 2206 D use-Rlog/RLOG-RIL-IPC:
08-08 13:14:28.421 1956 2206 D use-Rlog/RLOG-RIL-IPC: xmm626_sec_modem_fmt_send: Sent FMT message
08-08 13:14:28.421 1956 2206 D use-Rlog/RLOG-RIL-IPC: xmm626_sec_modem_fmt_send: Message: mseq=0x3f, command=IPC_NET_PLMN_SEL, type=IPC_TYPE_GET, size=0
08-08 13:14:28.422 1956 2202 D use-Rlog/RLOG-RIL-IPC:
08-08 13:14:28.422 1956 2202 D use-Rlog/RLOG-RIL-IPC: xmm626_sec_modem_fmt_recv: Received FMT message
08-08 13:14:28.422 1956 2202 D use-Rlog/RLOG-RIL-IPC: xmm626_sec_modem_fmt_recv: Message: aseq=0x3d, command=IPC_NET_SERVING_NETWORK, type=IPC_TYPE_RESP, size=11
08-08 13:14:28.422 1956 2202 D use-Rlog/RLOG-RIL-IPC: ================================= IPC FMT data =================================
08-08 13:14:28.423 1956 2202 D use-Rlog/RLOG-RIL-IPC: [0000] 02 02 04 32 30 38 31 35 23 50 0F ...20815 #P.
08-08 13:14:28.423 1956 2202 D use-Rlog/RLOG-RIL-IPC: ================================================================================
08-08 13:14:28.423 1956 2202 D use-Rlog/RLOG-RIL: 2 RIL requests in the queue (0 pending, 2 handled, 0 unhandled)
08-08 13:14:28.423 1956 2202 D use-Rlog/RLOG-RIL: 1 RIL request data in the queue
08-08 13:14:28.425 2878 2968 D RILJ : [4875]< OPERATOR {Free Mobile, Free Mobile, 20815} [SUB0]
08-08 13:14:28.426 1956 2202 D use-Rlog/RLOG-RIL-IPC:
08-08 13:14:28.427 1956 2202 D use-Rlog/RLOG-RIL-IPC: xmm626_sec_modem_fmt_recv: Received FMT message
08-08 13:14:28.427 1956 2202 D use-Rlog/RLOG-RIL-IPC: xmm626_sec_modem_fmt_recv: Message: aseq=0x3e, command=IPC_NET_REGIST, type=IPC_TYPE_RESP, size=11
08-08 13:14:28.427 1956 2202 D use-Rlog/RLOG-RIL-IPC: ================================= IPC FMT data =================================
08-08 13:14:28.427 1956 2202 D use-Rlog/RLOG-RIL-IPC: [0000] 04 02 02 01 50 0F 16 60 D7 02 00 ....P..` ...
08-08 13:14:28.427 1956 2202 D use-Rlog/RLOG-RIL-IPC: ================================================================================
08-08 13:14:28.427 1956 2202 D use-Rlog/RLOG-RIL: 1 RIL request in the queue (0 pending, 1 handled, 0 unhandled)
08-08 13:14:28.428 1956 2202 D use-Rlog/RLOG-RIL: 1 RIL request data in the queue
08-08 13:14:28.428 2878 2968 D RILJ : [4877]< VOICE_REGISTRATION_STATE {1, f50, 2d76016, 3, null, null, null, null, null, null, null, null, null, null, null} [SUB0]
08-08 13:14:28.429 2878 2878 D PHONE : [ServiceState] setVoiceRegState=0
08-08 13:14:28.429 2878 2878 E PHONE : [ServiceState] setState deprecated use setVoiceRegState()
08-08 13:14:28.430 1956 2202 D use-Rlog/RLOG-RIL-IPC:
08-08 13:14:28.430 1956 2202 D use-Rlog/RLOG-RIL-IPC: xmm626_sec_modem_fmt_recv: Received FMT message
08-08 13:14:28.430 1956 2202 D use-Rlog/RLOG-RIL-IPC: xmm626_sec_modem_fmt_recv: Message: aseq=0x3f, command=IPC_NET_PLMN_SEL, type=IPC_TYPE_RESP, size=1
08-08 13:14:28.430 1956 2202 D use-Rlog/RLOG-RIL-IPC: ================================= IPC FMT data =================================
08-08 13:14:28.430 1956 2202 D use-Rlog/RLOG-RIL-IPC: [0000] 02 .
08-08 13:14:28.430 1956 2202 D use-Rlog/RLOG-RIL-IPC: ================================================================================
08-08 13:14:28.431 1956 2202 D use-Rlog/RLOG-RIL: 0 RIL request in the queue (0 pending, 0 handled, 0 unhandled)
08-08 13:14:28.431 1956 2202 D use-Rlog/RLOG-RIL: 1 RIL request data in the queue
08-08 13:14:28.431 2878 2968 D RILJ : [4878]< QUERY_NETWORK_SELECTION_MODE {0} [SUB0]
08-08 13:14:28.440 2878 2878 D GsmSST : [GsmSST] Poll ServiceState done: oldSS=[0 0 voice home data home Free Mobile Free Mobile 20815 Free Mobile Free Mobile 20815 UMTS UMTS CSS not supported -1 -1 RoamInd=-1 DefRoamInd=-1 EmergOnly=false IsDataRoamingFromRegistration=false] newSS=[0 0 voice home data home Free Mobile Free Mobile 20815 Free Mobile Free Mobile 20815 UMTS UMTS CSS not supported -1 -1 RoamInd=-1 DefRoamInd=-1 EmergOnly=false IsDataRoamingFromRegistration=false] oldMaxDataCalls=1 mNewMaxDataCalls=1 oldReasonDataDenied=-1 mNewReasonDataDenied=-1
08-08 13:14:28.441 2878 2878 D PHONE : [ServiceState] setNullState=1
08-08 13:14:28.441 2878 2878 D GsmSST : [GsmSST] getCellLocation(): X good mCellLoc=[3920,47669270,-1]
08-08 13:14:28.442 2304 2315 D TelephonyRegistry: notifyCellLocationForSubscriber: subId=7 cellLocation=Bundle[mParcelledData.dataSize=64]
08-08 13:14:34.345 1956 2202 D use-Rlog/RLOG-RIL-IPC:
08-08 13:14:34.345 1956 2202 D use-Rlog/RLOG-RIL-IPC: xmm626_sec_modem_fmt_recv: Received FMT message
08-08 13:14:34.345 1956 2202 D use-Rlog/RLOG-RIL-IPC: xmm626_sec_modem_fmt_recv: Message: aseq=0x3f, command=IPC_DISP_RSSI_INFO, type=IPC_TYPE_NOTI, size=1
08-08 13:14:34.345 1956 2202 D use-Rlog/RLOG-RIL-IPC: ================================= IPC FMT data =================================
08-08 13:14:34.345 1956 2202 D use-Rlog/RLOG-RIL-IPC: [0000] 55 U
08-08 13:14:34.345 1956 2202 D use-Rlog/RLOG-RIL-IPC: ================================================================================
08-08 13:14:34.345 1956 2202 D use-Rlog/RLOG-RIL: Signal strength is 14
08-08 13:14:34.345 2878 2878 D DefaultPhoneNotifier: notifySignalStrength: mRegistry=com.android.internal.telephony.ITelephonyRegistry$Stub$Proxy@5b7d720 ss=SignalStrength: 14 99 -120 -160 -120 -1 -1 99 2147483647 2147483647 2147483647 -1 2147483647 gsm|lte sender=Handler (com.android.internal.telephony.gsm.GSMPhone) {b342f08}
08-08 13:14:34.436 2878 3136 D DCT : [0]getDataEnabled: getIntWithSubId retVal=true
08-08 13:15:00.445 2878 3143 D DCT : [0]fetchDunApn: net.tethering.noprovisioning=true ret: null
08-08 13:15:00.445 2878 3143 D DCT : [0]hasMatchedTetherApnSetting: APN=null
08-08 13:15:12.939 2878 2878 D DCT : [0]onReceive: action=com.android.internal.telephony.data-stall
08-08 13:15:12.940 2878 2878 D DCT : [0]handleMessage msg={ when=-1ms what=270353 arg1=30812 obj=com.android.internal.telephony.data-stall target=com.android.internal.telephony.dataconnection.DcTracker }
08-08 13:15:12.952 2878 2878 D DCT : [0]overall state is CONNECTED