08-08 13:13:12.886 1956 2202 D use-Rlog/RLOG-RIL-IPC: ================================================================================
08-08 13:13:12.886 1956 2202 D use-Rlog/RLOG-RIL: 1 RIL request in the queue (0 pending, 1 handled, 0 unhandled)
08-08 13:13:12.886 1956 2202 D use-Rlog/RLOG-RIL: 1 RIL request data in the queue
08-08 13:13:12.890 2878 2878 D RILJ : [4822]> QUERY_NETWORK_SELECTION_MODE [SUB0]
08-08 13:13:12.895 2878 2878 D DCT : [0]handleMessage msg={ when=-32ms what=270353 arg1=30810 obj=com.android.internal.telephony.data-stall target=com.android.internal.telephony.dataconnection.DcTracker }
08-08 13:13:12.896 2878 2968 D RILJ : [4819]< OPERATOR {Free Mobile, Free Mobile, 20815} [SUB0]
08-08 13:13:12.897 1956 1976 D use-Rlog/RLOG-RIL: 2 RIL requests in the queue (1 pending, 1 handled, 0 unhandled)
08-08 13:13:12.897 1956 1976 D use-Rlog/RLOG-RIL: 1 RIL request data in the queue
08-08 13:13:12.897 1956 1976 D use-Rlog/RLOG-RIL: 3 RIL requests in the queue (2 pending, 1 handled, 0 unhandled)
08-08 13:13:12.897 1956 1976 D use-Rlog/RLOG-RIL: 1 RIL request data in the queue
08-08 13:13:12.898 1956 2206 D use-Rlog/RLOG-RIL-IPC:
08-08 13:13:12.898 1956 2206 D use-Rlog/RLOG-RIL-IPC: xmm626_sec_modem_fmt_send: Sent FMT message
08-08 13:13:12.898 1956 2206 D use-Rlog/RLOG-RIL-IPC: xmm626_sec_modem_fmt_send: Message: mseq=0x14, command=IPC_NET_REGIST, type=IPC_TYPE_GET, size=2
08-08 13:13:12.898 1956 2206 D use-Rlog/RLOG-RIL-IPC: ================================= IPC FMT data =================================
08-08 13:13:12.898 1956 2206 D use-Rlog/RLOG-RIL-IPC: [0000] FF 02 ..
08-08 13:13:12.898 1956 2206 D use-Rlog/RLOG-RIL-IPC: ================================================================================
08-08 13:13:12.898 1956 2206 D use-Rlog/RLOG-RIL-IPC:
08-08 13:13:12.899 1956 2206 D use-Rlog/RLOG-RIL-IPC: xmm626_sec_modem_fmt_send: Sent FMT message
08-08 13:13:12.899 1956 2206 D use-Rlog/RLOG-RIL-IPC: xmm626_sec_modem_fmt_send: Message: mseq=0x15, command=IPC_NET_PLMN_SEL, type=IPC_TYPE_GET, size=0
08-08 13:13:12.900 1956 2202 D use-Rlog/RLOG-RIL-IPC:
08-08 13:13:12.900 1956 2202 D use-Rlog/RLOG-RIL-IPC: xmm626_sec_modem_fmt_recv: Received FMT message
08-08 13:13:12.900 1956 2202 D use-Rlog/RLOG-RIL-IPC: xmm626_sec_modem_fmt_recv: Message: aseq=0x13, command=IPC_NET_REGIST, type=IPC_TYPE_RESP, size=11
08-08 13:13:12.900 1956 2202 D use-Rlog/RLOG-RIL-IPC: ================================= IPC FMT data =================================
08-08 13:13:12.901 1956 2202 D use-Rlog/RLOG-RIL-IPC: [0000] 04 03 02 01 50 0F 15 60 D7 02 00 ....P..` ...
08-08 13:13:12.901 1956 2202 D use-Rlog/RLOG-RIL-IPC: ================================================================================
08-08 13:13:12.901 1956 2202 D use-Rlog/RLOG-RIL: 2 RIL requests in the queue (0 pending, 2 handled, 0 unhandled)
08-08 13:13:12.901 1956 2202 D use-Rlog/RLOG-RIL: 1 RIL request data in the queue
08-08 13:13:12.907 2878 2968 D RILJ : [4820]< DATA_REGISTRATION_STATE {1, f50, 2d76015, 3, 3} [SUB0]
08-08 13:13:12.910 2878 2878 D DCT : [0]overall state is CONNECTED
08-08 13:13:12.911 1956 2202 D use-Rlog/RLOG-RIL-IPC:
08-08 13:13:12.911 1956 2202 D use-Rlog/RLOG-RIL-IPC: xmm626_sec_modem_fmt_recv: Received FMT message
08-08 13:13:12.911 1956 2202 D use-Rlog/RLOG-RIL-IPC: xmm626_sec_modem_fmt_recv: Message: aseq=0x14, command=IPC_NET_REGIST, type=IPC_TYPE_RESP, size=11
08-08 13:13:12.911 1956 2202 D use-Rlog/RLOG-RIL-IPC: ================================= IPC FMT data =================================
08-08 13:13:12.911 1956 2202 D use-Rlog/RLOG-RIL-IPC: [0000] 04 02 02 01 50 0F 15 60 D7 02 00 ....P..` ...
08-08 13:13:12.911 1956 2202 D use-Rlog/RLOG-RIL-IPC: ================================================================================
08-08 13:13:12.912 1956 2202 D use-Rlog/RLOG-RIL: 1 RIL request in the queue (0 pending, 1 handled, 0 unhandled)
08-08 13:13:12.912 1956 2202 D use-Rlog/RLOG-RIL: 1 RIL request data in the queue
08-08 13:13:12.913 2878 2968 D RILJ : [4821]< VOICE_REGISTRATION_STATE {1, f50, 2d76015, 3, null, null, null, null, null, null, null, null, null, null, null} [SUB0]
08-08 13:13:12.913 1956 2202 D use-Rlog/RLOG-RIL-IPC:
08-08 13:13:12.914 1956 2202 D use-Rlog/RLOG-RIL-IPC: xmm626_sec_modem_fmt_recv: Received FMT message
08-08 13:13:12.914 1956 2202 D use-Rlog/RLOG-RIL-IPC: xmm626_sec_modem_fmt_recv: Message: aseq=0x15, command=IPC_NET_PLMN_SEL, type=IPC_TYPE_RESP, size=1
08-08 13:13:12.914 1956 2202 D use-Rlog/RLOG-RIL-IPC: ================================= IPC FMT data =================================
08-08 13:13:12.914 1956 2202 D use-Rlog/RLOG-RIL-IPC: [0000] 02 .
08-08 13:13:12.914 1956 2202 D use-Rlog/RLOG-RIL-IPC: ================================================================================
08-08 13:13:12.914 1956 2202 D use-Rlog/RLOG-RIL: 0 RIL request in the queue (0 pending, 0 handled, 0 unhandled)
08-08 13:13:12.914 1956 2202 D use-Rlog/RLOG-RIL: 1 RIL request data in the queue
08-08 13:13:12.918 2878 2968 D RILJ : [4822]< QUERY_NETWORK_SELECTION_MODE {0} [SUB0]
08-08 13:13:12.922 2878 2878 D PHONE : [ServiceState] setDataRegState=0
08-08 13:13:12.922 2878 2878 D PHONE : [ServiceState] setDataRadioTechnology=3
08-08 13:13:12.922 2878 2878 D GsmSST : [GsmSST] handlPollStateResultMessage: GsmSST setDataRegState=0 regState=1 dataRadioTechnology=3
08-08 13:13:12.922 2878 2878 D PHONE : [ServiceState] setVoiceRegState=0
08-08 13:13:12.922 2878 2878 E PHONE : [ServiceState] setState deprecated use setVoiceRegState()
08-08 13:13:12.927 2878 2878 D GsmSST : [GsmSST] Poll ServiceState done: oldSS=[0 0 voice home data home Free Mobile Free Mobile 20815 Free Mobile Free Mobile 20815 UMTS UMTS CSS not supported -1 -1 RoamInd=-1 DefRoamInd=-1 EmergOnly=false IsDataRoamingFromRegistration=false] newSS=[0 0 voice home data home Free Mobile Free Mobile 20815 Free Mobile Free Mobile 20815 UMTS UMTS CSS not supported -1 -1 RoamInd=-1 DefRoamInd=-1 EmergOnly=false IsDataRoamingFromRegistration=false] oldMaxDataCalls=1 mNewMaxDataCalls=1 oldReasonDataDenied=-1 mNewReasonDataDenied=-1
08-08 13:13:12.927 2878 2878 D PHONE : [ServiceState] setNullState=1
08-08 13:13:12.928 2878 2878 D GsmSST : [GsmSST] getCellLocation(): X good mCellLoc=[3920,47669269,-1]
08-08 13:13:12.929 2304 3583 D TelephonyRegistry: notifyCellLocationForSubscriber: subId=7 cellLocation=Bundle[mParcelledData.dataSize=64]
08-08 13:13:16.865 1956 2202 D use-Rlog/RLOG-RIL-IPC:
08-08 13:13:16.865 1956 2202 D use-Rlog/RLOG-RIL-IPC: xmm626_sec_modem_fmt_recv: Received FMT message
08-08 13:13:16.865 1956 2202 D use-Rlog/RLOG-RIL-IPC: xmm626_sec_modem_fmt_recv: Message: aseq=0x15, command=IPC_DISP_ICON_INFO, type=IPC_TYPE_NOTI, size=4
08-08 13:13:16.865 1956 2202 D use-Rlog/RLOG-RIL-IPC: ================================= IPC FMT data =================================
08-08 13:13:16.865 1956 2202 D use-Rlog/RLOG-RIL-IPC: [0000] FF 04 00 02 ....
08-08 13:13:16.865 1956 2202 D use-Rlog/RLOG-RIL-IPC: ================================================================================
08-08 13:13:16.866 1956 2202 D use-Rlog/RLOG-RIL: Signal strength is 12
08-08 13:13:16.867 2878 2878 D DefaultPhoneNotifier: notifySignalStrength: mRegistry=com.android.internal.telephony.ITelephonyRegistry$Stub$Proxy@5b7d720 ss=SignalStrength: 12 99 -120 -160 -120 -1 -1 99 2147483647 2147483647 2147483647 -1 2147483647 gsm|lte sender=Handler (com.android.internal.telephony.gsm.GSMPhone) {b342f08}
08-08 13:13:21.341 1956 2202 D use-Rlog/RLOG-RIL-IPC:
08-08 13:13:21.341 1956 2202 D use-Rlog/RLOG-RIL-IPC: xmm626_sec_modem_fmt_recv: Received FMT message
08-08 13:13:21.341 1956 2202 D use-Rlog/RLOG-RIL-IPC: xmm626_sec_modem_fmt_recv: Message: aseq=0x15, command=IPC_DISP_RSSI_INFO, type=IPC_TYPE_NOTI, size=1
08-08 13:13:21.341 1956 2202 D use-Rlog/RLOG-RIL-IPC: ================================= IPC FMT data =================================
08-08 13:13:21.341 1956 2202 D use-Rlog/RLOG-RIL-IPC: [0000] 59 Y
08-08 13:13:21.341 1956 2202 D use-Rlog/RLOG-RIL-IPC: ================================================================================
08-08 13:13:21.341 1956 2202 D use-Rlog/RLOG-RIL: Signal strength is 12
08-08 13:13:21.343 2878 2878 D DefaultPhoneNotifier: notifySignalStrength: mRegistry=com.android.internal.telephony.ITelephonyRegistry$Stub$Proxy@5b7d720 ss=SignalStrength: 12 99 -120 -160 -120 -1 -1 99 2147483647 2147483647 2147483647 -1 2147483647 gsm|lte sender=Handler (com.android.internal.telephony.gsm.GSMPhone) {b342f08}
08-08 13:13:24.346 1956 2202 D use-Rlog/RLOG-RIL-IPC:
08-08 13:13:24.346 1956 2202 D use-Rlog/RLOG-RIL-IPC: xmm626_sec_modem_fmt_recv: Received FMT message
08-08 13:13:24.346 1956 2202 D use-Rlog/RLOG-RIL-IPC: xmm626_sec_modem_fmt_recv: Message: aseq=0x15, command=IPC_GPRS_HSDPA_STATUS, type=IPC_TYPE_NOTI, size=1
08-08 13:13:24.346 1956 2202 D use-Rlog/RLOG-RIL-IPC: ================================= IPC FMT data =================================
08-08 13:13:24.346 1956 2202 D use-Rlog/RLOG-RIL-IPC: [0000] 00 .
08-08 13:13:24.346 1956 2202 D use-Rlog/RLOG-RIL-IPC: ================================================================================
08-08 13:13:24.347 1956 2202 D use-Rlog/RLOG-RIL-IPC:
08-08 13:13:24.347 1956 2202 D use-Rlog/RLOG-RIL-IPC: xmm626_sec_modem_fmt_recv: Received FMT message
08-08 13:13:24.347 1956 2202 D use-Rlog/RLOG-RIL-IPC: xmm626_sec_modem_fmt_recv: Message: aseq=0xff, command=IPC_NET_REGIST, type=IPC_TYPE_NOTI, size=11
08-08 13:13:24.347 1956 2202 D use-Rlog/RLOG-RIL-IPC: ================================= IPC FMT data =================================
08-08 13:13:24.347 1956 2202 D use-Rlog/RLOG-RIL-IPC: [0000] 04 02 02 01 50 0F 5C 60 D7 02 00 ....P.\` ...
08-08 13:13:24.347 1956 2202 D use-Rlog/RLOG-RIL-IPC: ================================================================================
08-08 13:13:24.349 2878 2968 D RILJ : [UNSL]< UNSOL_RESPONSE_VOICE_NETWORK_STATE_CHANGED [SUB0]
08-08 13:13:24.349 2878 2878 D RILJ : [4823]> OPERATOR [SUB0]
08-08 13:13:24.353 2878 2878 D RILJ : [4824]> DATA_REGISTRATION_STATE [SUB0]
08-08 13:13:24.356 2878 2878 D RILJ : [4825]> VOICE_REGISTRATION_STATE [SUB0]
08-08 13:13:24.357 1956 1976 D use-Rlog/RLOG-RIL: 1 RIL request in the queue (1 pending, 0 handled, 0 unhandled)
08-08 13:13:24.358 1956 1976 D use-Rlog/RLOG-RIL: 2 RIL requests data in the queue
08-08 13:13:24.358 1956 1976 D use-Rlog/RLOG-RIL: 2 RIL requests in the queue (2 pending, 0 handled, 0 unhandled)
08-08 13:13:24.358 1956 1976 D use-Rlog/RLOG-RIL: 2 RIL requests data in the queue
08-08 13:13:24.358 1956 2206 D use-Rlog/RLOG-RIL-IPC:
08-08 13:13:24.358 1956 2206 D use-Rlog/RLOG-RIL-IPC: xmm626_sec_modem_fmt_send: Sent FMT message
08-08 13:13:24.358 1956 2206 D use-Rlog/RLOG-RIL-IPC: xmm626_sec_modem_fmt_send: Message: mseq=0x16, command=IPC_NET_SERVING_NETWORK, type=IPC_TYPE_GET, size=0
08-08 13:13:24.359 1956 2206 D use-Rlog/RLOG-RIL-IPC:
08-08 13:13:24.359 1956 2206 D use-Rlog/RLOG-RIL-IPC: xmm626_sec_modem_fmt_send: Sent FMT message
08-08 13:13:24.359 1956 2206 D use-Rlog/RLOG-RIL-IPC: xmm626_sec_modem_fmt_send: Message: mseq=0x17, command=IPC_NET_REGIST, type=IPC_TYPE_GET, size=2
08-08 13:13:24.359 1956 2206 D use-Rlog/RLOG-RIL-IPC: ================================= IPC FMT data =================================
08-08 13:13:24.359 1956 2206 D use-Rlog/RLOG-RIL-IPC: [0000] FF 03 ..
08-08 13:13:24.359 1956 2206 D use-Rlog/RLOG-RIL-IPC: ================================================================================
08-08 13:13:24.360 1956 2202 D use-Rlog/RLOG-RIL-IPC:
08-08 13:13:24.360 1956 2202 D use-Rlog/RLOG-RIL-IPC: xmm626_sec_modem_fmt_recv: Received FMT message
08-08 13:13:24.365 1956 2202 D use-Rlog/RLOG-RIL-IPC: xmm626_sec_modem_fmt_recv: Message: aseq=0xff, command=IPC_NET_REGIST, type=IPC_TYPE_NOTI, size=11
08-08 13:13:24.365 1956 2202 D use-Rlog/RLOG-RIL-IPC: ================================= IPC FMT data =================================
08-08 13:13:24.365 1956 2202 D use-Rlog/RLOG-RIL-IPC: [0000] 04 03 02 01 50 0F 5C 60 D7 02 00 ....P.\` ...
08-08 13:13:24.365 1956 2202 D use-Rlog/RLOG-RIL-IPC: ================================================================================
08-08 13:13:24.366 2878 2878 D RILJ : [4826]> QUERY_NETWORK_SELECTION_MODE [SUB0]
08-08 13:13:24.368 2878 2968 D RILJ : [UNSL]< UNSOL_RESPONSE_VOICE_NETWORK_STATE_CHANGED [SUB0]
08-08 13:13:24.368 1956 1976 D use-Rlog/RLOG-RIL: 3 RIL requests in the queue (1 pending, 2 handled, 0 unhandled)
08-08 13:13:24.369 1956 1976 D use-Rlog/RLOG-RIL: 3 RIL requests data in the queue
08-08 13:13:24.369 1956 2206 D use-Rlog/RLOG-RIL: 2 RIL requests in the queue (0 pending, 2 handled, 0 unhandled)
08-08 13:13:24.369 1956 2206 D use-Rlog/RLOG-RIL: 2 RIL requests data in the queue
08-08 13:13:24.370 2878 2968 D RILJ : [4825]< VOICE_REGISTRATION_STATE {1, f50, 2d7605c, 3, null, null, null, null, null, null, null, null, null, null, null} [SUB0]
08-08 13:13:24.371 1956 2202 D use-Rlog/RLOG-RIL-IPC:
08-08 13:13:24.371 1956 2202 D use-Rlog/RLOG-RIL-IPC: xmm626_sec_modem_fmt_recv: Received FMT message
08-08 13:13:24.371 1956 2202 D use-Rlog/RLOG-RIL-IPC: xmm626_sec_modem_fmt_recv: Message: aseq=0xff, command=IPC_GPRS_HSDPA_STATUS, type=IPC_TYPE_NOTI, size=1
08-08 13:13:24.371 1956 2202 D use-Rlog/RLOG-RIL-IPC: ================================= IPC FMT data =================================
08-08 13:13:24.371 1956 2202 D use-Rlog/RLOG-RIL-IPC: [0000] 00 .
08-08 13:13:24.371 1956 2202 D use-Rlog/RLOG-RIL-IPC: ================================================================================
08-08 13:13:24.371 1956 2202 D use-Rlog/RLOG-RIL-IPC:
08-08 13:13:24.371 1956 2202 D use-Rlog/RLOG-RIL-IPC: xmm626_sec_modem_fmt_recv: Received FMT message
08-08 13:13:24.372 1956 2202 D use-Rlog/RLOG-RIL-IPC: xmm626_sec_modem_fmt_recv: Message: aseq=0xff, command=IPC_NET_REGIST, type=IPC_TYPE_NOTI, size=11
08-08 13:13:24.372 1956 2202 D use-Rlog/RLOG-RIL-IPC: ================================= IPC FMT data =================================
08-08 13:13:24.372 1956 2202 D use-Rlog/RLOG-RIL-IPC: [0000] 04 02 02 01 50 0F 5C 60 D7 02 00 ....P.\` ...
08-08 13:13:24.372 1956 2202 D use-Rlog/RLOG-RIL-IPC: ================================================================================
08-08 13:13:24.375 2878 2968 D RILJ : [UNSL]< UNSOL_RESPONSE_VOICE_NETWORK_STATE_CHANGED [SUB0]
08-08 13:13:24.377 2878 2878 D RILJ : [4827]> OPERATOR [SUB0]
08-08 13:13:24.382 2878 2878 D RILJ : [4828]> DATA_REGISTRATION_STATE [SUB0]
08-08 13:13:24.382 1956 1976 D use-Rlog/RLOG-RIL: 3 RIL requests in the queue (1 pending, 2 handled, 0 unhandled)
08-08 13:13:24.382 1956 1976 D use-Rlog/RLOG-RIL: 3 RIL requests data in the queue
08-08 13:13:24.383 1956 1976 D use-Rlog/RLOG-RIL: 4 RIL requests in the queue (2 pending, 2 handled, 0 unhandled)
08-08 13:13:24.383 1956 1976 D use-Rlog/RLOG-RIL: 3 RIL requests data in the queue
08-08 13:13:24.383 1956 2206 D use-Rlog/RLOG-RIL-IPC:
08-08 13:13:24.383 1956 2206 D use-Rlog/RLOG-RIL-IPC: xmm626_sec_modem_fmt_send: Sent FMT message
08-08 13:13:24.383 1956 2206 D use-Rlog/RLOG-RIL-IPC: xmm626_sec_modem_fmt_send: Message: mseq=0x18, command=IPC_NET_PLMN_SEL, type=IPC_TYPE_GET, size=0
08-08 13:13:24.384 1956 2202 D use-Rlog/RLOG-RIL-IPC:
08-08 13:13:24.384 1956 2202 D use-Rlog/RLOG-RIL-IPC: xmm626_sec_modem_fmt_recv: Received FMT message
08-08 13:13:24.384 1956 2202 D use-Rlog/RLOG-RIL-IPC: xmm626_sec_modem_fmt_recv: Message: aseq=0xff, command=IPC_NET_REGIST, type=IPC_TYPE_NOTI, size=11
08-08 13:13:24.384 1956 2202 D use-Rlog/RLOG-RIL-IPC: ================================= IPC FMT data =================================
08-08 13:13:24.385 1956 2202 D use-Rlog/RLOG-RIL-IPC: [0000] 04 03 02 01 50 0F 5C 60 D7 02 00 ....P.\` ...
08-08 13:13:24.385 1956 2202 D use-Rlog/RLOG-RIL-IPC: ================================================================================
08-08 13:13:24.389 2878 2878 D RILJ : [4829]> VOICE_REGISTRATION_STATE [SUB0]
08-08 13:13:24.390 2878 2968 D RILJ : [UNSL]< UNSOL_RESPONSE_VOICE_NETWORK_STATE_CHANGED [SUB0]
08-08 13:13:24.391 1956 1976 D use-Rlog/RLOG-RIL: 5 RIL requests in the queue (1 pending, 3 handled, 1 unhandled)
08-08 13:13:24.391 1956 1976 D use-Rlog/RLOG-RIL: 4 RIL requests data in the queue
08-08 13:13:24.393 1956 2202 D use-Rlog/RLOG-RIL-IPC:
08-08 13:13:24.393 1956 2202 D use-Rlog/RLOG-RIL-IPC: xmm626_sec_modem_fmt_recv: Received FMT message
08-08 13:13:24.393 1956 2202 D use-Rlog/RLOG-RIL-IPC: xmm626_sec_modem_fmt_recv: Message: aseq=0x00, command=IPC_NET_SERVING_NETWORK, type=IPC_TYPE_NOTI, size=11
08-08 13:13:24.393 1956 2202 D use-Rlog/RLOG-RIL-IPC: ================================= IPC FMT data =================================
08-08 13:13:24.393 1956 2202 D use-Rlog/RLOG-RIL-IPC: [0000] 02 02 04 32 30 38 31 35 23 50 0F ...20815 #P.
08-08 13:13:24.393 1956 2202 D use-Rlog/RLOG-RIL-IPC: ================================================================================
08-08 13:13:24.396 2878 2878 D RILJ : [4830]> QUERY_NETWORK_SELECTION_MODE [SUB0]
08-08 13:13:24.399 2878 2968 D RILJ : [UNSL]< UNSOL_RESPONSE_VOICE_NETWORK_STATE_CHANGED [SUB0]
08-08 13:13:24.400 1956 1976 D use-Rlog/RLOG-RIL: 6 RIL requests in the queue (1 pending, 3 handled, 2 unhandled)
08-08 13:13:24.400 1956 1976 D use-Rlog/RLOG-RIL: 5 RIL requests data in the queue
08-08 13:13:24.400 1956 2206 D use-Rlog/RLOG-RIL: 5 RIL requests in the queue (0 pending, 3 handled, 2 unhandled)
08-08 13:13:24.400 1956 2206 D use-Rlog/RLOG-RIL: 4 RIL requests data in the queue
08-08 13:13:24.401 2878 2968 D RILJ : [4829]< VOICE_REGISTRATION_STATE {1, f50, 2d7605c, 3, null, null, null, null, null, null, null, null, null, null, null} [SUB0]
08-08 13:13:24.402 1956 1976 D use-Rlog/RLOG-RIL: 6 RIL requests in the queue (1 pending, 3 handled, 2 unhandled)
08-08 13:13:24.402 1956 1976 D use-Rlog/RLOG-RIL: 4 RIL requests data in the queue
08-08 13:13:24.403 1956 2206 D use-Rlog/RLOG-RIL-IPC:
08-08 13:13:24.403 1956 2206 D use-Rlog/RLOG-RIL-IPC: xmm626_sec_modem_fmt_send: Sent FMT message
08-08 13:13:24.403 1956 2206 D use-Rlog/RLOG-RIL-IPC: xmm626_sec_modem_fmt_send: Message: mseq=0x19, command=IPC_NET_PLMN_SEL, type=IPC_TYPE_GET, size=0
08-08 13:13:24.404 2878 2878 D RILJ : [4831]> OPERATOR [SUB0]
08-08 13:13:24.405 1956 2202 D use-Rlog/RLOG-RIL-IPC:
08-08 13:13:24.405 1956 2202 D use-Rlog/RLOG-RIL-IPC: xmm626_sec_modem_fmt_recv: Received FMT message
08-08 13:13:24.405 1956 2202 D use-Rlog/RLOG-RIL-IPC: xmm626_sec_modem_fmt_recv: Message: aseq=0x16, command=IPC_NET_SERVING_NETWORK, type=IPC_TYPE_RESP, size=11
08-08 13:13:24.405 1956 2202 D use-Rlog/RLOG-RIL-IPC: ================================= IPC FMT data =================================
08-08 13:13:24.405 1956 2202 D use-Rlog/RLOG-RIL-IPC: [0000] 02 02 04 32 30 38 31 35 23 50 0F ...20815 #P.
08-08 13:13:24.406 1956 2202 D use-Rlog/RLOG-RIL-IPC: ================================================================================
08-08 13:13:24.406 1956 2202 D use-Rlog/RLOG-RIL: 5 RIL requests in the queue (0 pending, 3 handled, 2 unhandled)
08-08 13:13:24.406 1956 2202 D use-Rlog/RLOG-RIL: 4 RIL requests data in the queue
08-08 13:13:24.410 2878 2878 D RILJ : [4832]> DATA_REGISTRATION_STATE [SUB0]
08-08 13:13:24.411 2878 2968 D RILJ : [4823]< OPERATOR {Free Mobile, Free Mobile, 20815} [SUB0]
08-08 13:13:24.413 1956 1976 D use-Rlog/RLOG-RIL: 6 RIL requests in the queue (1 pending, 3 handled, 2 unhandled)
08-08 13:13:24.413 1956 1976 D use-Rlog/RLOG-RIL: 4 RIL requests data in the queue
08-08 13:13:24.413 1956 2206 D use-Rlog/RLOG-RIL: 5 RIL requests in the queue (2 pending, 3 handled, 0 unhandled)
08-08 13:13:24.413 1956 2206 D use-Rlog/RLOG-RIL: 3 RIL requests data in the queue
08-08 13:13:24.414 1956 2206 D use-Rlog/RLOG-RIL-IPC:
08-08 13:13:24.414 1956 2206 D use-Rlog/RLOG-RIL-IPC: xmm626_sec_modem_fmt_send: Sent FMT message
08-08 13:13:24.414 1956 2206 D use-Rlog/RLOG-RIL-IPC: xmm626_sec_modem_fmt_send: Message: mseq=0x1a, command=IPC_NET_SERVING_NETWORK, type=IPC_TYPE_GET, size=0
08-08 13:13:24.415 1956 2202 D use-Rlog/RLOG-RIL-IPC:
08-08 13:13:24.415 1956 2202 D use-Rlog/RLOG-RIL-IPC: xmm626_sec_modem_fmt_recv: Received FMT message
08-08 13:13:24.415 1956 2202 D use-Rlog/RLOG-RIL-IPC: xmm626_sec_modem_fmt_recv: Message: aseq=0x17, command=IPC_NET_REGIST, type=IPC_TYPE_RESP, size=11
08-08 13:13:24.416 1956 2202 D use-Rlog/RLOG-RIL-IPC: ================================= IPC FMT data =================================
08-08 13:13:24.416 1956 2202 D use-Rlog/RLOG-RIL-IPC: [0000] 04 03 02 01 50 0F 5C 60 D7 02 00 ....P.\` ...
08-08 13:13:24.416 1956 2202 D use-Rlog/RLOG-RIL-IPC: ================================================================================
08-08 13:13:24.416 1956 2202 D use-Rlog/RLOG-RIL: 4 RIL requests in the queue (0 pending, 3 handled, 1 unhandled)
08-08 13:13:24.417 1956 2202 D use-Rlog/RLOG-RIL: 3 RIL requests data in the queue
08-08 13:13:24.418 2878 2968 D RILJ : [4827]< OPERATOR {Free Mobile, Free Mobile, 20815} [SUB0]
08-08 13:13:24.419 2878 2968 D RILJ : [4824]< DATA_REGISTRATION_STATE {1, f50, 2d7605c, 3, 3} [SUB0]
08-08 13:13:24.420 2878 2878 D RILJ : [4833]> VOICE_REGISTRATION_STATE [SUB0]
08-08 13:13:24.423 2878 2878 D RILJ : [4834]> QUERY_NETWORK_SELECTION_MODE [SUB0]
08-08 13:13:24.424 1956 2206 D use-Rlog/RLOG-RIL: 3 RIL requests in the queue (0 pending, 3 handled, 0 unhandled)
08-08 13:13:24.424 1956 2206 D use-Rlog/RLOG-RIL: 2 RIL requests data in the queue
08-08 13:13:24.424 1956 1976 D use-Rlog/RLOG-RIL: 4 RIL requests in the queue (1 pending, 3 handled, 0 unhandled)
08-08 13:13:24.425 1956 1976 D use-Rlog/RLOG-RIL: 2 RIL requests data in the queue
08-08 13:13:24.425 1956 1976 D use-Rlog/RLOG-RIL: 5 RIL requests in the queue (2 pending, 3 handled, 0 unhandled)
08-08 13:13:24.425 1956 1976 D use-Rlog/RLOG-RIL: 2 RIL requests data in the queue
08-08 13:13:24.425 1956 2206 D use-Rlog/RLOG-RIL: 4 RIL requests in the queue (1 pending, 3 handled, 0 unhandled)
08-08 13:13:24.425 1956 2206 D use-Rlog/RLOG-RIL: 1 RIL request data in the queue
08-08 13:13:24.426 1956 2206 D use-Rlog/RLOG-RIL-IPC:
08-08 13:13:24.426 1956 2206 D use-Rlog/RLOG-RIL-IPC: xmm626_sec_modem_fmt_send: Sent FMT message
08-08 13:13:24.426 1956 2206 D use-Rlog/RLOG-RIL-IPC: xmm626_sec_modem_fmt_send: Message: mseq=0x1b, command=IPC_NET_REGIST, type=IPC_TYPE_GET, size=2
08-08 13:13:24.426 1956 2206 D use-Rlog/RLOG-RIL-IPC: ================================= IPC FMT data =================================
08-08 13:13:24.426 1956 2206 D use-Rlog/RLOG-RIL-IPC: [0000] FF 02 ..
08-08 13:13:24.426 1956 2206 D use-Rlog/RLOG-RIL-IPC: ================================================================================
08-08 13:13:24.427 2878 2968 D RILJ : [4828]< DATA_REGISTRATION_STATE {1, f50, 2d7605c, 3, 3} [SUB0]
08-08 13:13:24.431 1956 2202 D use-Rlog/RLOG-RIL-IPC:
08-08 13:13:24.431 1956 2202 D use-Rlog/RLOG-RIL-IPC: xmm626_sec_modem_fmt_recv: Received FMT message
08-08 13:13:24.432 1956 2202 D use-Rlog/RLOG-RIL-IPC: xmm626_sec_modem_fmt_recv: Message: aseq=0x18, command=IPC_NET_PLMN_SEL, type=IPC_TYPE_RESP, size=1
08-08 13:13:24.432 1956 2202 D use-Rlog/RLOG-RIL-IPC: ================================= IPC FMT data =================================
08-08 13:13:24.432 1956 2202 D use-Rlog/RLOG-RIL-IPC: [0000] 02 .
08-08 13:13:24.432 1956 2202 D use-Rlog/RLOG-RIL-IPC: ================================================================================
08-08 13:13:24.432 1956 2202 D use-Rlog/RLOG-RIL: 3 RIL requests in the queue (0 pending, 3 handled, 0 unhandled)
08-08 13:13:24.432 1956 2202 D use-Rlog/RLOG-RIL: 1 RIL request data in the queue
08-08 13:13:24.434 2878 2968 D RILJ : [4832]< DATA_REGISTRATION_STATE {1, f50, 2d7605c, 3, 3} [SUB0]
08-08 13:13:24.434 2878 2968 D RILJ : [4826]< QUERY_NETWORK_SELECTION_MODE {0} [SUB0]
08-08 13:13:24.436 2878 2878 D RILJ : [4835]> OPERATOR [SUB0]
08-08 13:13:24.438 1956 1976 D use-Rlog/RLOG-RIL: 4 RIL requests in the queue (1 pending, 3 handled, 0 unhandled)
08-08 13:13:24.438 1956 1976 D use-Rlog/RLOG-RIL: 1 RIL request data in the queue
08-08 13:13:24.438 1956 2206 D use-Rlog/RLOG-RIL-IPC:
08-08 13:13:24.438 1956 2206 D use-Rlog/RLOG-RIL-IPC: xmm626_sec_modem_fmt_send: Sent FMT message
08-08 13:13:24.438 1956 2206 D use-Rlog/RLOG-RIL-IPC: xmm626_sec_modem_fmt_send: Message: mseq=0x1c, command=IPC_NET_PLMN_SEL, type=IPC_TYPE_GET, size=0
08-08 13:13:24.440 1956 2202 D use-Rlog/RLOG-RIL-IPC:
08-08 13:13:24.440 1956 2202 D use-Rlog/RLOG-RIL-IPC: xmm626_sec_modem_fmt_recv: Received FMT message
08-08 13:13:24.440 1956 2202 D use-Rlog/RLOG-RIL-IPC: xmm626_sec_modem_fmt_recv: Message: aseq=0x19, command=IPC_NET_PLMN_SEL, type=IPC_TYPE_RESP, size=1
08-08 13:13:24.440 1956 2202 D use-Rlog/RLOG-RIL-IPC: ================================= IPC FMT data =================================
08-08 13:13:24.440 1956 2202 D use-Rlog/RLOG-RIL-IPC: [0000] 02 .
08-08 13:13:24.440 1956 2202 D use-Rlog/RLOG-RIL-IPC: ================================================================================
08-08 13:13:24.440 1956 2202 D use-Rlog/RLOG-RIL: 3 RIL requests in the queue (0 pending, 3 handled, 0 unhandled)
08-08 13:13:24.440 1956 2202 D use-Rlog/RLOG-RIL: 1 RIL request data in the queue
08-08 13:13:24.443 2878 2878 D RILJ : [4836]> DATA_REGISTRATION_STATE [SUB0]
08-08 13:13:24.446 2878 2968 D RILJ : [4830]< QUERY_NETWORK_SELECTION_MODE {0} [SUB0]
08-08 13:13:24.446 1956 1976 D use-Rlog/RLOG-RIL: 4 RIL requests in the queue (1 pending, 3 handled, 0 unhandled)
08-08 13:13:24.446 1956 1976 D use-Rlog/RLOG-RIL: 1 RIL request data in the queue
08-08 13:13:24.446 1956 2202 D use-Rlog/RLOG-RIL-IPC:
08-08 13:13:24.446 1956 2202 D use-Rlog/RLOG-RIL-IPC: xmm626_sec_modem_fmt_recv: Received FMT message
08-08 13:13:24.446 1956 2202 D use-Rlog/RLOG-RIL-IPC: xmm626_sec_modem_fmt_recv: Message: aseq=0x1a, command=IPC_NET_SERVING_NETWORK, type=IPC_TYPE_RESP, size=11
08-08 13:13:24.446 1956 2202 D use-Rlog/RLOG-RIL-IPC: ================================= IPC FMT data =================================
08-08 13:13:24.446 1956 2202 D use-Rlog/RLOG-RIL-IPC: [0000] 02 02 04 32 30 38 31 35 23 50 0F ...20815 #P.
08-08 13:13:24.447 1956 2202 D use-Rlog/RLOG-RIL-IPC: ================================================================================
08-08 13:13:24.447 1956 2202 D use-Rlog/RLOG-RIL: 3 RIL requests in the queue (0 pending, 2 handled, 1 unhandled)
08-08 13:13:24.447 1956 2202 D use-Rlog/RLOG-RIL: 1 RIL request data in the queue
08-08 13:13:24.447 2878 2968 D RILJ : [4831]< OPERATOR {Free Mobile, Free Mobile, 20815} [SUB0]
08-08 13:13:24.447 2878 2878 D RILJ : [4837]> VOICE_REGISTRATION_STATE [SUB0]
08-08 13:13:24.448 1956 2206 D use-Rlog/RLOG-RIL-IPC:
08-08 13:13:24.448 1956 2206 D use-Rlog/RLOG-RIL-IPC: xmm626_sec_modem_fmt_send: Sent FMT message
08-08 13:13:24.448 1956 2206 D use-Rlog/RLOG-RIL-IPC: xmm626_sec_modem_fmt_send: Message: mseq=0x1d, command=IPC_NET_SERVING_NETWORK, type=IPC_TYPE_GET, size=0
08-08 13:13:24.449 1956 1976 D use-Rlog/RLOG-RIL: 4 RIL requests in the queue (1 pending, 3 handled, 0 unhandled)
08-08 13:13:24.449 1956 1976 D use-Rlog/RLOG-RIL: 1 RIL request data in the queue
08-08 13:13:24.449 1956 2206 D use-Rlog/RLOG-RIL-IPC:
08-08 13:13:24.449 1956 2206 D use-Rlog/RLOG-RIL-IPC: xmm626_sec_modem_fmt_send: Sent FMT message
08-08 13:13:24.449 1956 2206 D use-Rlog/RLOG-RIL-IPC: xmm626_sec_modem_fmt_send: Message: mseq=0x1e, command=IPC_NET_REGIST, type=IPC_TYPE_GET, size=2
08-08 13:13:24.449 1956 2206 D use-Rlog/RLOG-RIL-IPC: ================================= IPC FMT data =================================
08-08 13:13:24.449 1956 2206 D use-Rlog/RLOG-RIL-IPC: [0000] FF 03 ..
08-08 13:13:24.449 1956 2206 D use-Rlog/RLOG-RIL-IPC: ================================================================================
08-08 13:13:24.449 1956 2202 D use-Rlog/RLOG-RIL-IPC:
08-08 13:13:24.449 1956 2202 D use-Rlog/RLOG-RIL-IPC: xmm626_sec_modem_fmt_recv: Received FMT message
08-08 13:13:24.449 1956 2202 D use-Rlog/RLOG-RIL-IPC: xmm626_sec_modem_fmt_recv: Message: aseq=0x1b, command=IPC_NET_REGIST, type=IPC_TYPE_RESP, size=11
08-08 13:13:24.449 1956 2202 D use-Rlog/RLOG-RIL-IPC: ================================= IPC FMT data =================================
08-08 13:13:24.449 1956 2202 D use-Rlog/RLOG-RIL-IPC: [0000] 04 02 02 01 50 0F 5C 60 D7 02 00 ....P.\` ...
08-08 13:13:24.449 1956 2202 D use-Rlog/RLOG-RIL-IPC: ================================================================================
08-08 13:13:24.449 1956 2202 D use-Rlog/RLOG-RIL: 3 RIL requests in the queue (0 pending, 3 handled, 0 unhandled)
08-08 13:13:24.449 1956 2202 D use-Rlog/RLOG-RIL: 1 RIL request data in the queue
08-08 13:13:24.450 2878 2878 D RILJ : [4838]> QUERY_NETWORK_SELECTION_MODE [SUB0]
08-08 13:13:24.451 2878 2878 D RILJ : [4839]> OPERATOR [SUB0]
08-08 13:13:24.451 2878 2968 D RILJ : [4833]< VOICE_REGISTRATION_STATE {1, f50, 2d7605c, 3, null, null, null, null, null, null, null, null, null, null, null} [SUB0]
08-08 13:13:24.451 1956 1976 D use-Rlog/RLOG-RIL: 4 RIL requests in the queue (1 pending, 3 handled, 0 unhandled)
08-08 13:13:24.451 1956 1976 D use-Rlog/RLOG-RIL: 1 RIL request data in the queue
08-08 13:13:24.451 1956 1976 D use-Rlog/RLOG-RIL: 5 RIL requests in the queue (2 pending, 3 handled, 0 unhandled)
08-08 13:13:24.451 1956 1976 D use-Rlog/RLOG-RIL: 1 RIL request data in the queue
08-08 13:13:24.451 1956 2206 D use-Rlog/RLOG-RIL-IPC:
08-08 13:13:24.451 1956 2206 D use-Rlog/RLOG-RIL-IPC: xmm626_sec_modem_fmt_send: Sent FMT message
08-08 13:13:24.451 1956 2206 D use-Rlog/RLOG-RIL-IPC: xmm626_sec_modem_fmt_send: Message: mseq=0x1f, command=IPC_NET_REGIST, type=IPC_TYPE_GET, size=2
08-08 13:13:24.451 1956 2206 D use-Rlog/RLOG-RIL-IPC: ================================= IPC FMT data =================================
08-08 13:13:24.452 1956 2206 D use-Rlog/RLOG-RIL-IPC: [0000] FF 02 ..
08-08 13:13:24.452 1956 2206 D use-Rlog/RLOG-RIL-IPC: ================================================================================
08-08 13:13:24.452 1956 2206 D use-Rlog/RLOG-RIL-IPC:
08-08 13:13:24.452 1956 2206 D use-Rlog/RLOG-RIL-IPC: xmm626_sec_modem_fmt_send: Sent FMT message
08-08 13:13:24.452 1956 2206 D use-Rlog/RLOG-RIL-IPC: xmm626_sec_modem_fmt_send: Message: mseq=0x20, command=IPC_NET_PLMN_SEL, type=IPC_TYPE_GET, size=0
08-08 13:13:24.452 1956 2202 D use-Rlog/RLOG-RIL-IPC:
08-08 13:13:24.452 1956 2202 D use-Rlog/RLOG-RIL-IPC: xmm626_sec_modem_fmt_recv: Received FMT message
08-08 13:13:24.452 1956 2202 D use-Rlog/RLOG-RIL-IPC: xmm626_sec_modem_fmt_recv: Message: aseq=0x1c, command=IPC_NET_PLMN_SEL, type=IPC_TYPE_RESP, size=1
08-08 13:13:24.452 1956 2202 D use-Rlog/RLOG-RIL-IPC: ================================= IPC FMT data =================================
08-08 13:13:24.452 1956 2202 D use-Rlog/RLOG-RIL-IPC: [0000] 02 .
08-08 13:13:24.452 1956 2202 D use-Rlog/RLOG-RIL-IPC: ================================================================================
08-08 13:13:24.452 1956 2202 D use-Rlog/RLOG-RIL: 4 RIL requests in the queue (0 pending, 4 handled, 0 unhandled)
08-08 13:13:24.452 1956 2202 D use-Rlog/RLOG-RIL: 1 RIL request data in the queue
08-08 13:13:24.453 2878 2968 D RILJ : [4834]< QUERY_NETWORK_SELECTION_MODE {0} [SUB0]
08-08 13:13:24.454 2878 2878 D RILJ : [4840]> DATA_REGISTRATION_STATE [SUB0]
08-08 13:13:24.454 1956 1976 D use-Rlog/RLOG-RIL: 5 RIL requests in the queue (1 pending, 4 handled, 0 unhandled)
08-08 13:13:24.454 1956 1976 D use-Rlog/RLOG-RIL: 1 RIL request data in the queue
08-08 13:13:24.454 1956 2202 D use-Rlog/RLOG-RIL-IPC:
08-08 13:13:24.454 1956 2202 D use-Rlog/RLOG-RIL-IPC: xmm626_sec_modem_fmt_recv: Received FMT message
08-08 13:13:24.454 1956 2202 D use-Rlog/RLOG-RIL-IPC: xmm626_sec_modem_fmt_recv: Message: aseq=0x1d, command=IPC_NET_SERVING_NETWORK, type=IPC_TYPE_RESP, size=11
08-08 13:13:24.454 1956 2202 D use-Rlog/RLOG-RIL-IPC: ================================= IPC FMT data =================================
08-08 13:13:24.454 1956 2202 D use-Rlog/RLOG-RIL-IPC: [0000] 02 02 04 32 30 38 31 35 23 50 0F ...20815 #P.
08-08 13:13:24.454 1956 2202 D use-Rlog/RLOG-RIL-IPC: ================================================================================
08-08 13:13:24.454 1956 2202 D use-Rlog/RLOG-RIL: 4 RIL requests in the queue (0 pending, 3 handled, 1 unhandled)
08-08 13:13:24.454 1956 2202 D use-Rlog/RLOG-RIL: 1 RIL request data in the queue
08-08 13:13:24.455 2878 2878 D RILJ : [4841]> VOICE_REGISTRATION_STATE [SUB0]
08-08 13:13:24.456 2878 2968 D RILJ : [4835]< OPERATOR {Free Mobile, Free Mobile, 20815} [SUB0]
08-08 13:13:24.456 1956 1976 D use-Rlog/RLOG-RIL: 5 RIL requests in the queue (1 pending, 3 handled, 1 unhandled)
08-08 13:13:24.456 1956 1976 D use-Rlog/RLOG-RIL: 1 RIL request data in the queue
08-08 13:13:24.456 1956 2206 D use-Rlog/RLOG-RIL-IPC:
08-08 13:13:24.456 1956 2206 D use-Rlog/RLOG-RIL-IPC: xmm626_sec_modem_fmt_send: Sent FMT message
08-08 13:13:24.456 1956 2206 D use-Rlog/RLOG-RIL-IPC: xmm626_sec_modem_fmt_send: Message: mseq=0x21, command=IPC_NET_SERVING_NETWORK, type=IPC_TYPE_GET, size=0
08-08 13:13:24.457 1956 2202 D use-Rlog/RLOG-RIL-IPC:
08-08 13:13:24.457 1956 2202 D use-Rlog/RLOG-RIL-IPC: xmm626_sec_modem_fmt_recv: Received FMT message
08-08 13:13:24.457 1956 2202 D use-Rlog/RLOG-RIL-IPC: xmm626_sec_modem_fmt_recv: Message: aseq=0x1e, command=IPC_NET_REGIST, type=IPC_TYPE_RESP, size=11
08-08 13:13:24.457 1956 2202 D use-Rlog/RLOG-RIL-IPC: ================================= IPC FMT data =================================
08-08 13:13:24.457 1956 2202 D use-Rlog/RLOG-RIL-IPC: [0000] 04 03 02 01 50 0F 5C 60 D7 02 00 ....P.\` ...
08-08 13:13:24.457 1956 2202 D use-Rlog/RLOG-RIL-IPC: ================================================================================
08-08 13:13:24.457 1956 2202 D use-Rlog/RLOG-RIL: 4 RIL requests in the queue (0 pending, 3 handled, 1 unhandled)
08-08 13:13:24.457 1956 2202 D use-Rlog/RLOG-RIL: 1 RIL request data in the queue
08-08 13:13:24.457 2878 2968 D RILJ : [4836]< DATA_REGISTRATION_STATE {1, f50, 2d7605c, 3, 3} [SUB0]
08-08 13:13:24.458 2878 2878 D RILJ : [4842]> QUERY_NETWORK_SELECTION_MODE [SUB0]
08-08 13:13:24.458 1956 2206 D use-Rlog/RLOG-RIL-IPC:
08-08 13:13:24.458 1956 2206 D use-Rlog/RLOG-RIL-IPC: xmm626_sec_modem_fmt_send: Sent FMT message
08-08 13:13:24.458 1956 2206 D use-Rlog/RLOG-RIL-IPC: xmm626_sec_modem_fmt_send: Message: mseq=0x22, command=IPC_NET_REGIST, type=IPC_TYPE_GET, size=2
08-08 13:13:24.458 1956 2206 D use-Rlog/RLOG-RIL-IPC: ================================= IPC FMT data =================================
08-08 13:13:24.458 1956 2206 D use-Rlog/RLOG-RIL-IPC: [0000] FF 03 ..
08-08 13:13:24.458 1956 2206 D use-Rlog/RLOG-RIL-IPC: ================================================================================
08-08 13:13:24.459 1956 1976 D use-Rlog/RLOG-RIL: 5 RIL requests in the queue (1 pending, 4 handled, 0 unhandled)
08-08 13:13:24.459 1956 1976 D use-Rlog/RLOG-RIL: 1 RIL request data in the queue
08-08 13:13:24.459 1956 2202 D use-Rlog/RLOG-RIL-IPC:
08-08 13:13:24.459 1956 2202 D use-Rlog/RLOG-RIL-IPC: xmm626_sec_modem_fmt_recv: Received FMT message
08-08 13:13:24.459 1956 2202 D use-Rlog/RLOG-RIL-IPC: xmm626_sec_modem_fmt_recv: Message: aseq=0x1f, command=IPC_NET_REGIST, type=IPC_TYPE_RESP, size=11
08-08 13:13:24.459 1956 2202 D use-Rlog/RLOG-RIL-IPC: ================================= IPC FMT data =================================
08-08 13:13:24.459 1956 2202 D use-Rlog/RLOG-RIL-IPC: [0000] 04 02 02 01 50 0F 5C 60 D7 02 00 ....P.\` ...
08-08 13:13:24.459 1956 2202 D use-Rlog/RLOG-RIL-IPC: ================================================================================
08-08 13:13:24.459 1956 2202 D use-Rlog/RLOG-RIL: 4 RIL requests in the queue (0 pending, 3 handled, 1 unhandled)
08-08 13:13:24.459 1956 2202 D use-Rlog/RLOG-RIL: 1 RIL request data in the queue
08-08 13:13:24.460 2878 2968 D RILJ : [4837]< VOICE_REGISTRATION_STATE {1, f50, 2d7605c, 3, null, null, null, null, null, null, null, null, null, null, null} [SUB0]
08-08 13:13:24.460 1956 1976 D use-Rlog/RLOG-RIL: 5 RIL requests in the queue (1 pending, 3 handled, 1 unhandled)
08-08 13:13:24.460 1956 1976 D use-Rlog/RLOG-RIL: 1 RIL request data in the queue
08-08 13:13:24.460 1956 2206 D use-Rlog/RLOG-RIL-IPC:
08-08 13:13:24.460 1956 2206 D use-Rlog/RLOG-RIL-IPC: xmm626_sec_modem_fmt_send: Sent FMT message
08-08 13:13:24.460 1956 2206 D use-Rlog/RLOG-RIL-IPC: xmm626_sec_modem_fmt_send: Message: mseq=0x23, command=IPC_NET_REGIST, type=IPC_TYPE_GET, size=2
08-08 13:13:24.460 1956 2206 D use-Rlog/RLOG-RIL-IPC: ================================= IPC FMT data =================================
08-08 13:13:24.460 1956 2206 D use-Rlog/RLOG-RIL-IPC: [0000] FF 02 ..
08-08 13:13:24.461 1956 2206 D use-Rlog/RLOG-RIL-IPC: ================================================================================
08-08 13:13:24.461 1956 2206 D use-Rlog/RLOG-RIL-IPC:
08-08 13:13:24.461 1956 2206 D use-Rlog/RLOG-RIL-IPC: xmm626_sec_modem_fmt_send: Sent FMT message
08-08 13:13:24.461 1956 2206 D use-Rlog/RLOG-RIL-IPC: xmm626_sec_modem_fmt_send: Message: mseq=0x24, command=IPC_NET_PLMN_SEL, type=IPC_TYPE_GET, size=0
08-08 13:13:24.461 1956 2202 D use-Rlog/RLOG-RIL-IPC:
08-08 13:13:24.461 1956 2202 D use-Rlog/RLOG-RIL-IPC: xmm626_sec_modem_fmt_recv: Received FMT message
08-08 13:13:24.461 1956 2202 D use-Rlog/RLOG-RIL-IPC: xmm626_sec_modem_fmt_recv: Message: aseq=0x20, command=IPC_NET_PLMN_SEL, type=IPC_TYPE_RESP, size=1
08-08 13:13:24.461 1956 2202 D use-Rlog/RLOG-RIL-IPC: ================================= IPC FMT data =================================
08-08 13:13:24.461 1956 2202 D use-Rlog/RLOG-RIL-IPC: [0000] 02 .
08-08 13:13:24.461 1956 2202 D use-Rlog/RLOG-RIL-IPC: ================================================================================
08-08 13:13:24.461 1956 2202 D use-Rlog/RLOG-RIL: 4 RIL requests in the queue (0 pending, 4 handled, 0 unhandled)
08-08 13:13:24.461 1956 2202 D use-Rlog/RLOG-RIL: 1 RIL request data in the queue
08-08 13:13:24.461 2878 2968 D RILJ : [4838]< QUERY_NETWORK_SELECTION_MODE {0} [SUB0]
08-08 13:13:24.462 1956 2202 D use-Rlog/RLOG-RIL-IPC:
08-08 13:13:24.462 1956 2202 D use-Rlog/RLOG-RIL-IPC: xmm626_sec_modem_fmt_recv: Received FMT message
08-08 13:13:24.462 1956 2202 D use-Rlog/RLOG-RIL-IPC: xmm626_sec_modem_fmt_recv: Message: aseq=0x21, command=IPC_NET_SERVING_NETWORK, type=IPC_TYPE_RESP, size=11
08-08 13:13:24.462 1956 2202 D use-Rlog/RLOG-RIL-IPC: ================================= IPC FMT data =================================
08-08 13:13:24.462 1956 2202 D use-Rlog/RLOG-RIL-IPC: [0000] 02 02 04 32 30 38 31 35 23 50 0F ...20815 #P.
08-08 13:13:24.462 1956 2202 D use-Rlog/RLOG-RIL-IPC: ================================================================================
08-08 13:13:24.462 1956 2202 D use-Rlog/RLOG-RIL: 3 RIL requests in the queue (0 pending, 3 handled, 0 unhandled)
08-08 13:13:24.462 1956 2202 D use-Rlog/RLOG-RIL: 1 RIL request data in the queue
08-08 13:13:24.462 2878 2968 D RILJ : [4839]< OPERATOR {Free Mobile, Free Mobile, 20815} [SUB0]
08-08 13:13:24.462 1956 2202 D use-Rlog/RLOG-RIL-IPC:
08-08 13:13:24.462 1956 2202 D use-Rlog/RLOG-RIL-IPC: xmm626_sec_modem_fmt_recv: Received FMT message
08-08 13:13:24.463 1956 2202 D use-Rlog/RLOG-RIL-IPC: xmm626_sec_modem_fmt_recv: Message: aseq=0x22, command=IPC_NET_REGIST, type=IPC_TYPE_RESP, size=11
08-08 13:13:24.463 1956 2202 D use-Rlog/RLOG-RIL-IPC: ================================= IPC FMT data =================================
08-08 13:13:24.463 1956 2202 D use-Rlog/RLOG-RIL-IPC: [0000] 04 03 02 01 50 0F 5C 60 D7 02 00 ....P.\` ...
08-08 13:13:24.463 1956 2202 D use-Rlog/RLOG-RIL-IPC: ================================================================================
08-08 13:13:24.463 1956 2202 D use-Rlog/RLOG-RIL: 2 RIL requests in the queue (0 pending, 2 handled, 0 unhandled)
08-08 13:13:24.463 1956 2202 D use-Rlog/RLOG-RIL: 1 RIL request data in the queue
08-08 13:13:24.463 2878 2968 D RILJ : [4840]< DATA_REGISTRATION_STATE {1, f50, 2d7605c, 3, 3} [SUB0]
08-08 13:13:24.463 2878 2878 D PHONE : [ServiceState] setDataRegState=0
08-08 13:13:24.463 2878 2878 D PHONE : [ServiceState] setDataRadioTechnology=3
08-08 13:13:24.463 2878 2878 D GsmSST : [GsmSST] handlPollStateResultMessage: GsmSST setDataRegState=0 regState=1 dataRadioTechnology=3
08-08 13:13:24.463 1956 2202 D use-Rlog/RLOG-RIL-IPC:
08-08 13:13:24.463 1956 2202 D use-Rlog/RLOG-RIL-IPC: xmm626_sec_modem_fmt_recv: Received FMT message
08-08 13:13:24.463 1956 2202 D use-Rlog/RLOG-RIL-IPC: xmm626_sec_modem_fmt_recv: Message: aseq=0x23, command=IPC_NET_REGIST, type=IPC_TYPE_RESP, size=11
08-08 13:13:24.463 1956 2202 D use-Rlog/RLOG-RIL-IPC: ================================= IPC FMT data =================================
08-08 13:13:24.463 1956 2202 D use-Rlog/RLOG-RIL-IPC: [0000] 04 02 02 01 50 0F 5C 60 D7 02 00 ....P.\` ...
08-08 13:13:24.463 1956 2202 D use-Rlog/RLOG-RIL-IPC: ================================================================================
08-08 13:13:24.464 1956 2202 D use-Rlog/RLOG-RIL: 1 RIL request in the queue (0 pending, 1 handled, 0 unhandled)
08-08 13:13:24.464 1956 2202 D use-Rlog/RLOG-RIL: 1 RIL request data in the queue
08-08 13:13:24.464 2878 2968 D RILJ : [4841]< VOICE_REGISTRATION_STATE {1, f50, 2d7605c, 3, null, null, null, null, null, null, null, null, null, null, null} [SUB0]
08-08 13:13:24.464 2878 2878 D PHONE : [ServiceState] setVoiceRegState=0
08-08 13:13:24.464 2878 2878 E PHONE : [ServiceState] setState deprecated use setVoiceRegState()
08-08 13:13:24.563 1956 2202 D use-Rlog/RLOG-RIL-IPC:
08-08 13:13:24.564 1956 2202 D use-Rlog/RLOG-RIL-IPC: xmm626_sec_modem_fmt_recv: Received FMT message
08-08 13:13:24.564 1956 2202 D use-Rlog/RLOG-RIL-IPC: xmm626_sec_modem_fmt_recv: Message: aseq=0x24, command=IPC_DISP_RSSI_INFO, type=IPC_TYPE_NOTI, size=1
08-08 13:13:24.564 1956 2202 D use-Rlog/RLOG-RIL-IPC: ================================= IPC FMT data =================================
08-08 13:13:24.564 1956 2202 D use-Rlog/RLOG-RIL-IPC: [0000] 56 V
08-08 13:13:24.564 1956 2202 D use-Rlog/RLOG-RIL-IPC: ================================================================================
08-08 13:13:24.564 1956 2202 D use-Rlog/RLOG-RIL: Signal strength is 13
08-08 13:13:24.565 2878 2878 D DefaultPhoneNotifier: notifySignalStrength: mRegistry=com.android.internal.telephony.ITelephonyRegistry$Stub$Proxy@5b7d720 ss=SignalStrength: 13 99 -120 -160 -120 -1 -1 99 2147483647 2147483647 2147483647 -1 2147483647 gsm|lte sender=Handler (com.android.internal.telephony.gsm.GSMPhone) {b342f08}
08-08 13:13:29.692 1956 2202 D use-Rlog/RLOG-RIL-IPC:
08-08 13:13:29.692 1956 2202 D use-Rlog/RLOG-RIL-IPC: xmm626_sec_modem_fmt_recv: Received FMT message
08-08 13:13:29.692 1956 2202 D use-Rlog/RLOG-RIL-IPC: xmm626_sec_modem_fmt_recv: Message: aseq=0x24, command=IPC_DISP_RSSI_INFO, type=IPC_TYPE_NOTI, size=1
08-08 13:13:29.692 1956 2202 D use-Rlog/RLOG-RIL-IPC: ================================= IPC FMT data =================================
08-08 13:13:29.692 1956 2202 D use-Rlog/RLOG-RIL-IPC: [0000] 53 S
08-08 13:13:29.693 1956 2202 D use-Rlog/RLOG-RIL-IPC: ================================================================================
08-08 13:13:29.693 1956 2202 D use-Rlog/RLOG-RIL: Signal strength is 15
08-08 13:13:29.695 2878 2878 D DefaultPhoneNotifier: notifySignalStrength: mRegistry=com.android.internal.telephony.ITelephonyRegistry$Stub$Proxy@5b7d720 ss=SignalStrength: 15 99 -120 -160 -120 -1 -1 99 2147483647 2147483647 2147483647 -1 2147483647 gsm|lte sender=Handler (com.android.internal.telephony.gsm.GSMPhone) {b342f08}
08-08 13:13:30.122 1956 2202 D use-Rlog/RLOG-RIL-IPC:
08-08 13:13:30.122 1956 2202 D use-Rlog/RLOG-RIL-IPC: xmm626_sec_modem_fmt_recv: Received FMT message
08-08 13:13:30.122 1956 2202 D use-Rlog/RLOG-RIL-IPC: xmm626_sec_modem_fmt_recv: Message: aseq=0x24, command=IPC_GPRS_HSDPA_STATUS, type=IPC_TYPE_NOTI, size=1
08-08 13:13:30.122 1956 2202 D use-Rlog/RLOG-RIL-IPC: ================================= IPC FMT data =================================
08-08 13:13:30.123 1956 2202 D use-Rlog/RLOG-RIL-IPC: [0000] 00 .
08-08 13:13:30.123 1956 2202 D use-Rlog/RLOG-RIL-IPC: ================================================================================
08-08 13:13:30.123 1956 2202 D use-Rlog/RLOG-RIL-IPC:
08-08 13:13:30.123 1956 2202 D use-Rlog/RLOG-RIL-IPC: xmm626_sec_modem_fmt_recv: Received FMT message
08-08 13:13:30.123 1956 2202 D use-Rlog/RLOG-RIL-IPC: xmm626_sec_modem_fmt_recv: Message: aseq=0xff, command=IPC_NET_REGIST, type=IPC_TYPE_NOTI, size=11
08-08 13:13:30.123 1956 2202 D use-Rlog/RLOG-RIL-IPC: ================================= IPC FMT data =================================
08-08 13:13:30.123 1956 2202 D use-Rlog/RLOG-RIL-IPC: [0000] 04 02 02 01 50 0F 16 60 D7 02 00 ....P..` ...
08-08 13:13:30.124 1956 2202 D use-Rlog/RLOG-RIL-IPC: ================================================================================
08-08 13:13:30.126 2878 2968 D RILJ : [UNSL]< UNSOL_RESPONSE_VOICE_NETWORK_STATE_CHANGED [SUB0]
08-08 13:13:30.127 2878 2878 D RILJ : [4843]> OPERATOR [SUB0]
08-08 13:13:30.131 2878 2878 D RILJ : [4844]> DATA_REGISTRATION_STATE [SUB0]
08-08 13:13:30.134 2878 2878 D RILJ : [4845]> VOICE_REGISTRATION_STATE [SUB0]
08-08 13:13:30.135 1956 1976 D use-Rlog/RLOG-RIL: 1 RIL request in the queue (1 pending, 0 handled, 0 unhandled)
08-08 13:13:30.135 1956 1976 D use-Rlog/RLOG-RIL: 2 RIL requests data in the queue
08-08 13:13:30.136 1956 1976 D use-Rlog/RLOG-RIL: 2 RIL requests in the queue (2 pending, 0 handled, 0 unhandled)
08-08 13:13:30.136 1956 1976 D use-Rlog/RLOG-RIL: 2 RIL requests data in the queue
08-08 13:13:30.136 1956 2206 D use-Rlog/RLOG-RIL-IPC:
08-08 13:13:30.136 1956 2206 D use-Rlog/RLOG-RIL-IPC: xmm626_sec_modem_fmt_send: Sent FMT message
08-08 13:13:30.136 1956 2206 D use-Rlog/RLOG-RIL-IPC: xmm626_sec_modem_fmt_send: Message: mseq=0x25, command=IPC_NET_SERVING_NETWORK, type=IPC_TYPE_GET, size=0
08-08 13:13:30.137 1956 2206 D use-Rlog/RLOG-RIL-IPC:
08-08 13:13:30.137 1956 2206 D use-Rlog/RLOG-RIL-IPC: xmm626_sec_modem_fmt_send: Sent FMT message
08-08 13:13:30.137 1956 2206 D use-Rlog/RLOG-RIL-IPC: xmm626_sec_modem_fmt_send: Message: mseq=0x26, command=IPC_NET_REGIST, type=IPC_TYPE_GET, size=2
08-08 13:13:30.137 1956 2206 D use-Rlog/RLOG-RIL-IPC: ================================= IPC FMT data =================================
08-08 13:13:30.137 1956 2206 D use-Rlog/RLOG-RIL-IPC: [0000] FF 03 ..
08-08 13:13:30.137 1956 2206 D use-Rlog/RLOG-RIL-IPC: ================================================================================
08-08 13:13:30.140 2878 2878 D RILJ : [4846]> QUERY_NETWORK_SELECTION_MODE [SUB0]
08-08 13:13:30.142 1956 1976 D use-Rlog/RLOG-RIL: 3 RIL requests in the queue (1 pending, 2 handled, 0 unhandled)
08-08 13:13:30.142 1956 1976 D use-Rlog/RLOG-RIL: 2 RIL requests data in the queue
08-08 13:13:30.142 1956 2206 D use-Rlog/RLOG-RIL: 2 RIL requests in the queue (0 pending, 2 handled, 0 unhandled)
08-08 13:13:30.143 1956 2206 D use-Rlog/RLOG-RIL: 1 RIL request data in the queue
08-08 13:13:30.143 2878 2968 D RILJ : [4845]< VOICE_REGISTRATION_STATE {1, f50, 2d76016, 3, null, null, null, null, null, null, null, null, null, null, null} [SUB0]
08-08 13:13:30.144 1956 2202 D use-Rlog/RLOG-RIL-IPC:
08-08 13:13:30.144 1956 2202 D use-Rlog/RLOG-RIL-IPC: xmm626_sec_modem_fmt_recv: Received FMT message
08-08 13:13:30.145 1956 2202 D use-Rlog/RLOG-RIL-IPC: xmm626_sec_modem_fmt_recv: Message: aseq=0xff, command=IPC_NET_REGIST, type=IPC_TYPE_NOTI, size=11
08-08 13:13:30.145 1956 2202 D use-Rlog/RLOG-RIL-IPC: ================================= IPC FMT data =================================
08-08 13:13:30.145 1956 2202 D use-Rlog/RLOG-RIL-IPC: [0000] 04 03 02 01 50 0F 16 60 D7 02 00 ....P..` ...
08-08 13:13:30.145 1956 2202 D use-Rlog/RLOG-RIL-IPC: ================================================================================
08-08 13:13:30.147 2878 2878 D PHONE : [ServiceState] setVoiceRegState=0
08-08 13:13:30.147 2878 2878 E PHONE : [ServiceState] setState deprecated use setVoiceRegState()
08-08 13:13:30.150 2878 2968 D RILJ : [UNSL]< UNSOL_RESPONSE_VOICE_NETWORK_STATE_CHANGED [SUB0]
08-08 13:13:30.150 1956 2202 D use-Rlog/RLOG-RIL-IPC:
08-08 13:13:30.150 1956 2202 D use-Rlog/RLOG-RIL-IPC: xmm626_sec_modem_fmt_recv: Received FMT message
08-08 13:13:30.151 1956 2202 D use-Rlog/RLOG-RIL-IPC: xmm626_sec_modem_fmt_recv: Message: aseq=0xff, command=IPC_GPRS_HSDPA_STATUS, type=IPC_TYPE_NOTI, size=1
08-08 13:13:30.151 1956 2202 D use-Rlog/RLOG-RIL-IPC: ================================= IPC FMT data =================================
08-08 13:13:30.151 1956 2202 D use-Rlog/RLOG-RIL-IPC: [0000] 00 .
08-08 13:13:30.151 1956 2202 D use-Rlog/RLOG-RIL-IPC: ================================================================================
08-08 13:13:30.151 1956 2202 D use-Rlog/RLOG-RIL-IPC:
08-08 13:13:30.151 1956 2202 D use-Rlog/RLOG-RIL-IPC: xmm626_sec_modem_fmt_recv: Received FMT message
08-08 13:13:30.151 1956 2202 D use-Rlog/RLOG-RIL-IPC: xmm626_sec_modem_fmt_recv: Message: aseq=0xff, command=IPC_NET_REGIST, type=IPC_TYPE_NOTI, size=11
08-08 13:13:30.151 1956 2202 D use-Rlog/RLOG-RIL-IPC: ================================= IPC FMT data =================================
08-08 13:13:30.152 1956 2202 D use-Rlog/RLOG-RIL-IPC: [0000] 04 02 02 01 50 0F 16 60 D7 02 00 ....P..` ...
08-08 13:13:30.152 1956 2202 D use-Rlog/RLOG-RIL-IPC: ================================================================================
08-08 13:13:30.153 2878 2878 D RILJ : [4847]> OPERATOR [SUB0]
08-08 13:13:30.157 2878 2878 D RILJ : [4848]> DATA_REGISTRATION_STATE [SUB0]
08-08 13:13:30.157 2878 2968 D RILJ : [UNSL]< UNSOL_RESPONSE_VOICE_NETWORK_STATE_CHANGED [SUB0]
08-08 13:13:30.158 1956 1976 D use-Rlog/RLOG-RIL: 3 RIL requests in the queue (1 pending, 2 handled, 0 unhandled)
