08-08 13:05:08.036 1956 2202 D use-Rlog/RLOG-RIL-IPC: xmm626_sec_modem_fmt_recv: Message: aseq=0xcb, command=IPC_DISP_RSSI_INFO, type=IPC_TYPE_NOTI, size=1
08-08 13:05:08.036 1956 2202 D use-Rlog/RLOG-RIL-IPC: ================================= IPC FMT data =================================
08-08 13:05:08.036 1956 2202 D use-Rlog/RLOG-RIL-IPC: [0000] 58 X
08-08 13:05:08.036 1956 2202 D use-Rlog/RLOG-RIL-IPC: ================================================================================
08-08 13:05:08.036 1956 2202 D use-Rlog/RLOG-RIL: Signal strength is 12
08-08 13:05:08.038 2878 2878 D DefaultPhoneNotifier: notifySignalStrength: mRegistry=com.android.internal.telephony.ITelephonyRegistry$Stub$Proxy@5b7d720 ss=SignalStrength: 12 99 -120 -160 -120 -1 -1 99 2147483647 2147483647 2147483647 -1 2147483647 gsm|lte sender=Handler (com.android.internal.telephony.gsm.GSMPhone) {b342f08}
08-08 13:05:09.021 1956 2202 D use-Rlog/RLOG-RIL-IPC:
08-08 13:05:09.021 1956 2202 D use-Rlog/RLOG-RIL-IPC: xmm626_sec_modem_fmt_recv: Received FMT message
08-08 13:05:09.022 1956 2202 D use-Rlog/RLOG-RIL-IPC: xmm626_sec_modem_fmt_recv: Message: aseq=0xcb, command=IPC_GPRS_HSDPA_STATUS, type=IPC_TYPE_NOTI, size=1
08-08 13:05:09.022 1956 2202 D use-Rlog/RLOG-RIL-IPC: ================================= IPC FMT data =================================
08-08 13:05:09.022 1956 2202 D use-Rlog/RLOG-RIL-IPC: [0000] 00 .
08-08 13:05:09.022 1956 2202 D use-Rlog/RLOG-RIL-IPC: ================================================================================
08-08 13:05:09.022 1956 2202 D use-Rlog/RLOG-RIL-IPC:
08-08 13:05:09.022 1956 2202 D use-Rlog/RLOG-RIL-IPC: xmm626_sec_modem_fmt_recv: Received FMT message
08-08 13:05:09.022 1956 2202 D use-Rlog/RLOG-RIL-IPC: xmm626_sec_modem_fmt_recv: Message: aseq=0xff, command=IPC_NET_REGIST, type=IPC_TYPE_NOTI, size=11
08-08 13:05:09.023 1956 2202 D use-Rlog/RLOG-RIL-IPC: ================================= IPC FMT data =================================
08-08 13:05:09.023 1956 2202 D use-Rlog/RLOG-RIL-IPC: [0000] 04 02 02 01 50 0F 16 60 D7 02 00 ....P..` ...
08-08 13:05:09.023 1956 2202 D use-Rlog/RLOG-RIL-IPC: ================================================================================
08-08 13:05:09.024 2878 2968 D RILJ : [UNSL]< UNSOL_RESPONSE_VOICE_NETWORK_STATE_CHANGED [SUB0]
08-08 13:05:09.025 2878 2878 D RILJ : [4727]> OPERATOR [SUB0]
08-08 13:05:09.033 1956 2202 D use-Rlog/RLOG-RIL-IPC:
08-08 13:05:09.033 1956 2202 D use-Rlog/RLOG-RIL-IPC: xmm626_sec_modem_fmt_recv: Received FMT message
08-08 13:05:09.033 1956 2202 D use-Rlog/RLOG-RIL-IPC: xmm626_sec_modem_fmt_recv: Message: aseq=0xff, command=IPC_NET_REGIST, type=IPC_TYPE_NOTI, size=11
08-08 13:05:09.033 1956 2202 D use-Rlog/RLOG-RIL-IPC: ================================= IPC FMT data =================================
08-08 13:05:09.034 1956 2202 D use-Rlog/RLOG-RIL-IPC: [0000] 04 03 02 01 50 0F 16 60 D7 02 00 ....P..` ...
08-08 13:05:09.034 1956 2202 D use-Rlog/RLOG-RIL-IPC: ================================================================================
08-08 13:05:09.035 2878 2968 D RILJ : [UNSL]< UNSOL_RESPONSE_VOICE_NETWORK_STATE_CHANGED [SUB0]
08-08 13:05:09.035 1956 2202 D use-Rlog/RLOG-RIL-IPC:
08-08 13:05:09.035 1956 2202 D use-Rlog/RLOG-RIL-IPC: xmm626_sec_modem_fmt_recv: Received FMT message
08-08 13:05:09.036 1956 2202 D use-Rlog/RLOG-RIL-IPC: xmm626_sec_modem_fmt_recv: Message: aseq=0xff, command=IPC_GPRS_HSDPA_STATUS, type=IPC_TYPE_NOTI, size=1
08-08 13:05:09.036 1956 2202 D use-Rlog/RLOG-RIL-IPC: ================================= IPC FMT data =================================
08-08 13:05:09.036 1956 2202 D use-Rlog/RLOG-RIL-IPC: [0000] 00 .
08-08 13:05:09.036 1956 2202 D use-Rlog/RLOG-RIL-IPC: ================================================================================
08-08 13:05:09.042 2878 2878 D RILJ : [4728]> DATA_REGISTRATION_STATE [SUB0]
08-08 13:05:09.044 1956 1976 D use-Rlog/RLOG-RIL: 1 RIL request in the queue (1 pending, 0 handled, 0 unhandled)
08-08 13:05:09.044 1956 1976 D use-Rlog/RLOG-RIL: 3 RIL requests data in the queue
08-08 13:05:09.044 1956 2206 D use-Rlog/RLOG-RIL-IPC:
08-08 13:05:09.045 1956 2206 D use-Rlog/RLOG-RIL-IPC: xmm626_sec_modem_fmt_send: Sent FMT message
08-08 13:05:09.045 1956 2206 D use-Rlog/RLOG-RIL-IPC: xmm626_sec_modem_fmt_send: Message: mseq=0xcc, command=IPC_NET_SERVING_NETWORK, type=IPC_TYPE_GET, size=0
08-08 13:05:09.047 2878 2878 D RILJ : [4729]> VOICE_REGISTRATION_STATE [SUB0]
08-08 13:05:09.048 1956 1976 D use-Rlog/RLOG-RIL: 2 RIL requests in the queue (1 pending, 1 handled, 0 unhandled)
08-08 13:05:09.048 1956 1976 D use-Rlog/RLOG-RIL: 3 RIL requests data in the queue
08-08 13:05:09.049 1956 2206 D use-Rlog/RLOG-RIL: 1 RIL request in the queue (0 pending, 1 handled, 0 unhandled)
08-08 13:05:09.049 1956 2206 D use-Rlog/RLOG-RIL: 2 RIL requests data in the queue
08-08 13:05:09.050 2878 2968 D RILJ : [4728]< DATA_REGISTRATION_STATE {1, f50, 2d76016, 3, 3} [SUB0]
08-08 13:05:09.050 1956 2202 D use-Rlog/RLOG-RIL-IPC:
08-08 13:05:09.050 1956 2202 D use-Rlog/RLOG-RIL-IPC: xmm626_sec_modem_fmt_recv: Received FMT message
08-08 13:05:09.050 1956 2202 D use-Rlog/RLOG-RIL-IPC: xmm626_sec_modem_fmt_recv: Message: aseq=0xcc, command=IPC_NET_SERVING_NETWORK, type=IPC_TYPE_RESP, size=11
08-08 13:05:09.051 1956 2202 D use-Rlog/RLOG-RIL-IPC: ================================= IPC FMT data =================================
08-08 13:05:09.051 1956 2202 D use-Rlog/RLOG-RIL-IPC: [0000] 02 02 04 32 30 38 31 35 23 50 0F ...20815 #P.
08-08 13:05:09.051 1956 2202 D use-Rlog/RLOG-RIL-IPC: ================================================================================
08-08 13:05:09.051 1956 2202 D use-Rlog/RLOG-RIL: 0 RIL request in the queue (0 pending, 0 handled, 0 unhandled)
08-08 13:05:09.051 1956 2202 D use-Rlog/RLOG-RIL: 2 RIL requests data in the queue
08-08 13:05:09.054 2878 2878 D RILJ : [4730]> QUERY_NETWORK_SELECTION_MODE [SUB0]
08-08 13:05:09.057 1956 1976 D use-Rlog/RLOG-RIL: 1 RIL request in the queue (1 pending, 0 handled, 0 unhandled)
08-08 13:05:09.058 1956 1976 D use-Rlog/RLOG-RIL: 2 RIL requests data in the queue
08-08 13:05:09.058 1956 2206 D use-Rlog/RLOG-RIL: 0 RIL request in the queue (0 pending, 0 handled, 0 unhandled)
08-08 13:05:09.058 1956 2206 D use-Rlog/RLOG-RIL: 1 RIL request data in the queue
08-08 13:05:09.060 2878 2968 D RILJ : [4727]< OPERATOR {Free Mobile, Free Mobile, 20815} [SUB0]
08-08 13:05:09.060 2878 2968 D RILJ : [4729]< VOICE_REGISTRATION_STATE {1, f50, 2d76016, 3, null, null, null, null, null, null, null, null, null, null, null} [SUB0]
08-08 13:05:09.062 1956 1976 D use-Rlog/RLOG-RIL: 1 RIL request in the queue (1 pending, 0 handled, 0 unhandled)
08-08 13:05:09.062 1956 1976 D use-Rlog/RLOG-RIL: 1 RIL request data in the queue
08-08 13:05:09.062 1956 2206 D use-Rlog/RLOG-RIL-IPC:
08-08 13:05:09.062 1956 2206 D use-Rlog/RLOG-RIL-IPC: xmm626_sec_modem_fmt_send: Sent FMT message
08-08 13:05:09.062 1956 2206 D use-Rlog/RLOG-RIL-IPC: xmm626_sec_modem_fmt_send: Message: mseq=0xcd, command=IPC_NET_PLMN_SEL, type=IPC_TYPE_GET, size=0
08-08 13:05:09.063 2878 2878 D RILJ : [4731]> OPERATOR [SUB0]
08-08 13:05:09.066 1956 2202 D use-Rlog/RLOG-RIL-IPC:
08-08 13:05:09.066 1956 2202 D use-Rlog/RLOG-RIL-IPC: xmm626_sec_modem_fmt_recv: Received FMT message
08-08 13:05:09.066 1956 2202 D use-Rlog/RLOG-RIL-IPC: xmm626_sec_modem_fmt_recv: Message: aseq=0xcd, command=IPC_NET_PLMN_SEL, type=IPC_TYPE_RESP, size=1
08-08 13:05:09.066 1956 2202 D use-Rlog/RLOG-RIL-IPC: ================================= IPC FMT data =================================
08-08 13:05:09.067 1956 2202 D use-Rlog/RLOG-RIL-IPC: [0000] 02 .
08-08 13:05:09.067 1956 2202 D use-Rlog/RLOG-RIL-IPC: ================================================================================
08-08 13:05:09.067 1956 2202 D use-Rlog/RLOG-RIL: 0 RIL request in the queue (0 pending, 0 handled, 0 unhandled)
08-08 13:05:09.067 1956 2202 D use-Rlog/RLOG-RIL: 1 RIL request data in the queue
08-08 13:05:09.068 2878 2968 D RILJ : [4730]< QUERY_NETWORK_SELECTION_MODE {0} [SUB0]
08-08 13:05:09.070 1956 1976 D use-Rlog/RLOG-RIL: 1 RIL request in the queue (1 pending, 0 handled, 0 unhandled)
08-08 13:05:09.070 1956 1976 D use-Rlog/RLOG-RIL: 1 RIL request data in the queue
08-08 13:05:09.071 1956 2206 D use-Rlog/RLOG-RIL-IPC:
08-08 13:05:09.071 1956 2206 D use-Rlog/RLOG-RIL-IPC: xmm626_sec_modem_fmt_send: Sent FMT message
08-08 13:05:09.071 1956 2206 D use-Rlog/RLOG-RIL-IPC: xmm626_sec_modem_fmt_send: Message: mseq=0xce, command=IPC_NET_SERVING_NETWORK, type=IPC_TYPE_GET, size=0
08-08 13:05:09.072 2878 2878 D RILJ : [4732]> DATA_REGISTRATION_STATE [SUB0]
08-08 13:05:09.074 1956 2202 D use-Rlog/RLOG-RIL-IPC:
08-08 13:05:09.074 1956 2202 D use-Rlog/RLOG-RIL-IPC: xmm626_sec_modem_fmt_recv: Received FMT message
08-08 13:05:09.074 1956 2202 D use-Rlog/RLOG-RIL-IPC: xmm626_sec_modem_fmt_recv: Message: aseq=0xce, command=IPC_NET_SERVING_NETWORK, type=IPC_TYPE_RESP, size=11
08-08 13:05:09.074 1956 2202 D use-Rlog/RLOG-RIL-IPC: ================================= IPC FMT data =================================
08-08 13:05:09.075 1956 2202 D use-Rlog/RLOG-RIL-IPC: [0000] 02 02 04 32 30 38 31 35 23 50 0F ...20815 #P.
08-08 13:05:09.075 1956 2202 D use-Rlog/RLOG-RIL-IPC: ================================================================================
08-08 13:05:09.075 1956 2202 D use-Rlog/RLOG-RIL: 0 RIL request in the queue (0 pending, 0 handled, 0 unhandled)
08-08 13:05:09.075 1956 2202 D use-Rlog/RLOG-RIL: 1 RIL request data in the queue
08-08 13:05:09.078 2878 2968 D RILJ : [4731]< OPERATOR {Free Mobile, Free Mobile, 20815} [SUB0]
08-08 13:05:09.081 1956 1976 D use-Rlog/RLOG-RIL: 1 RIL request in the queue (1 pending, 0 handled, 0 unhandled)
08-08 13:05:09.081 1956 1976 D use-Rlog/RLOG-RIL: 1 RIL request data in the queue
08-08 13:05:09.081 1956 2206 D use-Rlog/RLOG-RIL-IPC:
08-08 13:05:09.082 1956 2206 D use-Rlog/RLOG-RIL-IPC: xmm626_sec_modem_fmt_send: Sent FMT message
08-08 13:05:09.082 1956 2206 D use-Rlog/RLOG-RIL-IPC: xmm626_sec_modem_fmt_send: Message: mseq=0xcf, command=IPC_NET_REGIST, type=IPC_TYPE_GET, size=2
08-08 13:05:09.082 1956 2206 D use-Rlog/RLOG-RIL-IPC: ================================= IPC FMT data =================================
08-08 13:05:09.082 1956 2206 D use-Rlog/RLOG-RIL-IPC: [0000] FF 03 ..
08-08 13:05:09.082 1956 2206 D use-Rlog/RLOG-RIL-IPC: ================================================================================
08-08 13:05:09.083 2878 2878 D RILJ : [4733]> VOICE_REGISTRATION_STATE [SUB0]
08-08 13:05:09.086 1956 2202 D use-Rlog/RLOG-RIL-IPC:
08-08 13:05:09.086 1956 2202 D use-Rlog/RLOG-RIL-IPC: xmm626_sec_modem_fmt_recv: Received FMT message
08-08 13:05:09.086 1956 2202 D use-Rlog/RLOG-RIL-IPC: xmm626_sec_modem_fmt_recv: Message: aseq=0xcf, command=IPC_NET_REGIST, type=IPC_TYPE_RESP, size=11
08-08 13:05:09.086 1956 2202 D use-Rlog/RLOG-RIL-IPC: ================================= IPC FMT data =================================
08-08 13:05:09.087 1956 2202 D use-Rlog/RLOG-RIL-IPC: [0000] 04 03 02 01 50 0F 16 60 D7 02 00 ....P..` ...
08-08 13:05:09.087 1956 2202 D use-Rlog/RLOG-RIL-IPC: ================================================================================
08-08 13:05:09.087 1956 2202 D use-Rlog/RLOG-RIL: 0 RIL request in the queue (0 pending, 0 handled, 0 unhandled)
08-08 13:05:09.087 1956 2202 D use-Rlog/RLOG-RIL: 1 RIL request data in the queue
08-08 13:05:09.089 2878 2968 D RILJ : [4732]< DATA_REGISTRATION_STATE {1, f50, 2d76016, 3, 3} [SUB0]
08-08 13:05:09.090 1956 1976 D use-Rlog/RLOG-RIL: 1 RIL request in the queue (1 pending, 0 handled, 0 unhandled)
08-08 13:05:09.090 1956 1976 D use-Rlog/RLOG-RIL: 1 RIL request data in the queue
08-08 13:05:09.090 1956 2206 D use-Rlog/RLOG-RIL-IPC:
08-08 13:05:09.091 1956 2206 D use-Rlog/RLOG-RIL-IPC: xmm626_sec_modem_fmt_send: Sent FMT message
08-08 13:05:09.091 1956 2206 D use-Rlog/RLOG-RIL-IPC: xmm626_sec_modem_fmt_send: Message: mseq=0xd0, command=IPC_NET_REGIST, type=IPC_TYPE_GET, size=2
08-08 13:05:09.091 1956 2206 D use-Rlog/RLOG-RIL-IPC: ================================= IPC FMT data =================================
08-08 13:05:09.091 1956 2206 D use-Rlog/RLOG-RIL-IPC: [0000] FF 02 ..
08-08 13:05:09.091 1956 2206 D use-Rlog/RLOG-RIL-IPC: ================================================================================
08-08 13:05:09.092 2878 2878 D RILJ : [4734]> QUERY_NETWORK_SELECTION_MODE [SUB0]
08-08 13:05:09.095 1956 2202 D use-Rlog/RLOG-RIL-IPC:
08-08 13:05:09.095 1956 2202 D use-Rlog/RLOG-RIL-IPC: xmm626_sec_modem_fmt_recv: Received FMT message
08-08 13:05:09.095 1956 2202 D use-Rlog/RLOG-RIL-IPC: xmm626_sec_modem_fmt_recv: Message: aseq=0xd0, command=IPC_NET_REGIST, type=IPC_TYPE_RESP, size=11
08-08 13:05:09.095 1956 2202 D use-Rlog/RLOG-RIL-IPC: ================================= IPC FMT data =================================
08-08 13:05:09.095 1956 2202 D use-Rlog/RLOG-RIL-IPC: [0000] 04 02 02 01 50 0F 16 60 D7 02 00 ....P..` ...
08-08 13:05:09.096 1956 2202 D use-Rlog/RLOG-RIL-IPC: ================================================================================
08-08 13:05:09.096 1956 2202 D use-Rlog/RLOG-RIL: 0 RIL request in the queue (0 pending, 0 handled, 0 unhandled)
08-08 13:05:09.096 1956 2202 D use-Rlog/RLOG-RIL: 1 RIL request data in the queue
08-08 13:05:09.098 2878 2878 D PHONE : [ServiceState] setDataRegState=0
08-08 13:05:09.098 2878 2878 D PHONE : [ServiceState] setDataRadioTechnology=3
08-08 13:05:09.099 2878 2878 D GsmSST : [GsmSST] handlPollStateResultMessage: GsmSST setDataRegState=0 regState=1 dataRadioTechnology=3
08-08 13:05:09.100 2878 2968 D RILJ : [4733]< VOICE_REGISTRATION_STATE {1, f50, 2d76016, 3, null, null, null, null, null, null, null, null, null, null, null} [SUB0]
08-08 13:05:09.100 1956 1976 D use-Rlog/RLOG-RIL: 1 RIL request in the queue (1 pending, 0 handled, 0 unhandled)
08-08 13:05:09.100 1956 1976 D use-Rlog/RLOG-RIL: 1 RIL request data in the queue
08-08 13:05:09.100 1956 2206 D use-Rlog/RLOG-RIL-IPC:
08-08 13:05:09.101 1956 2206 D use-Rlog/RLOG-RIL-IPC: xmm626_sec_modem_fmt_send: Sent FMT message
08-08 13:05:09.101 1956 2206 D use-Rlog/RLOG-RIL-IPC: xmm626_sec_modem_fmt_send: Message: mseq=0xd1, command=IPC_NET_PLMN_SEL, type=IPC_TYPE_GET, size=0
08-08 13:05:09.101 2878 2878 D PHONE : [ServiceState] setVoiceRegState=0
08-08 13:05:09.102 2878 2878 E PHONE : [ServiceState] setState deprecated use setVoiceRegState()
08-08 13:05:09.103 1956 2202 D use-Rlog/RLOG-RIL-IPC:
08-08 13:05:09.103 1956 2202 D use-Rlog/RLOG-RIL-IPC: xmm626_sec_modem_fmt_recv: Received FMT message
08-08 13:05:09.104 1956 2202 D use-Rlog/RLOG-RIL-IPC: xmm626_sec_modem_fmt_recv: Message: aseq=0xd1, command=IPC_NET_PLMN_SEL, type=IPC_TYPE_RESP, size=1
08-08 13:05:09.104 1956 2202 D use-Rlog/RLOG-RIL-IPC: ================================= IPC FMT data =================================
08-08 13:05:09.104 1956 2202 D use-Rlog/RLOG-RIL-IPC: [0000] 02 .
08-08 13:05:09.104 1956 2202 D use-Rlog/RLOG-RIL-IPC: ================================================================================
08-08 13:05:09.104 1956 2202 D use-Rlog/RLOG-RIL: 0 RIL request in the queue (0 pending, 0 handled, 0 unhandled)
08-08 13:05:09.104 1956 2202 D use-Rlog/RLOG-RIL: 1 RIL request data in the queue
08-08 13:05:09.105 2878 2968 D RILJ : [4734]< QUERY_NETWORK_SELECTION_MODE {0} [SUB0]
08-08 13:05:09.112 2878 2878 D GsmSST : [GsmSST] Poll ServiceState done: oldSS=[0 0 voice home data home Free Mobile Free Mobile 20815 Free Mobile Free Mobile 20815 UMTS UMTS CSS not supported -1 -1 RoamInd=-1 DefRoamInd=-1 EmergOnly=false IsDataRoamingFromRegistration=false] newSS=[0 0 voice home data home Free Mobile Free Mobile 20815 Free Mobile Free Mobile 20815 UMTS UMTS CSS not supported -1 -1 RoamInd=-1 DefRoamInd=-1 EmergOnly=false IsDataRoamingFromRegistration=false] oldMaxDataCalls=1 mNewMaxDataCalls=1 oldReasonDataDenied=-1 mNewReasonDataDenied=-1
08-08 13:05:09.112 2878 2878 D PHONE : [ServiceState] setNullState=1
08-08 13:05:09.113 2878 2878 D GsmSST : [GsmSST] getCellLocation(): X good mCellLoc=[3920,47669270,-1]
08-08 13:05:09.114 2304 2781 D TelephonyRegistry: notifyCellLocationForSubscriber: subId=7 cellLocation=Bundle[mParcelledData.dataSize=64]
08-08 13:05:12.670 2878 2878 D DCT : [0]onReceive: action=com.android.internal.telephony.data-stall
08-08 13:05:12.671 2878 2878 D DCT : [0]handleMessage msg={ when=-1ms what=270353 arg1=30802 obj=com.android.internal.telephony.data-stall target=com.android.internal.telephony.dataconnection.DcTracker }
08-08 13:05:12.686 2878 2878 D DCT : [0]overall state is CONNECTED
08-08 13:05:44.391 1956 2202 D use-Rlog/RLOG-RIL-IPC:
08-08 13:05:44.391 1956 2202 D use-Rlog/RLOG-RIL-IPC: xmm626_sec_modem_fmt_recv: Received FMT message
08-08 13:05:44.391 1956 2202 D use-Rlog/RLOG-RIL-IPC: xmm626_sec_modem_fmt_recv: Message: aseq=0xd1, command=IPC_DISP_RSSI_INFO, type=IPC_TYPE_NOTI, size=1
08-08 13:05:44.391 1956 2202 D use-Rlog/RLOG-RIL-IPC: ================================= IPC FMT data =================================
08-08 13:05:44.391 1956 2202 D use-Rlog/RLOG-RIL-IPC: [0000] 5A Z
08-08 13:05:44.391 1956 2202 D use-Rlog/RLOG-RIL-IPC: ================================================================================
08-08 13:05:44.391 1956 2202 D use-Rlog/RLOG-RIL: Signal strength is 11
08-08 13:05:44.393 2878 2878 D DefaultPhoneNotifier: notifySignalStrength: mRegistry=com.android.internal.telephony.ITelephonyRegistry$Stub$Proxy@5b7d720 ss=SignalStrength: 11 99 -120 -160 -120 -1 -1 99 2147483647 2147483647 2147483647 -1 2147483647 gsm|lte sender=Handler (com.android.internal.telephony.gsm.GSMPhone) {b342f08}
08-08 13:05:53.781 1956 2202 D use-Rlog/RLOG-RIL-IPC:
08-08 13:05:53.781 1956 2202 D use-Rlog/RLOG-RIL-IPC: xmm626_sec_modem_fmt_recv: Received FMT message
08-08 13:05:53.782 1956 2202 D use-Rlog/RLOG-RIL-IPC: xmm626_sec_modem_fmt_recv: Message: aseq=0xd1, command=IPC_GPRS_HSDPA_STATUS, type=IPC_TYPE_NOTI, size=1
08-08 13:05:53.782 1956 2202 D use-Rlog/RLOG-RIL-IPC: ================================= IPC FMT data =================================
08-08 13:05:53.782 1956 2202 D use-Rlog/RLOG-RIL-IPC: [0000] 00 .
08-08 13:05:53.782 1956 2202 D use-Rlog/RLOG-RIL-IPC: ================================================================================
08-08 13:05:53.782 1956 2202 D use-Rlog/RLOG-RIL-IPC:
08-08 13:05:53.782 1956 2202 D use-Rlog/RLOG-RIL-IPC: xmm626_sec_modem_fmt_recv: Received FMT message
08-08 13:05:53.782 1956 2202 D use-Rlog/RLOG-RIL-IPC: xmm626_sec_modem_fmt_recv: Message: aseq=0xff, command=IPC_NET_REGIST, type=IPC_TYPE_NOTI, size=11
08-08 13:05:53.783 1956 2202 D use-Rlog/RLOG-RIL-IPC: ================================= IPC FMT data =================================
08-08 13:05:53.783 1956 2202 D use-Rlog/RLOG-RIL-IPC: [0000] 04 02 02 01 50 0F 15 60 D7 02 00 ....P..` ...
08-08 13:05:53.783 1956 2202 D use-Rlog/RLOG-RIL-IPC: ================================================================================
08-08 13:05:53.785 2878 2968 D RILJ : [UNSL]< UNSOL_RESPONSE_VOICE_NETWORK_STATE_CHANGED [SUB0]
08-08 13:05:53.785 2878 2878 D RILJ : [4735]> OPERATOR [SUB0]
08-08 13:05:53.791 2878 2878 D RILJ : [4736]> DATA_REGISTRATION_STATE [SUB0]
08-08 13:05:53.794 2878 2878 D RILJ : [4737]> VOICE_REGISTRATION_STATE [SUB0]
08-08 13:05:53.795 1956 1976 D use-Rlog/RLOG-RIL: 1 RIL request in the queue (1 pending, 0 handled, 0 unhandled)
08-08 13:05:53.795 1956 1976 D use-Rlog/RLOG-RIL: 2 RIL requests data in the queue
08-08 13:05:53.796 1956 1976 D use-Rlog/RLOG-RIL: 2 RIL requests in the queue (2 pending, 0 handled, 0 unhandled)
08-08 13:05:53.796 1956 1976 D use-Rlog/RLOG-RIL: 2 RIL requests data in the queue
08-08 13:05:53.796 1956 2206 D use-Rlog/RLOG-RIL-IPC:
08-08 13:05:53.796 1956 2206 D use-Rlog/RLOG-RIL-IPC: xmm626_sec_modem_fmt_send: Sent FMT message
08-08 13:05:53.796 1956 2206 D use-Rlog/RLOG-RIL-IPC: xmm626_sec_modem_fmt_send: Message: mseq=0xd2, command=IPC_NET_SERVING_NETWORK, type=IPC_TYPE_GET, size=0
08-08 13:05:53.797 1956 2206 D use-Rlog/RLOG-RIL-IPC:
08-08 13:05:53.797 1956 2206 D use-Rlog/RLOG-RIL-IPC: xmm626_sec_modem_fmt_send: Sent FMT message
08-08 13:05:53.797 1956 2206 D use-Rlog/RLOG-RIL-IPC: xmm626_sec_modem_fmt_send: Message: mseq=0xd3, command=IPC_NET_REGIST, type=IPC_TYPE_GET, size=2
08-08 13:05:53.797 1956 2206 D use-Rlog/RLOG-RIL-IPC: ================================= IPC FMT data =================================
08-08 13:05:53.797 1956 2206 D use-Rlog/RLOG-RIL-IPC: [0000] FF 03 ..
08-08 13:05:53.797 1956 2206 D use-Rlog/RLOG-RIL-IPC: ================================================================================
08-08 13:05:53.798 1956 2202 D use-Rlog/RLOG-RIL-IPC:
08-08 13:05:53.798 1956 2202 D use-Rlog/RLOG-RIL-IPC: xmm626_sec_modem_fmt_recv: Received FMT message
08-08 13:05:53.798 1956 2202 D use-Rlog/RLOG-RIL-IPC: xmm626_sec_modem_fmt_recv: Message: aseq=0xff, command=IPC_NET_REGIST, type=IPC_TYPE_NOTI, size=11
08-08 13:05:53.798 1956 2202 D use-Rlog/RLOG-RIL-IPC: ================================= IPC FMT data =================================
08-08 13:05:53.799 1956 2202 D use-Rlog/RLOG-RIL-IPC: [0000] 04 03 02 01 50 0F 15 60 D7 02 00 ....P..` ...
08-08 13:05:53.799 1956 2202 D use-Rlog/RLOG-RIL-IPC: ================================================================================
08-08 13:05:53.803 2878 2878 D RILJ : [4738]> QUERY_NETWORK_SELECTION_MODE [SUB0]
08-08 13:05:53.804 2878 2968 D RILJ : [UNSL]< UNSOL_RESPONSE_VOICE_NETWORK_STATE_CHANGED [SUB0]
08-08 13:05:53.805 1956 1976 D use-Rlog/RLOG-RIL: 3 RIL requests in the queue (1 pending, 2 handled, 0 unhandled)
08-08 13:05:53.805 1956 1976 D use-Rlog/RLOG-RIL: 3 RIL requests data in the queue
08-08 13:05:53.805 1956 2206 D use-Rlog/RLOG-RIL: 2 RIL requests in the queue (0 pending, 2 handled, 0 unhandled)
08-08 13:05:53.806 1956 2206 D use-Rlog/RLOG-RIL: 2 RIL requests data in the queue
08-08 13:05:53.806 2878 2968 D RILJ : [4737]< VOICE_REGISTRATION_STATE {1, f50, 2d76015, 3, null, null, null, null, null, null, null, null, null, null, null} [SUB0]
08-08 13:05:53.808 1956 2202 D use-Rlog/RLOG-RIL-IPC:
08-08 13:05:53.808 1956 2202 D use-Rlog/RLOG-RIL-IPC: xmm626_sec_modem_fmt_recv: Received FMT message
08-08 13:05:53.808 1956 2202 D use-Rlog/RLOG-RIL-IPC: xmm626_sec_modem_fmt_recv: Message: aseq=0xff, command=IPC_GPRS_HSDPA_STATUS, type=IPC_TYPE_NOTI, size=1
08-08 13:05:53.808 1956 2202 D use-Rlog/RLOG-RIL-IPC: ================================= IPC FMT data =================================
08-08 13:05:53.808 1956 2202 D use-Rlog/RLOG-RIL-IPC: [0000] 00 .
08-08 13:05:53.808 1956 2202 D use-Rlog/RLOG-RIL-IPC: ================================================================================
08-08 13:05:53.809 1956 2202 D use-Rlog/RLOG-RIL-IPC:
08-08 13:05:53.809 1956 2202 D use-Rlog/RLOG-RIL-IPC: xmm626_sec_modem_fmt_recv: Received FMT message
08-08 13:05:53.809 1956 2202 D use-Rlog/RLOG-RIL-IPC: xmm626_sec_modem_fmt_recv: Message: aseq=0xd2, command=IPC_NET_SERVING_NETWORK, type=IPC_TYPE_RESP, size=11
08-08 13:05:53.809 1956 2202 D use-Rlog/RLOG-RIL-IPC: ================================= IPC FMT data =================================
08-08 13:05:53.809 1956 2202 D use-Rlog/RLOG-RIL-IPC: [0000] 02 02 04 32 30 38 31 35 23 50 0F ...20815 #P.
08-08 13:05:53.809 1956 2202 D use-Rlog/RLOG-RIL-IPC: ================================================================================
08-08 13:05:53.810 1956 2202 D use-Rlog/RLOG-RIL: 1 RIL request in the queue (0 pending, 1 handled, 0 unhandled)
08-08 13:05:53.810 1956 2202 D use-Rlog/RLOG-RIL: 2 RIL requests data in the queue
08-08 13:05:53.813 2878 2968 D RILJ : [4735]< OPERATOR {Free Mobile, Free Mobile, 20815} [SUB0]
08-08 13:05:53.814 2878 2878 D RILJ : [4739]> OPERATOR [SUB0]
08-08 13:05:53.818 2878 2878 D RILJ : [4740]> DATA_REGISTRATION_STATE [SUB0]
08-08 13:05:53.820 1956 1976 D use-Rlog/RLOG-RIL: 2 RIL requests in the queue (1 pending, 1 handled, 0 unhandled)
08-08 13:05:53.820 1956 1976 D use-Rlog/RLOG-RIL: 2 RIL requests data in the queue
08-08 13:05:53.821 1956 1976 D use-Rlog/RLOG-RIL: 3 RIL requests in the queue (2 pending, 1 handled, 0 unhandled)
08-08 13:05:53.821 1956 1976 D use-Rlog/RLOG-RIL: 2 RIL requests data in the queue
08-08 13:05:53.821 1956 2206 D use-Rlog/RLOG-RIL-IPC:
08-08 13:05:53.821 1956 2206 D use-Rlog/RLOG-RIL-IPC: xmm626_sec_modem_fmt_send: Sent FMT message
08-08 13:05:53.821 1956 2206 D use-Rlog/RLOG-RIL-IPC: xmm626_sec_modem_fmt_send: Message: mseq=0xd4, command=IPC_NET_PLMN_SEL, type=IPC_TYPE_GET, size=0
08-08 13:05:53.821 1956 2206 D use-Rlog/RLOG-RIL-IPC:
08-08 13:05:53.821 1956 2206 D use-Rlog/RLOG-RIL-IPC: xmm626_sec_modem_fmt_send: Sent FMT message
08-08 13:05:53.822 1956 2206 D use-Rlog/RLOG-RIL-IPC: xmm626_sec_modem_fmt_send: Message: mseq=0xd5, command=IPC_NET_SERVING_NETWORK, type=IPC_TYPE_GET, size=0
08-08 13:05:53.822 1956 2202 D use-Rlog/RLOG-RIL-IPC:
08-08 13:05:53.823 1956 2202 D use-Rlog/RLOG-RIL-IPC: xmm626_sec_modem_fmt_recv: Received FMT message
08-08 13:05:53.823 1956 2202 D use-Rlog/RLOG-RIL-IPC: xmm626_sec_modem_fmt_recv: Message: aseq=0xd3, command=IPC_NET_REGIST, type=IPC_TYPE_RESP, size=11
08-08 13:05:53.823 1956 2202 D use-Rlog/RLOG-RIL-IPC: ================================= IPC FMT data =================================
08-08 13:05:53.823 1956 2202 D use-Rlog/RLOG-RIL-IPC: [0000] 04 03 02 01 50 0F 15 60 D7 02 00 ....P..` ...
08-08 13:05:53.823 1956 2202 D use-Rlog/RLOG-RIL-IPC: ================================================================================
08-08 13:05:53.823 1956 2202 D use-Rlog/RLOG-RIL: 2 RIL requests in the queue (0 pending, 2 handled, 0 unhandled)
08-08 13:05:53.824 1956 2202 D use-Rlog/RLOG-RIL: 2 RIL requests data in the queue
08-08 13:05:53.826 2878 2878 D RILJ : [4741]> VOICE_REGISTRATION_STATE [SUB0]
08-08 13:05:53.830 2878 2878 D RILJ : [4742]> QUERY_NETWORK_SELECTION_MODE [SUB0]
08-08 13:05:53.830 2878 2968 D RILJ : [4736]< DATA_REGISTRATION_STATE {1, f50, 2d76015, 3, 3} [SUB0]
08-08 13:05:53.833 1956 1976 D use-Rlog/RLOG-RIL: 3 RIL requests in the queue (1 pending, 2 handled, 0 unhandled)
08-08 13:05:53.833 1956 1976 D use-Rlog/RLOG-RIL: 2 RIL requests data in the queue
08-08 13:05:53.833 1956 1976 D use-Rlog/RLOG-RIL: 4 RIL requests in the queue (2 pending, 2 handled, 0 unhandled)
08-08 13:05:53.833 1956 1976 D use-Rlog/RLOG-RIL: 2 RIL requests data in the queue
08-08 13:05:53.833 1956 2206 D use-Rlog/RLOG-RIL: 3 RIL requests in the queue (1 pending, 2 handled, 0 unhandled)
08-08 13:05:53.833 1956 2206 D use-Rlog/RLOG-RIL: 1 RIL request data in the queue
08-08 13:05:53.834 1956 2206 D use-Rlog/RLOG-RIL-IPC:
08-08 13:05:53.834 1956 2206 D use-Rlog/RLOG-RIL-IPC: xmm626_sec_modem_fmt_send: Sent FMT message
08-08 13:05:53.834 1956 2206 D use-Rlog/RLOG-RIL-IPC: xmm626_sec_modem_fmt_send: Message: mseq=0xd6, command=IPC_NET_REGIST, type=IPC_TYPE_GET, size=2
08-08 13:05:53.834 1956 2206 D use-Rlog/RLOG-RIL-IPC: ================================= IPC FMT data =================================
08-08 13:05:53.834 1956 2206 D use-Rlog/RLOG-RIL-IPC: [0000] FF 02 ..
08-08 13:05:53.834 1956 2206 D use-Rlog/RLOG-RIL-IPC: ================================================================================
08-08 13:05:53.835 1956 2202 D use-Rlog/RLOG-RIL-IPC:
08-08 13:05:53.835 1956 2202 D use-Rlog/RLOG-RIL-IPC: xmm626_sec_modem_fmt_recv: Received FMT message
08-08 13:05:53.835 1956 2202 D use-Rlog/RLOG-RIL-IPC: xmm626_sec_modem_fmt_recv: Message: aseq=0xd4, command=IPC_NET_PLMN_SEL, type=IPC_TYPE_RESP, size=1
08-08 13:05:53.836 1956 2202 D use-Rlog/RLOG-RIL-IPC: ================================= IPC FMT data =================================
08-08 13:05:53.836 1956 2202 D use-Rlog/RLOG-RIL-IPC: [0000] 02 .
08-08 13:05:53.836 1956 2202 D use-Rlog/RLOG-RIL-IPC: ================================================================================
08-08 13:05:53.836 1956 2202 D use-Rlog/RLOG-RIL: 2 RIL requests in the queue (0 pending, 2 handled, 0 unhandled)
08-08 13:05:53.836 1956 2202 D use-Rlog/RLOG-RIL: 1 RIL request data in the queue
08-08 13:05:53.838 2878 2968 D RILJ : [4740]< DATA_REGISTRATION_STATE {1, f50, 2d76015, 3, 3} [SUB0]
08-08 13:05:53.838 2878 2968 D RILJ : [4738]< QUERY_NETWORK_SELECTION_MODE {0} [SUB0]
08-08 13:05:53.840 2878 2878 D PHONE : [ServiceState] setDataRegState=0
08-08 13:05:53.840 2878 2878 D PHONE : [ServiceState] setDataRadioTechnology=3
08-08 13:05:53.840 2878 2878 D GsmSST : [GsmSST] handlPollStateResultMessage: GsmSST setDataRegState=0 regState=1 dataRadioTechnology=3
08-08 13:05:53.844 1956 1976 D use-Rlog/RLOG-RIL: 3 RIL requests in the queue (1 pending, 2 handled, 0 unhandled)
08-08 13:05:53.844 1956 1976 D use-Rlog/RLOG-RIL: 1 RIL request data in the queue
08-08 13:05:53.845 1956 2206 D use-Rlog/RLOG-RIL-IPC:
08-08 13:05:53.845 1956 2206 D use-Rlog/RLOG-RIL-IPC: xmm626_sec_modem_fmt_send: Sent FMT message
08-08 13:05:53.845 1956 2206 D use-Rlog/RLOG-RIL-IPC: xmm626_sec_modem_fmt_send: Message: mseq=0xd7, command=IPC_NET_PLMN_SEL, type=IPC_TYPE_GET, size=0
08-08 13:05:53.845 1956 2202 D use-Rlog/RLOG-RIL-IPC:
08-08 13:05:53.846 1956 2202 D use-Rlog/RLOG-RIL-IPC: xmm626_sec_modem_fmt_recv: Received FMT message
08-08 13:05:53.846 1956 2202 D use-Rlog/RLOG-RIL-IPC: xmm626_sec_modem_fmt_recv: Message: aseq=0xd5, command=IPC_NET_SERVING_NETWORK, type=IPC_TYPE_RESP, size=11
08-08 13:05:53.846 1956 2202 D use-Rlog/RLOG-RIL-IPC: ================================= IPC FMT data =================================
08-08 13:05:53.846 1956 2202 D use-Rlog/RLOG-RIL-IPC: [0000] 02 02 04 32 30 38 31 35 23 50 0F ...20815 #P.
08-08 13:05:53.846 1956 2202 D use-Rlog/RLOG-RIL-IPC: ================================================================================
08-08 13:05:53.847 1956 2202 D use-Rlog/RLOG-RIL: 2 RIL requests in the queue (0 pending, 2 handled, 0 unhandled)
08-08 13:05:53.847 1956 2202 D use-Rlog/RLOG-RIL: 1 RIL request data in the queue
08-08 13:05:53.848 2878 2968 D RILJ : [4739]< OPERATOR {Free Mobile, Free Mobile, 20815} [SUB0]
08-08 13:05:53.849 1956 2202 D use-Rlog/RLOG-RIL-IPC:
08-08 13:05:53.849 1956 2202 D use-Rlog/RLOG-RIL-IPC: xmm626_sec_modem_fmt_recv: Received FMT message
08-08 13:05:53.850 1956 2202 D use-Rlog/RLOG-RIL-IPC: xmm626_sec_modem_fmt_recv: Message: aseq=0xd6, command=IPC_NET_REGIST, type=IPC_TYPE_RESP, size=11
08-08 13:05:53.850 1956 2202 D use-Rlog/RLOG-RIL-IPC: ================================= IPC FMT data =================================
08-08 13:05:53.850 1956 2202 D use-Rlog/RLOG-RIL-IPC: [0000] 04 02 02 01 50 0F 15 60 D7 02 00 ....P..` ...
08-08 13:05:53.850 1956 2202 D use-Rlog/RLOG-RIL-IPC: ================================================================================
08-08 13:05:53.850 1956 2202 D use-Rlog/RLOG-RIL: 1 RIL request in the queue (0 pending, 1 handled, 0 unhandled)
08-08 13:05:53.850 1956 2202 D use-Rlog/RLOG-RIL: 1 RIL request data in the queue
08-08 13:05:53.851 2878 2968 D RILJ : [4741]< VOICE_REGISTRATION_STATE {1, f50, 2d76015, 3, null, null, null, null, null, null, null, null, null, null, null} [SUB0]
08-08 13:05:53.852 2878 2878 D PHONE : [ServiceState] setVoiceRegState=0
08-08 13:05:53.852 2878 2878 E PHONE : [ServiceState] setState deprecated use setVoiceRegState()
08-08 13:05:53.853 1956 2202 D use-Rlog/RLOG-RIL-IPC:
08-08 13:05:53.853 1956 2202 D use-Rlog/RLOG-RIL-IPC: xmm626_sec_modem_fmt_recv: Received FMT message
08-08 13:05:53.853 1956 2202 D use-Rlog/RLOG-RIL-IPC: xmm626_sec_modem_fmt_recv: Message: aseq=0xd7, command=IPC_NET_PLMN_SEL, type=IPC_TYPE_RESP, size=1
08-08 13:05:53.853 1956 2202 D use-Rlog/RLOG-RIL-IPC: ================================= IPC FMT data =================================
08-08 13:05:53.853 1956 2202 D use-Rlog/RLOG-RIL-IPC: [0000] 02 .
08-08 13:05:53.853 1956 2202 D use-Rlog/RLOG-RIL-IPC: ================================================================================
08-08 13:05:53.853 1956 2202 D use-Rlog/RLOG-RIL: 0 RIL request in the queue (0 pending, 0 handled, 0 unhandled)
08-08 13:05:53.853 1956 2202 D use-Rlog/RLOG-RIL: 1 RIL request data in the queue
08-08 13:05:53.854 2878 2968 D RILJ : [4742]< QUERY_NETWORK_SELECTION_MODE {0} [SUB0]
08-08 13:05:53.863 2878 2878 D GsmSST : [GsmSST] Poll ServiceState done: oldSS=[0 0 voice home data home Free Mobile Free Mobile 20815 Free Mobile Free Mobile 20815 UMTS UMTS CSS not supported -1 -1 RoamInd=-1 DefRoamInd=-1 EmergOnly=false IsDataRoamingFromRegistration=false] newSS=[0 0 voice home data home Free Mobile Free Mobile 20815 Free Mobile Free Mobile 20815 UMTS UMTS CSS not supported -1 -1 RoamInd=-1 DefRoamInd=-1 EmergOnly=false IsDataRoamingFromRegistration=false] oldMaxDataCalls=1 mNewMaxDataCalls=1 oldReasonDataDenied=-1 mNewReasonDataDenied=-1
08-08 13:05:53.864 2878 2878 D PHONE : [ServiceState] setNullState=1
08-08 13:05:53.864 2878 2878 D GsmSST : [GsmSST] getCellLocation(): X good mCellLoc=[3920,47669269,-1]
08-08 13:05:53.865 2304 2476 D TelephonyRegistry: notifyCellLocationForSubscriber: subId=7 cellLocation=Bundle[mParcelledData.dataSize=64]
08-08 13:05:59.111 1956 2202 D use-Rlog/RLOG-RIL-IPC:
08-08 13:05:59.111 1956 2202 D use-Rlog/RLOG-RIL-IPC: xmm626_sec_modem_fmt_recv: Received FMT message
08-08 13:05:59.111 1956 2202 D use-Rlog/RLOG-RIL-IPC: xmm626_sec_modem_fmt_recv: Message: aseq=0xd7, command=IPC_DISP_RSSI_INFO, type=IPC_TYPE_NOTI, size=1
08-08 13:05:59.111 1956 2202 D use-Rlog/RLOG-RIL-IPC: ================================= IPC FMT data =================================
08-08 13:05:59.111 1956 2202 D use-Rlog/RLOG-RIL-IPC: [0000] 58 X
08-08 13:05:59.111 1956 2202 D use-Rlog/RLOG-RIL-IPC: ================================================================================
08-08 13:05:59.112 1956 2202 D use-Rlog/RLOG-RIL: Signal strength is 12
08-08 13:05:59.114 2878 2878 D DefaultPhoneNotifier: notifySignalStrength: mRegistry=com.android.internal.telephony.ITelephonyRegistry$Stub$Proxy@5b7d720 ss=SignalStrength: 12 99 -120 -160 -120 -1 -1 99 2147483647 2147483647 2147483647 -1 2147483647 gsm|lte sender=Handler (com.android.internal.telephony.gsm.GSMPhone) {b342f08}
08-08 13:06:04.876 1956 2202 D use-Rlog/RLOG-RIL-IPC:
08-08 13:06:04.876 1956 2202 D use-Rlog/RLOG-RIL-IPC: xmm626_sec_modem_fmt_recv: Received FMT message
08-08 13:06:04.876 1956 2202 D use-Rlog/RLOG-RIL-IPC: xmm626_sec_modem_fmt_recv: Message: aseq=0xd7, command=IPC_DISP_RSSI_INFO, type=IPC_TYPE_NOTI, size=1
08-08 13:06:04.876 1956 2202 D use-Rlog/RLOG-RIL-IPC: ================================= IPC FMT data =================================
08-08 13:06:04.876 1956 2202 D use-Rlog/RLOG-RIL-IPC: [0000] 56 V
08-08 13:06:04.876 1956 2202 D use-Rlog/RLOG-RIL-IPC: ================================================================================
08-08 13:06:04.876 1956 2202 D use-Rlog/RLOG-RIL: Signal strength is 13
08-08 13:06:04.878 2878 2878 D DefaultPhoneNotifier: notifySignalStrength: mRegistry=com.android.internal.telephony.ITelephonyRegistry$Stub$Proxy@5b7d720 ss=SignalStrength: 13 99 -120 -160 -120 -1 -1 99 2147483647 2147483647 2147483647 -1 2147483647 gsm|lte sender=Handler (com.android.internal.telephony.gsm.GSMPhone) {b342f08}
08-08 13:06:12.697 2878 2878 D DCT : [0]onReceive: action=com.android.internal.telephony.data-stall
08-08 13:06:12.702 2878 2878 D DCT : [0]handleMessage msg={ when=-5ms what=270353 arg1=30803 obj=com.android.internal.telephony.data-stall target=com.android.internal.telephony.dataconnection.DcTracker }
08-08 13:06:12.707 2878 2878 D DCT : [0]overall state is CONNECTED
08-08 13:06:20.226 1956 2202 D use-Rlog/RLOG-RIL-IPC:
08-08 13:06:20.226 1956 2202 D use-Rlog/RLOG-RIL-IPC: xmm626_sec_modem_fmt_recv: Received FMT message
08-08 13:06:20.226 1956 2202 D use-Rlog/RLOG-RIL-IPC: xmm626_sec_modem_fmt_recv: Message: aseq=0xd7, command=IPC_DISP_RSSI_INFO, type=IPC_TYPE_NOTI, size=1
08-08 13:06:20.226 1956 2202 D use-Rlog/RLOG-RIL-IPC: ================================= IPC FMT data =================================
08-08 13:06:20.226 1956 2202 D use-Rlog/RLOG-RIL-IPC: [0000] 54 T
08-08 13:06:20.226 1956 2202 D use-Rlog/RLOG-RIL-IPC: ================================================================================
08-08 13:06:20.227 1956 2202 D use-Rlog/RLOG-RIL: Signal strength is 14
08-08 13:06:20.229 2878 2878 D DefaultPhoneNotifier: notifySignalStrength: mRegistry=com.android.internal.telephony.ITelephonyRegistry$Stub$Proxy@5b7d720 ss=SignalStrength: 14 99 -120 -160 -120 -1 -1 99 2147483647 2147483647 2147483647 -1 2147483647 gsm|lte sender=Handler (com.android.internal.telephony.gsm.GSMPhone) {b342f08}
08-08 13:06:25.809 1956 2202 D use-Rlog/RLOG-RIL-IPC:
08-08 13:06:25.809 1956 2202 D use-Rlog/RLOG-RIL-IPC: xmm626_sec_modem_fmt_recv: Received FMT message
08-08 13:06:25.809 1956 2202 D use-Rlog/RLOG-RIL-IPC: xmm626_sec_modem_fmt_recv: Message: aseq=0xd7, command=IPC_GPRS_HSDPA_STATUS, type=IPC_TYPE_NOTI, size=1
08-08 13:06:25.809 1956 2202 D use-Rlog/RLOG-RIL-IPC: ================================= IPC FMT data =================================
08-08 13:06:25.809 1956 2202 D use-Rlog/RLOG-RIL-IPC: [0000] 00 .
08-08 13:06:25.809 1956 2202 D use-Rlog/RLOG-RIL-IPC: ================================================================================
08-08 13:06:25.810 1956 2202 D use-Rlog/RLOG-RIL-IPC:
08-08 13:06:25.810 1956 2202 D use-Rlog/RLOG-RIL-IPC: xmm626_sec_modem_fmt_recv: Received FMT message
08-08 13:06:25.810 1956 2202 D use-Rlog/RLOG-RIL-IPC: xmm626_sec_modem_fmt_recv: Message: aseq=0xff, command=IPC_NET_REGIST, type=IPC_TYPE_NOTI, size=11
08-08 13:06:25.810 1956 2202 D use-Rlog/RLOG-RIL-IPC: ================================= IPC FMT data =================================
08-08 13:06:25.810 1956 2202 D use-Rlog/RLOG-RIL-IPC: [0000] 04 02 02 01 50 0F 16 60 D7 02 00 ....P..` ...
08-08 13:06:25.810 1956 2202 D use-Rlog/RLOG-RIL-IPC: ================================================================================
08-08 13:06:25.811 2878 2968 D RILJ : [UNSL]< UNSOL_RESPONSE_VOICE_NETWORK_STATE_CHANGED [SUB0]
08-08 13:06:25.812 2878 2878 D RILJ : [4743]> OPERATOR [SUB0]
08-08 13:06:25.816 2878 2878 D RILJ : [4744]> DATA_REGISTRATION_STATE [SUB0]
08-08 13:06:25.819 2878 2878 D RILJ : [4745]> VOICE_REGISTRATION_STATE [SUB0]
08-08 13:06:25.820 1956 1976 D use-Rlog/RLOG-RIL: 1 RIL request in the queue (1 pending, 0 handled, 0 unhandled)
08-08 13:06:25.820 1956 1976 D use-Rlog/RLOG-RIL: 2 RIL requests data in the queue
08-08 13:06:25.821 1956 1976 D use-Rlog/RLOG-RIL: 2 RIL requests in the queue (2 pending, 0 handled, 0 unhandled)
08-08 13:06:25.821 1956 1976 D use-Rlog/RLOG-RIL: 2 RIL requests data in the queue
08-08 13:06:25.821 1956 2206 D use-Rlog/RLOG-RIL-IPC:
08-08 13:06:25.821 1956 2206 D use-Rlog/RLOG-RIL-IPC: xmm626_sec_modem_fmt_send: Sent FMT message
08-08 13:06:25.821 1956 2206 D use-Rlog/RLOG-RIL-IPC: xmm626_sec_modem_fmt_send: Message: mseq=0xd8, command=IPC_NET_SERVING_NETWORK, type=IPC_TYPE_GET, size=0
08-08 13:06:25.822 1956 2206 D use-Rlog/RLOG-RIL-IPC:
08-08 13:06:25.822 1956 2206 D use-Rlog/RLOG-RIL-IPC: xmm626_sec_modem_fmt_send: Sent FMT message
08-08 13:06:25.822 1956 2206 D use-Rlog/RLOG-RIL-IPC: xmm626_sec_modem_fmt_send: Message: mseq=0xd9, command=IPC_NET_REGIST, type=IPC_TYPE_GET, size=2
08-08 13:06:25.822 1956 2206 D use-Rlog/RLOG-RIL-IPC: ================================= IPC FMT data =================================
08-08 13:06:25.822 1956 2206 D use-Rlog/RLOG-RIL-IPC: [0000] FF 03 ..
08-08 13:06:25.822 1956 2206 D use-Rlog/RLOG-RIL-IPC: ================================================================================
08-08 13:06:25.825 1956 2202 D use-Rlog/RLOG-RIL-IPC:
08-08 13:06:25.825 1956 2202 D use-Rlog/RLOG-RIL-IPC: xmm626_sec_modem_fmt_recv: Received FMT message
08-08 13:06:25.825 1956 2202 D use-Rlog/RLOG-RIL-IPC: xmm626_sec_modem_fmt_recv: Message: aseq=0xff, command=IPC_NET_REGIST, type=IPC_TYPE_NOTI, size=11
08-08 13:06:25.825 1956 2202 D use-Rlog/RLOG-RIL-IPC: ================================= IPC FMT data =================================
08-08 13:06:25.826 1956 2202 D use-Rlog/RLOG-RIL-IPC: [0000] 04 03 02 01 50 0F 16 60 D7 02 00 ....P..` ...
08-08 13:06:25.826 1956 2202 D use-Rlog/RLOG-RIL-IPC: ================================================================================
08-08 13:06:25.827 2878 2878 D RILJ : [4746]> QUERY_NETWORK_SELECTION_MODE [SUB0]
08-08 13:06:25.831 2878 2968 D RILJ : [UNSL]< UNSOL_RESPONSE_VOICE_NETWORK_STATE_CHANGED [SUB0]
08-08 13:06:25.832 2878 2878 D RILJ : [4747]> OPERATOR [SUB0]
08-08 13:06:25.834 1956 1976 D use-Rlog/RLOG-RIL: 3 RIL requests in the queue (1 pending, 2 handled, 0 unhandled)
08-08 13:06:25.834 1956 1976 D use-Rlog/RLOG-RIL: 3 RIL requests data in the queue
08-08 13:06:25.835 1956 1976 D use-Rlog/RLOG-RIL: 4 RIL requests in the queue (2 pending, 2 handled, 0 unhandled)
08-08 13:06:25.835 1956 1976 D use-Rlog/RLOG-RIL: 3 RIL requests data in the queue
08-08 13:06:25.835 1956 2206 D use-Rlog/RLOG-RIL: 3 RIL requests in the queue (1 pending, 2 handled, 0 unhandled)
08-08 13:06:25.835 1956 2206 D use-Rlog/RLOG-RIL: 2 RIL requests data in the queue
08-08 13:06:25.836 1956 2206 D use-Rlog/RLOG-RIL-IPC:
08-08 13:06:25.836 1956 2206 D use-Rlog/RLOG-RIL-IPC: xmm626_sec_modem_fmt_send: Sent FMT message
08-08 13:06:25.836 1956 2206 D use-Rlog/RLOG-RIL-IPC: xmm626_sec_modem_fmt_send: Message: mseq=0xda, command=IPC_NET_PLMN_SEL, type=IPC_TYPE_GET, size=0
08-08 13:06:25.837 2878 2968 D RILJ : [4745]< VOICE_REGISTRATION_STATE {1, f50, 2d76016, 3, null, null, null, null, null, null, null, null, null, null, null} [SUB0]
08-08 13:06:25.837 1956 2202 D use-Rlog/RLOG-RIL-IPC:
08-08 13:06:25.838 1956 2202 D use-Rlog/RLOG-RIL-IPC: xmm626_sec_modem_fmt_recv: Received FMT message
08-08 13:06:25.838 1956 2202 D use-Rlog/RLOG-RIL-IPC: xmm626_sec_modem_fmt_recv: Message: aseq=0xff, command=IPC_GPRS_HSDPA_STATUS, type=IPC_TYPE_NOTI, size=1
08-08 13:06:25.838 1956 2202 D use-Rlog/RLOG-RIL-IPC: ================================= IPC FMT data =================================
08-08 13:06:25.838 1956 2202 D use-Rlog/RLOG-RIL-IPC: [0000] 00 .
08-08 13:06:25.838 1956 2202 D use-Rlog/RLOG-RIL-IPC: ================================================================================
08-08 13:06:25.839 1956 2202 D use-Rlog/RLOG-RIL-IPC:
08-08 13:06:25.839 1956 2202 D use-Rlog/RLOG-RIL-IPC: xmm626_sec_modem_fmt_recv: Received FMT message
08-08 13:06:25.839 1956 2202 D use-Rlog/RLOG-RIL-IPC: xmm626_sec_modem_fmt_recv: Message: aseq=0xd8, command=IPC_NET_SERVING_NETWORK, type=IPC_TYPE_RESP, size=11
08-08 13:06:25.839 1956 2202 D use-Rlog/RLOG-RIL-IPC: ================================= IPC FMT data =================================
08-08 13:06:25.839 1956 2202 D use-Rlog/RLOG-RIL-IPC: [0000] 02 02 04 32 30 38 31 35 23 50 0F ...20815 #P.
08-08 13:06:25.839 1956 2202 D use-Rlog/RLOG-RIL-IPC: ================================================================================
08-08 13:06:25.840 1956 2202 D use-Rlog/RLOG-RIL: 2 RIL requests in the queue (0 pending, 2 handled, 0 unhandled)
08-08 13:06:25.840 1956 2202 D use-Rlog/RLOG-RIL: 2 RIL requests data in the queue
08-08 13:06:25.844 2878 2968 D RILJ : [4743]< OPERATOR {Free Mobile, Free Mobile, 20815} [SUB0]
08-08 13:06:25.846 2878 2878 D RILJ : [4748]> DATA_REGISTRATION_STATE [SUB0]
08-08 13:06:25.850 2878 2878 D RILJ : [4749]> VOICE_REGISTRATION_STATE [SUB0]
08-08 13:06:25.853 2878 2878 D RILJ : [4750]> QUERY_NETWORK_SELECTION_MODE [SUB0]
08-08 13:06:25.854 1956 1976 D use-Rlog/RLOG-RIL: 3 RIL requests in the queue (1 pending, 2 handled, 0 unhandled)
08-08 13:06:25.854 1956 1976 D use-Rlog/RLOG-RIL: 2 RIL requests data in the queue
08-08 13:06:25.854 1956 1976 D use-Rlog/RLOG-RIL: 4 RIL requests in the queue (2 pending, 2 handled, 0 unhandled)
08-08 13:06:25.854 1956 1976 D use-Rlog/RLOG-RIL: 2 RIL requests data in the queue
08-08 13:06:25.854 1956 1976 D use-Rlog/RLOG-RIL: 5 RIL requests in the queue (3 pending, 2 handled, 0 unhandled)
08-08 13:06:25.854 1956 1976 D use-Rlog/RLOG-RIL: 2 RIL requests data in the queue
08-08 13:06:25.855 1956 2206 D use-Rlog/RLOG-RIL-IPC:
08-08 13:06:25.855 1956 2206 D use-Rlog/RLOG-RIL-IPC: xmm626_sec_modem_fmt_send: Sent FMT message
08-08 13:06:25.855 1956 2206 D use-Rlog/RLOG-RIL-IPC: xmm626_sec_modem_fmt_send: Message: mseq=0xdb, command=IPC_NET_SERVING_NETWORK, type=IPC_TYPE_GET, size=0
08-08 13:06:25.855 1956 2206 D use-Rlog/RLOG-RIL-IPC:
08-08 13:06:25.855 1956 2206 D use-Rlog/RLOG-RIL-IPC: xmm626_sec_modem_fmt_send: Sent FMT message
08-08 13:06:25.855 1956 2206 D use-Rlog/RLOG-RIL-IPC: xmm626_sec_modem_fmt_send: Message: mseq=0xdc, command=IPC_NET_REGIST, type=IPC_TYPE_GET, size=2
08-08 13:06:25.855 1956 2206 D use-Rlog/RLOG-RIL-IPC: ================================= IPC FMT data =================================
08-08 13:06:25.856 1956 2206 D use-Rlog/RLOG-RIL-IPC: [0000] FF 02 ..
08-08 13:06:25.856 1956 2206 D use-Rlog/RLOG-RIL-IPC: ================================================================================
08-08 13:06:25.857 1956 2202 D use-Rlog/RLOG-RIL-IPC:
08-08 13:06:25.857 1956 2202 D use-Rlog/RLOG-RIL-IPC: xmm626_sec_modem_fmt_recv: Received FMT message
08-08 13:06:25.857 1956 2202 D use-Rlog/RLOG-RIL-IPC: xmm626_sec_modem_fmt_recv: Message: aseq=0xd9, command=IPC_NET_REGIST, type=IPC_TYPE_RESP, size=11
08-08 13:06:25.857 1956 2202 D use-Rlog/RLOG-RIL-IPC: ================================= IPC FMT data =================================
08-08 13:06:25.857 1956 2202 D use-Rlog/RLOG-RIL-IPC: [0000] 04 03 02 01 50 0F 16 60 D7 02 00 ....P..` ...
08-08 13:06:25.863 1956 2202 D use-Rlog/RLOG-RIL-IPC: ================================================================================
08-08 13:06:25.863 1956 1976 D use-Rlog/RLOG-RIL: 6 RIL requests in the queue (1 pending, 4 handled, 1 unhandled)
08-08 13:06:25.863 1956 1976 D use-Rlog/RLOG-RIL: 2 RIL requests data in the queue
08-08 13:06:25.864 1956 2206 D use-Rlog/RLOG-RIL-IPC:
08-08 13:06:25.864 1956 2206 D use-Rlog/RLOG-RIL-IPC: xmm626_sec_modem_fmt_send: Sent FMT message
08-08 13:06:25.864 1956 2206 D use-Rlog/RLOG-RIL-IPC: xmm626_sec_modem_fmt_send: Message: mseq=0xdd, command=IPC_NET_PLMN_SEL, type=IPC_TYPE_GET, size=0
08-08 13:06:25.865 1956 2202 D use-Rlog/RLOG-RIL: 5 RIL requests in the queue (0 pending, 4 handled, 1 unhandled)
08-08 13:06:25.865 1956 2202 D use-Rlog/RLOG-RIL: 2 RIL requests data in the queue
08-08 13:06:25.866 2878 2968 D RILJ : [4744]< DATA_REGISTRATION_STATE {1, f50, 2d76016, 3, 3} [SUB0]
08-08 13:06:25.867 1956 2206 D use-Rlog/RLOG-RIL: 4 RIL requests in the queue (0 pending, 4 handled, 0 unhandled)
08-08 13:06:25.867 1956 2206 D use-Rlog/RLOG-RIL: 1 RIL request data in the queue
08-08 13:06:25.868 2878 2968 D RILJ : [4748]< DATA_REGISTRATION_STATE {1, f50, 2d76016, 3, 3} [SUB0]
08-08 13:06:25.868 2878 2878 D PHONE : [ServiceState] setDataRegState=0
08-08 13:06:25.868 2878 2878 D PHONE : [ServiceState] setDataRadioTechnology=3
08-08 13:06:25.868 2878 2878 D GsmSST : [GsmSST] handlPollStateResultMessage: GsmSST setDataRegState=0 regState=1 dataRadioTechnology=3
08-08 13:06:25.869 1956 2202 D use-Rlog/RLOG-RIL-IPC:
08-08 13:06:25.869 1956 2202 D use-Rlog/RLOG-RIL-IPC: xmm626_sec_modem_fmt_recv: Received FMT message
08-08 13:06:25.869 1956 2202 D use-Rlog/RLOG-RIL-IPC: xmm626_sec_modem_fmt_recv: Message: aseq=0xda, command=IPC_NET_PLMN_SEL, type=IPC_TYPE_RESP, size=1
08-08 13:06:25.869 1956 2202 D use-Rlog/RLOG-RIL-IPC: ================================= IPC FMT data =================================
08-08 13:06:25.869 1956 2202 D use-Rlog/RLOG-RIL-IPC: [0000] 02 .
08-08 13:06:25.870 1956 2202 D use-Rlog/RLOG-RIL-IPC: ================================================================================
08-08 13:06:25.870 1956 2202 D use-Rlog/RLOG-RIL: 3 RIL requests in the queue (0 pending, 3 handled, 0 unhandled)
08-08 13:06:25.870 1956 2202 D use-Rlog/RLOG-RIL: 1 RIL request data in the queue
08-08 13:06:25.870 2878 2968 D RILJ : [4746]< QUERY_NETWORK_SELECTION_MODE {0} [SUB0]
08-08 13:06:25.871 1956 2202 D use-Rlog/RLOG-RIL-IPC:
08-08 13:06:25.871 1956 2202 D use-Rlog/RLOG-RIL-IPC: xmm626_sec_modem_fmt_recv: Received FMT message
08-08 13:06:25.872 1956 2202 D use-Rlog/RLOG-RIL-IPC: xmm626_sec_modem_fmt_recv: Message: aseq=0xdb, command=IPC_NET_SERVING_NETWORK, type=IPC_TYPE_RESP, size=11
08-08 13:06:25.872 1956 2202 D use-Rlog/RLOG-RIL-IPC: ================================= IPC FMT data =================================
08-08 13:06:25.872 1956 2202 D use-Rlog/RLOG-RIL-IPC: [0000] 02 02 04 32 30 38 31 35 23 50 0F ...20815 #P.
08-08 13:06:25.872 1956 2202 D use-Rlog/RLOG-RIL-IPC: ================================================================================
08-08 13:06:25.872 1956 2202 D use-Rlog/RLOG-RIL: 2 RIL requests in the queue (0 pending, 2 handled, 0 unhandled)
08-08 13:06:25.872 1956 2202 D use-Rlog/RLOG-RIL: 1 RIL request data in the queue
08-08 13:06:25.873 2878 2968 D RILJ : [4747]< OPERATOR {Free Mobile, Free Mobile, 20815} [SUB0]
08-08 13:06:25.874 1956 2202 D use-Rlog/RLOG-RIL-IPC:
08-08 13:06:25.874 1956 2202 D use-Rlog/RLOG-RIL-IPC: xmm626_sec_modem_fmt_recv: Received FMT message
08-08 13:06:25.875 1956 2202 D use-Rlog/RLOG-RIL-IPC: xmm626_sec_modem_fmt_recv: Message: aseq=0xdc, command=IPC_NET_REGIST, type=IPC_TYPE_RESP, size=11
08-08 13:06:25.875 1956 2202 D use-Rlog/RLOG-RIL-IPC: ================================= IPC FMT data =================================
08-08 13:06:25.875 1956 2202 D use-Rlog/RLOG-RIL-IPC: [0000] 04 02 02 01 50 0F 16 60 D7 02 00 ....P..` ...
08-08 13:06:25.875 1956 2202 D use-Rlog/RLOG-RIL-IPC: ================================================================================
08-08 13:06:25.875 1956 2202 D use-Rlog/RLOG-RIL: 1 RIL request in the queue (0 pending, 1 handled, 0 unhandled)
08-08 13:06:25.875 1956 2202 D use-Rlog/RLOG-RIL: 1 RIL request data in the queue
