08-08 13:06:25.876 2878 2968 D RILJ : [4749]< VOICE_REGISTRATION_STATE {1, f50, 2d76016, 3, null, null, null, null, null, null, null, null, null, null, null} [SUB0]
08-08 13:06:25.877 2878 2878 D PHONE : [ServiceState] setVoiceRegState=0
08-08 13:06:25.877 2878 2878 E PHONE : [ServiceState] setState deprecated use setVoiceRegState()
08-08 13:06:25.877 1956 2202 D use-Rlog/RLOG-RIL-IPC:
08-08 13:06:25.878 1956 2202 D use-Rlog/RLOG-RIL-IPC: xmm626_sec_modem_fmt_recv: Received FMT message
08-08 13:06:25.878 1956 2202 D use-Rlog/RLOG-RIL-IPC: xmm626_sec_modem_fmt_recv: Message: aseq=0xdd, command=IPC_NET_PLMN_SEL, type=IPC_TYPE_RESP, size=1
08-08 13:06:25.878 1956 2202 D use-Rlog/RLOG-RIL-IPC: ================================= IPC FMT data =================================
08-08 13:06:25.878 1956 2202 D use-Rlog/RLOG-RIL-IPC: [0000] 02 .
08-08 13:06:25.878 1956 2202 D use-Rlog/RLOG-RIL-IPC: ================================================================================
08-08 13:06:25.878 1956 2202 D use-Rlog/RLOG-RIL: 0 RIL request in the queue (0 pending, 0 handled, 0 unhandled)
08-08 13:06:25.878 1956 2202 D use-Rlog/RLOG-RIL: 1 RIL request data in the queue
08-08 13:06:25.879 2878 2968 D RILJ : [4750]< QUERY_NETWORK_SELECTION_MODE {0} [SUB0]
08-08 13:06:25.887 2878 2878 D GsmSST : [GsmSST] Poll ServiceState done: oldSS=[0 0 voice home data home Free Mobile Free Mobile 20815 Free Mobile Free Mobile 20815 UMTS UMTS CSS not supported -1 -1 RoamInd=-1 DefRoamInd=-1 EmergOnly=false IsDataRoamingFromRegistration=false] newSS=[0 0 voice home data home Free Mobile Free Mobile 20815 Free Mobile Free Mobile 20815 UMTS UMTS CSS not supported -1 -1 RoamInd=-1 DefRoamInd=-1 EmergOnly=false IsDataRoamingFromRegistration=false] oldMaxDataCalls=1 mNewMaxDataCalls=1 oldReasonDataDenied=-1 mNewReasonDataDenied=-1
08-08 13:06:25.887 2878 2878 D PHONE : [ServiceState] setNullState=1
08-08 13:06:25.887 2878 2878 D GsmSST : [GsmSST] getCellLocation(): X good mCellLoc=[3920,47669270,-1]
08-08 13:06:25.888 2304 4196 D TelephonyRegistry: notifyCellLocationForSubscriber: subId=7 cellLocation=Bundle[mParcelledData.dataSize=64]
08-08 13:06:34.355 1956 2202 D use-Rlog/RLOG-RIL-IPC:
08-08 13:06:34.356 1956 2202 D use-Rlog/RLOG-RIL-IPC: xmm626_sec_modem_fmt_recv: Received FMT message
08-08 13:06:34.356 1956 2202 D use-Rlog/RLOG-RIL-IPC: xmm626_sec_modem_fmt_recv: Message: aseq=0xdd, command=IPC_DISP_RSSI_INFO, type=IPC_TYPE_NOTI, size=1
08-08 13:06:34.356 1956 2202 D use-Rlog/RLOG-RIL-IPC: ================================= IPC FMT data =================================
08-08 13:06:34.356 1956 2202 D use-Rlog/RLOG-RIL-IPC: [0000] 56 V
08-08 13:06:34.356 1956 2202 D use-Rlog/RLOG-RIL-IPC: ================================================================================
08-08 13:06:34.356 1956 2202 D use-Rlog/RLOG-RIL: Signal strength is 13
08-08 13:06:34.358 2878 2878 D DefaultPhoneNotifier: notifySignalStrength: mRegistry=com.android.internal.telephony.ITelephonyRegistry$Stub$Proxy@5b7d720 ss=SignalStrength: 13 99 -120 -160 -120 -1 -1 99 2147483647 2147483647 2147483647 -1 2147483647 gsm|lte sender=Handler (com.android.internal.telephony.gsm.GSMPhone) {b342f08}
08-08 13:06:34.711 1956 2202 D use-Rlog/RLOG-RIL-IPC:
08-08 13:06:34.711 1956 2202 D use-Rlog/RLOG-RIL-IPC: xmm626_sec_modem_fmt_recv: Received FMT message
08-08 13:06:34.711 1956 2202 D use-Rlog/RLOG-RIL-IPC: xmm626_sec_modem_fmt_recv: Message: aseq=0xdd, command=IPC_GPRS_HSDPA_STATUS, type=IPC_TYPE_NOTI, size=1
08-08 13:06:34.711 1956 2202 D use-Rlog/RLOG-RIL-IPC: ================================= IPC FMT data =================================
08-08 13:06:34.712 1956 2202 D use-Rlog/RLOG-RIL-IPC: [0000] 00 .
08-08 13:06:34.712 1956 2202 D use-Rlog/RLOG-RIL-IPC: ================================================================================
08-08 13:06:34.712 1956 2202 D use-Rlog/RLOG-RIL-IPC:
08-08 13:06:34.712 1956 2202 D use-Rlog/RLOG-RIL-IPC: xmm626_sec_modem_fmt_recv: Received FMT message
08-08 13:06:34.712 1956 2202 D use-Rlog/RLOG-RIL-IPC: xmm626_sec_modem_fmt_recv: Message: aseq=0xff, command=IPC_NET_REGIST, type=IPC_TYPE_NOTI, size=11
08-08 13:06:34.712 1956 2202 D use-Rlog/RLOG-RIL-IPC: ================================= IPC FMT data =================================
08-08 13:06:34.712 1956 2202 D use-Rlog/RLOG-RIL-IPC: [0000] 04 02 02 01 50 0F 15 60 D7 02 00 ....P..` ...
08-08 13:06:34.713 1956 2202 D use-Rlog/RLOG-RIL-IPC: ================================================================================
08-08 13:06:34.714 2878 2968 D RILJ : [UNSL]< UNSOL_RESPONSE_VOICE_NETWORK_STATE_CHANGED [SUB0]
08-08 13:06:34.715 2878 2878 D RILJ : [4751]> OPERATOR [SUB0]
08-08 13:06:34.718 2878 2878 D RILJ : [4752]> DATA_REGISTRATION_STATE [SUB0]
08-08 13:06:34.722 2878 2878 D RILJ : [4753]> VOICE_REGISTRATION_STATE [SUB0]
08-08 13:06:34.723 1956 1976 D use-Rlog/RLOG-RIL: 1 RIL request in the queue (1 pending, 0 handled, 0 unhandled)
08-08 13:06:34.723 1956 1976 D use-Rlog/RLOG-RIL: 2 RIL requests data in the queue
08-08 13:06:34.723 1956 1976 D use-Rlog/RLOG-RIL: 2 RIL requests in the queue (2 pending, 0 handled, 0 unhandled)
08-08 13:06:34.723 1956 1976 D use-Rlog/RLOG-RIL: 2 RIL requests data in the queue
08-08 13:06:34.723 1956 2206 D use-Rlog/RLOG-RIL-IPC:
08-08 13:06:34.723 1956 2206 D use-Rlog/RLOG-RIL-IPC: xmm626_sec_modem_fmt_send: Sent FMT message
08-08 13:06:34.724 1956 2206 D use-Rlog/RLOG-RIL-IPC: xmm626_sec_modem_fmt_send: Message: mseq=0xde, command=IPC_NET_SERVING_NETWORK, type=IPC_TYPE_GET, size=0
08-08 13:06:34.724 1956 2206 D use-Rlog/RLOG-RIL-IPC:
08-08 13:06:34.724 1956 2206 D use-Rlog/RLOG-RIL-IPC: xmm626_sec_modem_fmt_send: Sent FMT message
08-08 13:06:34.724 1956 2206 D use-Rlog/RLOG-RIL-IPC: xmm626_sec_modem_fmt_send: Message: mseq=0xdf, command=IPC_NET_REGIST, type=IPC_TYPE_GET, size=2
08-08 13:06:34.724 1956 2206 D use-Rlog/RLOG-RIL-IPC: ================================= IPC FMT data =================================
08-08 13:06:34.724 1956 2206 D use-Rlog/RLOG-RIL-IPC: [0000] FF 03 ..
08-08 13:06:34.725 1956 2206 D use-Rlog/RLOG-RIL-IPC: ================================================================================
08-08 13:06:34.726 1956 2202 D use-Rlog/RLOG-RIL-IPC:
08-08 13:06:34.726 1956 2202 D use-Rlog/RLOG-RIL-IPC: xmm626_sec_modem_fmt_recv: Received FMT message
08-08 13:06:34.726 1956 2202 D use-Rlog/RLOG-RIL-IPC: xmm626_sec_modem_fmt_recv: Message: aseq=0xff, command=IPC_NET_REGIST, type=IPC_TYPE_NOTI, size=11
08-08 13:06:34.726 1956 2202 D use-Rlog/RLOG-RIL-IPC: ================================= IPC FMT data =================================
08-08 13:06:34.726 1956 2202 D use-Rlog/RLOG-RIL-IPC: [0000] 04 03 02 01 50 0F 15 60 D7 02 00 ....P..` ...
08-08 13:06:34.726 1956 2202 D use-Rlog/RLOG-RIL-IPC: ================================================================================
08-08 13:06:34.730 2878 2878 D RILJ : [4754]> QUERY_NETWORK_SELECTION_MODE [SUB0]
08-08 13:06:34.732 2878 2968 D RILJ : [UNSL]< UNSOL_RESPONSE_VOICE_NETWORK_STATE_CHANGED [SUB0]
08-08 13:06:34.732 1956 1976 D use-Rlog/RLOG-RIL: 3 RIL requests in the queue (1 pending, 2 handled, 0 unhandled)
08-08 13:06:34.732 1956 1976 D use-Rlog/RLOG-RIL: 3 RIL requests data in the queue
08-08 13:06:34.733 1956 2206 D use-Rlog/RLOG-RIL: 2 RIL requests in the queue (0 pending, 2 handled, 0 unhandled)
08-08 13:06:34.733 1956 2206 D use-Rlog/RLOG-RIL: 2 RIL requests data in the queue
08-08 13:06:34.734 2878 2968 D RILJ : [4753]< VOICE_REGISTRATION_STATE {1, f50, 2d76015, 3, null, null, null, null, null, null, null, null, null, null, null} [SUB0]
08-08 13:06:34.736 1956 2202 D use-Rlog/RLOG-RIL-IPC:
08-08 13:06:34.736 1956 2202 D use-Rlog/RLOG-RIL-IPC: xmm626_sec_modem_fmt_recv: Received FMT message
08-08 13:06:34.736 1956 2202 D use-Rlog/RLOG-RIL-IPC: xmm626_sec_modem_fmt_recv: Message: aseq=0xff, command=IPC_GPRS_HSDPA_STATUS, type=IPC_TYPE_NOTI, size=1
08-08 13:06:34.736 1956 2202 D use-Rlog/RLOG-RIL-IPC: ================================= IPC FMT data =================================
08-08 13:06:34.736 1956 2202 D use-Rlog/RLOG-RIL-IPC: [0000] 00 .
08-08 13:06:34.736 1956 2202 D use-Rlog/RLOG-RIL-IPC: ================================================================================
08-08 13:06:34.737 1956 2202 D use-Rlog/RLOG-RIL-IPC:
08-08 13:06:34.737 1956 2202 D use-Rlog/RLOG-RIL-IPC: xmm626_sec_modem_fmt_recv: Received FMT message
08-08 13:06:34.737 1956 2202 D use-Rlog/RLOG-RIL-IPC: xmm626_sec_modem_fmt_recv: Message: aseq=0xde, command=IPC_NET_SERVING_NETWORK, type=IPC_TYPE_RESP, size=11
08-08 13:06:34.737 1956 2202 D use-Rlog/RLOG-RIL-IPC: ================================= IPC FMT data =================================
08-08 13:06:34.737 1956 2202 D use-Rlog/RLOG-RIL-IPC: [0000] 02 02 04 32 30 38 31 35 23 50 0F ...20815 #P.
08-08 13:06:34.737 1956 2202 D use-Rlog/RLOG-RIL-IPC: ================================================================================
08-08 13:06:34.738 1956 2202 D use-Rlog/RLOG-RIL: 1 RIL request in the queue (0 pending, 1 handled, 0 unhandled)
08-08 13:06:34.738 1956 2202 D use-Rlog/RLOG-RIL: 2 RIL requests data in the queue
08-08 13:06:34.740 2878 2968 D RILJ : [4751]< OPERATOR {Free Mobile, Free Mobile, 20815} [SUB0]
08-08 13:06:34.741 2878 2878 D RILJ : [4755]> OPERATOR [SUB0]
08-08 13:06:34.745 2878 2878 D RILJ : [4756]> DATA_REGISTRATION_STATE [SUB0]
08-08 13:06:34.747 1956 1976 D use-Rlog/RLOG-RIL: 2 RIL requests in the queue (1 pending, 1 handled, 0 unhandled)
08-08 13:06:34.747 1956 1976 D use-Rlog/RLOG-RIL: 2 RIL requests data in the queue
08-08 13:06:34.748 1956 1976 D use-Rlog/RLOG-RIL: 3 RIL requests in the queue (2 pending, 1 handled, 0 unhandled)
08-08 13:06:34.748 1956 1976 D use-Rlog/RLOG-RIL: 2 RIL requests data in the queue
08-08 13:06:34.748 1956 2206 D use-Rlog/RLOG-RIL-IPC:
08-08 13:06:34.748 1956 2206 D use-Rlog/RLOG-RIL-IPC: xmm626_sec_modem_fmt_send: Sent FMT message
08-08 13:06:34.748 1956 2206 D use-Rlog/RLOG-RIL-IPC: xmm626_sec_modem_fmt_send: Message: mseq=0xe0, command=IPC_NET_PLMN_SEL, type=IPC_TYPE_GET, size=0
08-08 13:06:34.749 1956 2206 D use-Rlog/RLOG-RIL-IPC:
08-08 13:06:34.749 1956 2206 D use-Rlog/RLOG-RIL-IPC: xmm626_sec_modem_fmt_send: Sent FMT message
08-08 13:06:34.749 1956 2206 D use-Rlog/RLOG-RIL-IPC: xmm626_sec_modem_fmt_send: Message: mseq=0xe1, command=IPC_NET_SERVING_NETWORK, type=IPC_TYPE_GET, size=0
08-08 13:06:34.750 1956 2202 D use-Rlog/RLOG-RIL-IPC:
08-08 13:06:34.750 1956 2202 D use-Rlog/RLOG-RIL-IPC: xmm626_sec_modem_fmt_recv: Received FMT message
08-08 13:06:34.750 1956 2202 D use-Rlog/RLOG-RIL-IPC: xmm626_sec_modem_fmt_recv: Message: aseq=0xdf, command=IPC_NET_REGIST, type=IPC_TYPE_RESP, size=11
08-08 13:06:34.750 1956 2202 D use-Rlog/RLOG-RIL-IPC: ================================= IPC FMT data =================================
08-08 13:06:34.750 1956 2202 D use-Rlog/RLOG-RIL-IPC: [0000] 04 03 02 01 50 0F 15 60 D7 02 00 ....P..` ...
08-08 13:06:34.751 1956 2202 D use-Rlog/RLOG-RIL-IPC: ================================================================================
08-08 13:06:34.751 1956 2202 D use-Rlog/RLOG-RIL: 2 RIL requests in the queue (0 pending, 2 handled, 0 unhandled)
08-08 13:06:34.751 1956 2202 D use-Rlog/RLOG-RIL: 2 RIL requests data in the queue
08-08 13:06:34.754 2878 2878 D RILJ : [4757]> VOICE_REGISTRATION_STATE [SUB0]
08-08 13:06:34.756 2878 2968 D RILJ : [4752]< DATA_REGISTRATION_STATE {1, f50, 2d76015, 3, 3} [SUB0]
08-08 13:06:34.757 1956 1976 D use-Rlog/RLOG-RIL: 3 RIL requests in the queue (1 pending, 2 handled, 0 unhandled)
08-08 13:06:34.757 1956 1976 D use-Rlog/RLOG-RIL: 2 RIL requests data in the queue
08-08 13:06:34.757 1956 2206 D use-Rlog/RLOG-RIL: 2 RIL requests in the queue (0 pending, 2 handled, 0 unhandled)
08-08 13:06:34.757 1956 2206 D use-Rlog/RLOG-RIL: 1 RIL request data in the queue
08-08 13:06:34.758 1956 2202 D use-Rlog/RLOG-RIL-IPC:
08-08 13:06:34.758 1956 2202 D use-Rlog/RLOG-RIL-IPC: xmm626_sec_modem_fmt_recv: Received FMT message
08-08 13:06:34.758 1956 2202 D use-Rlog/RLOG-RIL-IPC: xmm626_sec_modem_fmt_recv: Message: aseq=0xe0, command=IPC_NET_PLMN_SEL, type=IPC_TYPE_RESP, size=1
08-08 13:06:34.758 1956 2202 D use-Rlog/RLOG-RIL-IPC: ================================= IPC FMT data =================================
08-08 13:06:34.758 1956 2202 D use-Rlog/RLOG-RIL-IPC: [0000] 02 .
08-08 13:06:34.759 1956 2202 D use-Rlog/RLOG-RIL-IPC: ================================================================================
08-08 13:06:34.759 1956 2202 D use-Rlog/RLOG-RIL: 1 RIL request in the queue (0 pending, 1 handled, 0 unhandled)
08-08 13:06:34.759 1956 2202 D use-Rlog/RLOG-RIL: 1 RIL request data in the queue
08-08 13:06:34.760 2878 2968 D RILJ : [4756]< DATA_REGISTRATION_STATE {1, f50, 2d76015, 3, 3} [SUB0]
08-08 13:06:34.761 2878 2968 D RILJ : [4754]< QUERY_NETWORK_SELECTION_MODE {0} [SUB0]
08-08 13:06:34.762 2878 2878 D RILJ : [4758]> QUERY_NETWORK_SELECTION_MODE [SUB0]
08-08 13:06:34.767 1956 1976 D use-Rlog/RLOG-RIL: 2 RIL requests in the queue (1 pending, 1 handled, 0 unhandled)
08-08 13:06:34.767 1956 1976 D use-Rlog/RLOG-RIL: 1 RIL request data in the queue
08-08 13:06:34.767 1956 2206 D use-Rlog/RLOG-RIL-IPC:
08-08 13:06:34.767 1956 2206 D use-Rlog/RLOG-RIL-IPC: xmm626_sec_modem_fmt_send: Sent FMT message
08-08 13:06:34.767 1956 2206 D use-Rlog/RLOG-RIL-IPC: xmm626_sec_modem_fmt_send: Message: mseq=0xe2, command=IPC_NET_REGIST, type=IPC_TYPE_GET, size=2
08-08 13:06:34.767 1956 2206 D use-Rlog/RLOG-RIL-IPC: ================================= IPC FMT data =================================
08-08 13:06:34.768 1956 2206 D use-Rlog/RLOG-RIL-IPC: [0000] FF 02 ..
08-08 13:06:34.768 1956 2206 D use-Rlog/RLOG-RIL-IPC: ================================================================================
08-08 13:06:34.768 1956 2202 D use-Rlog/RLOG-RIL-IPC:
08-08 13:06:34.768 1956 2202 D use-Rlog/RLOG-RIL-IPC: xmm626_sec_modem_fmt_recv: Received FMT message
08-08 13:06:34.769 1956 2202 D use-Rlog/RLOG-RIL-IPC: xmm626_sec_modem_fmt_recv: Message: aseq=0xe1, command=IPC_NET_SERVING_NETWORK, type=IPC_TYPE_RESP, size=11
08-08 13:06:34.769 1956 2202 D use-Rlog/RLOG-RIL-IPC: ================================= IPC FMT data =================================
08-08 13:06:34.769 1956 2202 D use-Rlog/RLOG-RIL-IPC: [0000] 02 02 04 32 30 38 31 35 23 50 0F ...20815 #P.
08-08 13:06:34.769 1956 2202 D use-Rlog/RLOG-RIL-IPC: ================================================================================
08-08 13:06:34.770 1956 2202 D use-Rlog/RLOG-RIL: 1 RIL request in the queue (0 pending, 1 handled, 0 unhandled)
08-08 13:06:34.770 1956 2202 D use-Rlog/RLOG-RIL: 1 RIL request data in the queue
08-08 13:06:34.772 2878 2878 D PHONE : [ServiceState] setDataRegState=0
08-08 13:06:34.772 2878 2878 D PHONE : [ServiceState] setDataRadioTechnology=3
08-08 13:06:34.772 2878 2878 D GsmSST : [GsmSST] handlPollStateResultMessage: GsmSST setDataRegState=0 regState=1 dataRadioTechnology=3
08-08 13:06:34.773 2878 2968 D RILJ : [4755]< OPERATOR {Free Mobile, Free Mobile, 20815} [SUB0]
08-08 13:06:34.774 1956 1976 D use-Rlog/RLOG-RIL: 2 RIL requests in the queue (1 pending, 1 handled, 0 unhandled)
08-08 13:06:34.774 1956 1976 D use-Rlog/RLOG-RIL: 1 RIL request data in the queue
08-08 13:06:34.774 1956 2206 D use-Rlog/RLOG-RIL-IPC:
08-08 13:06:34.774 1956 2206 D use-Rlog/RLOG-RIL-IPC: xmm626_sec_modem_fmt_send: Sent FMT message
08-08 13:06:34.774 1956 2206 D use-Rlog/RLOG-RIL-IPC: xmm626_sec_modem_fmt_send: Message: mseq=0xe3, command=IPC_NET_PLMN_SEL, type=IPC_TYPE_GET, size=0
08-08 13:06:34.775 1956 2202 D use-Rlog/RLOG-RIL-IPC:
08-08 13:06:34.775 1956 2202 D use-Rlog/RLOG-RIL-IPC: xmm626_sec_modem_fmt_recv: Received FMT message
08-08 13:06:34.775 1956 2202 D use-Rlog/RLOG-RIL-IPC: xmm626_sec_modem_fmt_recv: Message: aseq=0xe2, command=IPC_NET_REGIST, type=IPC_TYPE_RESP, size=11
08-08 13:06:34.775 1956 2202 D use-Rlog/RLOG-RIL-IPC: ================================= IPC FMT data =================================
08-08 13:06:34.776 1956 2202 D use-Rlog/RLOG-RIL-IPC: [0000] 04 02 02 01 50 0F 15 60 D7 02 00 ....P..` ...
08-08 13:06:34.776 1956 2202 D use-Rlog/RLOG-RIL-IPC: ================================================================================
08-08 13:06:34.776 1956 2202 D use-Rlog/RLOG-RIL: 1 RIL request in the queue (0 pending, 1 handled, 0 unhandled)
08-08 13:06:34.776 1956 2202 D use-Rlog/RLOG-RIL: 1 RIL request data in the queue
08-08 13:06:34.777 2878 2968 D RILJ : [4757]< VOICE_REGISTRATION_STATE {1, f50, 2d76015, 3, null, null, null, null, null, null, null, null, null, null, null} [SUB0]
08-08 13:06:34.778 2878 2878 D PHONE : [ServiceState] setVoiceRegState=0
08-08 13:06:34.778 2878 2878 E PHONE : [ServiceState] setState deprecated use setVoiceRegState()
08-08 13:06:34.779 1956 2202 D use-Rlog/RLOG-RIL-IPC:
08-08 13:06:34.779 1956 2202 D use-Rlog/RLOG-RIL-IPC: xmm626_sec_modem_fmt_recv: Received FMT message
08-08 13:06:34.779 1956 2202 D use-Rlog/RLOG-RIL-IPC: xmm626_sec_modem_fmt_recv: Message: aseq=0xe3, command=IPC_NET_PLMN_SEL, type=IPC_TYPE_RESP, size=1
08-08 13:06:34.779 1956 2202 D use-Rlog/RLOG-RIL-IPC: ================================= IPC FMT data =================================
08-08 13:06:34.779 1956 2202 D use-Rlog/RLOG-RIL-IPC: [0000] 02 .
08-08 13:06:34.779 1956 2202 D use-Rlog/RLOG-RIL-IPC: ================================================================================
08-08 13:06:34.780 1956 2202 D use-Rlog/RLOG-RIL: 0 RIL request in the queue (0 pending, 0 handled, 0 unhandled)
08-08 13:06:34.780 1956 2202 D use-Rlog/RLOG-RIL: 1 RIL request data in the queue
08-08 13:06:34.780 2878 2968 D RILJ : [4758]< QUERY_NETWORK_SELECTION_MODE {0} [SUB0]
08-08 13:06:34.788 2878 2878 D GsmSST : [GsmSST] Poll ServiceState done: oldSS=[0 0 voice home data home Free Mobile Free Mobile 20815 Free Mobile Free Mobile 20815 UMTS UMTS CSS not supported -1 -1 RoamInd=-1 DefRoamInd=-1 EmergOnly=false IsDataRoamingFromRegistration=false] newSS=[0 0 voice home data home Free Mobile Free Mobile 20815 Free Mobile Free Mobile 20815 UMTS UMTS CSS not supported -1 -1 RoamInd=-1 DefRoamInd=-1 EmergOnly=false IsDataRoamingFromRegistration=false] oldMaxDataCalls=1 mNewMaxDataCalls=1 oldReasonDataDenied=-1 mNewReasonDataDenied=-1
08-08 13:06:34.788 2878 2878 D PHONE : [ServiceState] setNullState=1
08-08 13:06:34.788 2878 2878 D GsmSST : [GsmSST] getCellLocation(): X good mCellLoc=[3920,47669269,-1]
08-08 13:06:34.790 2304 2899 D TelephonyRegistry: notifyCellLocationForSubscriber: subId=7 cellLocation=Bundle[mParcelledData.dataSize=64]
08-08 13:06:54.786 1956 2202 D use-Rlog/RLOG-RIL-IPC:
08-08 13:06:54.786 1956 2202 D use-Rlog/RLOG-RIL-IPC: xmm626_sec_modem_fmt_recv: Received FMT message
08-08 13:06:54.787 1956 2202 D use-Rlog/RLOG-RIL-IPC: xmm626_sec_modem_fmt_recv: Message: aseq=0xe3, command=IPC_DISP_RSSI_INFO, type=IPC_TYPE_NOTI, size=1
08-08 13:06:54.787 1956 2202 D use-Rlog/RLOG-RIL-IPC: ================================= IPC FMT data =================================
08-08 13:06:54.787 1956 2202 D use-Rlog/RLOG-RIL-IPC: [0000] 54 T
08-08 13:06:54.787 1956 2202 D use-Rlog/RLOG-RIL-IPC: ================================================================================
08-08 13:06:54.787 1956 2202 D use-Rlog/RLOG-RIL: Signal strength is 14
08-08 13:06:54.789 2878 2878 D DefaultPhoneNotifier: notifySignalStrength: mRegistry=com.android.internal.telephony.ITelephonyRegistry$Stub$Proxy@5b7d720 ss=SignalStrength: 14 99 -120 -160 -120 -1 -1 99 2147483647 2147483647 2147483647 -1 2147483647 gsm|lte sender=Handler (com.android.internal.telephony.gsm.GSMPhone) {b342f08}
08-08 13:07:12.720 2878 2878 D DCT : [0]onReceive: action=com.android.internal.telephony.data-stall
08-08 13:07:12.725 2878 2878 D DCT : [0]handleMessage msg={ when=-5ms what=270353 arg1=30804 obj=com.android.internal.telephony.data-stall target=com.android.internal.telephony.dataconnection.DcTracker }
08-08 13:07:12.730 2878 2878 D DCT : [0]overall state is CONNECTED
08-08 13:07:34.516 1956 2202 D use-Rlog/RLOG-RIL-IPC:
08-08 13:07:34.516 1956 2202 D use-Rlog/RLOG-RIL-IPC: xmm626_sec_modem_fmt_recv: Received FMT message
08-08 13:07:34.516 1956 2202 D use-Rlog/RLOG-RIL-IPC: xmm626_sec_modem_fmt_recv: Message: aseq=0xe3, command=IPC_DISP_RSSI_INFO, type=IPC_TYPE_NOTI, size=1
08-08 13:07:34.516 1956 2202 D use-Rlog/RLOG-RIL-IPC: ================================= IPC FMT data =================================
08-08 13:07:34.516 1956 2202 D use-Rlog/RLOG-RIL-IPC: [0000] 56 V
08-08 13:07:34.516 1956 2202 D use-Rlog/RLOG-RIL-IPC: ================================================================================
08-08 13:07:34.517 1956 2202 D use-Rlog/RLOG-RIL: Signal strength is 13
08-08 13:07:34.518 2878 2878 D DefaultPhoneNotifier: notifySignalStrength: mRegistry=com.android.internal.telephony.ITelephonyRegistry$Stub$Proxy@5b7d720 ss=SignalStrength: 13 99 -120 -160 -120 -1 -1 99 2147483647 2147483647 2147483647 -1 2147483647 gsm|lte sender=Handler (com.android.internal.telephony.gsm.GSMPhone) {b342f08}
08-08 13:08:04.366 1956 2202 D use-Rlog/RLOG-RIL-IPC:
08-08 13:08:04.366 1956 2202 D use-Rlog/RLOG-RIL-IPC: xmm626_sec_modem_fmt_recv: Received FMT message
08-08 13:08:04.367 1956 2202 D use-Rlog/RLOG-RIL-IPC: xmm626_sec_modem_fmt_recv: Message: aseq=0xe3, command=IPC_GPRS_HSDPA_STATUS, type=IPC_TYPE_NOTI, size=1
08-08 13:08:04.367 1956 2202 D use-Rlog/RLOG-RIL-IPC: ================================= IPC FMT data =================================
08-08 13:08:04.367 1956 2202 D use-Rlog/RLOG-RIL-IPC: [0000] 00 .
08-08 13:08:04.367 1956 2202 D use-Rlog/RLOG-RIL-IPC: ================================================================================
08-08 13:08:04.367 1956 2202 D use-Rlog/RLOG-RIL-IPC:
08-08 13:08:04.367 1956 2202 D use-Rlog/RLOG-RIL-IPC: xmm626_sec_modem_fmt_recv: Received FMT message
08-08 13:08:04.368 1956 2202 D use-Rlog/RLOG-RIL-IPC: xmm626_sec_modem_fmt_recv: Message: aseq=0xff, command=IPC_NET_REGIST, type=IPC_TYPE_NOTI, size=11
08-08 13:08:04.368 1956 2202 D use-Rlog/RLOG-RIL-IPC: ================================= IPC FMT data =================================
08-08 13:08:04.368 1956 2202 D use-Rlog/RLOG-RIL-IPC: [0000] 04 02 02 01 50 0F 16 60 D7 02 00 ....P..` ...
08-08 13:08:04.368 1956 2202 D use-Rlog/RLOG-RIL-IPC: ================================================================================
08-08 13:08:04.369 2878 2968 D RILJ : [UNSL]< UNSOL_RESPONSE_VOICE_NETWORK_STATE_CHANGED [SUB0]
08-08 13:08:04.370 2878 2878 D RILJ : [4759]> OPERATOR [SUB0]
08-08 13:08:04.374 2878 2878 D RILJ : [4760]> DATA_REGISTRATION_STATE [SUB0]
08-08 13:08:04.377 2878 2878 D RILJ : [4761]> VOICE_REGISTRATION_STATE [SUB0]
08-08 13:08:04.378 1956 1976 D use-Rlog/RLOG-RIL: 1 RIL request in the queue (1 pending, 0 handled, 0 unhandled)
08-08 13:08:04.378 1956 1976 D use-Rlog/RLOG-RIL: 2 RIL requests data in the queue
08-08 13:08:04.379 1956 1976 D use-Rlog/RLOG-RIL: 2 RIL requests in the queue (2 pending, 0 handled, 0 unhandled)
08-08 13:08:04.379 1956 1976 D use-Rlog/RLOG-RIL: 2 RIL requests data in the queue
08-08 13:08:04.379 1956 2206 D use-Rlog/RLOG-RIL-IPC:
08-08 13:08:04.379 1956 2206 D use-Rlog/RLOG-RIL-IPC: xmm626_sec_modem_fmt_send: Sent FMT message
08-08 13:08:04.379 1956 2206 D use-Rlog/RLOG-RIL-IPC: xmm626_sec_modem_fmt_send: Message: mseq=0xe4, command=IPC_NET_SERVING_NETWORK, type=IPC_TYPE_GET, size=0
08-08 13:08:04.379 1956 2206 D use-Rlog/RLOG-RIL-IPC:
08-08 13:08:04.380 1956 2206 D use-Rlog/RLOG-RIL-IPC: xmm626_sec_modem_fmt_send: Sent FMT message
08-08 13:08:04.380 1956 2206 D use-Rlog/RLOG-RIL-IPC: xmm626_sec_modem_fmt_send: Message: mseq=0xe5, command=IPC_NET_REGIST, type=IPC_TYPE_GET, size=2
08-08 13:08:04.380 1956 2206 D use-Rlog/RLOG-RIL-IPC: ================================= IPC FMT data =================================
08-08 13:08:04.380 1956 2206 D use-Rlog/RLOG-RIL-IPC: [0000] FF 03 ..
08-08 13:08:04.380 1956 2206 D use-Rlog/RLOG-RIL-IPC: ================================================================================
08-08 13:08:04.381 1956 2202 D use-Rlog/RLOG-RIL-IPC:
08-08 13:08:04.381 1956 2202 D use-Rlog/RLOG-RIL-IPC: xmm626_sec_modem_fmt_recv: Received FMT message
08-08 13:08:04.381 1956 2202 D use-Rlog/RLOG-RIL-IPC: xmm626_sec_modem_fmt_recv: Message: aseq=0xff, command=IPC_NET_REGIST, type=IPC_TYPE_NOTI, size=11
08-08 13:08:04.381 1956 2202 D use-Rlog/RLOG-RIL-IPC: ================================= IPC FMT data =================================
08-08 13:08:04.382 1956 2202 D use-Rlog/RLOG-RIL-IPC: [0000] 04 03 02 01 50 0F 16 60 D7 02 00 ....P..` ...
08-08 13:08:04.382 1956 2202 D use-Rlog/RLOG-RIL-IPC: ================================================================================
08-08 13:08:04.385 2878 2878 D RILJ : [4762]> QUERY_NETWORK_SELECTION_MODE [SUB0]
08-08 13:08:04.388 2878 2968 D RILJ : [UNSL]< UNSOL_RESPONSE_VOICE_NETWORK_STATE_CHANGED [SUB0]
08-08 13:08:04.389 1956 1976 D use-Rlog/RLOG-RIL: 3 RIL requests in the queue (1 pending, 2 handled, 0 unhandled)
08-08 13:08:04.389 1956 1976 D use-Rlog/RLOG-RIL: 3 RIL requests data in the queue
08-08 13:08:04.390 1956 2206 D use-Rlog/RLOG-RIL: 2 RIL requests in the queue (0 pending, 2 handled, 0 unhandled)
08-08 13:08:04.390 1956 2206 D use-Rlog/RLOG-RIL: 2 RIL requests data in the queue
08-08 13:08:04.391 2878 2968 D RILJ : [4761]< VOICE_REGISTRATION_STATE {1, f50, 2d76016, 3, null, null, null, null, null, null, null, null, null, null, null} [SUB0]
08-08 13:08:04.391 1956 2202 D use-Rlog/RLOG-RIL-IPC:
08-08 13:08:04.391 1956 2202 D use-Rlog/RLOG-RIL-IPC: xmm626_sec_modem_fmt_recv: Received FMT message
08-08 13:08:04.392 1956 2202 D use-Rlog/RLOG-RIL-IPC: xmm626_sec_modem_fmt_recv: Message: aseq=0xff, command=IPC_GPRS_HSDPA_STATUS, type=IPC_TYPE_NOTI, size=1
08-08 13:08:04.392 1956 2202 D use-Rlog/RLOG-RIL-IPC: ================================= IPC FMT data =================================
08-08 13:08:04.392 1956 2202 D use-Rlog/RLOG-RIL-IPC: [0000] 00 .
08-08 13:08:04.392 1956 2202 D use-Rlog/RLOG-RIL-IPC: ================================================================================
08-08 13:08:04.392 1956 2202 D use-Rlog/RLOG-RIL-IPC:
08-08 13:08:04.392 1956 2202 D use-Rlog/RLOG-RIL-IPC: xmm626_sec_modem_fmt_recv: Received FMT message
08-08 13:08:04.392 1956 2202 D use-Rlog/RLOG-RIL-IPC: xmm626_sec_modem_fmt_recv: Message: aseq=0xe4, command=IPC_NET_SERVING_NETWORK, type=IPC_TYPE_RESP, size=11
08-08 13:08:04.392 1956 2202 D use-Rlog/RLOG-RIL-IPC: ================================= IPC FMT data =================================
08-08 13:08:04.393 1956 2202 D use-Rlog/RLOG-RIL-IPC: [0000] 02 02 04 32 30 38 31 35 23 50 0F ...20815 #P.
08-08 13:08:04.393 1956 2202 D use-Rlog/RLOG-RIL-IPC: ================================================================================
08-08 13:08:04.393 1956 2202 D use-Rlog/RLOG-RIL: 1 RIL request in the queue (0 pending, 1 handled, 0 unhandled)
08-08 13:08:04.393 1956 2202 D use-Rlog/RLOG-RIL: 2 RIL requests data in the queue
08-08 13:08:04.395 2878 2968 D RILJ : [4759]< OPERATOR {Free Mobile, Free Mobile, 20815} [SUB0]
08-08 13:08:04.396 2878 2878 D RILJ : [4763]> OPERATOR [SUB0]
08-08 13:08:04.400 2878 2878 D RILJ : [4764]> DATA_REGISTRATION_STATE [SUB0]
08-08 13:08:04.403 2878 2878 D RILJ : [4765]> VOICE_REGISTRATION_STATE [SUB0]
08-08 13:08:04.404 1956 1976 D use-Rlog/RLOG-RIL: 2 RIL requests in the queue (1 pending, 1 handled, 0 unhandled)
08-08 13:08:04.404 1956 1976 D use-Rlog/RLOG-RIL: 2 RIL requests data in the queue
08-08 13:08:04.404 1956 1976 D use-Rlog/RLOG-RIL: 3 RIL requests in the queue (2 pending, 1 handled, 0 unhandled)
08-08 13:08:04.405 1956 1976 D use-Rlog/RLOG-RIL: 2 RIL requests data in the queue
08-08 13:08:04.405 1956 1976 D use-Rlog/RLOG-RIL: 4 RIL requests in the queue (3 pending, 1 handled, 0 unhandled)
08-08 13:08:04.405 1956 1976 D use-Rlog/RLOG-RIL: 2 RIL requests data in the queue
08-08 13:08:04.405 1956 2206 D use-Rlog/RLOG-RIL-IPC:
08-08 13:08:04.405 1956 2206 D use-Rlog/RLOG-RIL-IPC: xmm626_sec_modem_fmt_send: Sent FMT message
08-08 13:08:04.405 1956 2206 D use-Rlog/RLOG-RIL-IPC: xmm626_sec_modem_fmt_send: Message: mseq=0xe6, command=IPC_NET_PLMN_SEL, type=IPC_TYPE_GET, size=0
08-08 13:08:04.405 1956 2206 D use-Rlog/RLOG-RIL-IPC:
08-08 13:08:04.406 1956 2206 D use-Rlog/RLOG-RIL-IPC: xmm626_sec_modem_fmt_send: Sent FMT message
08-08 13:08:04.406 1956 2206 D use-Rlog/RLOG-RIL-IPC: xmm626_sec_modem_fmt_send: Message: mseq=0xe7, command=IPC_NET_SERVING_NETWORK, type=IPC_TYPE_GET, size=0
08-08 13:08:04.407 1956 2202 D use-Rlog/RLOG-RIL-IPC:
08-08 13:08:04.407 1956 2202 D use-Rlog/RLOG-RIL-IPC: xmm626_sec_modem_fmt_recv: Received FMT message
08-08 13:08:04.407 1956 2202 D use-Rlog/RLOG-RIL-IPC: xmm626_sec_modem_fmt_recv: Message: aseq=0xe5, command=IPC_NET_REGIST, type=IPC_TYPE_RESP, size=11
08-08 13:08:04.407 1956 2202 D use-Rlog/RLOG-RIL-IPC: ================================= IPC FMT data =================================
08-08 13:08:04.407 1956 2202 D use-Rlog/RLOG-RIL-IPC: [0000] 04 03 02 01 50 0F 16 60 D7 02 00 ....P..` ...
08-08 13:08:04.407 1956 2202 D use-Rlog/RLOG-RIL-IPC: ================================================================================
08-08 13:08:04.408 1956 2202 D use-Rlog/RLOG-RIL: 3 RIL requests in the queue (0 pending, 2 handled, 1 unhandled)
08-08 13:08:04.408 1956 2202 D use-Rlog/RLOG-RIL: 2 RIL requests data in the queue
08-08 13:08:04.413 2878 2878 D RILJ : [4766]> QUERY_NETWORK_SELECTION_MODE [SUB0]
08-08 13:08:04.414 2878 2968 D RILJ : [4760]< DATA_REGISTRATION_STATE {1, f50, 2d76016, 3, 3} [SUB0]
08-08 13:08:04.414 1956 1976 D use-Rlog/RLOG-RIL: 4 RIL requests in the queue (1 pending, 2 handled, 1 unhandled)
08-08 13:08:04.414 1956 1976 D use-Rlog/RLOG-RIL: 2 RIL requests data in the queue
08-08 13:08:04.415 1956 2206 D use-Rlog/RLOG-RIL: 3 RIL requests in the queue (1 pending, 2 handled, 0 unhandled)
08-08 13:08:04.415 1956 2206 D use-Rlog/RLOG-RIL: 1 RIL request data in the queue
08-08 13:08:04.415 1956 2206 D use-Rlog/RLOG-RIL-IPC:
08-08 13:08:04.415 1956 2206 D use-Rlog/RLOG-RIL-IPC: xmm626_sec_modem_fmt_send: Sent FMT message
08-08 13:08:04.415 1956 2206 D use-Rlog/RLOG-RIL-IPC: xmm626_sec_modem_fmt_send: Message: mseq=0xe8, command=IPC_NET_REGIST, type=IPC_TYPE_GET, size=2
08-08 13:08:04.415 1956 2206 D use-Rlog/RLOG-RIL-IPC: ================================= IPC FMT data =================================
08-08 13:08:04.415 1956 2206 D use-Rlog/RLOG-RIL-IPC: [0000] FF 02 ..
08-08 13:08:04.416 1956 2206 D use-Rlog/RLOG-RIL-IPC: ================================================================================
08-08 13:08:04.418 1956 2202 D use-Rlog/RLOG-RIL-IPC:
08-08 13:08:04.418 1956 2202 D use-Rlog/RLOG-RIL-IPC: xmm626_sec_modem_fmt_recv: Received FMT message
08-08 13:08:04.418 1956 2202 D use-Rlog/RLOG-RIL-IPC: xmm626_sec_modem_fmt_recv: Message: aseq=0xe6, command=IPC_NET_PLMN_SEL, type=IPC_TYPE_RESP, size=1
08-08 13:08:04.418 1956 2202 D use-Rlog/RLOG-RIL-IPC: ================================= IPC FMT data =================================
08-08 13:08:04.418 1956 2202 D use-Rlog/RLOG-RIL-IPC: [0000] 02 .
08-08 13:08:04.419 1956 2202 D use-Rlog/RLOG-RIL-IPC: ================================================================================
08-08 13:08:04.419 1956 2202 D use-Rlog/RLOG-RIL: 2 RIL requests in the queue (0 pending, 2 handled, 0 unhandled)
08-08 13:08:04.419 1956 2202 D use-Rlog/RLOG-RIL: 1 RIL request data in the queue
08-08 13:08:04.421 2878 2968 D RILJ : [4764]< DATA_REGISTRATION_STATE {1, f50, 2d76016, 3, 3} [SUB0]
08-08 13:08:04.421 2878 2968 D RILJ : [4762]< QUERY_NETWORK_SELECTION_MODE {0} [SUB0]
08-08 13:08:04.423 2878 2878 D PHONE : [ServiceState] setDataRegState=0
08-08 13:08:04.423 2878 2878 D PHONE : [ServiceState] setDataRadioTechnology=3
08-08 13:08:04.423 2878 2878 D GsmSST : [GsmSST] handlPollStateResultMessage: GsmSST setDataRegState=0 regState=1 dataRadioTechnology=3
08-08 13:08:04.423 1956 1976 D use-Rlog/RLOG-RIL: 3 RIL requests in the queue (1 pending, 2 handled, 0 unhandled)
08-08 13:08:04.424 1956 1976 D use-Rlog/RLOG-RIL: 1 RIL request data in the queue
08-08 13:08:04.424 1956 2206 D use-Rlog/RLOG-RIL-IPC:
08-08 13:08:04.424 1956 2206 D use-Rlog/RLOG-RIL-IPC: xmm626_sec_modem_fmt_send: Sent FMT message
08-08 13:08:04.424 1956 2206 D use-Rlog/RLOG-RIL-IPC: xmm626_sec_modem_fmt_send: Message: mseq=0xe9, command=IPC_NET_PLMN_SEL, type=IPC_TYPE_GET, size=0
08-08 13:08:04.425 1956 2202 D use-Rlog/RLOG-RIL-IPC:
08-08 13:08:04.425 1956 2202 D use-Rlog/RLOG-RIL-IPC: xmm626_sec_modem_fmt_recv: Received FMT message
08-08 13:08:04.425 1956 2202 D use-Rlog/RLOG-RIL-IPC: xmm626_sec_modem_fmt_recv: Message: aseq=0xe7, command=IPC_NET_SERVING_NETWORK, type=IPC_TYPE_RESP, size=11
08-08 13:08:04.425 1956 2202 D use-Rlog/RLOG-RIL-IPC: ================================= IPC FMT data =================================
08-08 13:08:04.425 1956 2202 D use-Rlog/RLOG-RIL-IPC: [0000] 02 02 04 32 30 38 31 35 23 50 0F ...20815 #P.
08-08 13:08:04.426 1956 2202 D use-Rlog/RLOG-RIL-IPC: ================================================================================
08-08 13:08:04.426 1956 2202 D use-Rlog/RLOG-RIL: 2 RIL requests in the queue (0 pending, 2 handled, 0 unhandled)
08-08 13:08:04.426 1956 2202 D use-Rlog/RLOG-RIL: 1 RIL request data in the queue
08-08 13:08:04.427 2878 2968 D RILJ : [4763]< OPERATOR {Free Mobile, Free Mobile, 20815} [SUB0]
08-08 13:08:04.428 1956 2202 D use-Rlog/RLOG-RIL-IPC:
08-08 13:08:04.428 1956 2202 D use-Rlog/RLOG-RIL-IPC: xmm626_sec_modem_fmt_recv: Received FMT message
08-08 13:08:04.428 1956 2202 D use-Rlog/RLOG-RIL-IPC: xmm626_sec_modem_fmt_recv: Message: aseq=0xe8, command=IPC_NET_REGIST, type=IPC_TYPE_RESP, size=11
08-08 13:08:04.429 1956 2202 D use-Rlog/RLOG-RIL-IPC: ================================= IPC FMT data =================================
08-08 13:08:04.429 1956 2202 D use-Rlog/RLOG-RIL-IPC: [0000] 04 02 02 01 50 0F 16 60 D7 02 00 ....P..` ...
08-08 13:08:04.429 1956 2202 D use-Rlog/RLOG-RIL-IPC: ================================================================================
08-08 13:08:04.429 1956 2202 D use-Rlog/RLOG-RIL: 1 RIL request in the queue (0 pending, 1 handled, 0 unhandled)
08-08 13:08:04.429 1956 2202 D use-Rlog/RLOG-RIL: 1 RIL request data in the queue
08-08 13:08:04.430 2878 2968 D RILJ : [4765]< VOICE_REGISTRATION_STATE {1, f50, 2d76016, 3, null, null, null, null, null, null, null, null, null, null, null} [SUB0]
08-08 13:08:04.432 2878 2878 D PHONE : [ServiceState] setVoiceRegState=0
08-08 13:08:04.432 2878 2878 E PHONE : [ServiceState] setState deprecated use setVoiceRegState()
08-08 13:08:04.433 1956 2202 D use-Rlog/RLOG-RIL-IPC:
08-08 13:08:04.433 1956 2202 D use-Rlog/RLOG-RIL-IPC: xmm626_sec_modem_fmt_recv: Received FMT message
08-08 13:08:04.433 1956 2202 D use-Rlog/RLOG-RIL-IPC: xmm626_sec_modem_fmt_recv: Message: aseq=0xe9, command=IPC_NET_PLMN_SEL, type=IPC_TYPE_RESP, size=1
08-08 13:08:04.433 1956 2202 D use-Rlog/RLOG-RIL-IPC: ================================= IPC FMT data =================================
08-08 13:08:04.434 1956 2202 D use-Rlog/RLOG-RIL-IPC: [0000] 02 .
08-08 13:08:04.434 1956 2202 D use-Rlog/RLOG-RIL-IPC: ================================================================================
08-08 13:08:04.434 1956 2202 D use-Rlog/RLOG-RIL: 0 RIL request in the queue (0 pending, 0 handled, 0 unhandled)
08-08 13:08:04.434 1956 2202 D use-Rlog/RLOG-RIL: 1 RIL request data in the queue
08-08 13:08:04.435 2878 2968 D RILJ : [4766]< QUERY_NETWORK_SELECTION_MODE {0} [SUB0]
08-08 13:08:04.442 2878 2878 D GsmSST : [GsmSST] Poll ServiceState done: oldSS=[0 0 voice home data home Free Mobile Free Mobile 20815 Free Mobile Free Mobile 20815 UMTS UMTS CSS not supported -1 -1 RoamInd=-1 DefRoamInd=-1 EmergOnly=false IsDataRoamingFromRegistration=false] newSS=[0 0 voice home data home Free Mobile Free Mobile 20815 Free Mobile Free Mobile 20815 UMTS UMTS CSS not supported -1 -1 RoamInd=-1 DefRoamInd=-1 EmergOnly=false IsDataRoamingFromRegistration=false] oldMaxDataCalls=1 mNewMaxDataCalls=1 oldReasonDataDenied=-1 mNewReasonDataDenied=-1
08-08 13:08:04.443 2878 2878 D PHONE : [ServiceState] setNullState=1
08-08 13:08:04.443 2878 2878 D GsmSST : [GsmSST] getCellLocation(): X good mCellLoc=[3920,47669270,-1]
08-08 13:08:04.444 2304 2315 D TelephonyRegistry: notifyCellLocationForSubscriber: subId=7 cellLocation=Bundle[mParcelledData.dataSize=64]
08-08 13:08:12.738 2878 2878 D DCT : [0]onReceive: action=com.android.internal.telephony.data-stall
08-08 13:08:12.739 2878 2878 D DCT : [0]handleMessage msg={ when=0 what=270353 arg1=30805 obj=com.android.internal.telephony.data-stall target=com.android.internal.telephony.dataconnection.DcTracker }
08-08 13:08:12.748 2878 2878 D DCT : [0]overall state is CONNECTED
08-08 13:08:35.951 1956 2202 D use-Rlog/RLOG-RIL-IPC:
08-08 13:08:35.951 1956 2202 D use-Rlog/RLOG-RIL-IPC: xmm626_sec_modem_fmt_recv: Received FMT message
08-08 13:08:35.951 1956 2202 D use-Rlog/RLOG-RIL-IPC: xmm626_sec_modem_fmt_recv: Message: aseq=0xe9, command=IPC_DISP_RSSI_INFO, type=IPC_TYPE_NOTI, size=1
08-08 13:08:35.951 1956 2202 D use-Rlog/RLOG-RIL-IPC: ================================= IPC FMT data =================================
08-08 13:08:35.951 1956 2202 D use-Rlog/RLOG-RIL-IPC: [0000] 58 X
08-08 13:08:35.951 1956 2202 D use-Rlog/RLOG-RIL-IPC: ================================================================================
08-08 13:08:35.952 1956 2202 D use-Rlog/RLOG-RIL: Signal strength is 12
08-08 13:08:35.953 2878 2878 D DefaultPhoneNotifier: notifySignalStrength: mRegistry=com.android.internal.telephony.ITelephonyRegistry$Stub$Proxy@5b7d720 ss=SignalStrength: 12 99 -120 -160 -120 -1 -1 99 2147483647 2147483647 2147483647 -1 2147483647 gsm|lte sender=Handler (com.android.internal.telephony.gsm.GSMPhone) {b342f08}
08-08 13:08:42.751 1956 2202 D use-Rlog/RLOG-RIL-IPC:
08-08 13:08:42.751 1956 2202 D use-Rlog/RLOG-RIL-IPC: xmm626_sec_modem_fmt_recv: Received FMT message
08-08 13:08:42.751 1956 2202 D use-Rlog/RLOG-RIL-IPC: xmm626_sec_modem_fmt_recv: Message: aseq=0xe9, command=IPC_GPRS_HSDPA_STATUS, type=IPC_TYPE_NOTI, size=1
08-08 13:08:42.751 1956 2202 D use-Rlog/RLOG-RIL-IPC: ================================= IPC FMT data =================================
08-08 13:08:42.751 1956 2202 D use-Rlog/RLOG-RIL-IPC: [0000] 00 .
08-08 13:08:42.752 1956 2202 D use-Rlog/RLOG-RIL-IPC: ================================================================================
08-08 13:08:42.752 1956 2202 D use-Rlog/RLOG-RIL-IPC:
08-08 13:08:42.752 1956 2202 D use-Rlog/RLOG-RIL-IPC: xmm626_sec_modem_fmt_recv: Received FMT message
08-08 13:08:42.753 1956 2202 D use-Rlog/RLOG-RIL-IPC: xmm626_sec_modem_fmt_recv: Message: aseq=0xff, command=IPC_NET_REGIST, type=IPC_TYPE_NOTI, size=11
08-08 13:08:42.753 1956 2202 D use-Rlog/RLOG-RIL-IPC: ================================= IPC FMT data =================================
08-08 13:08:42.753 1956 2202 D use-Rlog/RLOG-RIL-IPC: [0000] 04 02 02 01 50 0F 15 60 D7 02 00 ....P..` ...
08-08 13:08:42.753 1956 2202 D use-Rlog/RLOG-RIL-IPC: ================================================================================
08-08 13:08:42.754 2878 2968 D RILJ : [UNSL]< UNSOL_RESPONSE_VOICE_NETWORK_STATE_CHANGED [SUB0]
08-08 13:08:42.755 2878 2878 D RILJ : [4767]> OPERATOR [SUB0]
08-08 13:08:42.759 2878 2878 D RILJ : [4768]> DATA_REGISTRATION_STATE [SUB0]
08-08 13:08:42.762 2878 2878 D RILJ : [4769]> VOICE_REGISTRATION_STATE [SUB0]
08-08 13:08:42.763 1956 1976 D use-Rlog/RLOG-RIL: 1 RIL request in the queue (1 pending, 0 handled, 0 unhandled)
08-08 13:08:42.763 1956 1976 D use-Rlog/RLOG-RIL: 2 RIL requests data in the queue
08-08 13:08:42.764 1956 1976 D use-Rlog/RLOG-RIL: 2 RIL requests in the queue (2 pending, 0 handled, 0 unhandled)
08-08 13:08:42.764 1956 1976 D use-Rlog/RLOG-RIL: 2 RIL requests data in the queue
08-08 13:08:42.764 1956 2206 D use-Rlog/RLOG-RIL-IPC:
08-08 13:08:42.764 1956 2206 D use-Rlog/RLOG-RIL-IPC: xmm626_sec_modem_fmt_send: Sent FMT message
08-08 13:08:42.764 1956 2206 D use-Rlog/RLOG-RIL-IPC: xmm626_sec_modem_fmt_send: Message: mseq=0xea, command=IPC_NET_SERVING_NETWORK, type=IPC_TYPE_GET, size=0
08-08 13:08:42.765 1956 2206 D use-Rlog/RLOG-RIL-IPC:
08-08 13:08:42.765 1956 2206 D use-Rlog/RLOG-RIL-IPC: xmm626_sec_modem_fmt_send: Sent FMT message
08-08 13:08:42.765 1956 2206 D use-Rlog/RLOG-RIL-IPC: xmm626_sec_modem_fmt_send: Message: mseq=0xeb, command=IPC_NET_REGIST, type=IPC_TYPE_GET, size=2
08-08 13:08:42.765 1956 2206 D use-Rlog/RLOG-RIL-IPC: ================================= IPC FMT data =================================
08-08 13:08:42.765 1956 2206 D use-Rlog/RLOG-RIL-IPC: [0000] FF 03 ..
08-08 13:08:42.765 1956 2206 D use-Rlog/RLOG-RIL-IPC: ================================================================================
08-08 13:08:42.766 1956 2202 D use-Rlog/RLOG-RIL-IPC:
08-08 13:08:42.766 1956 2202 D use-Rlog/RLOG-RIL-IPC: xmm626_sec_modem_fmt_recv: Received FMT message
08-08 13:08:42.766 1956 2202 D use-Rlog/RLOG-RIL-IPC: xmm626_sec_modem_fmt_recv: Message: aseq=0xff, command=IPC_NET_REGIST, type=IPC_TYPE_NOTI, size=11
08-08 13:08:42.766 1956 2202 D use-Rlog/RLOG-RIL-IPC: ================================= IPC FMT data =================================
08-08 13:08:42.767 1956 2202 D use-Rlog/RLOG-RIL-IPC: [0000] 04 03 02 01 50 0F 15 60 D7 02 00 ....P..` ...
08-08 13:08:42.767 1956 2202 D use-Rlog/RLOG-RIL-IPC: ================================================================================
08-08 13:08:42.771 2878 2878 D RILJ : [4770]> QUERY_NETWORK_SELECTION_MODE [SUB0]
08-08 13:08:42.772 2878 2968 D RILJ : [UNSL]< UNSOL_RESPONSE_VOICE_NETWORK_STATE_CHANGED [SUB0]
08-08 13:08:42.774 1956 1976 D use-Rlog/RLOG-RIL: 3 RIL requests in the queue (1 pending, 2 handled, 0 unhandled)
08-08 13:08:42.774 1956 1976 D use-Rlog/RLOG-RIL: 3 RIL requests data in the queue
08-08 13:08:42.775 1956 2206 D use-Rlog/RLOG-RIL: 2 RIL requests in the queue (0 pending, 2 handled, 0 unhandled)
08-08 13:08:42.775 1956 2206 D use-Rlog/RLOG-RIL: 2 RIL requests data in the queue
08-08 13:08:42.776 2878 2968 D RILJ : [4769]< VOICE_REGISTRATION_STATE {1, f50, 2d76015, 3, null, null, null, null, null, null, null, null, null, null, null} [SUB0]
08-08 13:08:42.776 1956 2202 D use-Rlog/RLOG-RIL-IPC:
08-08 13:08:42.776 1956 2202 D use-Rlog/RLOG-RIL-IPC: xmm626_sec_modem_fmt_recv: Received FMT message
08-08 13:08:42.777 1956 2202 D use-Rlog/RLOG-RIL-IPC: xmm626_sec_modem_fmt_recv: Message: aseq=0xff, command=IPC_GPRS_HSDPA_STATUS, type=IPC_TYPE_NOTI, size=1
08-08 13:08:42.777 1956 2202 D use-Rlog/RLOG-RIL-IPC: ================================= IPC FMT data =================================
08-08 13:08:42.777 1956 2202 D use-Rlog/RLOG-RIL-IPC: [0000] 00 .
08-08 13:08:42.777 1956 2202 D use-Rlog/RLOG-RIL-IPC: ================================================================================
08-08 13:08:42.777 1956 2202 D use-Rlog/RLOG-RIL-IPC:
08-08 13:08:42.777 1956 2202 D use-Rlog/RLOG-RIL-IPC: xmm626_sec_modem_fmt_recv: Received FMT message
08-08 13:08:42.777 1956 2202 D use-Rlog/RLOG-RIL-IPC: xmm626_sec_modem_fmt_recv: Message: aseq=0xea, command=IPC_NET_SERVING_NETWORK, type=IPC_TYPE_RESP, size=11
08-08 13:08:42.778 1956 2202 D use-Rlog/RLOG-RIL-IPC: ================================= IPC FMT data =================================
08-08 13:08:42.778 1956 2202 D use-Rlog/RLOG-RIL-IPC: [0000] 02 02 04 32 30 38 31 35 23 50 0F ...20815 #P.
08-08 13:08:42.778 1956 2202 D use-Rlog/RLOG-RIL-IPC: ================================================================================
08-08 13:08:42.778 1956 2202 D use-Rlog/RLOG-RIL: 1 RIL request in the queue (0 pending, 1 handled, 0 unhandled)
08-08 13:08:42.778 1956 2202 D use-Rlog/RLOG-RIL: 2 RIL requests data in the queue
08-08 13:08:42.780 2878 2968 D RILJ : [4767]< OPERATOR {Free Mobile, Free Mobile, 20815} [SUB0]
08-08 13:08:42.781 2878 2878 D RILJ : [4771]> OPERATOR [SUB0]
08-08 13:08:42.787 2878 2878 D RILJ : [4772]> DATA_REGISTRATION_STATE [SUB0]
08-08 13:08:42.789 1956 1976 D use-Rlog/RLOG-RIL: 2 RIL requests in the queue (1 pending, 1 handled, 0 unhandled)
08-08 13:08:42.789 1956 1976 D use-Rlog/RLOG-RIL: 2 RIL requests data in the queue
08-08 13:08:42.790 1956 1976 D use-Rlog/RLOG-RIL: 3 RIL requests in the queue (2 pending, 1 handled, 0 unhandled)
08-08 13:08:42.790 1956 1976 D use-Rlog/RLOG-RIL: 2 RIL requests data in the queue
08-08 13:08:42.790 1956 2206 D use-Rlog/RLOG-RIL-IPC:
08-08 13:08:42.790 1956 2206 D use-Rlog/RLOG-RIL-IPC: xmm626_sec_modem_fmt_send: Sent FMT message
08-08 13:08:42.790 1956 2206 D use-Rlog/RLOG-RIL-IPC: xmm626_sec_modem_fmt_send: Message: mseq=0xec, command=IPC_NET_PLMN_SEL, type=IPC_TYPE_GET, size=0
08-08 13:08:42.790 1956 2206 D use-Rlog/RLOG-RIL-IPC:
08-08 13:08:42.791 1956 2206 D use-Rlog/RLOG-RIL-IPC: xmm626_sec_modem_fmt_send: Sent FMT message
08-08 13:08:42.791 1956 2206 D use-Rlog/RLOG-RIL-IPC: xmm626_sec_modem_fmt_send: Message: mseq=0xed, command=IPC_NET_SERVING_NETWORK, type=IPC_TYPE_GET, size=0
08-08 13:08:42.792 1956 2202 D use-Rlog/RLOG-RIL-IPC:
08-08 13:08:42.792 1956 2202 D use-Rlog/RLOG-RIL-IPC: xmm626_sec_modem_fmt_recv: Received FMT message
08-08 13:08:42.792 1956 2202 D use-Rlog/RLOG-RIL-IPC: xmm626_sec_modem_fmt_recv: Message: aseq=0xeb, command=IPC_NET_REGIST, type=IPC_TYPE_RESP, size=11
08-08 13:08:42.792 1956 2202 D use-Rlog/RLOG-RIL-IPC: ================================= IPC FMT data =================================
08-08 13:08:42.792 1956 2202 D use-Rlog/RLOG-RIL-IPC: [0000] 04 03 02 01 50 0F 15 60 D7 02 00 ....P..` ...
08-08 13:08:42.792 1956 2202 D use-Rlog/RLOG-RIL-IPC: ================================================================================
08-08 13:08:42.792 1956 2202 D use-Rlog/RLOG-RIL: 2 RIL requests in the queue (0 pending, 2 handled, 0 unhandled)
08-08 13:08:42.793 1956 2202 D use-Rlog/RLOG-RIL: 2 RIL requests data in the queue
08-08 13:08:42.795 2878 2878 D RILJ : [4773]> VOICE_REGISTRATION_STATE [SUB0]
08-08 13:08:42.798 2878 2878 D RILJ : [4774]> QUERY_NETWORK_SELECTION_MODE [SUB0]
08-08 13:08:42.799 2878 2968 D RILJ : [4768]< DATA_REGISTRATION_STATE {1, f50, 2d76015, 3, 3} [SUB0]
08-08 13:08:42.800 1956 1976 D use-Rlog/RLOG-RIL: 3 RIL requests in the queue (1 pending, 2 handled, 0 unhandled)
08-08 13:08:42.800 1956 1976 D use-Rlog/RLOG-RIL: 2 RIL requests data in the queue
08-08 13:08:42.800 1956 1976 D use-Rlog/RLOG-RIL: 4 RIL requests in the queue (2 pending, 2 handled, 0 unhandled)
08-08 13:08:42.800 1956 1976 D use-Rlog/RLOG-RIL: 2 RIL requests data in the queue
08-08 13:08:42.800 1956 2206 D use-Rlog/RLOG-RIL: 3 RIL requests in the queue (1 pending, 2 handled, 0 unhandled)
08-08 13:08:42.801 1956 2206 D use-Rlog/RLOG-RIL: 1 RIL request data in the queue
08-08 13:08:42.801 1956 2206 D use-Rlog/RLOG-RIL-IPC:
08-08 13:08:42.801 1956 2206 D use-Rlog/RLOG-RIL-IPC: xmm626_sec_modem_fmt_send: Sent FMT message
08-08 13:08:42.801 1956 2206 D use-Rlog/RLOG-RIL-IPC: xmm626_sec_modem_fmt_send: Message: mseq=0xee, command=IPC_NET_REGIST, type=IPC_TYPE_GET, size=2
08-08 13:08:42.801 1956 2206 D use-Rlog/RLOG-RIL-IPC: ================================= IPC FMT data =================================
08-08 13:08:42.801 1956 2206 D use-Rlog/RLOG-RIL-IPC: [0000] FF 02 ..
08-08 13:08:42.801 1956 2206 D use-Rlog/RLOG-RIL-IPC: ================================================================================
08-08 13:08:42.802 1956 2202 D use-Rlog/RLOG-RIL-IPC:
08-08 13:08:42.802 1956 2202 D use-Rlog/RLOG-RIL-IPC: xmm626_sec_modem_fmt_recv: Received FMT message
08-08 13:08:42.802 1956 2202 D use-Rlog/RLOG-RIL-IPC: xmm626_sec_modem_fmt_recv: Message: aseq=0xec, command=IPC_NET_PLMN_SEL, type=IPC_TYPE_RESP, size=1
08-08 13:08:42.802 1956 2202 D use-Rlog/RLOG-RIL-IPC: ================================= IPC FMT data =================================
08-08 13:08:42.803 1956 2202 D use-Rlog/RLOG-RIL-IPC: [0000] 02 .
08-08 13:08:42.803 1956 2202 D use-Rlog/RLOG-RIL-IPC: ================================================================================
08-08 13:08:42.803 1956 2202 D use-Rlog/RLOG-RIL: 2 RIL requests in the queue (0 pending, 2 handled, 0 unhandled)
08-08 13:08:42.803 1956 2202 D use-Rlog/RLOG-RIL: 1 RIL request data in the queue
08-08 13:08:42.810 2878 2968 D RILJ : [4772]< DATA_REGISTRATION_STATE {1, f50, 2d76015, 3, 3} [SUB0]
08-08 13:08:42.810 2878 2968 D RILJ : [4770]< QUERY_NETWORK_SELECTION_MODE {0} [SUB0]
08-08 13:08:42.812 2878 2878 D PHONE : [ServiceState] setDataRegState=0
08-08 13:08:42.812 2878 2878 D PHONE : [ServiceState] setDataRadioTechnology=3
08-08 13:08:42.812 2878 2878 D GsmSST : [GsmSST] handlPollStateResultMessage: GsmSST setDataRegState=0 regState=1 dataRadioTechnology=3
08-08 13:08:42.813 1956 1976 D use-Rlog/RLOG-RIL: 3 RIL requests in the queue (1 pending, 2 handled, 0 unhandled)
08-08 13:08:42.813 1956 1976 D use-Rlog/RLOG-RIL: 1 RIL request data in the queue
08-08 13:08:42.813 1956 2206 D use-Rlog/RLOG-RIL-IPC:
08-08 13:08:42.813 1956 2206 D use-Rlog/RLOG-RIL-IPC: xmm626_sec_modem_fmt_send: Sent FMT message
08-08 13:08:42.813 1956 2206 D use-Rlog/RLOG-RIL-IPC: xmm626_sec_modem_fmt_send: Message: mseq=0xef, command=IPC_NET_PLMN_SEL, type=IPC_TYPE_GET, size=0
08-08 13:08:42.814 1956 2202 D use-Rlog/RLOG-RIL-IPC:
08-08 13:08:42.814 1956 2202 D use-Rlog/RLOG-RIL-IPC: xmm626_sec_modem_fmt_recv: Received FMT message
08-08 13:08:42.814 1956 2202 D use-Rlog/RLOG-RIL-IPC: xmm626_sec_modem_fmt_recv: Message: aseq=0xed, command=IPC_NET_SERVING_NETWORK, type=IPC_TYPE_RESP, size=11
08-08 13:08:42.814 1956 2202 D use-Rlog/RLOG-RIL-IPC: ================================= IPC FMT data =================================
08-08 13:08:42.814 1956 2202 D use-Rlog/RLOG-RIL-IPC: [0000] 02 02 04 32 30 38 31 35 23 50 0F ...20815 #P.
08-08 13:08:42.815 1956 2202 D use-Rlog/RLOG-RIL-IPC: ================================================================================
