08-08 13:08:42.815 1956 2202 D use-Rlog/RLOG-RIL: 2 RIL requests in the queue (0 pending, 2 handled, 0 unhandled)
08-08 13:08:42.815 1956 2202 D use-Rlog/RLOG-RIL: 1 RIL request data in the queue
08-08 13:08:42.816 2878 2968 D RILJ : [4771]< OPERATOR {Free Mobile, Free Mobile, 20815} [SUB0]
08-08 13:08:42.817 1956 2202 D use-Rlog/RLOG-RIL-IPC:
08-08 13:08:42.817 1956 2202 D use-Rlog/RLOG-RIL-IPC: xmm626_sec_modem_fmt_recv: Received FMT message
08-08 13:08:42.817 1956 2202 D use-Rlog/RLOG-RIL-IPC: xmm626_sec_modem_fmt_recv: Message: aseq=0xee, command=IPC_NET_REGIST, type=IPC_TYPE_RESP, size=11
08-08 13:08:42.817 1956 2202 D use-Rlog/RLOG-RIL-IPC: ================================= IPC FMT data =================================
08-08 13:08:42.818 1956 2202 D use-Rlog/RLOG-RIL-IPC: [0000] 04 02 02 01 50 0F 15 60 D7 02 00 ....P..` ...
08-08 13:08:42.818 1956 2202 D use-Rlog/RLOG-RIL-IPC: ================================================================================
08-08 13:08:42.818 1956 2202 D use-Rlog/RLOG-RIL: 1 RIL request in the queue (0 pending, 1 handled, 0 unhandled)
08-08 13:08:42.818 1956 2202 D use-Rlog/RLOG-RIL: 1 RIL request data in the queue
08-08 13:08:42.819 2878 2968 D RILJ : [4773]< VOICE_REGISTRATION_STATE {1, f50, 2d76015, 3, null, null, null, null, null, null, null, null, null, null, null} [SUB0]
08-08 13:08:42.819 2878 2878 D PHONE : [ServiceState] setVoiceRegState=0
08-08 13:08:42.820 2878 2878 E PHONE : [ServiceState] setState deprecated use setVoiceRegState()
08-08 13:08:42.820 1956 2202 D use-Rlog/RLOG-RIL-IPC:
08-08 13:08:42.820 1956 2202 D use-Rlog/RLOG-RIL-IPC: xmm626_sec_modem_fmt_recv: Received FMT message
08-08 13:08:42.820 1956 2202 D use-Rlog/RLOG-RIL-IPC: xmm626_sec_modem_fmt_recv: Message: aseq=0xef, command=IPC_NET_PLMN_SEL, type=IPC_TYPE_RESP, size=1
08-08 13:08:42.821 1956 2202 D use-Rlog/RLOG-RIL-IPC: ================================= IPC FMT data =================================
08-08 13:08:42.821 1956 2202 D use-Rlog/RLOG-RIL-IPC: [0000] 02 .
08-08 13:08:42.821 1956 2202 D use-Rlog/RLOG-RIL-IPC: ================================================================================
08-08 13:08:42.821 1956 2202 D use-Rlog/RLOG-RIL: 0 RIL request in the queue (0 pending, 0 handled, 0 unhandled)
08-08 13:08:42.821 1956 2202 D use-Rlog/RLOG-RIL: 1 RIL request data in the queue
08-08 13:08:42.822 2878 2968 D RILJ : [4774]< QUERY_NETWORK_SELECTION_MODE {0} [SUB0]
08-08 13:08:42.828 2878 2878 D GsmSST : [GsmSST] Poll ServiceState done: oldSS=[0 0 voice home data home Free Mobile Free Mobile 20815 Free Mobile Free Mobile 20815 UMTS UMTS CSS not supported -1 -1 RoamInd=-1 DefRoamInd=-1 EmergOnly=false IsDataRoamingFromRegistration=false] newSS=[0 0 voice home data home Free Mobile Free Mobile 20815 Free Mobile Free Mobile 20815 UMTS UMTS CSS not supported -1 -1 RoamInd=-1 DefRoamInd=-1 EmergOnly=false IsDataRoamingFromRegistration=false] oldMaxDataCalls=1 mNewMaxDataCalls=1 oldReasonDataDenied=-1 mNewReasonDataDenied=-1
08-08 13:08:42.828 2878 2878 D PHONE : [ServiceState] setNullState=1
08-08 13:08:42.829 2878 2878 D GsmSST : [GsmSST] getCellLocation(): X good mCellLoc=[3920,47669269,-1]
08-08 13:08:42.830 2304 2316 D TelephonyRegistry: notifyCellLocationForSubscriber: subId=7 cellLocation=Bundle[mParcelledData.dataSize=64]
08-08 13:09:12.757 2878 2878 D DCT : [0]onReceive: action=com.android.internal.telephony.data-stall
08-08 13:09:12.758 2878 2878 D DCT : [0]handleMessage msg={ when=-1ms what=270353 arg1=30806 obj=com.android.internal.telephony.data-stall target=com.android.internal.telephony.dataconnection.DcTracker }
08-08 13:09:12.767 2878 2878 D DCT : [0]overall state is CONNECTED
08-08 13:09:23.090 1956 2202 D use-Rlog/RLOG-RIL-IPC:
08-08 13:09:23.090 1956 2202 D use-Rlog/RLOG-RIL-IPC: xmm626_sec_modem_fmt_recv: Received FMT message
08-08 13:09:23.090 1956 2202 D use-Rlog/RLOG-RIL-IPC: xmm626_sec_modem_fmt_recv: Message: aseq=0xef, command=IPC_GPRS_HSDPA_STATUS, type=IPC_TYPE_NOTI, size=1
08-08 13:09:23.090 1956 2202 D use-Rlog/RLOG-RIL-IPC: ================================= IPC FMT data =================================
08-08 13:09:23.090 1956 2202 D use-Rlog/RLOG-RIL-IPC: [0000] 00 .
08-08 13:09:23.090 1956 2202 D use-Rlog/RLOG-RIL-IPC: ================================================================================
08-08 13:09:23.090 1956 2202 D use-Rlog/RLOG-RIL-IPC:
08-08 13:09:23.090 1956 2202 D use-Rlog/RLOG-RIL-IPC: xmm626_sec_modem_fmt_recv: Received FMT message
08-08 13:09:23.090 1956 2202 D use-Rlog/RLOG-RIL-IPC: xmm626_sec_modem_fmt_recv: Message: aseq=0xff, command=IPC_NET_REGIST, type=IPC_TYPE_NOTI, size=11
08-08 13:09:23.090 1956 2202 D use-Rlog/RLOG-RIL-IPC: ================================= IPC FMT data =================================
08-08 13:09:23.090 1956 2202 D use-Rlog/RLOG-RIL-IPC: [0000] 04 02 02 01 50 0F 16 60 D7 02 00 ....P..` ...
08-08 13:09:23.090 1956 2202 D use-Rlog/RLOG-RIL-IPC: ================================================================================
08-08 13:09:23.091 1956 2202 D use-Rlog/RLOG-RIL-IPC:
08-08 13:09:23.091 1956 2202 D use-Rlog/RLOG-RIL-IPC: xmm626_sec_modem_fmt_recv: Received FMT message
08-08 13:09:23.091 1956 2202 D use-Rlog/RLOG-RIL-IPC: xmm626_sec_modem_fmt_recv: Message: aseq=0xff, command=IPC_NET_REGIST, type=IPC_TYPE_NOTI, size=11
08-08 13:09:23.091 1956 2202 D use-Rlog/RLOG-RIL-IPC: ================================= IPC FMT data =================================
08-08 13:09:23.091 1956 2202 D use-Rlog/RLOG-RIL-IPC: [0000] 04 03 02 01 50 0F 16 60 D7 02 00 ....P..` ...
08-08 13:09:23.091 1956 2202 D use-Rlog/RLOG-RIL-IPC: ================================================================================
08-08 13:09:23.091 1956 2202 D use-Rlog/RLOG-RIL-IPC:
08-08 13:09:23.091 1956 2202 D use-Rlog/RLOG-RIL-IPC: xmm626_sec_modem_fmt_recv: Received FMT message
08-08 13:09:23.091 1956 2202 D use-Rlog/RLOG-RIL-IPC: xmm626_sec_modem_fmt_recv: Message: aseq=0xff, command=IPC_GPRS_HSDPA_STATUS, type=IPC_TYPE_NOTI, size=1
08-08 13:09:23.091 2878 2968 D RILJ : [UNSL]< UNSOL_RESPONSE_VOICE_NETWORK_STATE_CHANGED [SUB0]
08-08 13:09:23.091 1956 2202 D use-Rlog/RLOG-RIL-IPC: ================================= IPC FMT data =================================
08-08 13:09:23.091 1956 2202 D use-Rlog/RLOG-RIL-IPC: [0000] 00 .
08-08 13:09:23.091 1956 2202 D use-Rlog/RLOG-RIL-IPC: ================================================================================
08-08 13:09:23.092 2878 2968 D RILJ : [UNSL]< UNSOL_RESPONSE_VOICE_NETWORK_STATE_CHANGED [SUB0]
08-08 13:09:23.092 2878 2878 D RILJ : [4775]> OPERATOR [SUB0]
08-08 13:09:23.093 2878 2878 D RILJ : [4776]> DATA_REGISTRATION_STATE [SUB0]
08-08 13:09:23.093 1956 1976 D use-Rlog/RLOG-RIL: 1 RIL request in the queue (1 pending, 0 handled, 0 unhandled)
08-08 13:09:23.093 1956 1976 D use-Rlog/RLOG-RIL: 3 RIL requests data in the queue
08-08 13:09:23.094 1956 2206 D use-Rlog/RLOG-RIL-IPC:
08-08 13:09:23.094 1956 2206 D use-Rlog/RLOG-RIL-IPC: xmm626_sec_modem_fmt_send: Sent FMT message
08-08 13:09:23.094 1956 2206 D use-Rlog/RLOG-RIL-IPC: xmm626_sec_modem_fmt_send: Message: mseq=0xf0, command=IPC_NET_SERVING_NETWORK, type=IPC_TYPE_GET, size=0
08-08 13:09:23.094 2878 2878 D RILJ : [4777]> VOICE_REGISTRATION_STATE [SUB0]
08-08 13:09:23.094 1956 1976 D use-Rlog/RLOG-RIL: 2 RIL requests in the queue (1 pending, 1 handled, 0 unhandled)
08-08 13:09:23.094 1956 1976 D use-Rlog/RLOG-RIL: 3 RIL requests data in the queue
08-08 13:09:23.094 1956 2206 D use-Rlog/RLOG-RIL: 1 RIL request in the queue (0 pending, 1 handled, 0 unhandled)
08-08 13:09:23.094 1956 2206 D use-Rlog/RLOG-RIL: 2 RIL requests data in the queue
08-08 13:09:23.095 2878 2968 D RILJ : [4776]< DATA_REGISTRATION_STATE {1, f50, 2d76016, 3, 3} [SUB0]
08-08 13:09:23.095 2878 2878 D RILJ : [4778]> QUERY_NETWORK_SELECTION_MODE [SUB0]
08-08 13:09:23.095 1956 1976 D use-Rlog/RLOG-RIL: 2 RIL requests in the queue (1 pending, 1 handled, 0 unhandled)
08-08 13:09:23.095 1956 1976 D use-Rlog/RLOG-RIL: 2 RIL requests data in the queue
08-08 13:09:23.095 1956 2206 D use-Rlog/RLOG-RIL: 1 RIL request in the queue (0 pending, 1 handled, 0 unhandled)
08-08 13:09:23.095 1956 2206 D use-Rlog/RLOG-RIL: 1 RIL request data in the queue
08-08 13:09:23.096 2878 2968 D RILJ : [4777]< VOICE_REGISTRATION_STATE {1, f50, 2d76016, 3, null, null, null, null, null, null, null, null, null, null, null} [SUB0]
08-08 13:09:23.096 2878 2878 D RILJ : [4779]> OPERATOR [SUB0]
08-08 13:09:23.096 1956 1976 D use-Rlog/RLOG-RIL: 2 RIL requests in the queue (1 pending, 1 handled, 0 unhandled)
08-08 13:09:23.096 1956 1976 D use-Rlog/RLOG-RIL: 1 RIL request data in the queue
08-08 13:09:23.096 1956 2206 D use-Rlog/RLOG-RIL-IPC:
08-08 13:09:23.096 1956 2206 D use-Rlog/RLOG-RIL-IPC: xmm626_sec_modem_fmt_send: Sent FMT message
08-08 13:09:23.096 1956 2206 D use-Rlog/RLOG-RIL-IPC: xmm626_sec_modem_fmt_send: Message: mseq=0xf1, command=IPC_NET_PLMN_SEL, type=IPC_TYPE_GET, size=0
08-08 13:09:23.097 1956 2202 D use-Rlog/RLOG-RIL-IPC:
08-08 13:09:23.097 1956 2202 D use-Rlog/RLOG-RIL-IPC: xmm626_sec_modem_fmt_recv: Received FMT message
08-08 13:09:23.097 1956 2202 D use-Rlog/RLOG-RIL-IPC: xmm626_sec_modem_fmt_recv: Message: aseq=0xf0, command=IPC_NET_SERVING_NETWORK, type=IPC_TYPE_RESP, size=11
08-08 13:09:23.097 1956 2202 D use-Rlog/RLOG-RIL-IPC: ================================= IPC FMT data =================================
08-08 13:09:23.097 1956 2202 D use-Rlog/RLOG-RIL-IPC: [0000] 02 02 04 32 30 38 31 35 23 50 0F ...20815 #P.
08-08 13:09:23.097 1956 2202 D use-Rlog/RLOG-RIL-IPC: ================================================================================
08-08 13:09:23.097 1956 2202 D use-Rlog/RLOG-RIL: 1 RIL request in the queue (0 pending, 1 handled, 0 unhandled)
08-08 13:09:23.097 1956 2202 D use-Rlog/RLOG-RIL: 1 RIL request data in the queue
08-08 13:09:23.098 2878 2968 D RILJ : [4775]< OPERATOR {Free Mobile, Free Mobile, 20815} [SUB0]
08-08 13:09:23.099 1956 1976 D use-Rlog/RLOG-RIL: 2 RIL requests in the queue (1 pending, 1 handled, 0 unhandled)
08-08 13:09:23.099 1956 1976 D use-Rlog/RLOG-RIL: 1 RIL request data in the queue
08-08 13:09:23.099 2878 2878 D RILJ : [4780]> DATA_REGISTRATION_STATE [SUB0]
08-08 13:09:23.099 1956 2206 D use-Rlog/RLOG-RIL-IPC:
08-08 13:09:23.099 1956 2206 D use-Rlog/RLOG-RIL-IPC: xmm626_sec_modem_fmt_send: Sent FMT message
08-08 13:09:23.099 1956 2206 D use-Rlog/RLOG-RIL-IPC: xmm626_sec_modem_fmt_send: Message: mseq=0xf2, command=IPC_NET_SERVING_NETWORK, type=IPC_TYPE_GET, size=0
08-08 13:09:23.100 1956 2202 D use-Rlog/RLOG-RIL-IPC:
08-08 13:09:23.100 1956 2202 D use-Rlog/RLOG-RIL-IPC: xmm626_sec_modem_fmt_recv: Received FMT message
08-08 13:09:23.100 1956 2202 D use-Rlog/RLOG-RIL-IPC: xmm626_sec_modem_fmt_recv: Message: aseq=0xf1, command=IPC_NET_PLMN_SEL, type=IPC_TYPE_RESP, size=1
08-08 13:09:23.100 1956 2202 D use-Rlog/RLOG-RIL-IPC: ================================= IPC FMT data =================================
08-08 13:09:23.100 1956 2202 D use-Rlog/RLOG-RIL-IPC: [0000] 02 .
08-08 13:09:23.100 1956 2202 D use-Rlog/RLOG-RIL-IPC: ================================================================================
08-08 13:09:23.100 1956 2202 D use-Rlog/RLOG-RIL: 1 RIL request in the queue (0 pending, 1 handled, 0 unhandled)
08-08 13:09:23.100 1956 2202 D use-Rlog/RLOG-RIL: 1 RIL request data in the queue
08-08 13:09:23.100 2878 2968 D RILJ : [4778]< QUERY_NETWORK_SELECTION_MODE {0} [SUB0]
08-08 13:09:23.101 1956 2202 D use-Rlog/RLOG-RIL-IPC:
08-08 13:09:23.101 1956 2202 D use-Rlog/RLOG-RIL-IPC: xmm626_sec_modem_fmt_recv: Received FMT message
08-08 13:09:23.101 1956 2202 D use-Rlog/RLOG-RIL-IPC: xmm626_sec_modem_fmt_recv: Message: aseq=0xf2, command=IPC_NET_SERVING_NETWORK, type=IPC_TYPE_RESP, size=11
08-08 13:09:23.101 1956 2202 D use-Rlog/RLOG-RIL-IPC: ================================= IPC FMT data =================================
08-08 13:09:23.101 1956 2202 D use-Rlog/RLOG-RIL-IPC: [0000] 02 02 04 32 30 38 31 35 23 50 0F ...20815 #P.
08-08 13:09:23.101 1956 2202 D use-Rlog/RLOG-RIL-IPC: ================================================================================
08-08 13:09:23.101 1956 2202 D use-Rlog/RLOG-RIL: 0 RIL request in the queue (0 pending, 0 handled, 0 unhandled)
08-08 13:09:23.101 1956 2202 D use-Rlog/RLOG-RIL: 1 RIL request data in the queue
08-08 13:09:23.101 2878 2878 D RILJ : [4781]> VOICE_REGISTRATION_STATE [SUB0]
08-08 13:09:23.102 2878 2968 D RILJ : [4779]< OPERATOR {Free Mobile, Free Mobile, 20815} [SUB0]
08-08 13:09:23.102 1956 1976 D use-Rlog/RLOG-RIL: 1 RIL request in the queue (1 pending, 0 handled, 0 unhandled)
08-08 13:09:23.102 1956 1976 D use-Rlog/RLOG-RIL: 1 RIL request data in the queue
08-08 13:09:23.102 1956 2206 D use-Rlog/RLOG-RIL-IPC:
08-08 13:09:23.102 1956 2206 D use-Rlog/RLOG-RIL-IPC: xmm626_sec_modem_fmt_send: Sent FMT message
08-08 13:09:23.102 1956 2206 D use-Rlog/RLOG-RIL-IPC: xmm626_sec_modem_fmt_send: Message: mseq=0xf3, command=IPC_NET_REGIST, type=IPC_TYPE_GET, size=2
08-08 13:09:23.102 1956 2206 D use-Rlog/RLOG-RIL-IPC: ================================= IPC FMT data =================================
08-08 13:09:23.102 1956 2206 D use-Rlog/RLOG-RIL-IPC: [0000] FF 03 ..
08-08 13:09:23.102 1956 2206 D use-Rlog/RLOG-RIL-IPC: ================================================================================
08-08 13:09:23.103 2878 2878 D RILJ : [4782]> QUERY_NETWORK_SELECTION_MODE [SUB0]
08-08 13:09:23.103 1956 1976 D use-Rlog/RLOG-RIL: 2 RIL requests in the queue (1 pending, 1 handled, 0 unhandled)
08-08 13:09:23.103 1956 1976 D use-Rlog/RLOG-RIL: 1 RIL request data in the queue
08-08 13:09:23.104 1956 2206 D use-Rlog/RLOG-RIL-IPC:
08-08 13:09:23.104 1956 2206 D use-Rlog/RLOG-RIL-IPC: xmm626_sec_modem_fmt_send: Sent FMT message
08-08 13:09:23.104 1956 2206 D use-Rlog/RLOG-RIL-IPC: xmm626_sec_modem_fmt_send: Message: mseq=0xf4, command=IPC_NET_REGIST, type=IPC_TYPE_GET, size=2
08-08 13:09:23.104 1956 2206 D use-Rlog/RLOG-RIL-IPC: ================================= IPC FMT data =================================
08-08 13:09:23.104 1956 2206 D use-Rlog/RLOG-RIL-IPC: [0000] FF 02 ..
08-08 13:09:23.104 1956 2206 D use-Rlog/RLOG-RIL-IPC: ================================================================================
08-08 13:09:23.104 1956 2202 D use-Rlog/RLOG-RIL-IPC:
08-08 13:09:23.104 1956 2202 D use-Rlog/RLOG-RIL-IPC: xmm626_sec_modem_fmt_recv: Received FMT message
08-08 13:09:23.104 1956 2202 D use-Rlog/RLOG-RIL-IPC: xmm626_sec_modem_fmt_recv: Message: aseq=0xf3, command=IPC_NET_REGIST, type=IPC_TYPE_RESP, size=11
08-08 13:09:23.104 1956 2202 D use-Rlog/RLOG-RIL-IPC: ================================= IPC FMT data =================================
08-08 13:09:23.105 1956 2202 D use-Rlog/RLOG-RIL-IPC: [0000] 04 03 02 01 50 0F 16 60 D7 02 00 ....P..` ...
08-08 13:09:23.105 1956 2202 D use-Rlog/RLOG-RIL-IPC: ================================================================================
08-08 13:09:23.105 1956 2202 D use-Rlog/RLOG-RIL: 1 RIL request in the queue (0 pending, 1 handled, 0 unhandled)
08-08 13:09:23.105 1956 2202 D use-Rlog/RLOG-RIL: 1 RIL request data in the queue
08-08 13:09:23.105 2878 2968 D RILJ : [4780]< DATA_REGISTRATION_STATE {1, f50, 2d76016, 3, 3} [SUB0]
08-08 13:09:23.106 1956 2202 D use-Rlog/RLOG-RIL-IPC:
08-08 13:09:23.106 1956 2202 D use-Rlog/RLOG-RIL-IPC: xmm626_sec_modem_fmt_recv: Received FMT message
08-08 13:09:23.106 1956 2202 D use-Rlog/RLOG-RIL-IPC: xmm626_sec_modem_fmt_recv: Message: aseq=0xf4, command=IPC_NET_REGIST, type=IPC_TYPE_RESP, size=11
08-08 13:09:23.106 1956 2202 D use-Rlog/RLOG-RIL-IPC: ================================= IPC FMT data =================================
08-08 13:09:23.106 1956 2202 D use-Rlog/RLOG-RIL-IPC: [0000] 04 02 02 01 50 0F 16 60 D7 02 00 ....P..` ...
08-08 13:09:23.106 1956 2202 D use-Rlog/RLOG-RIL-IPC: ================================================================================
08-08 13:09:23.106 1956 2202 D use-Rlog/RLOG-RIL: 0 RIL request in the queue (0 pending, 0 handled, 0 unhandled)
08-08 13:09:23.106 1956 2202 D use-Rlog/RLOG-RIL: 1 RIL request data in the queue
08-08 13:09:23.107 2878 2968 D RILJ : [4781]< VOICE_REGISTRATION_STATE {1, f50, 2d76016, 3, null, null, null, null, null, null, null, null, null, null, null} [SUB0]
08-08 13:09:23.107 1956 1976 D use-Rlog/RLOG-RIL: 1 RIL request in the queue (1 pending, 0 handled, 0 unhandled)
08-08 13:09:23.107 1956 1976 D use-Rlog/RLOG-RIL: 1 RIL request data in the queue
08-08 13:09:23.107 1956 2206 D use-Rlog/RLOG-RIL-IPC:
08-08 13:09:23.107 1956 2206 D use-Rlog/RLOG-RIL-IPC: xmm626_sec_modem_fmt_send: Sent FMT message
08-08 13:09:23.107 1956 2206 D use-Rlog/RLOG-RIL-IPC: xmm626_sec_modem_fmt_send: Message: mseq=0xf5, command=IPC_NET_PLMN_SEL, type=IPC_TYPE_GET, size=0
08-08 13:09:23.108 2878 2878 D PHONE : [ServiceState] setDataRegState=0
08-08 13:09:23.108 2878 2878 D PHONE : [ServiceState] setDataRadioTechnology=3
08-08 13:09:23.108 2878 2878 D GsmSST : [GsmSST] handlPollStateResultMessage: GsmSST setDataRegState=0 regState=1 dataRadioTechnology=3
08-08 13:09:23.108 2878 2878 D PHONE : [ServiceState] setVoiceRegState=0
08-08 13:09:23.108 2878 2878 E PHONE : [ServiceState] setState deprecated use setVoiceRegState()
08-08 13:09:23.109 1956 2202 D use-Rlog/RLOG-RIL-IPC:
08-08 13:09:23.109 1956 2202 D use-Rlog/RLOG-RIL-IPC: xmm626_sec_modem_fmt_recv: Received FMT message
08-08 13:09:23.109 1956 2202 D use-Rlog/RLOG-RIL-IPC: xmm626_sec_modem_fmt_recv: Message: aseq=0xf5, command=IPC_NET_PLMN_SEL, type=IPC_TYPE_RESP, size=1
08-08 13:09:23.109 1956 2202 D use-Rlog/RLOG-RIL-IPC: ================================= IPC FMT data =================================
08-08 13:09:23.109 1956 2202 D use-Rlog/RLOG-RIL-IPC: [0000] 02 .
08-08 13:09:23.109 1956 2202 D use-Rlog/RLOG-RIL-IPC: ================================================================================
08-08 13:09:23.110 1956 2202 D use-Rlog/RLOG-RIL: 0 RIL request in the queue (0 pending, 0 handled, 0 unhandled)
08-08 13:09:23.110 1956 2202 D use-Rlog/RLOG-RIL: 1 RIL request data in the queue
08-08 13:09:23.110 2878 2968 D RILJ : [4782]< QUERY_NETWORK_SELECTION_MODE {0} [SUB0]
08-08 13:09:23.112 2878 2878 D GsmSST : [GsmSST] Poll ServiceState done: oldSS=[0 0 voice home data home Free Mobile Free Mobile 20815 Free Mobile Free Mobile 20815 UMTS UMTS CSS not supported -1 -1 RoamInd=-1 DefRoamInd=-1 EmergOnly=false IsDataRoamingFromRegistration=false] newSS=[0 0 voice home data home Free Mobile Free Mobile 20815 Free Mobile Free Mobile 20815 UMTS UMTS CSS not supported -1 -1 RoamInd=-1 DefRoamInd=-1 EmergOnly=false IsDataRoamingFromRegistration=false] oldMaxDataCalls=1 mNewMaxDataCalls=1 oldReasonDataDenied=-1 mNewReasonDataDenied=-1
08-08 13:09:23.112 2878 2878 D PHONE : [ServiceState] setNullState=1
08-08 13:09:23.112 2878 2878 D GsmSST : [GsmSST] getCellLocation(): X good mCellLoc=[3920,47669270,-1]
08-08 13:09:23.113 2304 2316 D TelephonyRegistry: notifyCellLocationForSubscriber: subId=7 cellLocation=Bundle[mParcelledData.dataSize=64]
08-08 13:09:25.335 2878 3306 D DCT : [0]fetchDunApn: net.tethering.noprovisioning=true ret: null
08-08 13:09:25.335 2878 3306 D DCT : [0]hasMatchedTetherApnSetting: APN=null
08-08 13:09:32.224 1956 2202 D use-Rlog/RLOG-RIL-IPC:
08-08 13:09:32.224 1956 2202 D use-Rlog/RLOG-RIL-IPC: xmm626_sec_modem_fmt_recv: Received FMT message
08-08 13:09:32.224 1956 2202 D use-Rlog/RLOG-RIL-IPC: xmm626_sec_modem_fmt_recv: Message: aseq=0xf5, command=IPC_DISP_RSSI_INFO, type=IPC_TYPE_NOTI, size=1
08-08 13:09:32.224 1956 2202 D use-Rlog/RLOG-RIL-IPC: ================================= IPC FMT data =================================
08-08 13:09:32.224 1956 2202 D use-Rlog/RLOG-RIL-IPC: [0000] 56 V
08-08 13:09:32.224 1956 2202 D use-Rlog/RLOG-RIL-IPC: ================================================================================
08-08 13:09:32.224 1956 2202 D use-Rlog/RLOG-RIL: Signal strength is 13
08-08 13:09:32.225 2878 2878 D DefaultPhoneNotifier: notifySignalStrength: mRegistry=com.android.internal.telephony.ITelephonyRegistry$Stub$Proxy@5b7d720 ss=SignalStrength: 13 99 -120 -160 -120 -1 -1 99 2147483647 2147483647 2147483647 -1 2147483647 gsm|lte sender=Handler (com.android.internal.telephony.gsm.GSMPhone) {b342f08}
08-08 13:10:02.091 1956 2202 D use-Rlog/RLOG-RIL-IPC:
08-08 13:10:02.091 1956 2202 D use-Rlog/RLOG-RIL-IPC: xmm626_sec_modem_fmt_recv: Received FMT message
08-08 13:10:02.091 1956 2202 D use-Rlog/RLOG-RIL-IPC: xmm626_sec_modem_fmt_recv: Message: aseq=0xf5, command=IPC_GPRS_HSDPA_STATUS, type=IPC_TYPE_NOTI, size=1
08-08 13:10:02.091 1956 2202 D use-Rlog/RLOG-RIL-IPC: ================================= IPC FMT data =================================
08-08 13:10:02.091 1956 2202 D use-Rlog/RLOG-RIL-IPC: [0000] 00 .
08-08 13:10:02.092 1956 2202 D use-Rlog/RLOG-RIL-IPC: ================================================================================
08-08 13:10:02.092 1956 2202 D use-Rlog/RLOG-RIL-IPC:
08-08 13:10:02.092 1956 2202 D use-Rlog/RLOG-RIL-IPC: xmm626_sec_modem_fmt_recv: Received FMT message
08-08 13:10:02.092 1956 2202 D use-Rlog/RLOG-RIL-IPC: xmm626_sec_modem_fmt_recv: Message: aseq=0xff, command=IPC_NET_REGIST, type=IPC_TYPE_NOTI, size=11
08-08 13:10:02.092 1956 2202 D use-Rlog/RLOG-RIL-IPC: ================================= IPC FMT data =================================
08-08 13:10:02.092 1956 2202 D use-Rlog/RLOG-RIL-IPC: [0000] 04 02 02 01 50 0F 15 60 D7 02 00 ....P..` ...
08-08 13:10:02.093 1956 2202 D use-Rlog/RLOG-RIL-IPC: ================================================================================
08-08 13:10:02.094 2878 2968 D RILJ : [UNSL]< UNSOL_RESPONSE_VOICE_NETWORK_STATE_CHANGED [SUB0]
08-08 13:10:02.094 2878 2878 D RILJ : [4783]> OPERATOR [SUB0]
08-08 13:10:02.096 1956 2202 D use-Rlog/RLOG-RIL-IPC:
08-08 13:10:02.096 1956 2202 D use-Rlog/RLOG-RIL-IPC: xmm626_sec_modem_fmt_recv: Received FMT message
08-08 13:10:02.097 1956 2202 D use-Rlog/RLOG-RIL-IPC: xmm626_sec_modem_fmt_recv: Message: aseq=0xff, command=IPC_NET_REGIST, type=IPC_TYPE_NOTI, size=11
08-08 13:10:02.097 1956 2202 D use-Rlog/RLOG-RIL-IPC: ================================= IPC FMT data =================================
08-08 13:10:02.097 1956 2202 D use-Rlog/RLOG-RIL-IPC: [0000] 04 03 02 01 50 0F 15 60 D7 02 00 ....P..` ...
08-08 13:10:02.097 1956 2202 D use-Rlog/RLOG-RIL-IPC: ================================================================================
08-08 13:10:02.098 1956 2202 D use-Rlog/RLOG-RIL-IPC:
08-08 13:10:02.098 1956 2202 D use-Rlog/RLOG-RIL-IPC: xmm626_sec_modem_fmt_recv: Received FMT message
08-08 13:10:02.098 1956 2202 D use-Rlog/RLOG-RIL-IPC: xmm626_sec_modem_fmt_recv: Message: aseq=0xff, command=IPC_GPRS_HSDPA_STATUS, type=IPC_TYPE_NOTI, size=1
08-08 13:10:02.098 2878 2968 D RILJ : [UNSL]< UNSOL_RESPONSE_VOICE_NETWORK_STATE_CHANGED [SUB0]
08-08 13:10:02.098 1956 2202 D use-Rlog/RLOG-RIL-IPC: ================================= IPC FMT data =================================
08-08 13:10:02.098 1956 2202 D use-Rlog/RLOG-RIL-IPC: [0000] 00 .
08-08 13:10:02.098 1956 2202 D use-Rlog/RLOG-RIL-IPC: ================================================================================
08-08 13:10:02.100 2878 2878 D RILJ : [4784]> DATA_REGISTRATION_STATE [SUB0]
08-08 13:10:02.101 1956 1976 D use-Rlog/RLOG-RIL: 1 RIL request in the queue (1 pending, 0 handled, 0 unhandled)
08-08 13:10:02.101 1956 1976 D use-Rlog/RLOG-RIL: 3 RIL requests data in the queue
08-08 13:10:02.102 1956 2206 D use-Rlog/RLOG-RIL-IPC:
08-08 13:10:02.102 1956 2206 D use-Rlog/RLOG-RIL-IPC: xmm626_sec_modem_fmt_send: Sent FMT message
08-08 13:10:02.103 1956 2206 D use-Rlog/RLOG-RIL-IPC: xmm626_sec_modem_fmt_send: Message: mseq=0xf6, command=IPC_NET_SERVING_NETWORK, type=IPC_TYPE_GET, size=0
08-08 13:10:02.105 1956 1976 D use-Rlog/RLOG-RIL: 2 RIL requests in the queue (1 pending, 1 handled, 0 unhandled)
08-08 13:10:02.105 1956 1976 D use-Rlog/RLOG-RIL: 3 RIL requests data in the queue
08-08 13:10:02.105 1956 2206 D use-Rlog/RLOG-RIL: 1 RIL request in the queue (0 pending, 1 handled, 0 unhandled)
08-08 13:10:02.105 1956 2206 D use-Rlog/RLOG-RIL: 2 RIL requests data in the queue
08-08 13:10:02.106 1956 2202 D use-Rlog/RLOG-RIL-IPC:
08-08 13:10:02.106 2878 2968 D RILJ : [4784]< DATA_REGISTRATION_STATE {1, f50, 2d76015, 3, 3} [SUB0]
08-08 13:10:02.106 1956 2202 D use-Rlog/RLOG-RIL-IPC: xmm626_sec_modem_fmt_recv: Received FMT message
08-08 13:10:02.106 1956 2202 D use-Rlog/RLOG-RIL-IPC: xmm626_sec_modem_fmt_recv: Message: aseq=0xf6, command=IPC_NET_SERVING_NETWORK, type=IPC_TYPE_RESP, size=11
08-08 13:10:02.106 1956 2202 D use-Rlog/RLOG-RIL-IPC: ================================= IPC FMT data =================================
08-08 13:10:02.107 1956 2202 D use-Rlog/RLOG-RIL-IPC: [0000] 02 02 04 32 30 38 31 35 23 50 0F ...20815 #P.
08-08 13:10:02.107 1956 2202 D use-Rlog/RLOG-RIL-IPC: ================================================================================
08-08 13:10:02.107 1956 2202 D use-Rlog/RLOG-RIL: 0 RIL request in the queue (0 pending, 0 handled, 0 unhandled)
08-08 13:10:02.107 1956 2202 D use-Rlog/RLOG-RIL: 2 RIL requests data in the queue
08-08 13:10:02.108 2878 2878 D RILJ : [4785]> VOICE_REGISTRATION_STATE [SUB0]
08-08 13:10:02.108 2878 2968 D RILJ : [4783]< OPERATOR {Free Mobile, Free Mobile, 20815} [SUB0]
08-08 13:10:02.111 2878 2878 D RILJ : [4786]> QUERY_NETWORK_SELECTION_MODE [SUB0]
08-08 13:10:02.111 1956 1976 D use-Rlog/RLOG-RIL: 1 RIL request in the queue (1 pending, 0 handled, 0 unhandled)
08-08 13:10:02.112 1956 1976 D use-Rlog/RLOG-RIL: 2 RIL requests data in the queue
08-08 13:10:02.112 1956 2206 D use-Rlog/RLOG-RIL: 0 RIL request in the queue (0 pending, 0 handled, 0 unhandled)
08-08 13:10:02.112 1956 2206 D use-Rlog/RLOG-RIL: 1 RIL request data in the queue
08-08 13:10:02.113 2878 2878 D RILJ : [4787]> OPERATOR [SUB0]
08-08 13:10:02.114 1956 1976 D use-Rlog/RLOG-RIL: 1 RIL request in the queue (1 pending, 0 handled, 0 unhandled)
08-08 13:10:02.114 1956 1976 D use-Rlog/RLOG-RIL: 1 RIL request data in the queue
08-08 13:10:02.114 1956 2206 D use-Rlog/RLOG-RIL-IPC:
08-08 13:10:02.114 1956 2206 D use-Rlog/RLOG-RIL-IPC: xmm626_sec_modem_fmt_send: Sent FMT message
08-08 13:10:02.114 1956 2206 D use-Rlog/RLOG-RIL-IPC: xmm626_sec_modem_fmt_send: Message: mseq=0xf7, command=IPC_NET_PLMN_SEL, type=IPC_TYPE_GET, size=0
08-08 13:10:02.116 2878 2968 D RILJ : [4785]< VOICE_REGISTRATION_STATE {1, f50, 2d76015, 3, null, null, null, null, null, null, null, null, null, null, null} [SUB0]
08-08 13:10:02.117 2878 2878 D RILJ : [4788]> DATA_REGISTRATION_STATE [SUB0]
08-08 13:10:02.118 1956 2202 D use-Rlog/RLOG-RIL-IPC:
08-08 13:10:02.118 1956 2202 D use-Rlog/RLOG-RIL-IPC: xmm626_sec_modem_fmt_recv: Received FMT message
08-08 13:10:02.118 1956 2202 D use-Rlog/RLOG-RIL-IPC: xmm626_sec_modem_fmt_recv: Message: aseq=0xf7, command=IPC_NET_PLMN_SEL, type=IPC_TYPE_RESP, size=1
08-08 13:10:02.118 1956 2202 D use-Rlog/RLOG-RIL-IPC: ================================= IPC FMT data =================================
08-08 13:10:02.118 1956 2202 D use-Rlog/RLOG-RIL-IPC: [0000] 02 .
08-08 13:10:02.118 1956 2202 D use-Rlog/RLOG-RIL-IPC: ================================================================================
08-08 13:10:02.118 1956 2202 D use-Rlog/RLOG-RIL: 0 RIL request in the queue (0 pending, 0 handled, 0 unhandled)
08-08 13:10:02.119 1956 2202 D use-Rlog/RLOG-RIL: 1 RIL request data in the queue
08-08 13:10:02.119 1956 1976 D use-Rlog/RLOG-RIL: 1 RIL request in the queue (1 pending, 0 handled, 0 unhandled)
08-08 13:10:02.119 1956 1976 D use-Rlog/RLOG-RIL: 1 RIL request data in the queue
08-08 13:10:02.120 1956 2206 D use-Rlog/RLOG-RIL-IPC:
08-08 13:10:02.120 1956 2206 D use-Rlog/RLOG-RIL-IPC: xmm626_sec_modem_fmt_send: Sent FMT message
08-08 13:10:02.120 1956 2206 D use-Rlog/RLOG-RIL-IPC: xmm626_sec_modem_fmt_send: Message: mseq=0xf8, command=IPC_NET_SERVING_NETWORK, type=IPC_TYPE_GET, size=0
08-08 13:10:02.121 1956 1976 D use-Rlog/RLOG-RIL: 2 RIL requests in the queue (1 pending, 1 handled, 0 unhandled)
08-08 13:10:02.121 2878 2968 D RILJ : [4786]< QUERY_NETWORK_SELECTION_MODE {0} [SUB0]
08-08 13:10:02.121 1956 1976 D use-Rlog/RLOG-RIL: 1 RIL request data in the queue
08-08 13:10:02.122 2878 2878 D RILJ : [4789]> VOICE_REGISTRATION_STATE [SUB0]
08-08 13:10:02.122 1956 2206 D use-Rlog/RLOG-RIL-IPC:
08-08 13:10:02.122 1956 2206 D use-Rlog/RLOG-RIL-IPC: xmm626_sec_modem_fmt_send: Sent FMT message
08-08 13:10:02.122 1956 2206 D use-Rlog/RLOG-RIL-IPC: xmm626_sec_modem_fmt_send: Message: mseq=0xf9, command=IPC_NET_REGIST, type=IPC_TYPE_GET, size=2
08-08 13:10:02.123 1956 2206 D use-Rlog/RLOG-RIL-IPC: ================================= IPC FMT data =================================
08-08 13:10:02.123 1956 2206 D use-Rlog/RLOG-RIL-IPC: [0000] FF 03 ..
08-08 13:10:02.123 1956 2206 D use-Rlog/RLOG-RIL-IPC: ================================================================================
08-08 13:10:02.124 1956 2202 D use-Rlog/RLOG-RIL-IPC:
08-08 13:10:02.124 1956 2202 D use-Rlog/RLOG-RIL-IPC: xmm626_sec_modem_fmt_recv: Received FMT message
08-08 13:10:02.125 1956 2202 D use-Rlog/RLOG-RIL-IPC: xmm626_sec_modem_fmt_recv: Message: aseq=0xf8, command=IPC_NET_SERVING_NETWORK, type=IPC_TYPE_RESP, size=11
08-08 13:10:02.125 1956 2202 D use-Rlog/RLOG-RIL-IPC: ================================= IPC FMT data =================================
08-08 13:10:02.125 1956 2202 D use-Rlog/RLOG-RIL-IPC: [0000] 02 02 04 32 30 38 31 35 23 50 0F ...20815 #P.
08-08 13:10:02.125 1956 2202 D use-Rlog/RLOG-RIL-IPC: ================================================================================
08-08 13:10:02.125 1956 2202 D use-Rlog/RLOG-RIL: 1 RIL request in the queue (0 pending, 1 handled, 0 unhandled)
08-08 13:10:02.125 1956 2202 D use-Rlog/RLOG-RIL: 1 RIL request data in the queue
08-08 13:10:02.126 1956 2202 D use-Rlog/RLOG-RIL-IPC:
08-08 13:10:02.126 1956 2202 D use-Rlog/RLOG-RIL-IPC: xmm626_sec_modem_fmt_recv: Received FMT message
08-08 13:10:02.127 1956 2202 D use-Rlog/RLOG-RIL-IPC: xmm626_sec_modem_fmt_recv: Message: aseq=0xf9, command=IPC_NET_REGIST, type=IPC_TYPE_RESP, size=11
08-08 13:10:02.127 1956 2202 D use-Rlog/RLOG-RIL-IPC: ================================= IPC FMT data =================================
08-08 13:10:02.127 1956 2202 D use-Rlog/RLOG-RIL-IPC: [0000] 04 03 02 01 50 0F 15 60 D7 02 00 ....P..` ...
08-08 13:10:02.127 1956 2202 D use-Rlog/RLOG-RIL-IPC: ================================================================================
08-08 13:10:02.127 1956 2202 D use-Rlog/RLOG-RIL: 0 RIL request in the queue (0 pending, 0 handled, 0 unhandled)
08-08 13:10:02.127 1956 2202 D use-Rlog/RLOG-RIL: 1 RIL request data in the queue
08-08 13:10:02.128 2878 2968 D RILJ : [4787]< OPERATOR {Free Mobile, Free Mobile, 20815} [SUB0]
08-08 13:10:02.129 1956 1976 D use-Rlog/RLOG-RIL: 1 RIL request in the queue (1 pending, 0 handled, 0 unhandled)
08-08 13:10:02.129 1956 1976 D use-Rlog/RLOG-RIL: 1 RIL request data in the queue
08-08 13:10:02.129 2878 2968 D RILJ : [4788]< DATA_REGISTRATION_STATE {1, f50, 2d76015, 3, 3} [SUB0]
08-08 13:10:02.129 1956 2206 D use-Rlog/RLOG-RIL-IPC:
08-08 13:10:02.129 2878 2878 D RILJ : [4790]> QUERY_NETWORK_SELECTION_MODE [SUB0]
08-08 13:10:02.130 1956 2206 D use-Rlog/RLOG-RIL-IPC: xmm626_sec_modem_fmt_send: Sent FMT message
08-08 13:10:02.130 1956 2206 D use-Rlog/RLOG-RIL-IPC: xmm626_sec_modem_fmt_send: Message: mseq=0xfa, command=IPC_NET_REGIST, type=IPC_TYPE_GET, size=2
08-08 13:10:02.130 1956 2206 D use-Rlog/RLOG-RIL-IPC: ================================= IPC FMT data =================================
08-08 13:10:02.130 1956 2206 D use-Rlog/RLOG-RIL-IPC: [0000] FF 02 ..
08-08 13:10:02.130 1956 2206 D use-Rlog/RLOG-RIL-IPC: ================================================================================
08-08 13:10:02.133 1956 2202 D use-Rlog/RLOG-RIL-IPC:
08-08 13:10:02.133 1956 2202 D use-Rlog/RLOG-RIL-IPC: xmm626_sec_modem_fmt_recv: Received FMT message
08-08 13:10:02.133 1956 2202 D use-Rlog/RLOG-RIL-IPC: xmm626_sec_modem_fmt_recv: Message: aseq=0xfa, command=IPC_NET_REGIST, type=IPC_TYPE_RESP, size=11
08-08 13:10:02.133 1956 2202 D use-Rlog/RLOG-RIL-IPC: ================================= IPC FMT data =================================
08-08 13:10:02.133 1956 2202 D use-Rlog/RLOG-RIL-IPC: [0000] 04 02 02 01 50 0F 15 60 D7 02 00 ....P..` ...
08-08 13:10:02.134 1956 2202 D use-Rlog/RLOG-RIL-IPC: ================================================================================
08-08 13:10:02.134 1956 2202 D use-Rlog/RLOG-RIL: 0 RIL request in the queue (0 pending, 0 handled, 0 unhandled)
08-08 13:10:02.134 2878 2878 D PHONE : [ServiceState] setDataRegState=0
08-08 13:10:02.134 1956 2202 D use-Rlog/RLOG-RIL: 1 RIL request data in the queue
08-08 13:10:02.134 2878 2878 D PHONE : [ServiceState] setDataRadioTechnology=3
08-08 13:10:02.134 2878 2878 D GsmSST : [GsmSST] handlPollStateResultMessage: GsmSST setDataRegState=0 regState=1 dataRadioTechnology=3
08-08 13:10:02.135 1956 1976 D use-Rlog/RLOG-RIL: 1 RIL request in the queue (1 pending, 0 handled, 0 unhandled)
08-08 13:10:02.135 1956 1976 D use-Rlog/RLOG-RIL: 1 RIL request data in the queue
08-08 13:10:02.135 2878 2968 D RILJ : [4789]< VOICE_REGISTRATION_STATE {1, f50, 2d76015, 3, null, null, null, null, null, null, null, null, null, null, null} [SUB0]
08-08 13:10:02.135 2878 2878 D PHONE : [ServiceState] setVoiceRegState=0
08-08 13:10:02.135 2878 2878 E PHONE : [ServiceState] setState deprecated use setVoiceRegState()
08-08 13:10:02.135 1956 2206 D use-Rlog/RLOG-RIL-IPC:
08-08 13:10:02.136 1956 2206 D use-Rlog/RLOG-RIL-IPC: xmm626_sec_modem_fmt_send: Sent FMT message
08-08 13:10:02.136 1956 2206 D use-Rlog/RLOG-RIL-IPC: xmm626_sec_modem_fmt_send: Message: mseq=0xfb, command=IPC_NET_PLMN_SEL, type=IPC_TYPE_GET, size=0
08-08 13:10:02.138 1956 2202 D use-Rlog/RLOG-RIL-IPC:
08-08 13:10:02.138 1956 2202 D use-Rlog/RLOG-RIL-IPC: xmm626_sec_modem_fmt_recv: Received FMT message
08-08 13:10:02.138 1956 2202 D use-Rlog/RLOG-RIL-IPC: xmm626_sec_modem_fmt_recv: Message: aseq=0xfb, command=IPC_NET_PLMN_SEL, type=IPC_TYPE_RESP, size=1
08-08 13:10:02.138 1956 2202 D use-Rlog/RLOG-RIL-IPC: ================================= IPC FMT data =================================
08-08 13:10:02.139 1956 2202 D use-Rlog/RLOG-RIL-IPC: [0000] 02 .
08-08 13:10:02.139 1956 2202 D use-Rlog/RLOG-RIL-IPC: ================================================================================
08-08 13:10:02.139 1956 2202 D use-Rlog/RLOG-RIL: 0 RIL request in the queue (0 pending, 0 handled, 0 unhandled)
08-08 13:10:02.139 1956 2202 D use-Rlog/RLOG-RIL: 1 RIL request data in the queue
08-08 13:10:02.140 2878 2968 D RILJ : [4790]< QUERY_NETWORK_SELECTION_MODE {0} [SUB0]
08-08 13:10:02.147 2878 2878 D GsmSST : [GsmSST] Poll ServiceState done: oldSS=[0 0 voice home data home Free Mobile Free Mobile 20815 Free Mobile Free Mobile 20815 UMTS UMTS CSS not supported -1 -1 RoamInd=-1 DefRoamInd=-1 EmergOnly=false IsDataRoamingFromRegistration=false] newSS=[0 0 voice home data home Free Mobile Free Mobile 20815 Free Mobile Free Mobile 20815 UMTS UMTS CSS not supported -1 -1 RoamInd=-1 DefRoamInd=-1 EmergOnly=false IsDataRoamingFromRegistration=false] oldMaxDataCalls=1 mNewMaxDataCalls=1 oldReasonDataDenied=-1 mNewReasonDataDenied=-1
08-08 13:10:02.147 2878 2878 D PHONE : [ServiceState] setNullState=1
08-08 13:10:02.147 2878 2878 D GsmSST : [GsmSST] getCellLocation(): X good mCellLoc=[3920,47669269,-1]
08-08 13:10:02.148 2304 4196 D TelephonyRegistry: notifyCellLocationForSubscriber: subId=7 cellLocation=Bundle[mParcelledData.dataSize=64]
08-08 13:10:02.328 1956 2202 D use-Rlog/RLOG-RIL-IPC:
08-08 13:10:02.328 1956 2202 D use-Rlog/RLOG-RIL-IPC: xmm626_sec_modem_fmt_recv: Received FMT message
08-08 13:10:02.328 1956 2202 D use-Rlog/RLOG-RIL-IPC: xmm626_sec_modem_fmt_recv: Message: aseq=0xfb, command=IPC_DISP_RSSI_INFO, type=IPC_TYPE_NOTI, size=1
08-08 13:10:02.328 1956 2202 D use-Rlog/RLOG-RIL-IPC: ================================= IPC FMT data =================================
08-08 13:10:02.329 1956 2202 D use-Rlog/RLOG-RIL-IPC: [0000] 58 X
08-08 13:10:02.329 1956 2202 D use-Rlog/RLOG-RIL-IPC: ================================================================================
08-08 13:10:02.329 1956 2202 D use-Rlog/RLOG-RIL: Signal strength is 12
08-08 13:10:02.331 2878 2878 D DefaultPhoneNotifier: notifySignalStrength: mRegistry=com.android.internal.telephony.ITelephonyRegistry$Stub$Proxy@5b7d720 ss=SignalStrength: 12 99 -120 -160 -120 -1 -1 99 2147483647 2147483647 2147483647 -1 2147483647 gsm|lte sender=Handler (com.android.internal.telephony.gsm.GSMPhone) {b342f08}
08-08 13:10:12.778 2878 2878 D DCT : [0]onReceive: action=com.android.internal.telephony.data-stall
08-08 13:10:12.783 2878 2878 D DCT : [0]handleMessage msg={ when=-5ms what=270353 arg1=30807 obj=com.android.internal.telephony.data-stall target=com.android.internal.telephony.dataconnection.DcTracker }
08-08 13:10:12.793 2878 2878 D DCT : [0]overall state is CONNECTED
08-08 13:10:31.101 1956 2202 D use-Rlog/RLOG-RIL-IPC:
08-08 13:10:31.101 1956 2202 D use-Rlog/RLOG-RIL-IPC: xmm626_sec_modem_fmt_recv: Received FMT message
08-08 13:10:31.101 1956 2202 D use-Rlog/RLOG-RIL-IPC: xmm626_sec_modem_fmt_recv: Message: aseq=0xfb, command=IPC_DISP_RSSI_INFO, type=IPC_TYPE_NOTI, size=1
08-08 13:10:31.101 1956 2202 D use-Rlog/RLOG-RIL-IPC: ================================= IPC FMT data =================================
08-08 13:10:31.101 1956 2202 D use-Rlog/RLOG-RIL-IPC: [0000] 56 V
08-08 13:10:31.101 1956 2202 D use-Rlog/RLOG-RIL-IPC: ================================================================================
08-08 13:10:31.101 1956 2202 D use-Rlog/RLOG-RIL: Signal strength is 13
08-08 13:10:31.103 2878 2878 D DefaultPhoneNotifier: notifySignalStrength: mRegistry=com.android.internal.telephony.ITelephonyRegistry$Stub$Proxy@5b7d720 ss=SignalStrength: 13 99 -120 -160 -120 -1 -1 99 2147483647 2147483647 2147483647 -1 2147483647 gsm|lte sender=Handler (com.android.internal.telephony.gsm.GSMPhone) {b342f08}
08-08 13:10:41.991 1956 2202 D use-Rlog/RLOG-RIL-IPC:
08-08 13:10:41.991 1956 2202 D use-Rlog/RLOG-RIL-IPC: xmm626_sec_modem_fmt_recv: Received FMT message
08-08 13:10:41.991 1956 2202 D use-Rlog/RLOG-RIL-IPC: xmm626_sec_modem_fmt_recv: Message: aseq=0xfb, command=IPC_DISP_RSSI_INFO, type=IPC_TYPE_NOTI, size=1
08-08 13:10:41.991 1956 2202 D use-Rlog/RLOG-RIL-IPC: ================================= IPC FMT data =================================
08-08 13:10:41.991 1956 2202 D use-Rlog/RLOG-RIL-IPC: [0000] 54 T
08-08 13:10:41.991 1956 2202 D use-Rlog/RLOG-RIL-IPC: ================================================================================
08-08 13:10:41.992 1956 2202 D use-Rlog/RLOG-RIL: Signal strength is 14
08-08 13:10:41.994 2878 2878 D DefaultPhoneNotifier: notifySignalStrength: mRegistry=com.android.internal.telephony.ITelephonyRegistry$Stub$Proxy@5b7d720 ss=SignalStrength: 14 99 -120 -160 -120 -1 -1 99 2147483647 2147483647 2147483647 -1 2147483647 gsm|lte sender=Handler (com.android.internal.telephony.gsm.GSMPhone) {b342f08}
08-08 13:11:12.800 2878 2878 D DCT : [0]onReceive: action=com.android.internal.telephony.data-stall
08-08 13:11:12.801 2878 2878 D DCT : [0]handleMessage msg={ when=-1ms what=270353 arg1=30808 obj=com.android.internal.telephony.data-stall target=com.android.internal.telephony.dataconnection.DcTracker }
08-08 13:11:12.811 2878 2878 D DCT : [0]overall state is CONNECTED
08-08 13:12:12.822 2878 2878 D DCT : [0]onReceive: action=com.android.internal.telephony.data-stall
08-08 13:12:12.823 2878 2878 D DCT : [0]handleMessage msg={ when=-1ms what=270353 arg1=30809 obj=com.android.internal.telephony.data-stall target=com.android.internal.telephony.dataconnection.DcTracker }
08-08 13:12:12.832 2878 2878 D DCT : [0]overall state is CONNECTED
08-08 13:12:30.131 1956 2202 D use-Rlog/RLOG-RIL-IPC:
08-08 13:12:30.131 1956 2202 D use-Rlog/RLOG-RIL-IPC: xmm626_sec_modem_fmt_recv: Received FMT message
08-08 13:12:30.131 1956 2202 D use-Rlog/RLOG-RIL-IPC: xmm626_sec_modem_fmt_recv: Message: aseq=0xfb, command=IPC_DISP_RSSI_INFO, type=IPC_TYPE_NOTI, size=1
08-08 13:12:30.131 1956 2202 D use-Rlog/RLOG-RIL-IPC: ================================= IPC FMT data =================================
08-08 13:12:30.132 1956 2202 D use-Rlog/RLOG-RIL-IPC: [0000] 57 W
08-08 13:12:30.132 1956 2202 D use-Rlog/RLOG-RIL-IPC: ================================================================================
08-08 13:12:30.132 1956 2202 D use-Rlog/RLOG-RIL: Signal strength is 13
08-08 13:12:30.134 2878 2878 D DefaultPhoneNotifier: notifySignalStrength: mRegistry=com.android.internal.telephony.ITelephonyRegistry$Stub$Proxy@5b7d720 ss=SignalStrength: 13 99 -120 -160 -120 -1 -1 99 2147483647 2147483647 2147483647 -1 2147483647 gsm|lte sender=Handler (com.android.internal.telephony.gsm.GSMPhone) {b342f08}
08-08 13:12:37.816 1956 2202 D use-Rlog/RLOG-RIL-IPC:
08-08 13:12:37.816 1956 2202 D use-Rlog/RLOG-RIL-IPC: xmm626_sec_modem_fmt_recv: Received FMT message
08-08 13:12:37.816 1956 2202 D use-Rlog/RLOG-RIL-IPC: xmm626_sec_modem_fmt_recv: Message: aseq=0xfb, command=IPC_DISP_RSSI_INFO, type=IPC_TYPE_NOTI, size=1
08-08 13:12:37.817 1956 2202 D use-Rlog/RLOG-RIL-IPC: ================================= IPC FMT data =================================
08-08 13:12:37.817 1956 2202 D use-Rlog/RLOG-RIL-IPC: [0000] 59 Y
08-08 13:12:37.817 1956 2202 D use-Rlog/RLOG-RIL-IPC: ================================================================================
08-08 13:12:37.817 1956 2202 D use-Rlog/RLOG-RIL: Signal strength is 12
08-08 13:12:37.819 2878 2878 D DefaultPhoneNotifier: notifySignalStrength: mRegistry=com.android.internal.telephony.ITelephonyRegistry$Stub$Proxy@5b7d720 ss=SignalStrength: 12 99 -120 -160 -120 -1 -1 99 2147483647 2147483647 2147483647 -1 2147483647 gsm|lte sender=Handler (com.android.internal.telephony.gsm.GSMPhone) {b342f08}
08-08 13:12:45.966 1956 2202 D use-Rlog/RLOG-RIL-IPC:
08-08 13:12:45.966 1956 2202 D use-Rlog/RLOG-RIL-IPC: xmm626_sec_modem_fmt_recv: Received FMT message
08-08 13:12:45.966 1956 2202 D use-Rlog/RLOG-RIL-IPC: xmm626_sec_modem_fmt_recv: Message: aseq=0xfb, command=IPC_GPRS_HSDPA_STATUS, type=IPC_TYPE_NOTI, size=1
08-08 13:12:45.966 1956 2202 D use-Rlog/RLOG-RIL-IPC: ================================= IPC FMT data =================================
08-08 13:12:45.966 1956 2202 D use-Rlog/RLOG-RIL-IPC: [0000] 00 .
08-08 13:12:45.966 1956 2202 D use-Rlog/RLOG-RIL-IPC: ================================================================================
08-08 13:12:45.967 1956 2202 D use-Rlog/RLOG-RIL-IPC:
08-08 13:12:45.967 1956 2202 D use-Rlog/RLOG-RIL-IPC: xmm626_sec_modem_fmt_recv: Received FMT message
08-08 13:12:45.967 1956 2202 D use-Rlog/RLOG-RIL-IPC: xmm626_sec_modem_fmt_recv: Message: aseq=0xff, command=IPC_NET_REGIST, type=IPC_TYPE_NOTI, size=11
08-08 13:12:45.967 1956 2202 D use-Rlog/RLOG-RIL-IPC: ================================= IPC FMT data =================================
08-08 13:12:45.967 1956 2202 D use-Rlog/RLOG-RIL-IPC: [0000] 04 02 02 01 50 0F 16 60 D7 02 00 ....P..` ...
08-08 13:12:45.967 1956 2202 D use-Rlog/RLOG-RIL-IPC: ================================================================================
08-08 13:12:45.969 2878 2968 D RILJ : [UNSL]< UNSOL_RESPONSE_VOICE_NETWORK_STATE_CHANGED [SUB0]
08-08 13:12:45.969 2878 2878 D RILJ : [4791]> OPERATOR [SUB0]
08-08 13:12:45.973 2878 2878 D RILJ : [4792]> DATA_REGISTRATION_STATE [SUB0]
08-08 13:12:45.976 2878 2878 D RILJ : [4793]> VOICE_REGISTRATION_STATE [SUB0]
08-08 13:12:45.978 1956 1976 D use-Rlog/RLOG-RIL: 1 RIL request in the queue (1 pending, 0 handled, 0 unhandled)
08-08 13:12:45.978 1956 1976 D use-Rlog/RLOG-RIL: 2 RIL requests data in the queue
08-08 13:12:45.978 1956 1976 D use-Rlog/RLOG-RIL: 2 RIL requests in the queue (2 pending, 0 handled, 0 unhandled)
08-08 13:12:45.978 1956 1976 D use-Rlog/RLOG-RIL: 2 RIL requests data in the queue
08-08 13:12:45.978 1956 2206 D use-Rlog/RLOG-RIL-IPC:
08-08 13:12:45.978 1956 2206 D use-Rlog/RLOG-RIL-IPC: xmm626_sec_modem_fmt_send: Sent FMT message
08-08 13:12:45.979 1956 2206 D use-Rlog/RLOG-RIL-IPC: xmm626_sec_modem_fmt_send: Message: mseq=0xfc, command=IPC_NET_SERVING_NETWORK, type=IPC_TYPE_GET, size=0
08-08 13:12:45.979 1956 2206 D use-Rlog/RLOG-RIL-IPC:
08-08 13:12:45.979 1956 2206 D use-Rlog/RLOG-RIL-IPC: xmm626_sec_modem_fmt_send: Sent FMT message
08-08 13:12:45.979 1956 2206 D use-Rlog/RLOG-RIL-IPC: xmm626_sec_modem_fmt_send: Message: mseq=0xfd, command=IPC_NET_REGIST, type=IPC_TYPE_GET, size=2
08-08 13:12:45.979 1956 2206 D use-Rlog/RLOG-RIL-IPC: ================================= IPC FMT data =================================
08-08 13:12:45.979 1956 2206 D use-Rlog/RLOG-RIL-IPC: [0000] FF 03 ..
08-08 13:12:45.980 1956 2206 D use-Rlog/RLOG-RIL-IPC: ================================================================================
08-08 13:12:45.980 1956 2202 D use-Rlog/RLOG-RIL-IPC:
08-08 13:12:45.981 1956 2202 D use-Rlog/RLOG-RIL-IPC: xmm626_sec_modem_fmt_recv: Received FMT message
08-08 13:12:45.981 1956 2202 D use-Rlog/RLOG-RIL-IPC: xmm626_sec_modem_fmt_recv: Message: aseq=0xff, command=IPC_NET_REGIST, type=IPC_TYPE_NOTI, size=11
08-08 13:12:45.981 1956 2202 D use-Rlog/RLOG-RIL-IPC: ================================= IPC FMT data =================================
08-08 13:12:45.985 1956 2202 D use-Rlog/RLOG-RIL-IPC: [0000] 04 03 02 01 50 0F 16 60 D7 02 00 ....P..` ...
08-08 13:12:45.985 1956 2202 D use-Rlog/RLOG-RIL-IPC: ================================================================================
08-08 13:12:45.987 2878 2878 D RILJ : [4794]> QUERY_NETWORK_SELECTION_MODE [SUB0]
08-08 13:12:45.988 2878 2968 D RILJ : [UNSL]< UNSOL_RESPONSE_VOICE_NETWORK_STATE_CHANGED [SUB0]
08-08 13:12:45.989 1956 1976 D use-Rlog/RLOG-RIL: 3 RIL requests in the queue (1 pending, 2 handled, 0 unhandled)
08-08 13:12:45.989 1956 1976 D use-Rlog/RLOG-RIL: 3 RIL requests data in the queue
08-08 13:12:45.989 1956 2206 D use-Rlog/RLOG-RIL: 2 RIL requests in the queue (0 pending, 2 handled, 0 unhandled)
08-08 13:12:45.990 1956 2206 D use-Rlog/RLOG-RIL: 2 RIL requests data in the queue
08-08 13:12:45.991 2878 2968 D RILJ : [4793]< VOICE_REGISTRATION_STATE {1, f50, 2d76016, 3, null, null, null, null, null, null, null, null, null, null, null} [SUB0]
08-08 13:12:45.992 1956 2202 D use-Rlog/RLOG-RIL-IPC:
08-08 13:12:45.993 1956 2202 D use-Rlog/RLOG-RIL-IPC: xmm626_sec_modem_fmt_recv: Received FMT message
08-08 13:12:45.993 1956 2202 D use-Rlog/RLOG-RIL-IPC: xmm626_sec_modem_fmt_recv: Message: aseq=0xff, command=IPC_GPRS_HSDPA_STATUS, type=IPC_TYPE_NOTI, size=1
08-08 13:12:45.993 1956 2202 D use-Rlog/RLOG-RIL-IPC: ================================= IPC FMT data =================================
08-08 13:12:45.993 1956 2202 D use-Rlog/RLOG-RIL-IPC: [0000] 00 .
08-08 13:12:45.993 1956 2202 D use-Rlog/RLOG-RIL-IPC: ================================================================================
08-08 13:12:45.993 1956 2202 D use-Rlog/RLOG-RIL-IPC:
08-08 13:12:45.993 1956 2202 D use-Rlog/RLOG-RIL-IPC: xmm626_sec_modem_fmt_recv: Received FMT message
08-08 13:12:45.994 1956 2202 D use-Rlog/RLOG-RIL-IPC: xmm626_sec_modem_fmt_recv: Message: aseq=0xfc, command=IPC_NET_SERVING_NETWORK, type=IPC_TYPE_RESP, size=11
08-08 13:12:45.994 1956 2202 D use-Rlog/RLOG-RIL-IPC: ================================= IPC FMT data =================================
08-08 13:12:45.994 1956 2202 D use-Rlog/RLOG-RIL-IPC: [0000] 02 02 04 32 30 38 31 35 23 50 0F ...20815 #P.
08-08 13:12:45.994 1956 2202 D use-Rlog/RLOG-RIL-IPC: ================================================================================
08-08 13:12:45.995 1956 2202 D use-Rlog/RLOG-RIL: 1 RIL request in the queue (0 pending, 1 handled, 0 unhandled)
08-08 13:12:45.995 1956 2202 D use-Rlog/RLOG-RIL: 2 RIL requests data in the queue
08-08 13:12:45.996 2878 2968 D RILJ : [4791]< OPERATOR {Free Mobile, Free Mobile, 20815} [SUB0]
08-08 13:12:45.998 2878 2878 D RILJ : [4795]> OPERATOR [SUB0]
08-08 13:12:46.001 2878 2878 D RILJ : [4796]> DATA_REGISTRATION_STATE [SUB0]
08-08 13:12:46.004 1956 1976 D use-Rlog/RLOG-RIL: 2 RIL requests in the queue (1 pending, 1 handled, 0 unhandled)
08-08 13:12:46.004 1956 1976 D use-Rlog/RLOG-RIL: 2 RIL requests data in the queue
08-08 13:12:46.004 1956 1976 D use-Rlog/RLOG-RIL: 3 RIL requests in the queue (2 pending, 1 handled, 0 unhandled)
08-08 13:12:46.005 1956 1976 D use-Rlog/RLOG-RIL: 2 RIL requests data in the queue
08-08 13:12:46.005 1956 2206 D use-Rlog/RLOG-RIL-IPC:
08-08 13:12:46.005 1956 2206 D use-Rlog/RLOG-RIL-IPC: xmm626_sec_modem_fmt_send: Sent FMT message
08-08 13:12:46.005 1956 2206 D use-Rlog/RLOG-RIL-IPC: xmm626_sec_modem_fmt_send: Message: mseq=0xfe, command=IPC_NET_PLMN_SEL, type=IPC_TYPE_GET, size=0
08-08 13:12:46.005 1956 2206 D use-Rlog/RLOG-RIL-IPC:
08-08 13:12:46.005 1956 2206 D use-Rlog/RLOG-RIL-IPC: xmm626_sec_modem_fmt_send: Sent FMT message
08-08 13:12:46.006 1956 2206 D use-Rlog/RLOG-RIL-IPC: xmm626_sec_modem_fmt_send: Message: mseq=0x01, command=IPC_NET_SERVING_NETWORK, type=IPC_TYPE_GET, size=0
08-08 13:12:46.006 1956 2202 D use-Rlog/RLOG-RIL-IPC:
08-08 13:12:46.006 1956 2202 D use-Rlog/RLOG-RIL-IPC: xmm626_sec_modem_fmt_recv: Received FMT message
08-08 13:12:46.007 1956 2202 D use-Rlog/RLOG-RIL-IPC: xmm626_sec_modem_fmt_recv: Message: aseq=0xfd, command=IPC_NET_REGIST, type=IPC_TYPE_RESP, size=11
08-08 13:12:46.007 1956 2202 D use-Rlog/RLOG-RIL-IPC: ================================= IPC FMT data =================================
08-08 13:12:46.007 1956 2202 D use-Rlog/RLOG-RIL-IPC: [0000] 04 03 02 01 50 0F 16 60 D7 02 00 ....P..` ...
08-08 13:12:46.007 1956 2202 D use-Rlog/RLOG-RIL-IPC: ================================================================================
