08-08 13:12:46.007 1956 2202 D use-Rlog/RLOG-RIL: 2 RIL requests in the queue (0 pending, 2 handled, 0 unhandled)
08-08 13:12:46.007 1956 2202 D use-Rlog/RLOG-RIL: 2 RIL requests data in the queue
08-08 13:12:46.010 2878 2878 D RILJ : [4797]> VOICE_REGISTRATION_STATE [SUB0]
08-08 13:12:46.013 2878 2878 D RILJ : [4798]> QUERY_NETWORK_SELECTION_MODE [SUB0]
08-08 13:12:46.014 2878 2968 D RILJ : [4792]< DATA_REGISTRATION_STATE {1, f50, 2d76016, 3, 3} [SUB0]
08-08 13:12:46.014 1956 1976 D use-Rlog/RLOG-RIL: 3 RIL requests in the queue (1 pending, 2 handled, 0 unhandled)
08-08 13:12:46.015 1956 1976 D use-Rlog/RLOG-RIL: 2 RIL requests data in the queue
08-08 13:12:46.015 1956 1976 D use-Rlog/RLOG-RIL: 4 RIL requests in the queue (2 pending, 2 handled, 0 unhandled)
08-08 13:12:46.015 1956 1976 D use-Rlog/RLOG-RIL: 2 RIL requests data in the queue
08-08 13:12:46.015 1956 2206 D use-Rlog/RLOG-RIL: 3 RIL requests in the queue (1 pending, 2 handled, 0 unhandled)
08-08 13:12:46.015 1956 2206 D use-Rlog/RLOG-RIL: 1 RIL request data in the queue
08-08 13:12:46.016 1956 2206 D use-Rlog/RLOG-RIL-IPC:
08-08 13:12:46.016 1956 2206 D use-Rlog/RLOG-RIL-IPC: xmm626_sec_modem_fmt_send: Sent FMT message
08-08 13:12:46.016 1956 2206 D use-Rlog/RLOG-RIL-IPC: xmm626_sec_modem_fmt_send: Message: mseq=0x02, command=IPC_NET_REGIST, type=IPC_TYPE_GET, size=2
08-08 13:12:46.016 1956 2206 D use-Rlog/RLOG-RIL-IPC: ================================= IPC FMT data =================================
08-08 13:12:46.016 1956 2206 D use-Rlog/RLOG-RIL-IPC: [0000] FF 02 ..
08-08 13:12:46.016 1956 2206 D use-Rlog/RLOG-RIL-IPC: ================================================================================
08-08 13:12:46.017 1956 2202 D use-Rlog/RLOG-RIL-IPC:
08-08 13:12:46.017 1956 2202 D use-Rlog/RLOG-RIL-IPC: xmm626_sec_modem_fmt_recv: Received FMT message
08-08 13:12:46.017 1956 2202 D use-Rlog/RLOG-RIL-IPC: xmm626_sec_modem_fmt_recv: Message: aseq=0xfe, command=IPC_NET_PLMN_SEL, type=IPC_TYPE_RESP, size=1
08-08 13:12:46.017 1956 2202 D use-Rlog/RLOG-RIL-IPC: ================================= IPC FMT data =================================
08-08 13:12:46.017 1956 2202 D use-Rlog/RLOG-RIL-IPC: [0000] 02 .
08-08 13:12:46.018 1956 2202 D use-Rlog/RLOG-RIL-IPC: ================================================================================
08-08 13:12:46.018 1956 2202 D use-Rlog/RLOG-RIL: 2 RIL requests in the queue (0 pending, 2 handled, 0 unhandled)
08-08 13:12:46.018 1956 2202 D use-Rlog/RLOG-RIL: 1 RIL request data in the queue
08-08 13:12:46.022 2878 2968 D RILJ : [4796]< DATA_REGISTRATION_STATE {1, f50, 2d76016, 3, 3} [SUB0]
08-08 13:12:46.022 2878 2968 D RILJ : [4794]< QUERY_NETWORK_SELECTION_MODE {0} [SUB0]
08-08 13:12:46.024 2878 2878 D PHONE : [ServiceState] setDataRegState=0
08-08 13:12:46.024 2878 2878 D PHONE : [ServiceState] setDataRadioTechnology=3
08-08 13:12:46.024 2878 2878 D GsmSST : [GsmSST] handlPollStateResultMessage: GsmSST setDataRegState=0 regState=1 dataRadioTechnology=3
08-08 13:12:46.025 1956 1976 D use-Rlog/RLOG-RIL: 3 RIL requests in the queue (1 pending, 2 handled, 0 unhandled)
08-08 13:12:46.025 1956 1976 D use-Rlog/RLOG-RIL: 1 RIL request data in the queue
08-08 13:12:46.025 1956 2206 D use-Rlog/RLOG-RIL-IPC:
08-08 13:12:46.025 1956 2206 D use-Rlog/RLOG-RIL-IPC: xmm626_sec_modem_fmt_send: Sent FMT message
08-08 13:12:46.025 1956 2206 D use-Rlog/RLOG-RIL-IPC: xmm626_sec_modem_fmt_send: Message: mseq=0x03, command=IPC_NET_PLMN_SEL, type=IPC_TYPE_GET, size=0
08-08 13:12:46.029 1956 2202 D use-Rlog/RLOG-RIL-IPC:
08-08 13:12:46.029 1956 2202 D use-Rlog/RLOG-RIL-IPC: xmm626_sec_modem_fmt_recv: Received FMT message
08-08 13:12:46.029 1956 2202 D use-Rlog/RLOG-RIL-IPC: xmm626_sec_modem_fmt_recv: Message: aseq=0x01, command=IPC_NET_SERVING_NETWORK, type=IPC_TYPE_RESP, size=11
08-08 13:12:46.029 1956 2202 D use-Rlog/RLOG-RIL-IPC: ================================= IPC FMT data =================================
08-08 13:12:46.029 1956 2202 D use-Rlog/RLOG-RIL-IPC: [0000] 02 02 04 32 30 38 31 35 23 50 0F ...20815 #P.
08-08 13:12:46.030 1956 2202 D use-Rlog/RLOG-RIL-IPC: ================================================================================
08-08 13:12:46.030 1956 2202 D use-Rlog/RLOG-RIL: 2 RIL requests in the queue (0 pending, 2 handled, 0 unhandled)
08-08 13:12:46.030 1956 2202 D use-Rlog/RLOG-RIL: 1 RIL request data in the queue
08-08 13:12:46.031 2878 2968 D RILJ : [4795]< OPERATOR {Free Mobile, Free Mobile, 20815} [SUB0]
08-08 13:12:46.032 1956 2202 D use-Rlog/RLOG-RIL-IPC:
08-08 13:12:46.032 1956 2202 D use-Rlog/RLOG-RIL-IPC: xmm626_sec_modem_fmt_recv: Received FMT message
08-08 13:12:46.032 1956 2202 D use-Rlog/RLOG-RIL-IPC: xmm626_sec_modem_fmt_recv: Message: aseq=0x02, command=IPC_NET_REGIST, type=IPC_TYPE_RESP, size=11
08-08 13:12:46.032 1956 2202 D use-Rlog/RLOG-RIL-IPC: ================================= IPC FMT data =================================
08-08 13:12:46.033 1956 2202 D use-Rlog/RLOG-RIL-IPC: [0000] 04 02 02 01 50 0F 16 60 D7 02 00 ....P..` ...
08-08 13:12:46.033 1956 2202 D use-Rlog/RLOG-RIL-IPC: ================================================================================
08-08 13:12:46.033 1956 2202 D use-Rlog/RLOG-RIL: 1 RIL request in the queue (0 pending, 1 handled, 0 unhandled)
08-08 13:12:46.033 1956 2202 D use-Rlog/RLOG-RIL: 1 RIL request data in the queue
08-08 13:12:46.034 2878 2968 D RILJ : [4797]< VOICE_REGISTRATION_STATE {1, f50, 2d76016, 3, null, null, null, null, null, null, null, null, null, null, null} [SUB0]
08-08 13:12:46.034 2878 2878 D PHONE : [ServiceState] setVoiceRegState=0
08-08 13:12:46.035 2878 2878 E PHONE : [ServiceState] setState deprecated use setVoiceRegState()
08-08 13:12:46.035 1956 2202 D use-Rlog/RLOG-RIL-IPC:
08-08 13:12:46.035 1956 2202 D use-Rlog/RLOG-RIL-IPC: xmm626_sec_modem_fmt_recv: Received FMT message
08-08 13:12:46.036 1956 2202 D use-Rlog/RLOG-RIL-IPC: xmm626_sec_modem_fmt_recv: Message: aseq=0x03, command=IPC_NET_PLMN_SEL, type=IPC_TYPE_RESP, size=1
08-08 13:12:46.036 1956 2202 D use-Rlog/RLOG-RIL-IPC: ================================= IPC FMT data =================================
08-08 13:12:46.036 1956 2202 D use-Rlog/RLOG-RIL-IPC: [0000] 02 .
08-08 13:12:46.036 1956 2202 D use-Rlog/RLOG-RIL-IPC: ================================================================================
08-08 13:12:46.036 1956 2202 D use-Rlog/RLOG-RIL: 0 RIL request in the queue (0 pending, 0 handled, 0 unhandled)
08-08 13:12:46.036 1956 2202 D use-Rlog/RLOG-RIL: 1 RIL request data in the queue
08-08 13:12:46.037 2878 2968 D RILJ : [4798]< QUERY_NETWORK_SELECTION_MODE {0} [SUB0]
08-08 13:12:46.044 2878 2878 D GsmSST : [GsmSST] Poll ServiceState done: oldSS=[0 0 voice home data home Free Mobile Free Mobile 20815 Free Mobile Free Mobile 20815 UMTS UMTS CSS not supported -1 -1 RoamInd=-1 DefRoamInd=-1 EmergOnly=false IsDataRoamingFromRegistration=false] newSS=[0 0 voice home data home Free Mobile Free Mobile 20815 Free Mobile Free Mobile 20815 UMTS UMTS CSS not supported -1 -1 RoamInd=-1 DefRoamInd=-1 EmergOnly=false IsDataRoamingFromRegistration=false] oldMaxDataCalls=1 mNewMaxDataCalls=1 oldReasonDataDenied=-1 mNewReasonDataDenied=-1
08-08 13:12:46.045 2878 2878 D PHONE : [ServiceState] setNullState=1
08-08 13:12:46.045 2878 2878 D GsmSST : [GsmSST] getCellLocation(): X good mCellLoc=[3920,47669270,-1]
08-08 13:12:46.046 2304 2316 D TelephonyRegistry: notifyCellLocationForSubscriber: subId=7 cellLocation=Bundle[mParcelledData.dataSize=64]
08-08 13:12:57.666 1956 2202 D use-Rlog/RLOG-RIL-IPC:
08-08 13:12:57.666 1956 2202 D use-Rlog/RLOG-RIL-IPC: xmm626_sec_modem_fmt_recv: Received FMT message
08-08 13:12:57.666 1956 2202 D use-Rlog/RLOG-RIL-IPC: xmm626_sec_modem_fmt_recv: Message: aseq=0x03, command=IPC_DISP_ICON_INFO, type=IPC_TYPE_NOTI, size=4
08-08 13:12:57.666 1956 2202 D use-Rlog/RLOG-RIL-IPC: ================================= IPC FMT data =================================
08-08 13:12:57.666 1956 2202 D use-Rlog/RLOG-RIL-IPC: [0000] FF 03 00 02 ....
08-08 13:12:57.666 1956 2202 D use-Rlog/RLOG-RIL-IPC: ================================================================================
08-08 13:12:57.666 1956 2202 D use-Rlog/RLOG-RIL: Signal strength is 8
08-08 13:12:57.667 1956 2202 D use-Rlog/RLOG-RIL-IPC:
08-08 13:12:57.667 1956 2202 D use-Rlog/RLOG-RIL-IPC: xmm626_sec_modem_fmt_recv: Received FMT message
08-08 13:12:57.667 1956 2202 D use-Rlog/RLOG-RIL-IPC: xmm626_sec_modem_fmt_recv: Message: aseq=0x03, command=IPC_DISP_RSSI_INFO, type=IPC_TYPE_NOTI, size=1
08-08 13:12:57.667 1956 2202 D use-Rlog/RLOG-RIL-IPC: ================================= IPC FMT data =================================
08-08 13:12:57.667 1956 2202 D use-Rlog/RLOG-RIL-IPC: [0000] 5B [
08-08 13:12:57.667 1956 2202 D use-Rlog/RLOG-RIL-IPC: ================================================================================
08-08 13:12:57.668 1956 2202 D use-Rlog/RLOG-RIL: Signal strength is 11
08-08 13:12:57.670 2878 2878 D DefaultPhoneNotifier: notifySignalStrength: mRegistry=com.android.internal.telephony.ITelephonyRegistry$Stub$Proxy@5b7d720 ss=SignalStrength: 8 99 -120 -160 -120 -1 -1 99 2147483647 2147483647 2147483647 -1 2147483647 gsm|lte sender=Handler (com.android.internal.telephony.gsm.GSMPhone) {b342f08}
08-08 13:12:57.676 2878 2878 D DefaultPhoneNotifier: notifySignalStrength: mRegistry=com.android.internal.telephony.ITelephonyRegistry$Stub$Proxy@5b7d720 ss=SignalStrength: 11 99 -120 -160 -120 -1 -1 99 2147483647 2147483647 2147483647 -1 2147483647 gsm|lte sender=Handler (com.android.internal.telephony.gsm.GSMPhone) {b342f08}
08-08 13:13:03.216 1956 2202 D use-Rlog/RLOG-RIL-IPC:
08-08 13:13:03.216 1956 2202 D use-Rlog/RLOG-RIL-IPC: xmm626_sec_modem_fmt_recv: Received FMT message
08-08 13:13:03.216 1956 2202 D use-Rlog/RLOG-RIL-IPC: xmm626_sec_modem_fmt_recv: Message: aseq=0x03, command=IPC_GPRS_HSDPA_STATUS, type=IPC_TYPE_NOTI, size=1
08-08 13:13:03.216 1956 2202 D use-Rlog/RLOG-RIL-IPC: ================================= IPC FMT data =================================
08-08 13:13:03.217 1956 2202 D use-Rlog/RLOG-RIL-IPC: [0000] 00 .
08-08 13:13:03.217 1956 2202 D use-Rlog/RLOG-RIL-IPC: ================================================================================
08-08 13:13:03.217 1956 2202 D use-Rlog/RLOG-RIL-IPC:
08-08 13:13:03.217 1956 2202 D use-Rlog/RLOG-RIL-IPC: xmm626_sec_modem_fmt_recv: Received FMT message
08-08 13:13:03.217 1956 2202 D use-Rlog/RLOG-RIL-IPC: xmm626_sec_modem_fmt_recv: Message: aseq=0xff, command=IPC_NET_REGIST, type=IPC_TYPE_NOTI, size=11
08-08 13:13:03.217 1956 2202 D use-Rlog/RLOG-RIL-IPC: ================================= IPC FMT data =================================
08-08 13:13:03.217 1956 2202 D use-Rlog/RLOG-RIL-IPC: [0000] 04 02 02 01 50 0F 15 60 D7 02 00 ....P..` ...
08-08 13:13:03.218 1956 2202 D use-Rlog/RLOG-RIL-IPC: ================================================================================
08-08 13:13:03.219 2878 2968 D RILJ : [UNSL]< UNSOL_RESPONSE_VOICE_NETWORK_STATE_CHANGED [SUB0]
08-08 13:13:03.220 2878 2878 D RILJ : [4799]> OPERATOR [SUB0]
08-08 13:13:03.224 2878 2878 D RILJ : [4800]> DATA_REGISTRATION_STATE [SUB0]
08-08 13:13:03.227 2878 2878 D RILJ : [4801]> VOICE_REGISTRATION_STATE [SUB0]
08-08 13:13:03.228 1956 1976 D use-Rlog/RLOG-RIL: 1 RIL request in the queue (1 pending, 0 handled, 0 unhandled)
08-08 13:13:03.228 1956 1976 D use-Rlog/RLOG-RIL: 2 RIL requests data in the queue
08-08 13:13:03.228 1956 1976 D use-Rlog/RLOG-RIL: 2 RIL requests in the queue (2 pending, 0 handled, 0 unhandled)
08-08 13:13:03.228 1956 1976 D use-Rlog/RLOG-RIL: 2 RIL requests data in the queue
08-08 13:13:03.229 1956 2206 D use-Rlog/RLOG-RIL-IPC:
08-08 13:13:03.229 1956 2206 D use-Rlog/RLOG-RIL-IPC: xmm626_sec_modem_fmt_send: Sent FMT message
08-08 13:13:03.229 1956 2206 D use-Rlog/RLOG-RIL-IPC: xmm626_sec_modem_fmt_send: Message: mseq=0x04, command=IPC_NET_SERVING_NETWORK, type=IPC_TYPE_GET, size=0
08-08 13:13:03.229 1956 2206 D use-Rlog/RLOG-RIL-IPC:
08-08 13:13:03.229 1956 2206 D use-Rlog/RLOG-RIL-IPC: xmm626_sec_modem_fmt_send: Sent FMT message
08-08 13:13:03.229 1956 2206 D use-Rlog/RLOG-RIL-IPC: xmm626_sec_modem_fmt_send: Message: mseq=0x05, command=IPC_NET_REGIST, type=IPC_TYPE_GET, size=2
08-08 13:13:03.230 1956 2206 D use-Rlog/RLOG-RIL-IPC: ================================= IPC FMT data =================================
08-08 13:13:03.230 1956 2206 D use-Rlog/RLOG-RIL-IPC: [0000] FF 03 ..
08-08 13:13:03.230 1956 2206 D use-Rlog/RLOG-RIL-IPC: ================================================================================
08-08 13:13:03.231 1956 2202 D use-Rlog/RLOG-RIL-IPC:
08-08 13:13:03.231 1956 2202 D use-Rlog/RLOG-RIL-IPC: xmm626_sec_modem_fmt_recv: Received FMT message
08-08 13:13:03.231 1956 2202 D use-Rlog/RLOG-RIL-IPC: xmm626_sec_modem_fmt_recv: Message: aseq=0xff, command=IPC_NET_REGIST, type=IPC_TYPE_NOTI, size=11
08-08 13:13:03.231 1956 2202 D use-Rlog/RLOG-RIL-IPC: ================================= IPC FMT data =================================
08-08 13:13:03.231 1956 2202 D use-Rlog/RLOG-RIL-IPC: [0000] 04 03 02 01 50 0F 15 60 D7 02 00 ....P..` ...
08-08 13:13:03.231 1956 2202 D use-Rlog/RLOG-RIL-IPC: ================================================================================
08-08 13:13:03.236 2878 2878 D RILJ : [4802]> QUERY_NETWORK_SELECTION_MODE [SUB0]
08-08 13:13:03.237 2878 2968 D RILJ : [UNSL]< UNSOL_RESPONSE_VOICE_NETWORK_STATE_CHANGED [SUB0]
08-08 13:13:03.238 1956 1976 D use-Rlog/RLOG-RIL: 3 RIL requests in the queue (1 pending, 2 handled, 0 unhandled)
08-08 13:13:03.238 1956 1976 D use-Rlog/RLOG-RIL: 3 RIL requests data in the queue
08-08 13:13:03.238 1956 2206 D use-Rlog/RLOG-RIL: 2 RIL requests in the queue (0 pending, 2 handled, 0 unhandled)
08-08 13:13:03.238 1956 2206 D use-Rlog/RLOG-RIL: 2 RIL requests data in the queue
08-08 13:13:03.239 2878 2968 D RILJ : [4801]< VOICE_REGISTRATION_STATE {1, f50, 2d76015, 3, null, null, null, null, null, null, null, null, null, null, null} [SUB0]
08-08 13:13:03.240 1956 2202 D use-Rlog/RLOG-RIL-IPC:
08-08 13:13:03.240 1956 2202 D use-Rlog/RLOG-RIL-IPC: xmm626_sec_modem_fmt_recv: Received FMT message
08-08 13:13:03.240 1956 2202 D use-Rlog/RLOG-RIL-IPC: xmm626_sec_modem_fmt_recv: Message: aseq=0xff, command=IPC_GPRS_HSDPA_STATUS, type=IPC_TYPE_NOTI, size=1
08-08 13:13:03.240 1956 2202 D use-Rlog/RLOG-RIL-IPC: ================================= IPC FMT data =================================
08-08 13:13:03.240 1956 2202 D use-Rlog/RLOG-RIL-IPC: [0000] 00 .
08-08 13:13:03.241 1956 2202 D use-Rlog/RLOG-RIL-IPC: ================================================================================
08-08 13:13:03.241 1956 2202 D use-Rlog/RLOG-RIL-IPC:
08-08 13:13:03.241 1956 2202 D use-Rlog/RLOG-RIL-IPC: xmm626_sec_modem_fmt_recv: Received FMT message
08-08 13:13:03.241 1956 2202 D use-Rlog/RLOG-RIL-IPC: xmm626_sec_modem_fmt_recv: Message: aseq=0x04, command=IPC_NET_SERVING_NETWORK, type=IPC_TYPE_RESP, size=11
08-08 13:13:03.241 1956 2202 D use-Rlog/RLOG-RIL-IPC: ================================= IPC FMT data =================================
08-08 13:13:03.241 1956 2202 D use-Rlog/RLOG-RIL-IPC: [0000] 02 02 04 32 30 38 31 35 23 50 0F ...20815 #P.
08-08 13:13:03.241 1956 2202 D use-Rlog/RLOG-RIL-IPC: ================================================================================
08-08 13:13:03.242 1956 2202 D use-Rlog/RLOG-RIL: 1 RIL request in the queue (0 pending, 1 handled, 0 unhandled)
08-08 13:13:03.242 1956 2202 D use-Rlog/RLOG-RIL: 2 RIL requests data in the queue
08-08 13:13:03.245 2878 2968 D RILJ : [4799]< OPERATOR {Free Mobile, Free Mobile, 20815} [SUB0]
08-08 13:13:03.247 2878 2878 D RILJ : [4803]> OPERATOR [SUB0]
08-08 13:13:03.251 2878 2878 D RILJ : [4804]> DATA_REGISTRATION_STATE [SUB0]
08-08 13:13:03.254 1956 1976 D use-Rlog/RLOG-RIL: 2 RIL requests in the queue (1 pending, 1 handled, 0 unhandled)
08-08 13:13:03.254 1956 1976 D use-Rlog/RLOG-RIL: 2 RIL requests data in the queue
08-08 13:13:03.254 1956 1976 D use-Rlog/RLOG-RIL: 3 RIL requests in the queue (2 pending, 1 handled, 0 unhandled)
08-08 13:13:03.254 1956 1976 D use-Rlog/RLOG-RIL: 2 RIL requests data in the queue
08-08 13:13:03.255 1956 2206 D use-Rlog/RLOG-RIL-IPC:
08-08 13:13:03.255 1956 2206 D use-Rlog/RLOG-RIL-IPC: xmm626_sec_modem_fmt_send: Sent FMT message
08-08 13:13:03.255 1956 2206 D use-Rlog/RLOG-RIL-IPC: xmm626_sec_modem_fmt_send: Message: mseq=0x06, command=IPC_NET_PLMN_SEL, type=IPC_TYPE_GET, size=0
08-08 13:13:03.255 1956 2206 D use-Rlog/RLOG-RIL-IPC:
08-08 13:13:03.255 1956 2206 D use-Rlog/RLOG-RIL-IPC: xmm626_sec_modem_fmt_send: Sent FMT message
08-08 13:13:03.255 1956 2206 D use-Rlog/RLOG-RIL-IPC: xmm626_sec_modem_fmt_send: Message: mseq=0x07, command=IPC_NET_SERVING_NETWORK, type=IPC_TYPE_GET, size=0
08-08 13:13:03.256 1956 2202 D use-Rlog/RLOG-RIL-IPC:
08-08 13:13:03.260 2878 2878 D RILJ : [4805]> VOICE_REGISTRATION_STATE [SUB0]
08-08 13:13:03.261 1956 2202 D use-Rlog/RLOG-RIL-IPC: xmm626_sec_modem_fmt_recv: Received FMT message
08-08 13:13:03.262 1956 2202 D use-Rlog/RLOG-RIL-IPC: xmm626_sec_modem_fmt_recv: Message: aseq=0x05, command=IPC_NET_REGIST, type=IPC_TYPE_RESP, size=11
08-08 13:13:03.262 1956 2202 D use-Rlog/RLOG-RIL-IPC: ================================= IPC FMT data =================================
08-08 13:13:03.263 1956 2202 D use-Rlog/RLOG-RIL-IPC: [0000] 04 03 02 01 50 0F 15 60 D7 02 00 ....P..` ...
08-08 13:13:03.263 1956 2202 D use-Rlog/RLOG-RIL-IPC: ================================================================================
08-08 13:13:03.263 1956 1976 D use-Rlog/RLOG-RIL: 4 RIL requests in the queue (1 pending, 3 handled, 0 unhandled)
08-08 13:13:03.263 1956 1976 D use-Rlog/RLOG-RIL: 2 RIL requests data in the queue
08-08 13:13:03.267 1956 2202 D use-Rlog/RLOG-RIL: 3 RIL requests in the queue (0 pending, 2 handled, 1 unhandled)
08-08 13:13:03.267 1956 2202 D use-Rlog/RLOG-RIL: 2 RIL requests data in the queue
08-08 13:13:03.269 2878 2878 D RILJ : [4806]> QUERY_NETWORK_SELECTION_MODE [SUB0]
08-08 13:13:03.270 2878 2968 D RILJ : [4800]< DATA_REGISTRATION_STATE {1, f50, 2d76015, 3, 3} [SUB0]
08-08 13:13:03.270 1956 1976 D use-Rlog/RLOG-RIL: 4 RIL requests in the queue (1 pending, 2 handled, 1 unhandled)
08-08 13:13:03.270 1956 1976 D use-Rlog/RLOG-RIL: 2 RIL requests data in the queue
08-08 13:13:03.271 1956 2206 D use-Rlog/RLOG-RIL: 3 RIL requests in the queue (1 pending, 2 handled, 0 unhandled)
08-08 13:13:03.271 1956 2206 D use-Rlog/RLOG-RIL: 1 RIL request data in the queue
08-08 13:13:03.271 1956 2206 D use-Rlog/RLOG-RIL-IPC:
08-08 13:13:03.271 1956 2206 D use-Rlog/RLOG-RIL-IPC: xmm626_sec_modem_fmt_send: Sent FMT message
08-08 13:13:03.271 1956 2206 D use-Rlog/RLOG-RIL-IPC: xmm626_sec_modem_fmt_send: Message: mseq=0x08, command=IPC_NET_REGIST, type=IPC_TYPE_GET, size=2
08-08 13:13:03.271 1956 2206 D use-Rlog/RLOG-RIL-IPC: ================================= IPC FMT data =================================
08-08 13:13:03.271 1956 2206 D use-Rlog/RLOG-RIL-IPC: [0000] FF 02 ..
08-08 13:13:03.272 1956 2206 D use-Rlog/RLOG-RIL-IPC: ================================================================================
08-08 13:13:03.272 1956 2202 D use-Rlog/RLOG-RIL-IPC:
08-08 13:13:03.272 1956 2202 D use-Rlog/RLOG-RIL-IPC: xmm626_sec_modem_fmt_recv: Received FMT message
08-08 13:13:03.273 1956 2202 D use-Rlog/RLOG-RIL-IPC: xmm626_sec_modem_fmt_recv: Message: aseq=0x06, command=IPC_NET_PLMN_SEL, type=IPC_TYPE_RESP, size=1
08-08 13:13:03.273 1956 2202 D use-Rlog/RLOG-RIL-IPC: ================================= IPC FMT data =================================
08-08 13:13:03.273 1956 2202 D use-Rlog/RLOG-RIL-IPC: [0000] 02 .
08-08 13:13:03.273 1956 2202 D use-Rlog/RLOG-RIL-IPC: ================================================================================
08-08 13:13:03.273 1956 2202 D use-Rlog/RLOG-RIL: 2 RIL requests in the queue (0 pending, 2 handled, 0 unhandled)
08-08 13:13:03.273 1956 2202 D use-Rlog/RLOG-RIL: 1 RIL request data in the queue
08-08 13:13:03.277 2878 2968 D RILJ : [4804]< DATA_REGISTRATION_STATE {1, f50, 2d76015, 3, 3} [SUB0]
08-08 13:13:03.278 2878 2968 D RILJ : [4802]< QUERY_NETWORK_SELECTION_MODE {0} [SUB0]
08-08 13:13:03.280 2878 2878 D PHONE : [ServiceState] setDataRegState=0
08-08 13:13:03.280 2878 2878 D PHONE : [ServiceState] setDataRadioTechnology=3
08-08 13:13:03.280 2878 2878 D GsmSST : [GsmSST] handlPollStateResultMessage: GsmSST setDataRegState=0 regState=1 dataRadioTechnology=3
08-08 13:13:03.280 1956 1976 D use-Rlog/RLOG-RIL: 3 RIL requests in the queue (1 pending, 2 handled, 0 unhandled)
08-08 13:13:03.281 1956 1976 D use-Rlog/RLOG-RIL: 1 RIL request data in the queue
08-08 13:13:03.281 1956 2206 D use-Rlog/RLOG-RIL-IPC:
08-08 13:13:03.281 1956 2206 D use-Rlog/RLOG-RIL-IPC: xmm626_sec_modem_fmt_send: Sent FMT message
08-08 13:13:03.281 1956 2206 D use-Rlog/RLOG-RIL-IPC: xmm626_sec_modem_fmt_send: Message: mseq=0x09, command=IPC_NET_PLMN_SEL, type=IPC_TYPE_GET, size=0
08-08 13:13:03.282 1956 2202 D use-Rlog/RLOG-RIL-IPC:
08-08 13:13:03.282 1956 2202 D use-Rlog/RLOG-RIL-IPC: xmm626_sec_modem_fmt_recv: Received FMT message
08-08 13:13:03.282 1956 2202 D use-Rlog/RLOG-RIL-IPC: xmm626_sec_modem_fmt_recv: Message: aseq=0x07, command=IPC_NET_SERVING_NETWORK, type=IPC_TYPE_RESP, size=11
08-08 13:13:03.282 1956 2202 D use-Rlog/RLOG-RIL-IPC: ================================= IPC FMT data =================================
08-08 13:13:03.282 1956 2202 D use-Rlog/RLOG-RIL-IPC: [0000] 02 02 04 32 30 38 31 35 23 50 0F ...20815 #P.
08-08 13:13:03.282 1956 2202 D use-Rlog/RLOG-RIL-IPC: ================================================================================
08-08 13:13:03.283 1956 2202 D use-Rlog/RLOG-RIL: 2 RIL requests in the queue (0 pending, 2 handled, 0 unhandled)
08-08 13:13:03.283 1956 2202 D use-Rlog/RLOG-RIL: 1 RIL request data in the queue
08-08 13:13:03.284 2878 2968 D RILJ : [4803]< OPERATOR {Free Mobile, Free Mobile, 20815} [SUB0]
08-08 13:13:03.285 1956 2202 D use-Rlog/RLOG-RIL-IPC:
08-08 13:13:03.285 1956 2202 D use-Rlog/RLOG-RIL-IPC: xmm626_sec_modem_fmt_recv: Received FMT message
08-08 13:13:03.285 1956 2202 D use-Rlog/RLOG-RIL-IPC: xmm626_sec_modem_fmt_recv: Message: aseq=0x08, command=IPC_NET_REGIST, type=IPC_TYPE_RESP, size=11
08-08 13:13:03.286 1956 2202 D use-Rlog/RLOG-RIL-IPC: ================================= IPC FMT data =================================
08-08 13:13:03.286 1956 2202 D use-Rlog/RLOG-RIL-IPC: [0000] 04 02 02 01 50 0F 15 60 D7 02 00 ....P..` ...
08-08 13:13:03.286 1956 2202 D use-Rlog/RLOG-RIL-IPC: ================================================================================
08-08 13:13:03.286 1956 2202 D use-Rlog/RLOG-RIL: 1 RIL request in the queue (0 pending, 1 handled, 0 unhandled)
08-08 13:13:03.286 1956 2202 D use-Rlog/RLOG-RIL: 1 RIL request data in the queue
08-08 13:13:03.287 2878 2968 D RILJ : [4805]< VOICE_REGISTRATION_STATE {1, f50, 2d76015, 3, null, null, null, null, null, null, null, null, null, null, null} [SUB0]
08-08 13:13:03.288 2878 2878 D PHONE : [ServiceState] setVoiceRegState=0
08-08 13:13:03.288 2878 2878 E PHONE : [ServiceState] setState deprecated use setVoiceRegState()
08-08 13:13:03.288 1956 2202 D use-Rlog/RLOG-RIL-IPC:
08-08 13:13:03.289 1956 2202 D use-Rlog/RLOG-RIL-IPC: xmm626_sec_modem_fmt_recv: Received FMT message
08-08 13:13:03.289 1956 2202 D use-Rlog/RLOG-RIL-IPC: xmm626_sec_modem_fmt_recv: Message: aseq=0x09, command=IPC_NET_PLMN_SEL, type=IPC_TYPE_RESP, size=1
08-08 13:13:03.289 1956 2202 D use-Rlog/RLOG-RIL-IPC: ================================= IPC FMT data =================================
08-08 13:13:03.289 1956 2202 D use-Rlog/RLOG-RIL-IPC: [0000] 02 .
08-08 13:13:03.289 1956 2202 D use-Rlog/RLOG-RIL-IPC: ================================================================================
08-08 13:13:03.289 1956 2202 D use-Rlog/RLOG-RIL: 0 RIL request in the queue (0 pending, 0 handled, 0 unhandled)
08-08 13:13:03.290 1956 2202 D use-Rlog/RLOG-RIL: 1 RIL request data in the queue
08-08 13:13:03.290 2878 2968 D RILJ : [4806]< QUERY_NETWORK_SELECTION_MODE {0} [SUB0]
08-08 13:13:03.298 2878 2878 D GsmSST : [GsmSST] Poll ServiceState done: oldSS=[0 0 voice home data home Free Mobile Free Mobile 20815 Free Mobile Free Mobile 20815 UMTS UMTS CSS not supported -1 -1 RoamInd=-1 DefRoamInd=-1 EmergOnly=false IsDataRoamingFromRegistration=false] newSS=[0 0 voice home data home Free Mobile Free Mobile 20815 Free Mobile Free Mobile 20815 UMTS UMTS CSS not supported -1 -1 RoamInd=-1 DefRoamInd=-1 EmergOnly=false IsDataRoamingFromRegistration=false] oldMaxDataCalls=1 mNewMaxDataCalls=1 oldReasonDataDenied=-1 mNewReasonDataDenied=-1
08-08 13:13:03.298 2878 2878 D PHONE : [ServiceState] setNullState=1
08-08 13:13:03.298 2878 2878 D GsmSST : [GsmSST] getCellLocation(): X good mCellLoc=[3920,47669269,-1]
08-08 13:13:03.299 2304 2751 D TelephonyRegistry: notifyCellLocationForSubscriber: subId=7 cellLocation=Bundle[mParcelledData.dataSize=64]
08-08 13:13:08.373 1956 2202 D use-Rlog/RLOG-RIL-IPC:
08-08 13:13:08.373 1956 2202 D use-Rlog/RLOG-RIL-IPC: xmm626_sec_modem_fmt_recv: Received FMT message
08-08 13:13:08.373 1956 2202 D use-Rlog/RLOG-RIL-IPC: xmm626_sec_modem_fmt_recv: Message: aseq=0x09, command=IPC_GPRS_HSDPA_STATUS, type=IPC_TYPE_NOTI, size=1
08-08 13:13:08.373 1956 2202 D use-Rlog/RLOG-RIL-IPC: ================================= IPC FMT data =================================
08-08 13:13:08.373 1956 2202 D use-Rlog/RLOG-RIL-IPC: [0000] 00 .
08-08 13:13:08.373 1956 2202 D use-Rlog/RLOG-RIL-IPC: ================================================================================
08-08 13:13:08.374 1956 2202 D use-Rlog/RLOG-RIL-IPC:
08-08 13:13:08.374 1956 2202 D use-Rlog/RLOG-RIL-IPC: xmm626_sec_modem_fmt_recv: Received FMT message
08-08 13:13:08.374 1956 2202 D use-Rlog/RLOG-RIL-IPC: xmm626_sec_modem_fmt_recv: Message: aseq=0xff, command=IPC_NET_REGIST, type=IPC_TYPE_NOTI, size=11
08-08 13:13:08.374 1956 2202 D use-Rlog/RLOG-RIL-IPC: ================================= IPC FMT data =================================
08-08 13:13:08.374 1956 2202 D use-Rlog/RLOG-RIL-IPC: [0000] 04 02 02 01 50 0F 16 60 D7 02 00 ....P..` ...
08-08 13:13:08.374 1956 2202 D use-Rlog/RLOG-RIL-IPC: ================================================================================
08-08 13:13:08.377 2878 2968 D RILJ : [UNSL]< UNSOL_RESPONSE_VOICE_NETWORK_STATE_CHANGED [SUB0]
08-08 13:13:08.377 2878 2878 D RILJ : [4807]> OPERATOR [SUB0]
08-08 13:13:08.381 2878 2878 D RILJ : [4808]> DATA_REGISTRATION_STATE [SUB0]
08-08 13:13:08.384 2878 2878 D RILJ : [4809]> VOICE_REGISTRATION_STATE [SUB0]
08-08 13:13:08.385 1956 1976 D use-Rlog/RLOG-RIL: 1 RIL request in the queue (1 pending, 0 handled, 0 unhandled)
08-08 13:13:08.386 1956 1976 D use-Rlog/RLOG-RIL: 2 RIL requests data in the queue
08-08 13:13:08.386 1956 1976 D use-Rlog/RLOG-RIL: 2 RIL requests in the queue (2 pending, 0 handled, 0 unhandled)
08-08 13:13:08.386 1956 1976 D use-Rlog/RLOG-RIL: 2 RIL requests data in the queue
08-08 13:13:08.386 1956 2206 D use-Rlog/RLOG-RIL-IPC:
08-08 13:13:08.386 1956 2206 D use-Rlog/RLOG-RIL-IPC: xmm626_sec_modem_fmt_send: Sent FMT message
08-08 13:13:08.387 1956 2206 D use-Rlog/RLOG-RIL-IPC: xmm626_sec_modem_fmt_send: Message: mseq=0x0a, command=IPC_NET_SERVING_NETWORK, type=IPC_TYPE_GET, size=0
08-08 13:13:08.387 1956 2206 D use-Rlog/RLOG-RIL-IPC:
08-08 13:13:08.387 1956 2206 D use-Rlog/RLOG-RIL-IPC: xmm626_sec_modem_fmt_send: Sent FMT message
08-08 13:13:08.387 1956 2206 D use-Rlog/RLOG-RIL-IPC: xmm626_sec_modem_fmt_send: Message: mseq=0x0b, command=IPC_NET_REGIST, type=IPC_TYPE_GET, size=2
08-08 13:13:08.387 1956 2206 D use-Rlog/RLOG-RIL-IPC: ================================= IPC FMT data =================================
08-08 13:13:08.387 1956 2206 D use-Rlog/RLOG-RIL-IPC: [0000] FF 03 ..
08-08 13:13:08.387 1956 2206 D use-Rlog/RLOG-RIL-IPC: ================================================================================
08-08 13:13:08.391 2878 2878 D RILJ : [4810]> QUERY_NETWORK_SELECTION_MODE [SUB0]
08-08 13:13:08.393 1956 1976 D use-Rlog/RLOG-RIL: 3 RIL requests in the queue (1 pending, 2 handled, 0 unhandled)
08-08 13:13:08.393 1956 1976 D use-Rlog/RLOG-RIL: 2 RIL requests data in the queue
08-08 13:13:08.393 1956 2206 D use-Rlog/RLOG-RIL: 2 RIL requests in the queue (0 pending, 2 handled, 0 unhandled)
08-08 13:13:08.393 1956 2206 D use-Rlog/RLOG-RIL: 1 RIL request data in the queue
08-08 13:13:08.394 2878 2968 D RILJ : [4809]< VOICE_REGISTRATION_STATE {1, f50, 2d76016, 3, null, null, null, null, null, null, null, null, null, null, null} [SUB0]
08-08 13:13:08.395 1956 2202 D use-Rlog/RLOG-RIL-IPC:
08-08 13:13:08.395 1956 2202 D use-Rlog/RLOG-RIL-IPC: xmm626_sec_modem_fmt_recv: Received FMT message
08-08 13:13:08.395 1956 2202 D use-Rlog/RLOG-RIL-IPC: xmm626_sec_modem_fmt_recv: Message: aseq=0xff, command=IPC_NET_REGIST, type=IPC_TYPE_NOTI, size=11
08-08 13:13:08.395 1956 2202 D use-Rlog/RLOG-RIL-IPC: ================================= IPC FMT data =================================
08-08 13:13:08.395 1956 2202 D use-Rlog/RLOG-RIL-IPC: [0000] 04 03 02 01 50 0F 16 60 D7 02 00 ....P..` ...
08-08 13:13:08.396 1956 2202 D use-Rlog/RLOG-RIL-IPC: ================================================================================
08-08 13:13:08.398 1956 2202 D use-Rlog/RLOG-RIL-IPC:
08-08 13:13:08.398 1956 2202 D use-Rlog/RLOG-RIL-IPC: xmm626_sec_modem_fmt_recv: Received FMT message
08-08 13:13:08.398 1956 2202 D use-Rlog/RLOG-RIL-IPC: xmm626_sec_modem_fmt_recv: Message: aseq=0xff, command=IPC_GPRS_HSDPA_STATUS, type=IPC_TYPE_NOTI, size=1
08-08 13:13:08.398 1956 2202 D use-Rlog/RLOG-RIL-IPC: ================================= IPC FMT data =================================
08-08 13:13:08.400 2878 2968 D RILJ : [UNSL]< UNSOL_RESPONSE_VOICE_NETWORK_STATE_CHANGED [SUB0]
08-08 13:13:08.401 2878 2878 D PHONE : [ServiceState] setVoiceRegState=0
08-08 13:13:08.401 2878 2878 E PHONE : [ServiceState] setState deprecated use setVoiceRegState()
08-08 13:13:08.402 2878 2878 D RILJ : [4811]> OPERATOR [SUB0]
08-08 13:13:08.402 1956 2202 D use-Rlog/RLOG-RIL-IPC: [0000] 00 .
08-08 13:13:08.403 1956 2202 D use-Rlog/RLOG-RIL-IPC: ================================================================================
08-08 13:13:08.403 1956 1976 D use-Rlog/RLOG-RIL: 3 RIL requests in the queue (1 pending, 2 handled, 0 unhandled)
08-08 13:13:08.403 1956 1976 D use-Rlog/RLOG-RIL: 2 RIL requests data in the queue
08-08 13:13:08.403 1956 2206 D use-Rlog/RLOG-RIL-IPC:
08-08 13:13:08.403 1956 2206 D use-Rlog/RLOG-RIL-IPC: xmm626_sec_modem_fmt_send: Sent FMT message
08-08 13:13:08.404 1956 2206 D use-Rlog/RLOG-RIL-IPC: xmm626_sec_modem_fmt_send: Message: mseq=0x0c, command=IPC_NET_PLMN_SEL, type=IPC_TYPE_GET, size=0
08-08 13:13:08.409 1956 2202 D use-Rlog/RLOG-RIL-IPC:
08-08 13:13:08.409 1956 2202 D use-Rlog/RLOG-RIL-IPC: xmm626_sec_modem_fmt_recv: Received FMT message
08-08 13:13:08.409 1956 2202 D use-Rlog/RLOG-RIL-IPC: xmm626_sec_modem_fmt_recv: Message: aseq=0x0a, command=IPC_NET_SERVING_NETWORK, type=IPC_TYPE_RESP, size=11
08-08 13:13:08.409 1956 2202 D use-Rlog/RLOG-RIL-IPC: ================================= IPC FMT data =================================
08-08 13:13:08.409 1956 2202 D use-Rlog/RLOG-RIL-IPC: [0000] 02 02 04 32 30 38 31 35 23 50 0F ...20815 #P.
08-08 13:13:08.410 1956 2202 D use-Rlog/RLOG-RIL-IPC: ================================================================================
08-08 13:13:08.410 1956 2202 D use-Rlog/RLOG-RIL: 2 RIL requests in the queue (0 pending, 2 handled, 0 unhandled)
08-08 13:13:08.410 1956 2202 D use-Rlog/RLOG-RIL: 2 RIL requests data in the queue
08-08 13:13:08.414 2878 2878 D RILJ : [4812]> DATA_REGISTRATION_STATE [SUB0]
08-08 13:13:08.415 2878 2968 D RILJ : [4807]< OPERATOR {Free Mobile, Free Mobile, 20815} [SUB0]
08-08 13:13:08.420 1956 1976 D use-Rlog/RLOG-RIL: 3 RIL requests in the queue (1 pending, 2 handled, 0 unhandled)
08-08 13:13:08.420 1956 1976 D use-Rlog/RLOG-RIL: 2 RIL requests data in the queue
08-08 13:13:08.421 1956 2206 D use-Rlog/RLOG-RIL-IPC:
08-08 13:13:08.421 1956 2206 D use-Rlog/RLOG-RIL-IPC: xmm626_sec_modem_fmt_send: Sent FMT message
08-08 13:13:08.421 1956 2206 D use-Rlog/RLOG-RIL-IPC: xmm626_sec_modem_fmt_send: Message: mseq=0x0d, command=IPC_NET_SERVING_NETWORK, type=IPC_TYPE_GET, size=0
08-08 13:13:08.422 1956 2202 D use-Rlog/RLOG-RIL-IPC:
08-08 13:13:08.422 1956 2202 D use-Rlog/RLOG-RIL-IPC: xmm626_sec_modem_fmt_recv: Received FMT message
08-08 13:13:08.422 1956 2202 D use-Rlog/RLOG-RIL-IPC: xmm626_sec_modem_fmt_recv: Message: aseq=0x0b, command=IPC_NET_REGIST, type=IPC_TYPE_RESP, size=11
08-08 13:13:08.422 1956 2202 D use-Rlog/RLOG-RIL-IPC: ================================= IPC FMT data =================================
08-08 13:13:08.422 1956 2202 D use-Rlog/RLOG-RIL-IPC: [0000] 04 03 02 01 50 0F 16 60 D7 02 00 ....P..` ...
08-08 13:13:08.422 1956 2202 D use-Rlog/RLOG-RIL-IPC: ================================================================================
08-08 13:13:08.423 1956 2202 D use-Rlog/RLOG-RIL: 2 RIL requests in the queue (0 pending, 2 handled, 0 unhandled)
08-08 13:13:08.423 1956 2202 D use-Rlog/RLOG-RIL: 2 RIL requests data in the queue
08-08 13:13:08.425 2878 2968 D RILJ : [4808]< DATA_REGISTRATION_STATE {1, f50, 2d76016, 3, 3} [SUB0]
08-08 13:13:08.426 2878 2878 D RILJ : [4813]> VOICE_REGISTRATION_STATE [SUB0]
08-08 13:13:08.430 1956 1976 D use-Rlog/RLOG-RIL: 3 RIL requests in the queue (1 pending, 2 handled, 0 unhandled)
08-08 13:13:08.430 1956 1976 D use-Rlog/RLOG-RIL: 2 RIL requests data in the queue
08-08 13:13:08.430 1956 2206 D use-Rlog/RLOG-RIL: 2 RIL requests in the queue (0 pending, 2 handled, 0 unhandled)
08-08 13:13:08.430 1956 2206 D use-Rlog/RLOG-RIL: 1 RIL request data in the queue
08-08 13:13:08.431 2878 2968 D RILJ : [4812]< DATA_REGISTRATION_STATE {1, f50, 2d76016, 3, 3} [SUB0]
08-08 13:13:08.431 1956 2202 D use-Rlog/RLOG-RIL-IPC:
08-08 13:13:08.432 1956 2202 D use-Rlog/RLOG-RIL-IPC: xmm626_sec_modem_fmt_recv: Received FMT message
08-08 13:13:08.432 1956 2202 D use-Rlog/RLOG-RIL-IPC: xmm626_sec_modem_fmt_recv: Message: aseq=0x0c, command=IPC_NET_PLMN_SEL, type=IPC_TYPE_RESP, size=1
08-08 13:13:08.432 1956 2202 D use-Rlog/RLOG-RIL-IPC: ================================= IPC FMT data =================================
08-08 13:13:08.432 1956 2202 D use-Rlog/RLOG-RIL-IPC: [0000] 02 .
08-08 13:13:08.432 1956 2202 D use-Rlog/RLOG-RIL-IPC: ================================================================================
08-08 13:13:08.432 1956 2202 D use-Rlog/RLOG-RIL: 1 RIL request in the queue (0 pending, 1 handled, 0 unhandled)
08-08 13:13:08.432 1956 2202 D use-Rlog/RLOG-RIL: 1 RIL request data in the queue
08-08 13:13:08.433 2878 2968 D RILJ : [4810]< QUERY_NETWORK_SELECTION_MODE {0} [SUB0]
08-08 13:13:08.435 2878 2878 D RILJ : [4814]> QUERY_NETWORK_SELECTION_MODE [SUB0]
08-08 13:13:08.438 2878 2878 D PHONE : [ServiceState] setDataRegState=0
08-08 13:13:08.438 2878 2878 D PHONE : [ServiceState] setDataRadioTechnology=3
08-08 13:13:08.438 2878 2878 D GsmSST : [GsmSST] handlPollStateResultMessage: GsmSST setDataRegState=0 regState=1 dataRadioTechnology=3
08-08 13:13:08.439 1956 1976 D use-Rlog/RLOG-RIL: 2 RIL requests in the queue (1 pending, 1 handled, 0 unhandled)
08-08 13:13:08.439 1956 1976 D use-Rlog/RLOG-RIL: 1 RIL request data in the queue
08-08 13:13:08.439 1956 1976 D use-Rlog/RLOG-RIL: 3 RIL requests in the queue (2 pending, 1 handled, 0 unhandled)
08-08 13:13:08.439 1956 1976 D use-Rlog/RLOG-RIL: 1 RIL request data in the queue
08-08 13:13:08.440 1956 2206 D use-Rlog/RLOG-RIL-IPC:
08-08 13:13:08.440 1956 2206 D use-Rlog/RLOG-RIL-IPC: xmm626_sec_modem_fmt_send: Sent FMT message
08-08 13:13:08.440 1956 2206 D use-Rlog/RLOG-RIL-IPC: xmm626_sec_modem_fmt_send: Message: mseq=0x0e, command=IPC_NET_REGIST, type=IPC_TYPE_GET, size=2
08-08 13:13:08.440 1956 2206 D use-Rlog/RLOG-RIL-IPC: ================================= IPC FMT data =================================
08-08 13:13:08.440 1956 2206 D use-Rlog/RLOG-RIL-IPC: [0000] FF 02 ..
08-08 13:13:08.440 1956 2206 D use-Rlog/RLOG-RIL-IPC: ================================================================================
08-08 13:13:08.441 1956 2206 D use-Rlog/RLOG-RIL-IPC:
08-08 13:13:08.441 1956 2206 D use-Rlog/RLOG-RIL-IPC: xmm626_sec_modem_fmt_send: Sent FMT message
08-08 13:13:08.441 1956 2206 D use-Rlog/RLOG-RIL-IPC: xmm626_sec_modem_fmt_send: Message: mseq=0x0f, command=IPC_NET_PLMN_SEL, type=IPC_TYPE_GET, size=0
08-08 13:13:08.441 1956 2202 D use-Rlog/RLOG-RIL-IPC:
08-08 13:13:08.442 1956 2202 D use-Rlog/RLOG-RIL-IPC: xmm626_sec_modem_fmt_recv: Received FMT message
08-08 13:13:08.442 1956 2202 D use-Rlog/RLOG-RIL-IPC: xmm626_sec_modem_fmt_recv: Message: aseq=0x0d, command=IPC_NET_SERVING_NETWORK, type=IPC_TYPE_RESP, size=11
08-08 13:13:08.442 1956 2202 D use-Rlog/RLOG-RIL-IPC: ================================= IPC FMT data =================================
08-08 13:13:08.442 1956 2202 D use-Rlog/RLOG-RIL-IPC: [0000] 02 02 04 32 30 38 31 35 23 50 0F ...20815 #P.
08-08 13:13:08.442 1956 2202 D use-Rlog/RLOG-RIL-IPC: ================================================================================
08-08 13:13:08.442 1956 2202 D use-Rlog/RLOG-RIL: 2 RIL requests in the queue (0 pending, 2 handled, 0 unhandled)
08-08 13:13:08.443 1956 2202 D use-Rlog/RLOG-RIL: 1 RIL request data in the queue
08-08 13:13:08.444 2878 2968 D RILJ : [4811]< OPERATOR {Free Mobile, Free Mobile, 20815} [SUB0]
08-08 13:13:08.445 1956 2202 D use-Rlog/RLOG-RIL-IPC:
08-08 13:13:08.445 1956 2202 D use-Rlog/RLOG-RIL-IPC: xmm626_sec_modem_fmt_recv: Received FMT message
08-08 13:13:08.446 1956 2202 D use-Rlog/RLOG-RIL-IPC: xmm626_sec_modem_fmt_recv: Message: aseq=0x0e, command=IPC_NET_REGIST, type=IPC_TYPE_RESP, size=11
08-08 13:13:08.446 1956 2202 D use-Rlog/RLOG-RIL-IPC: ================================= IPC FMT data =================================
08-08 13:13:08.446 1956 2202 D use-Rlog/RLOG-RIL-IPC: [0000] 04 02 02 01 50 0F 16 60 D7 02 00 ....P..` ...
08-08 13:13:08.446 1956 2202 D use-Rlog/RLOG-RIL-IPC: ================================================================================
08-08 13:13:08.446 1956 2202 D use-Rlog/RLOG-RIL: 1 RIL request in the queue (0 pending, 1 handled, 0 unhandled)
08-08 13:13:08.446 1956 2202 D use-Rlog/RLOG-RIL: 1 RIL request data in the queue
08-08 13:13:08.447 2878 2968 D RILJ : [4813]< VOICE_REGISTRATION_STATE {1, f50, 2d76016, 3, null, null, null, null, null, null, null, null, null, null, null} [SUB0]
08-08 13:13:08.448 2878 2878 D PHONE : [ServiceState] setVoiceRegState=0
08-08 13:13:08.448 2878 2878 E PHONE : [ServiceState] setState deprecated use setVoiceRegState()
08-08 13:13:08.448 1956 2202 D use-Rlog/RLOG-RIL-IPC:
08-08 13:13:08.448 1956 2202 D use-Rlog/RLOG-RIL-IPC: xmm626_sec_modem_fmt_recv: Received FMT message
08-08 13:13:08.449 1956 2202 D use-Rlog/RLOG-RIL-IPC: xmm626_sec_modem_fmt_recv: Message: aseq=0x0f, command=IPC_NET_PLMN_SEL, type=IPC_TYPE_RESP, size=1
08-08 13:13:08.449 1956 2202 D use-Rlog/RLOG-RIL-IPC: ================================= IPC FMT data =================================
08-08 13:13:08.449 1956 2202 D use-Rlog/RLOG-RIL-IPC: [0000] 02 .
08-08 13:13:08.449 1956 2202 D use-Rlog/RLOG-RIL-IPC: ================================================================================
08-08 13:13:08.449 1956 2202 D use-Rlog/RLOG-RIL: 0 RIL request in the queue (0 pending, 0 handled, 0 unhandled)
08-08 13:13:08.449 1956 2202 D use-Rlog/RLOG-RIL: 1 RIL request data in the queue
08-08 13:13:08.450 2878 2968 D RILJ : [4814]< QUERY_NETWORK_SELECTION_MODE {0} [SUB0]
08-08 13:13:08.456 2878 2878 D GsmSST : [GsmSST] Poll ServiceState done: oldSS=[0 0 voice home data home Free Mobile Free Mobile 20815 Free Mobile Free Mobile 20815 UMTS UMTS CSS not supported -1 -1 RoamInd=-1 DefRoamInd=-1 EmergOnly=false IsDataRoamingFromRegistration=false] newSS=[0 0 voice home data home Free Mobile Free Mobile 20815 Free Mobile Free Mobile 20815 UMTS UMTS CSS not supported -1 -1 RoamInd=-1 DefRoamInd=-1 EmergOnly=false IsDataRoamingFromRegistration=false] oldMaxDataCalls=1 mNewMaxDataCalls=1 oldReasonDataDenied=-1 mNewReasonDataDenied=-1
08-08 13:13:08.456 2878 2878 D PHONE : [ServiceState] setNullState=1
08-08 13:13:08.457 2878 2878 D GsmSST : [GsmSST] getCellLocation(): X good mCellLoc=[3920,47669270,-1]
08-08 13:13:08.458 2304 2899 D TelephonyRegistry: notifyCellLocationForSubscriber: subId=7 cellLocation=Bundle[mParcelledData.dataSize=64]
08-08 13:13:12.826 1956 2202 D use-Rlog/RLOG-RIL-IPC:
08-08 13:13:12.826 1956 2202 D use-Rlog/RLOG-RIL-IPC: xmm626_sec_modem_fmt_recv: Received FMT message
08-08 13:13:12.826 1956 2202 D use-Rlog/RLOG-RIL-IPC: xmm626_sec_modem_fmt_recv: Message: aseq=0x0f, command=IPC_GPRS_HSDPA_STATUS, type=IPC_TYPE_NOTI, size=1
08-08 13:13:12.826 1956 2202 D use-Rlog/RLOG-RIL-IPC: ================================= IPC FMT data =================================
08-08 13:13:12.826 1956 2202 D use-Rlog/RLOG-RIL-IPC: [0000] 00 .
08-08 13:13:12.826 1956 2202 D use-Rlog/RLOG-RIL-IPC: ================================================================================
08-08 13:13:12.827 1956 2202 D use-Rlog/RLOG-RIL-IPC:
08-08 13:13:12.827 1956 2202 D use-Rlog/RLOG-RIL-IPC: xmm626_sec_modem_fmt_recv: Received FMT message
08-08 13:13:12.827 1956 2202 D use-Rlog/RLOG-RIL-IPC: xmm626_sec_modem_fmt_recv: Message: aseq=0xff, command=IPC_NET_REGIST, type=IPC_TYPE_NOTI, size=11
08-08 13:13:12.827 1956 2202 D use-Rlog/RLOG-RIL-IPC: ================================= IPC FMT data =================================
08-08 13:13:12.827 1956 2202 D use-Rlog/RLOG-RIL-IPC: [0000] 04 02 02 01 50 0F 15 60 D7 02 00 ....P..` ...
08-08 13:13:12.827 1956 2202 D use-Rlog/RLOG-RIL-IPC: ================================================================================
08-08 13:13:12.829 2878 2968 D RILJ : [UNSL]< UNSOL_RESPONSE_VOICE_NETWORK_STATE_CHANGED [SUB0]
08-08 13:13:12.829 2878 2878 D RILJ : [4815]> OPERATOR [SUB0]
08-08 13:13:12.833 2878 2878 D RILJ : [4816]> DATA_REGISTRATION_STATE [SUB0]
08-08 13:13:12.843 2878 2878 D RILJ : [4817]> VOICE_REGISTRATION_STATE [SUB0]
08-08 13:13:12.845 1956 2202 D use-Rlog/RLOG-RIL-IPC:
08-08 13:13:12.845 1956 2202 D use-Rlog/RLOG-RIL-IPC: xmm626_sec_modem_fmt_recv: Received FMT message
08-08 13:13:12.845 1956 2202 D use-Rlog/RLOG-RIL-IPC: xmm626_sec_modem_fmt_recv: Message: aseq=0xff, command=IPC_NET_REGIST, type=IPC_TYPE_NOTI, size=11
08-08 13:13:12.845 1956 2202 D use-Rlog/RLOG-RIL-IPC: ================================= IPC FMT data =================================
08-08 13:13:12.845 1956 2202 D use-Rlog/RLOG-RIL-IPC: [0000] 04 03 02 01 50 0F 15 60 D7 02 00 ....P..` ...
08-08 13:13:12.845 1956 2202 D use-Rlog/RLOG-RIL-IPC: ================================================================================
08-08 13:13:12.850 2878 2878 D RILJ : [4818]> QUERY_NETWORK_SELECTION_MODE [SUB0]
08-08 13:13:12.851 2878 2968 D RILJ : [UNSL]< UNSOL_RESPONSE_VOICE_NETWORK_STATE_CHANGED [SUB0]
08-08 13:13:12.852 1956 1976 D use-Rlog/RLOG-RIL: 1 RIL request in the queue (1 pending, 0 handled, 0 unhandled)
08-08 13:13:12.852 1956 1976 D use-Rlog/RLOG-RIL: 3 RIL requests data in the queue
08-08 13:13:12.852 1956 1976 D use-Rlog/RLOG-RIL: 2 RIL requests in the queue (2 pending, 0 handled, 0 unhandled)
08-08 13:13:12.852 1956 1976 D use-Rlog/RLOG-RIL: 3 RIL requests data in the queue
08-08 13:13:12.852 1956 1976 D use-Rlog/RLOG-RIL: 3 RIL requests in the queue (3 pending, 0 handled, 0 unhandled)
08-08 13:13:12.852 1956 1976 D use-Rlog/RLOG-RIL: 3 RIL requests data in the queue
08-08 13:13:12.853 1956 2206 D use-Rlog/RLOG-RIL-IPC:
08-08 13:13:12.853 1956 2206 D use-Rlog/RLOG-RIL-IPC: xmm626_sec_modem_fmt_send: Sent FMT message
08-08 13:13:12.853 1956 2206 D use-Rlog/RLOG-RIL-IPC: xmm626_sec_modem_fmt_send: Message: mseq=0x10, command=IPC_NET_SERVING_NETWORK, type=IPC_TYPE_GET, size=0
08-08 13:13:12.853 1956 2206 D use-Rlog/RLOG-RIL: 2 RIL requests in the queue (1 pending, 1 handled, 0 unhandled)
08-08 13:13:12.853 1956 2206 D use-Rlog/RLOG-RIL: 2 RIL requests data in the queue
08-08 13:13:12.854 1956 2206 D use-Rlog/RLOG-RIL: 1 RIL request in the queue (0 pending, 1 handled, 0 unhandled)
08-08 13:13:12.854 1956 2206 D use-Rlog/RLOG-RIL: 1 RIL request data in the queue
08-08 13:13:12.855 2878 2968 D RILJ : [4816]< DATA_REGISTRATION_STATE {1, f50, 2d76015, 3, 3} [SUB0]
08-08 13:13:12.856 1956 2202 D use-Rlog/RLOG-RIL-IPC:
08-08 13:13:12.856 1956 2202 D use-Rlog/RLOG-RIL-IPC: xmm626_sec_modem_fmt_recv: Received FMT message
08-08 13:13:12.856 1956 2202 D use-Rlog/RLOG-RIL-IPC: xmm626_sec_modem_fmt_recv: Message: aseq=0xff, command=IPC_GPRS_HSDPA_STATUS, type=IPC_TYPE_NOTI, size=1
08-08 13:13:12.856 1956 2202 D use-Rlog/RLOG-RIL-IPC: ================================= IPC FMT data =================================
08-08 13:13:12.856 1956 2202 D use-Rlog/RLOG-RIL-IPC: [0000] 00 .
08-08 13:13:12.856 1956 2202 D use-Rlog/RLOG-RIL-IPC: ================================================================================
08-08 13:13:12.860 2878 2968 D RILJ : [4817]< VOICE_REGISTRATION_STATE {1, f50, 2d76015, 3, null, null, null, null, null, null, null, null, null, null, null} [SUB0]
08-08 13:13:12.861 1956 1976 D use-Rlog/RLOG-RIL: 2 RIL requests in the queue (1 pending, 1 handled, 0 unhandled)
08-08 13:13:12.861 1956 1976 D use-Rlog/RLOG-RIL: 1 RIL request data in the queue
08-08 13:13:12.861 1956 2206 D use-Rlog/RLOG-RIL-IPC:
08-08 13:13:12.862 1956 2206 D use-Rlog/RLOG-RIL-IPC: xmm626_sec_modem_fmt_send: Sent FMT message
08-08 13:13:12.862 1956 2206 D use-Rlog/RLOG-RIL-IPC: xmm626_sec_modem_fmt_send: Message: mseq=0x11, command=IPC_NET_PLMN_SEL, type=IPC_TYPE_GET, size=0
08-08 13:13:12.862 2878 2878 D DCT : [0]onReceive: action=com.android.internal.telephony.data-stall
08-08 13:13:12.863 1956 2202 D use-Rlog/RLOG-RIL-IPC:
08-08 13:13:12.864 1956 2202 D use-Rlog/RLOG-RIL-IPC: xmm626_sec_modem_fmt_recv: Received FMT message
08-08 13:13:12.864 1956 2202 D use-Rlog/RLOG-RIL-IPC: xmm626_sec_modem_fmt_recv: Message: aseq=0x10, command=IPC_NET_SERVING_NETWORK, type=IPC_TYPE_RESP, size=11
08-08 13:13:12.864 1956 2202 D use-Rlog/RLOG-RIL-IPC: ================================= IPC FMT data =================================
08-08 13:13:12.864 1956 2202 D use-Rlog/RLOG-RIL-IPC: [0000] 02 02 04 32 30 38 31 35 23 50 0F ...20815 #P.
08-08 13:13:12.864 1956 2202 D use-Rlog/RLOG-RIL-IPC: ================================================================================
08-08 13:13:12.865 1956 2202 D use-Rlog/RLOG-RIL: 1 RIL request in the queue (0 pending, 1 handled, 0 unhandled)
08-08 13:13:12.865 1956 2202 D use-Rlog/RLOG-RIL: 1 RIL request data in the queue
08-08 13:13:12.870 2878 2878 D RILJ : [4819]> OPERATOR [SUB0]
08-08 13:13:12.873 2878 2878 D RILJ : [4820]> DATA_REGISTRATION_STATE [SUB0]
08-08 13:13:12.874 2878 2968 D RILJ : [4815]< OPERATOR {Free Mobile, Free Mobile, 20815} [SUB0]
08-08 13:13:12.875 1956 1976 D use-Rlog/RLOG-RIL: 2 RIL requests in the queue (1 pending, 1 handled, 0 unhandled)
08-08 13:13:12.875 1956 1976 D use-Rlog/RLOG-RIL: 1 RIL request data in the queue
08-08 13:13:12.875 1956 2206 D use-Rlog/RLOG-RIL-IPC:
08-08 13:13:12.875 1956 2206 D use-Rlog/RLOG-RIL-IPC: xmm626_sec_modem_fmt_send: Sent FMT message
08-08 13:13:12.875 1956 2206 D use-Rlog/RLOG-RIL-IPC: xmm626_sec_modem_fmt_send: Message: mseq=0x12, command=IPC_NET_SERVING_NETWORK, type=IPC_TYPE_GET, size=0
08-08 13:13:12.876 1956 2202 D use-Rlog/RLOG-RIL-IPC:
08-08 13:13:12.876 1956 2202 D use-Rlog/RLOG-RIL-IPC: xmm626_sec_modem_fmt_recv: Received FMT message
08-08 13:13:12.876 1956 2202 D use-Rlog/RLOG-RIL-IPC: xmm626_sec_modem_fmt_recv: Message: aseq=0x11, command=IPC_NET_PLMN_SEL, type=IPC_TYPE_RESP, size=1
08-08 13:13:12.876 1956 2202 D use-Rlog/RLOG-RIL-IPC: ================================= IPC FMT data =================================
08-08 13:13:12.877 1956 2202 D use-Rlog/RLOG-RIL-IPC: [0000] 02 .
08-08 13:13:12.877 1956 2202 D use-Rlog/RLOG-RIL-IPC: ================================================================================
08-08 13:13:12.877 1956 2202 D use-Rlog/RLOG-RIL: 1 RIL request in the queue (0 pending, 1 handled, 0 unhandled)
08-08 13:13:12.877 1956 2202 D use-Rlog/RLOG-RIL: 1 RIL request data in the queue
08-08 13:13:12.881 2878 2968 D RILJ : [4818]< QUERY_NETWORK_SELECTION_MODE {0} [SUB0]
08-08 13:13:12.882 2878 2878 D RILJ : [4821]> VOICE_REGISTRATION_STATE [SUB0]
08-08 13:13:12.883 1956 1976 D use-Rlog/RLOG-RIL: 2 RIL requests in the queue (1 pending, 1 handled, 0 unhandled)
08-08 13:13:12.883 1956 1976 D use-Rlog/RLOG-RIL: 1 RIL request data in the queue
08-08 13:13:12.883 1956 2206 D use-Rlog/RLOG-RIL-IPC:
08-08 13:13:12.884 1956 2206 D use-Rlog/RLOG-RIL-IPC: xmm626_sec_modem_fmt_send: Sent FMT message
08-08 13:13:12.884 1956 2206 D use-Rlog/RLOG-RIL-IPC: xmm626_sec_modem_fmt_send: Message: mseq=0x13, command=IPC_NET_REGIST, type=IPC_TYPE_GET, size=2
08-08 13:13:12.884 1956 2206 D use-Rlog/RLOG-RIL-IPC: ================================= IPC FMT data =================================
08-08 13:13:12.884 1956 2206 D use-Rlog/RLOG-RIL-IPC: [0000] FF 03 ..
08-08 13:13:12.884 1956 2206 D use-Rlog/RLOG-RIL-IPC: ================================================================================
08-08 13:13:12.885 1956 2202 D use-Rlog/RLOG-RIL-IPC:
08-08 13:13:12.885 1956 2202 D use-Rlog/RLOG-RIL-IPC: xmm626_sec_modem_fmt_recv: Received FMT message
08-08 13:13:12.885 1956 2202 D use-Rlog/RLOG-RIL-IPC: xmm626_sec_modem_fmt_recv: Message: aseq=0x12, command=IPC_NET_SERVING_NETWORK, type=IPC_TYPE_RESP, size=11
08-08 13:13:12.885 1956 2202 D use-Rlog/RLOG-RIL-IPC: ================================= IPC FMT data =================================
08-08 13:13:12.886 1956 2202 D use-Rlog/RLOG-RIL-IPC: [0000] 02 02 04 32 30 38 31 35 23 50 0F ...20815 #P.
