02-25 18:59:54.960 3441 3441 D DCT : [0]setupDataOnConnectableApns: apnContext {mApnType=dun mState=IDLE mWaitingApns={null} mWaitingApnsPermanentFailureCountDown=0 mApnSetting={null} mReason=radioTurnedOff mDataEnabled=false mDependencyMet=true}
02-25 18:59:54.960 3441 3441 D DCT : [0]setupDataOnConnectableApns: apnContext {mApnType=hipri mState=IDLE mWaitingApns={null} mWaitingApnsPermanentFailureCountDown=0 mApnSetting={null} mReason=radioTurnedOff mDataEnabled=false mDependencyMet=true}
02-25 18:59:54.960 3441 3441 D DCT : [0]setupDataOnConnectableApns: apnContext {mApnType=supl mState=IDLE mWaitingApns={null} mWaitingApnsPermanentFailureCountDown=0 mApnSetting={null} mReason=radioTurnedOff mDataEnabled=false mDependencyMet=true}
02-25 18:59:54.960 3441 3441 D DCT : [0]setupDataOnConnectableApns: apnContext {mApnType=default mState=IDLE mWaitingApns={null} mWaitingApnsPermanentFailureCountDown=0 mApnSetting={null} mReason=radioTurnedOff mDataEnabled=false mDependencyMet=true}
02-25 18:59:54.960 3441 3441 D DCT : [0]setupDataOnConnectableApns: apnContext {mApnType=mms mState=IDLE mWaitingApns={null} mWaitingApnsPermanentFailureCountDown=0 mApnSetting={null} mReason=radioTurnedOff mDataEnabled=false mDependencyMet=true}
02-25 18:59:54.960 3441 3441 E PhoneProxy: [PhoneProxy] Error! This handler was not registered for this message type. Message: 9
02-25 18:59:54.960 3441 3441 D SubscriptionController: [getSubId]- sSlotIdxToSubId.size == 0, return DummySubIds slotIdx=0
02-25 18:59:54.960 3441 3441 D GsmSMSDispatcher: GsmSMSDispatcher: subId = -2 slotId = 0
02-25 18:59:54.960 3441 3441 E IccCardProxy: setExternalState: !override and newstate unchanged from NOT_READY
02-25 18:59:54.960 3441 3441 E IccCardProxy: setExternalState: !override and newstate unchanged from NOT_READY
02-25 18:59:54.960 3441 3441 E IccCardProxy: setExternalState: !override and newstate unchanged from NOT_READY
02-25 18:59:54.960 3441 3441 D DctController: EVENT_PHONE1_DATA_DETACH.
02-25 18:59:54.965 3441 3642 D DcSwitchSM: [DcSwitchStateMachine-0] DefaultState: shouldn't happen but ignore msg.what=0x44008
02-25 18:59:54.965 3441 3441 D SubscriptionController: [getSubId]- sSlotIdxToSubId.size == 0, return DummySubIds slotIdx=0
02-25 18:59:54.965 3441 3441 D DctController: [TNF -2]got request NetworkRequest [ id=1, legacyType=-1, [ Capabilities: INTERNET&NOT_RESTRICTED&TRUSTED&NOT_VPN] ] with score 0
02-25 18:59:54.965 3441 3441 D SubscriptionController: [getSubId]- sSlotIdxToSubId.size == 0, return DummySubIds slotIdx=0
02-25 18:59:54.965 3441 3441 D DctController: [TNF -2]Cellular needs Network for NetworkRequest [ id=1, legacyType=-1, [ Capabilities: INTERNET&NOT_RESTRICTED&TRUSTED&NOT_VPN] ]
02-25 18:59:54.965 3441 3441 D SubscriptionController: [getSubId]- sSlotIdxToSubId.size == 0, return DummySubIds slotIdx=0
02-25 18:59:54.965 3441 3441 D SubscriptionController: [getSubId]- sSlotIdxToSubId.size == 0, return DummySubIds slotIdx=0
02-25 18:59:54.965 3441 3441 D DctController: [TNF -2]Request not useable, pending request.
02-25 18:59:54.965 3441 3441 D SubscriptionInfoUpdater: [Receiver]+
02-25 18:59:54.965 3441 3441 D SubscriptionInfoUpdater: Action: android.intent.action.SIM_STATE_CHANGED
02-25 18:59:54.965 3441 3441 D SubscriptionInfoUpdater: slotId: 0
02-25 18:59:54.965 3441 3441 D SubscriptionInfoUpdater: simStatus: NOT_READY
02-25 18:59:54.965 3441 3441 D SubscriptionInfoUpdater: Ignoring simStatus: NOT_READY
02-25 18:59:54.965 3441 3441 D SubscriptionInfoUpdater: Wait for SIM1 IccId
02-25 18:59:54.965 3441 3441 D SubscriptionInfoUpdater: [Receiver]-
02-25 18:59:54.965 3441 3441 D DebugService: DebugService DebugService:
02-25 18:59:54.980 3441 3441 D SipService: SipService: started!
02-25 18:59:55.005 3441 3646 D SubscriptionController: [getActiveSubInfoList]+
02-25 18:59:55.010 3441 3646 D SubscriptionController: selection:sim_id>=0 null
02-25 18:59:55.010 3441 3441 D SipService: start:
02-25 18:59:55.010 3441 3441 D RILJ : [3654]> RIL_REQUEST_QUERY_TTY_MODE [SUB0]
02-25 18:59:55.010 3441 3441 D RilRequest: [3654]< RIL_REQUEST_QUERY_TTY_MODE error: com.android.internal.telephony.CommandException: RADIO_NOT_AVAILABLE ret=
02-25 18:59:55.010 3441 3441 D DCT : [0]handleMessage msg={ when=-363ms what=270369 obj=android.os.AsyncResult@f6c223f target=com.android.internal.telephony.dataconnection.DcTracker }
02-25 18:59:55.010 3441 3441 D DCT : [0]onUpdateIcc: newIccRecords null
02-25 18:59:55.010 3441 3441 D SubscriptionController: [getSubId]- sSlotIdxToSubId.size == 0, return DummySubIds slotIdx=0
02-25 18:59:55.010 3441 3441 D GsmSMSDispatcher: GsmSMSDispatcher: subId = -2 slotId = 0
02-25 18:59:55.010 3441 3441 E IccCardProxy: setExternalState: !override and newstate unchanged from NOT_READY
02-25 18:59:55.015 3441 3441 D GsmSST : [GsmSST] SubscriptionListener.onSubscriptionInfoChanged
02-25 18:59:55.015 3441 3441 D SubscriptionController: [getSubId]- sSlotIdxToSubId.size == 0, return DummySubIds slotIdx=0
02-25 18:59:55.020 3441 3441 D SubscriptionController: [getActiveSubInfoList]+
02-25 18:59:55.020 3441 3646 D SubscriptionController: [getActiveSubInfoList]- no info return
02-25 18:59:55.020 3441 3441 D SubscriptionController: selection:sim_id>=0 null
02-25 18:59:55.025 3441 3475 D SubscriptionController: [getActiveSubInfoList]+
02-25 18:59:55.025 3441 3441 D SubscriptionController: [getActiveSubInfoList]- no info return
02-25 18:59:55.030 3441 3475 D SubscriptionController: selection:sim_id>=0 null
02-25 18:59:55.035 3441 3441 D DCT : [0]SubscriptionListener.onSubscriptionInfoChanged
02-25 18:59:55.035 3441 3441 D SubscriptionController: [getSubId]- sSlotIdxToSubId.size == 0, return DummySubIds slotIdx=0
02-25 18:59:55.035 3441 3441 D SubscriptionController: [getSubId]- sSlotIdxToSubId.size == 0, return DummySubIds slotIdx=0
02-25 18:59:55.035 3441 3441 D SubscriptionController: [getSubId]- sSlotIdxToSubId.size == 0, return DummySubIds slotIdx=0
02-25 18:59:55.040 3441 3441 D SubscriptionController: [getPhoneId]- invalid subId return=-1
02-25 18:59:55.040 3441 3441 D SubscriptionController: [getSubId]- sSlotIdxToSubId.size == 0, return DummySubIds slotIdx=0
02-25 18:59:55.045 3441 3441 D SubscriptionController: [getSubId]- sSlotIdxToSubId.size == 0, return DummySubIds slotIdx=0
02-25 18:59:55.045 3441 3441 D SubscriptionController: [getSubId]- sSlotIdxToSubId.size == 0, return DummySubIds slotIdx=0
02-25 18:59:55.060 3441 3475 D SubscriptionController: [getActiveSubInfoList]- no info return
02-25 18:59:55.065 3441 3647 D SubscriptionController: [getActiveSubInfoList]+
02-25 18:59:55.065 3441 3647 D SubscriptionController: selection:sim_id>=0 null
02-25 18:59:55.075 3441 3647 D SubscriptionController: [getActiveSubInfoList]- no info return
02-25 18:59:55.170 3441 3475 D SubscriptionController: getSimStateForSlotIdx: simState=NOT_READY ordinal=6
02-25 18:59:55.170 3521 3521 D SubscriptionManager: getSimStateForSubscriber: simState=6 slotIdx=0
02-25 18:59:55.170 3441 3647 D SubscriptionController: getSimStateForSlotIdx: simState=NOT_READY ordinal=6
02-25 18:59:55.170 3521 3521 D SubscriptionManager: getSimStateForSubscriber: simState=6 slotIdx=0
02-25 18:59:55.170 3441 3646 D SubscriptionController: getSimStateForSlotIdx: simState=NOT_READY ordinal=6
02-25 18:59:55.170 3521 3521 D SubscriptionManager: getSimStateForSubscriber: simState=6 slotIdx=0
02-25 18:59:55.195 3441 3441 E PhoneBase: Error! registerForCallWaiting() in PhoneBase should not be called, CDMAPhone inactive.
02-25 18:59:55.225 3441 3441 D SubscriptionController: [getSubId]- sSlotIdxToSubId.size == 0, return DummySubIds slotIdx=0
02-25 18:59:55.225 3441 3441 D SubscriptionController: [getSubId]- sSlotIdxToSubId.size == 0, return DummySubIds slotIdx=0
02-25 18:59:55.225 3441 3441 D DCT : [0]getDataOnRoamingEnabled: phoneSubId=-2 isDataRoamingEnabled=false
02-25 18:59:55.225 3441 3441 D SubscriptionController: [getSubId]- sSlotIdxToSubId.size == 0, return DummySubIds slotIdx=0
02-25 18:59:55.225 3441 3441 D DCT : [0]getDataOnRoamingEnabled: phoneSubId=-2 isDataRoamingEnabled=false
02-25 18:59:55.225 3441 3441 D SubscriptionController: [getSubId]- sSlotIdxToSubId.size == 0, return DummySubIds slotIdx=0
02-25 18:59:55.225 3441 3441 D DCT : [0]getDataOnRoamingEnabled: phoneSubId=-2 isDataRoamingEnabled=false
02-25 18:59:55.225 3441 3441 D SubscriptionController: [getSubId]- sSlotIdxToSubId.size == 0, return DummySubIds slotIdx=0
02-25 18:59:55.225 3441 3441 D DCT : [0]getDataOnRoamingEnabled: phoneSubId=-2 isDataRoamingEnabled=false
02-25 18:59:55.225 3441 3441 D SubscriptionController: [getSubId]- sSlotIdxToSubId.size == 0, return DummySubIds slotIdx=0
02-25 18:59:55.225 3441 3441 D DCT : [0]getDataOnRoamingEnabled: phoneSubId=-2 isDataRoamingEnabled=false
02-25 18:59:55.225 3441 3441 D SubscriptionController: [getSubId]- sSlotIdxToSubId.size == 0, return DummySubIds slotIdx=0
02-25 18:59:55.225 3441 3441 D DCT : [0]getDataOnRoamingEnabled: phoneSubId=-2 isDataRoamingEnabled=false
02-25 18:59:55.225 3441 3441 D SubscriptionController: [getSubId]- sSlotIdxToSubId.size == 0, return DummySubIds slotIdx=0
02-25 18:59:55.225 3441 3441 D DCT : [0]getDataOnRoamingEnabled: phoneSubId=-2 isDataRoamingEnabled=false
02-25 18:59:55.225 3441 3441 D SubscriptionController: [getSubId]- sSlotIdxToSubId.size == 0, return DummySubIds slotIdx=0
02-25 18:59:55.225 3441 3441 D DCT : [0]getDataOnRoamingEnabled: phoneSubId=-2 isDataRoamingEnabled=false
02-25 18:59:55.225 3441 3441 D SubscriptionController: [getSubId]- sSlotIdxToSubId.size == 0, return DummySubIds slotIdx=0
02-25 18:59:55.225 3441 3441 D DCT : [0]getDataOnRoamingEnabled: phoneSubId=-2 isDataRoamingEnabled=false
02-25 18:59:55.225 3441 3441 D SubscriptionController: [getSubId]- sSlotIdxToSubId.size == 0, return DummySubIds slotIdx=0
02-25 18:59:55.225 3441 3441 D DCT : [0]getDataOnRoamingEnabled: phoneSubId=-2 isDataRoamingEnabled=false
02-25 18:59:55.225 3441 3441 D SubscriptionController: [getSubId]- sSlotIdxToSubId.size == 0, return DummySubIds slotIdx=0
02-25 18:59:55.225 3441 3441 D DCT : [0]getDataOnRoamingEnabled: phoneSubId=-2 isDataRoamingEnabled=false
02-25 18:59:55.230 3441 3441 D SubscriptionController: [getSubId]- sSlotIdxToSubId.size == 0, return DummySubIds slotIdx=0
02-25 18:59:55.230 3441 3441 D DCT : [0]getDataOnRoamingEnabled: phoneSubId=-2 isDataRoamingEnabled=false
02-25 18:59:55.230 3441 3441 D SubscriptionController: [getSubId]- sSlotIdxToSubId.size == 0, return DummySubIds slotIdx=0
02-25 18:59:55.230 3441 3441 D DCT : [0]getDataOnRoamingEnabled: phoneSubId=-2 isDataRoamingEnabled=false
02-25 18:59:55.230 3441 3441 D SubscriptionController: [getSubId]- sSlotIdxToSubId.size == 0, return DummySubIds slotIdx=0
02-25 18:59:55.230 3441 3441 D DCT : [0]getDataOnRoamingEnabled: phoneSubId=-2 isDataRoamingEnabled=false
02-25 18:59:55.230 3441 3441 D SubscriptionController: [getSubId]- sSlotIdxToSubId.size == 0, return DummySubIds slotIdx=0
02-25 18:59:55.230 3441 3441 D DCT : [0]getDataOnRoamingEnabled: phoneSubId=-2 isDataRoamingEnabled=false
02-25 18:59:55.230 3441 3441 D DctController: handleMessage msg={ when=-195ms what=107 target=com.android.internal.telephony.dataconnection.DctController }
02-25 18:59:55.230 3441 3441 D DctController: onSubInfoReady mPhoneNum=1
02-25 18:59:55.230 3441 3441 D SubscriptionController: [getSubId]- sSlotIdxToSubId.size == 0, return DummySubIds slotIdx=0
02-25 18:59:55.230 3441 3441 D DctController: onSubInfoReady handle pending requests subId=-2
02-25 18:59:55.230 3441 3441 D DctController: onSubInfoReady: SIM card absent on phoneId = 0
02-25 18:59:55.230 3441 3441 D SubscriptionController: [getSubId]- sSlotIdxToSubId.size == 0, return DummySubIds slotIdx=0
02-25 18:59:55.230 3441 3441 D DctController: [TNF -2]evalPendingRequest, pending request size is 1
02-25 18:59:55.230 3441 3441 D SubscriptionController: [getSubId]- sSlotIdxToSubId.size == 0, return DummySubIds slotIdx=0
02-25 18:59:55.230 3441 3441 D DctController: [TNF -2]evalPendingRequest: request = NetworkRequest [ id=1, legacyType=-1, [ Capabilities: INTERNET&NOT_RESTRICTED&TRUSTED&NOT_VPN] ]
02-25 18:59:55.230 3441 3441 D SubscriptionController: [getSubId]- sSlotIdxToSubId.size == 0, return DummySubIds slotIdx=0
02-25 18:59:55.230 3441 3441 D DctController: [TNF -2]Cellular needs Network for NetworkRequest [ id=1, legacyType=-1, [ Capabilities: INTERNET&NOT_RESTRICTED&TRUSTED&NOT_VPN] ]
02-25 18:59:55.230 3441 3441 D SubscriptionController: [getSubId]- sSlotIdxToSubId.size == 0, return DummySubIds slotIdx=0
02-25 18:59:55.230 3441 3441 D SubscriptionController: [getSubId]- sSlotIdxToSubId.size == 0, return DummySubIds slotIdx=0
02-25 18:59:55.230 3441 3441 D DctController: [TNF -2]Request not useable, pending request.
02-25 18:59:55.230 3441 3441 D DctController: processRequests
02-25 18:59:55.230 3441 3441 D SubscriptionController: [getPhoneId]- invalid subId return=-1
02-25 18:59:55.230 3441 3441 D SubscriptionController: [getSubId]- sSlotIdxToSubId.size == 0, return DummySubIds slotIdx=0
02-25 18:59:55.235 3441 3441 D SubscriptionController: [getSubId]- sSlotIdxToSubId.size == 0, return DummySubIds slotIdx=0
02-25 18:59:55.235 3441 3441 D DctController: handleMessage msg={ when=-7ms what=100 target=com.android.internal.telephony.dataconnection.DctController }
02-25 18:59:55.235 3441 3441 D DcSwitchAsyncChannel: [DcSwitchAsyncChannel-0]: rspIsIdle=true
02-25 18:59:55.235 3441 3441 D SubscriptionController: [getPhoneId]- invalid subId return=-1
02-25 18:59:55.240 3441 3441 D DcSwitchAsyncChannel: [DcSwitchAsyncChannel-0]: rspIsIdle=true
02-25 18:59:55.240 3441 3441 D DctController: onProcessRequest requestedPhoneId=-1, activePhoneId=-1
02-25 18:59:57.195 3441 3602 D GsmCellBroadcastHandler: mWakeLock released
02-25 18:59:57.295 3441 3628 D CellBroadcastHandler: mWakeLock released
02-25 18:59:57.320 3441 3632 D CdmaServiceCategoryProgramHandler: mWakeLock released
02-25 18:59:57.865 3441 3567 I RILJ : Couldn't find 'rild' socket; retrying after timeout
02-25 18:59:59.035 3441 3475 D SubscriptionController: [getSlotId]- subId invalid
02-25 18:59:59.035 3441 3647 D SubscriptionController: getSimStateForSlotIdx: simState=NOT_READY ordinal=6
02-25 18:59:59.035 3068 3870 D SubscriptionManager: getSimStateForSubscriber: simState=6 slotIdx=0
02-25 18:59:59.035 3068 3870 D TelephonyManager: getSimState: default sim:-1, sim state for slotIdx=0 is 6, return state as unknown
02-25 18:59:59.040 3441 3646 D SubscriptionController: [getSlotId]- subId invalid
02-25 18:59:59.040 3441 3691 D SubscriptionController: getSimStateForSlotIdx: simState=NOT_READY ordinal=6
02-25 18:59:59.040 3068 3870 D SubscriptionManager: getSimStateForSubscriber: simState=6 slotIdx=0
02-25 18:59:59.040 3068 3870 D TelephonyManager: getSimState: default sim:-1, sim state for slotIdx=0 is 6, return state as unknown
02-25 18:59:59.060 3441 3475 D DCT : [0]hasMatchedTetherApnSetting: APN=null
02-25 18:59:59.065 3441 3647 D DCT : [0]hasMatchedTetherApnSetting: APN=null
02-25 18:59:59.080 3441 3646 D SubscriptionController: [getSlotId]- subId invalid
02-25 18:59:59.085 3441 3691 D SubscriptionController: getSimStateForSlotIdx: simState=NOT_READY ordinal=6
02-25 18:59:59.085 3068 3870 D SubscriptionManager: getSimStateForSubscriber: simState=6 slotIdx=0
02-25 18:59:59.085 3068 3870 D TelephonyManager: getSimState: default sim:-1, sim state for slotIdx=0 is 6, return state as unknown
02-25 18:59:59.095 3441 3475 D DCT : [0]hasMatchedTetherApnSetting: APN=null
02-25 18:59:59.390 3441 3647 D SubscriptionController: [getSubId]- sSlotIdxToSubId.size == 0, return DummySubIds slotIdx=0
02-25 18:59:59.775 3441 3646 D SubscriptionController: [getSlotId]- subId invalid
02-25 18:59:59.775 3441 3691 D SubscriptionController: getSimStateForSlotIdx: simState=NOT_READY ordinal=6
02-25 18:59:59.775 3068 3870 D SubscriptionManager: getSimStateForSubscriber: simState=6 slotIdx=0
02-25 18:59:59.775 3068 3870 D TelephonyManager: getSimState: default sim:-1, sim state for slotIdx=0 is 6, return state as unknown
02-25 18:59:59.780 3441 3475 D DCT : [0]hasMatchedTetherApnSetting: APN=null
02-25 18:59:59.785 3441 3478 D SubscriptionController: [getSlotId]- subId invalid
02-25 18:59:59.785 3441 3646 D SubscriptionController: getSimStateForSlotIdx: simState=NOT_READY ordinal=6
02-25 18:59:59.785 3068 3870 D SubscriptionManager: getSimStateForSubscriber: simState=6 slotIdx=0
02-25 18:59:59.785 3068 3870 D TelephonyManager: getSimState: default sim:-1, sim state for slotIdx=0 is 6, return state as unknown
02-25 18:59:59.790 3441 3691 D DCT : [0]hasMatchedTetherApnSetting: APN=null
02-25 19:00:00.595 3441 3475 D SubscriptionController: [getActiveSubInfoList]+
02-25 19:00:00.595 3441 3475 D SubscriptionController: selection:sim_id>=0 null
02-25 19:00:00.605 3441 3475 D SubscriptionController: [getActiveSubInfoList]- no info return
02-25 19:00:00.605 3441 3647 D SubscriptionController: [getSubId]- sSlotIdxToSubId.size == 0, return DummySubIds slotIdx=0
02-25 19:00:00.770 3441 3646 D SubscriptionController: [getSlotId]- subId invalid
02-25 19:00:00.770 3441 3691 D SubscriptionController: getSimStateForSlotIdx: simState=NOT_READY ordinal=6
02-25 19:00:00.770 3068 3068 D SubscriptionManager: getSimStateForSubscriber: simState=6 slotIdx=0
02-25 19:00:00.770 3068 3068 D TelephonyManager: getSimState: default sim:-1, sim state for slotIdx=0 is 6, return state as unknown
02-25 19:00:00.810 3441 3475 D DCT : [0]hasMatchedTetherApnSetting: APN=null
02-25 19:00:00.815 3441 3647 D DCT : [0]hasMatchedTetherApnSetting: APN=null
02-25 19:00:01.865 3441 3567 I RILJ : Couldn't find 'rild' socket; retrying after timeout
02-25 19:00:02.095 3441 3478 D DCT : [0]hasMatchedTetherApnSetting: APN=null
02-25 19:00:02.555 3441 3441 D SubscriptionController: [getPhoneId] asked for default subId=-1
02-25 19:00:02.555 3441 3441 D SubscriptionController: [getPhoneId]- invalid subId return=-1
02-25 19:00:05.460 3441 3646 D DCT : [0]hasMatchedTetherApnSetting: APN=null
02-25 19:00:05.575 3441 3441 D CAT : com.android.stk.BootCompletedReceiver: [ACTION_BOOT_COMPLETED]
02-25 19:00:05.580 3441 3441 D CAT : com.android.stk.StkAppService: onCreate()+
02-25 19:00:05.580 3441 3441 D CAT : com.android.stk.StkAppService: simCount: 1
02-25 19:00:05.585 3441 3441 D CAT : com.android.stk.StkAppService: slotId: 0
02-25 19:00:05.585 3441 3441 D CAT : com.android.stk.StkAppService: onStart sim id: 0, op: 5, *****
02-25 19:00:05.585 3441 3441 D CAT : com.android.stk.StkAppService: mStkService is: -1
02-25 19:00:05.585 3441 3441 D CAT : StkAppInstaller: [setAppState]+
02-25 19:00:05.585 3441 3441 D CAT : StkAppInstaller: Change app state[false]
02-25 19:00:05.585 3441 3441 D CAT : StkAppInstaller: [setAppState]-
02-25 19:00:05.590 3441 3441 D CAT : com.android.stk.StkAppService: onDestroy()
02-25 19:00:05.865 3441 3567 I RILJ : Couldn't find 'rild' socket; retrying after timeout
02-25 19:00:05.960 3441 3691 D SubscriptionController: [getActiveSubInfoList]+
02-25 19:00:05.965 3441 3647 D SubscriptionController: [getPhoneId] asked for default subId=-1
02-25 19:00:05.965 3441 3647 D SubscriptionController: [getPhoneId]- invalid subId return=-1
02-25 19:00:05.970 3441 3691 D SubscriptionController: selection:sim_id>=0 null
02-25 19:00:06.010 3441 3647 D SubscriptionController: [getActiveSubInfoList]+
02-25 19:00:06.010 3441 3647 D SubscriptionController: selection:sim_id>=0 null
02-25 19:00:06.015 3441 3647 D SubscriptionController: [getActiveSubInfoList]- no info return
02-25 19:00:06.020 3441 3475 D SubscriptionController: [getActiveSubInfoList]+
02-25 19:00:06.020 3441 3475 D SubscriptionController: selection:sim_id>=0 null
02-25 19:00:06.025 3441 3691 D SubscriptionController: [getActiveSubInfoList]- no info return
02-25 19:00:06.025 3441 3646 D SubscriptionController: [getActiveSubInfoList]+
02-25 19:00:06.025 3441 3646 D SubscriptionController: selection:sim_id>=0 null
02-25 19:00:06.025 3441 3475 D SubscriptionController: [getActiveSubInfoList]- no info return
02-25 19:00:06.030 3441 3646 D SubscriptionController: [getActiveSubInfoList]- no info return
02-25 19:00:06.180 3441 3646 D SubscriptionController: [getPhoneId] asked for default subId=-1
02-25 19:00:06.180 3441 3646 D SubscriptionController: [getPhoneId]- invalid subId return=-1
02-25 19:00:09.410 3441 3691 D DCT : [0]hasMatchedTetherApnSetting: APN=null
02-25 19:00:09.425 3441 3646 D DCT : [0]hasMatchedTetherApnSetting: APN=null
02-25 19:00:09.460 3441 3475 D SubscriptionController: [getSlotId]- subId invalid
02-25 19:00:09.460 3441 3478 D SubscriptionController: getSimStateForSlotIdx: simState=NOT_READY ordinal=6
02-25 19:00:09.460 3068 3068 D SubscriptionManager: getSimStateForSubscriber: simState=6 slotIdx=0
02-25 19:00:09.460 3068 3068 D TelephonyManager: getSimState: default sim:-1, sim state for slotIdx=0 is 6, return state as unknown
02-25 19:00:09.870 3441 3567 I RILJ : Couldn't find 'rild' socket; retrying after timeout
02-25 19:00:13.870 3441 3567 I RILJ : Couldn't find 'rild' socket; retrying after timeout
02-25 19:00:16.540 3441 3646 D SubscriptionController: [getPhoneId]- invalid subId return=-1
02-25 19:00:16.545 3441 3475 D SubscriptionController: [getPhoneId]- invalid subId return=-1
02-25 19:00:17.875 3441 3567 I RILJ : Couldn't find 'rild' socket; retrying after timeout
02-25 19:00:21.875 3441 3567 I RILJ : Couldn't find 'rild' socket; retrying after timeout
02-25 19:00:25.875 3441 3567 E RILJ : Couldn't find 'rild' socket after 8 times, continuing to retry silently
02-25 19:01:07.980 3441 3441 D RILJ : [3655]> SCREEN_STATE: true [SUB0]
02-25 19:01:07.980 3441 3441 D RilRequest: [3655]< SCREEN_STATE error: com.android.internal.telephony.CommandException: RADIO_NOT_AVAILABLE ret=
02-25 19:01:08.070 3441 3441 D DCT : [0]onReceive: action=android.intent.action.SCREEN_ON
02-25 19:01:08.070 3441 3441 D DCT : [0]stopNetStatPoll
02-25 19:01:08.070 3441 3441 D SubscriptionController: [getSubId]- sSlotIdxToSubId.size == 0, return DummySubIds slotIdx=0
02-25 19:01:08.070 3441 3441 D DCT : [0]overall state is IDLE
02-25 19:01:08.070 3441 3441 D SubscriptionController: [getSubId]- sSlotIdxToSubId.size == 0, return DummySubIds slotIdx=0
02-25 19:01:08.080 3441 3441 D DCT : [0]onReceive: action=android.intent.action.SCREEN_OFF
02-25 19:01:08.080 3441 3441 D DCT : [0]stopNetStatPoll
02-25 19:01:08.080 3441 3441 D SubscriptionController: [getSubId]- sSlotIdxToSubId.size == 0, return DummySubIds slotIdx=0
02-25 19:01:08.080 3441 3441 D DCT : [0]overall state is IDLE
02-25 19:01:08.080 3441 3441 D SubscriptionController: [getSubId]- sSlotIdxToSubId.size == 0, return DummySubIds slotIdx=0
02-25 19:01:13.380 3441 3646 D SubscriptionController: [getSlotId]- subId invalid
02-25 19:01:13.385 3441 3647 D SubscriptionController: getSimStateForSlotIdx: simState=NOT_READY ordinal=6
02-25 19:01:13.385 3068 3068 D SubscriptionManager: getSimStateForSubscriber: simState=6 slotIdx=0
02-25 19:01:13.385 3068 3068 D TelephonyManager: getSimState: default sim:-1, sim state for slotIdx=0 is 6, return state as unknown
02-25 19:01:13.395 3441 3691 D DCT : [0]hasMatchedTetherApnSetting: APN=null
02-25 19:01:13.795 3441 3475 D DCT : [0]hasMatchedTetherApnSetting: APN=null
02-25 19:02:31.445 3441 3441 D RILJ : [3656]> SCREEN_STATE: false [SUB0]
02-25 19:02:31.445 3441 3441 D RilRequest: [3656]< SCREEN_STATE error: com.android.internal.telephony.CommandException: RADIO_NOT_AVAILABLE ret=
02-25 19:02:31.795 3441 3441 D DCT : [0]onReceive: action=android.intent.action.SCREEN_ON
02-25 19:02:31.795 3441 3441 D DCT : [0]stopNetStatPoll
02-25 19:02:31.795 3441 3441 D SubscriptionController: [getSubId]- sSlotIdxToSubId.size == 0, return DummySubIds slotIdx=0
02-25 19:02:31.795 3441 3441 D DCT : [0]overall state is IDLE
02-25 19:02:31.795 3441 3441 D SubscriptionController: [getSubId]- sSlotIdxToSubId.size == 0, return DummySubIds slotIdx=0
02-25 19:02:32.385 3441 3441 D RILJ : [3657]> SCREEN_STATE: true [SUB0]
02-25 19:02:32.385 3441 3441 D RilRequest: [3657]< SCREEN_STATE error: com.android.internal.telephony.CommandException: RADIO_NOT_AVAILABLE ret=
02-25 19:02:45.920 3441 3647 D DCT : [0]hasMatchedTetherApnSetting: APN=null
02-25 19:03:20.725 3441 3475 D SubscriptionController: [getPhoneId]- invalid subId return=-1
02-25 19:03:20.730 3441 3646 D SubscriptionController: [getPhoneId]- invalid subId return=-1
02-25 19:03:25.760 3441 3691 D SubscriptionController: [getSlotId]- subId invalid
02-25 19:03:25.765 3441 3475 D SubscriptionController: getSimStateForSlotIdx: simState=NOT_READY ordinal=6
02-25 19:03:25.765 3068 3068 D SubscriptionManager: getSimStateForSubscriber: simState=6 slotIdx=0
02-25 19:03:25.765 3068 3068 D TelephonyManager: getSimState: default sim:-1, sim state for slotIdx=0 is 6, return state as unknown
02-25 19:03:25.770 3441 3478 D DCT : [0]hasMatchedTetherApnSetting: APN=null
02-25 19:03:25.775 3441 3646 D DCT : [0]hasMatchedTetherApnSetting: APN=null
02-25 19:03:42.455 3441 3646 D SubscriptionController: [getPhoneId]- invalid subId return=-1
02-25 19:03:42.455 3441 3691 D SubscriptionController: [getPhoneId]- invalid subId return=-1
02-25 19:03:44.540 3441 3475 D DCT : [0]hasMatchedTetherApnSetting: APN=null
02-25 19:03:44.545 3441 3478 D DCT : [0]hasMatchedTetherApnSetting: APN=null
02-25 19:03:44.545 3441 3646 D DCT : [0]hasMatchedTetherApnSetting: APN=null
02-25 19:03:44.545 3441 3647 D DCT : [0]hasMatchedTetherApnSetting: APN=null
02-25 19:03:49.505 3441 3478 D SubscriptionController: [getPhoneId]- invalid subId return=-1
02-25 19:03:49.505 3441 3647 D SubscriptionController: [getPhoneId]- invalid subId return=-1
02-25 19:04:50.890 3441 3646 D DCT : [0]hasMatchedTetherApnSetting: APN=null
02-25 19:04:53.645 3441 3647 D DCT : [0]hasMatchedTetherApnSetting: APN=null
02-25 19:05:27.295 3441 3441 D DCT : [0]onReceive: action=android.intent.action.SCREEN_OFF
02-25 19:05:27.295 3441 3441 D DCT : [0]stopNetStatPoll
02-25 19:05:27.295 3441 3441 D SubscriptionController: [getSubId]- sSlotIdxToSubId.size == 0, return DummySubIds slotIdx=0
02-25 19:05:27.295 3441 3441 D DCT : [0]overall state is IDLE
02-25 19:05:27.295 3441 3441 D SubscriptionController: [getSubId]- sSlotIdxToSubId.size == 0, return DummySubIds slotIdx=0
02-25 19:05:32.370 3441 3646 D DCT : [0]hasMatchedTetherApnSetting: APN=null
02-25 19:05:32.375 3441 3647 D DCT : [0]hasMatchedTetherApnSetting: APN=null
02-25 19:05:32.455 3441 3475 D SubscriptionController: [getSlotId]- subId invalid
02-25 19:05:32.455 3441 3478 D SubscriptionController: getSimStateForSlotIdx: simState=NOT_READY ordinal=6
02-25 19:05:32.455 3068 3068 D SubscriptionManager: getSimStateForSubscriber: simState=6 slotIdx=0
02-25 19:05:32.455 3068 3068 D TelephonyManager: getSimState: default sim:-1, sim state for slotIdx=0 is 6, return state as unknown
02-25 19:06:28.310 3441 3441 D RILJ : [3658]> SCREEN_STATE: false [SUB0]
02-25 19:06:28.310 3441 3441 D RilRequest: [3658]< SCREEN_STATE error: com.android.internal.telephony.CommandException: RADIO_NOT_AVAILABLE ret=
02-25 19:06:28.625 3441 3441 D DCT : [0]onReceive: action=android.intent.action.SCREEN_ON
02-25 19:06:28.625 3441 3441 D DCT : [0]stopNetStatPoll
02-25 19:06:28.630 3441 3441 D SubscriptionController: [getSubId]- sSlotIdxToSubId.size == 0, return DummySubIds slotIdx=0
02-25 19:06:28.630 3441 3441 D DCT : [0]overall state is IDLE
02-25 19:06:28.630 3441 3441 D SubscriptionController: [getSubId]- sSlotIdxToSubId.size == 0, return DummySubIds slotIdx=0
02-25 19:06:29.275 3441 3441 D RILJ : [3659]> SCREEN_STATE: true [SUB0]
02-25 19:06:29.275 3441 3441 D RilRequest: [3659]< SCREEN_STATE error: com.android.internal.telephony.CommandException: RADIO_NOT_AVAILABLE ret=
02-25 19:06:38.710 3441 3441 D RILJ : [3660]> SCREEN_STATE: false [SUB0]
02-25 19:06:38.710 3441 3441 D RilRequest: [3660]< SCREEN_STATE error: com.android.internal.telephony.CommandException: RADIO_NOT_AVAILABLE ret=
02-25 19:06:38.830 3441 3441 D DCT : [0]onReceive: action=android.intent.action.SCREEN_OFF
02-25 19:06:38.830 3441 3441 D DCT : [0]stopNetStatPoll
02-25 19:06:38.830 3441 3441 D SubscriptionController: [getSubId]- sSlotIdxToSubId.size == 0, return DummySubIds slotIdx=0
02-25 19:06:38.830 3441 3441 D DCT : [0]overall state is IDLE
02-25 19:06:38.830 3441 3441 D SubscriptionController: [getSubId]- sSlotIdxToSubId.size == 0, return DummySubIds slotIdx=0
02-25 19:07:47.825 3441 3441 D RILJ : [3661]> SCREEN_STATE: true [SUB0]
02-25 19:07:47.825 3441 3441 D RilRequest: [3661]< SCREEN_STATE error: com.android.internal.telephony.CommandException: RADIO_NOT_AVAILABLE ret=
02-25 19:07:48.350 3441 3475 D DCT : [0]hasMatchedTetherApnSetting: APN=null
02-25 19:07:48.615 3441 3441 D DCT : [0]onReceive: action=android.intent.action.SCREEN_ON
02-25 19:07:48.615 3441 3441 D DCT : [0]stopNetStatPoll
02-25 19:07:48.615 3441 3441 D SubscriptionController: [getSubId]- sSlotIdxToSubId.size == 0, return DummySubIds slotIdx=0
02-25 19:07:48.615 3441 3441 D DCT : [0]overall state is IDLE
02-25 19:07:48.615 3441 3441 D SubscriptionController: [getSubId]- sSlotIdxToSubId.size == 0, return DummySubIds slotIdx=0
02-25 19:07:51.075 3441 3647 D DCT : [0]hasMatchedTetherApnSetting: APN=null