D/RIL-IPC ( 132): ipc: crespo_ipc_fmt_client_recv: RECV FMT (id=0 cmd=0 size=18)!
D/RIL-IPC ( 132): ipc: crespo_ipc_fmt_client_recv: IPC response (aseq=0xff command=IPC_NET_REGIST (0x0805) type=NOTI)
D/RIL-IPC ( 132): ipc: ==== FMT DATA DUMP ====
D/RIL-IPC ( 132): ipc: [0000] 04 02 04 28 A3 3A 2B F3 61 00 FF ........ a..
D/RIL-IPC ( 132): ipc:
D/RIL-NET ( 132): Got UNSOL NetRegist message
D/RIL-NET ( 132): ril_tokens_net_state_dump:
D/RIL-NET ( 132): ril_state.tokens.registration_state = 0xff
D/RIL-NET ( 132): ril_state.tokens.gprs_registration_state = 0xff
D/RIL-NET ( 132): ril_state.tokens.operator = 0xff
D/RILJ ( 250): [UNSL]< UNSOL_RESPONSE_NETWORK_STATE_CHANGED
D/RILJ ( 250): [0149]> OPERATOR
D/RILJ ( 250): [0150]> GPRS_REGISTRATION_STATE
D/RIL-NET ( 132): Got RILJ request for UNSOL data
D/RIL-NET ( 132): Found 1473 plmn records
D/RIL-NET ( 132): ril_tokens_net_state_dump:
D/RIL-NET ( 132): ril_state.tokens.registration_state = 0xff
D/RIL-NET ( 132): ril_state.tokens.gprs_registration_state = 0xff
D/RIL-NET ( 132): ril_state.tokens.operator = 0x0
D/RIL-IPC ( 132): ipc: crespo_ipc_fmt_client_recv: RECV FMT (id=0 cmd=0 size=18)!
D/RIL-IPC ( 132): ipc: crespo_ipc_fmt_client_recv: IPC response (aseq=0xff command=IPC_NET_REGIST (0x0805) type=NOTI)
D/RIL-IPC ( 132): ipc: ==== FMT DATA DUMP ====
D/RIL-IPC ( 132): ipc: [0000] 04 03 04 28 A3 3A 2B F3 61 00 FF ........ a..
D/RIL-IPC ( 132): ipc:
D/RIL-NET ( 132): Got UNSOL NetRegist message
D/RIL-NET ( 132): Updating GPRSNetRegist data in background
D/RIL-NET ( 132): ril_tokens_net_state_dump:
D/RIL-NET ( 132): ril_state.tokens.registration_state = 0xff
D/RIL-NET ( 132): ril_state.tokens.gprs_registration_state = 0xff
D/RIL-NET ( 132): ril_state.tokens.operator = 0x0
D/RILJ ( 250): [0149]< OPERATOR {Vodafone, Vodafone, 22210}
D/RILJ ( 250): [0151]> REGISTRATION_STATE
D/RIL-IPC ( 132): ipc: crespo_ipc_fmt_client_recv: RECV FMT (id=0 cmd=0 size=18)!
D/RIL-IPC ( 132): ipc: crespo_ipc_fmt_client_recv: IPC response (aseq=0x00 command=IPC_NET_CURRENT_PLMN (0x0803) type=NOTI)
D/RIL-IPC ( 132): ipc: ==== FMT DATA DUMP ====
D/RIL-IPC ( 132): ipc: [0000] 03 04 04 32 32 32 31 30 23 A3 3A ...22210 ...
D/RIL-IPC ( 132): ipc:
D/RIL-NET ( 132): Got UNSOL Operator message
D/RIL-NET ( 132): ril_tokens_net_state_dump:
D/RIL-NET ( 132): ril_state.tokens.registration_state = 0xff
D/RIL-NET ( 132): ril_state.tokens.gprs_registration_state = 0xff
D/RIL-NET ( 132): ril_state.tokens.operator = 0xff
D/RILJ ( 250): [0152]> QUERY_NETWORK_SELECTION_MODE
D/RIL-NET ( 132): Got RILJ request for UNSOL data
D/RIL-NET ( 132): ril_tokens_net_state_dump:
D/RIL-NET ( 132): ril_state.tokens.registration_state = 0xff
D/RIL-NET ( 132): ril_state.tokens.gprs_registration_state = 0x0
D/RIL-NET ( 132): ril_state.tokens.operator = 0xff
D/RIL-NET ( 132): Got RILJ request for UNSOL data
D/RIL-NET ( 132): ril_tokens_net_state_dump:
D/RIL-NET ( 132): ril_state.tokens.registration_state = 0x0
D/RIL-NET ( 132): ril_state.tokens.gprs_registration_state = 0x0
D/RIL-NET ( 132): ril_state.tokens.operator = 0xff
D/RILJ ( 250): [UNSL]< UNSOL_RESPONSE_NETWORK_STATE_CHANGED
D/RILJ ( 250): [0150]< GPRS_REGISTRATION_STATE {10, 3aa3, 61f32b, 3}
D/RILJ ( 250): [0151]< REGISTRATION_STATE {10, 3aa3, 61f32b, 3}
D/RILJ ( 250): [0152]< QUERY_NETWORK_SELECTION_MODE {0}
D/RILJ ( 250): [0153]> OPERATOR
D/RILJ ( 250): [0154]> GPRS_REGISTRATION_STATE
D/RIL-NET ( 132): Got RILJ request for UNSOL data
D/RIL-NET ( 132): Found 1473 plmn records
D/RIL-NET ( 132): ril_tokens_net_state_dump:
D/RIL-NET ( 132): ril_state.tokens.registration_state = 0x0
D/RIL-NET ( 132): ril_state.tokens.gprs_registration_state = 0x0
D/RIL-NET ( 132): ril_state.tokens.operator = 0x0
D/RILJ ( 250): [0155]> REGISTRATION_STATE
D/RILJ ( 250): [0153]< OPERATOR {Vodafone, Vodafone, 22210}
D/RILJ ( 250): [0156]> QUERY_NETWORK_SELECTION_MODE
D/RIL-NET ( 132): Got RILJ request for SOL data
D/RIL-IPC ( 132): ipc: crespo_ipc_fmt_client_send: SEND FMT (id=0 cmd=0 size=9)!
D/RIL-IPC ( 132): ipc: crespo_ipc_fmt_client_send: IPC request (mseq=0x3e command=IPC_NET_REGIST (0x0805) type=GET)
D/RIL-IPC ( 132): ipc: ==== FMT DATA DUMP ====
D/RIL-IPC ( 132): ipc: [0000] FF 03 ..
D/RIL-IPC ( 132): ipc:
D/RIL-NET ( 132): ril_tokens_net_state_dump:
D/RIL-NET ( 132): ril_state.tokens.registration_state = 0x0
D/RIL-NET ( 132): ril_state.tokens.gprs_registration_state = 0xf358
D/RIL-NET ( 132): ril_state.tokens.operator = 0x0
D/RIL-NET ( 132): Got RILJ request for SOL data
D/RIL-IPC ( 132): ipc: crespo_ipc_fmt_client_send: SEND FMT (id=0 cmd=0 size=9)!
D/RIL-IPC ( 132): ipc: crespo_ipc_fmt_client_send: IPC request (mseq=0x3f command=IPC_NET_REGIST (0x0805) type=GET)
D/RIL-IPC ( 132): ipc: ==== FMT DATA DUMP ====
D/RIL-IPC ( 132): ipc: [0000] FF 02 ..
D/RIL-IPC ( 132): ipc:
D/RIL-NET ( 132): ril_tokens_net_state_dump:
D/RIL-NET ( 132): ril_state.tokens.registration_state = 0xf388
D/RIL-NET ( 132): ril_state.tokens.gprs_registration_state = 0xf358
D/RIL-NET ( 132): ril_state.tokens.operator = 0x0
D/RILJ ( 250): [0156]< QUERY_NETWORK_SELECTION_MODE {0}
D/RIL-IPC ( 132): ipc: crespo_ipc_fmt_client_recv: RECV FMT (id=0 cmd=0 size=18)!
D/RIL-IPC ( 132): ipc: crespo_ipc_fmt_client_recv: IPC response (aseq=0x3e command=IPC_NET_REGIST (0x0805) type=RESP)
D/RIL-IPC ( 132): ipc: ==== FMT DATA DUMP ====
D/RIL-IPC ( 132): ipc: [0000] 04 03 04 28 A3 3A 2B F3 61 00 FF ........ a..
D/RIL-IPC ( 132): ipc:
D/RIL-NET ( 132): Got SOL NetRegist message
D/RIL-NET ( 132): ril_tokens_net_state_dump:
D/RIL-NET ( 132): ril_state.tokens.registration_state = 0xf388
D/RIL-NET ( 132): ril_state.tokens.gprs_registration_state = 0x0
D/RIL-NET ( 132): ril_state.tokens.operator = 0x0
D/RIL-IPC ( 132): ipc: crespo_ipc_fmt_client_recv: RECV FMT (id=0 cmd=0 size=18)!
D/RIL-IPC ( 132): ipc: crespo_ipc_fmt_client_recv: IPC response (aseq=0x3f command=IPC_NET_REGIST (0x0805) type=RESP)
D/RIL-IPC ( 132): ipc: ==== FMT DATA DUMP ====
D/RIL-IPC ( 132): ipc: [0000] 04 02 04 28 A3 3A 2B F3 61 00 FF ........ a..
D/RIL-IPC ( 132): ipc:
D/RIL-NET ( 132): Got SOL NetRegist message
D/RIL-NET ( 132): ril_tokens_net_state_dump:
D/RIL-NET ( 132): ril_state.tokens.registration_state = 0x0
D/RIL-NET ( 132): ril_state.tokens.gprs_registration_state = 0x0
D/RIL-NET ( 132): ril_state.tokens.operator = 0x0
D/RILJ ( 250): [0154]< GPRS_REGISTRATION_STATE {10, 3aa3, 61f32b, 3}
D/RILJ ( 250): [0155]< REGISTRATION_STATE {10, 3aa3, 61f32b, 3}
D/GSM ( 250): Poll ServiceState done: oldSS=[1 home Vodafone Vodafone 22210 UMTS CSS not supported -1 -1RoamInd: -1DefRoamInd: -1EmergOnly: true] newSS=[1 home Vodafone Vodafone 22210 UMTS CSS not supported -1 -1RoamInd: -1DefRoamInd: -1EmergOnly: true] oldGprs=1 newGprs=1 oldType=UMTS newType=UMTS
D/RIL-IPC ( 132): ipc: crespo_ipc_fmt_client_recv: RECV FMT (id=0 cmd=0 size=8)!
D/RIL-IPC ( 132): ipc: crespo_ipc_fmt_client_recv: IPC response (aseq=0x3f command=IPC_DISP_RSSI_INFO (0x0706) type=NOTI)
D/RIL-IPC ( 132): ipc: ==== FMT DATA DUMP ====
D/RIL-IPC ( 132): ipc: [0000] 4C L
D/RIL-IPC ( 132): ipc:
D/RIL-DISP( 132): Signal Strength is 18
D/RIL-IPC ( 132): ipc: crespo_ipc_fmt_client_recv: RECV FMT (id=0 cmd=0 size=8)!
D/RIL-IPC ( 132): ipc: crespo_ipc_fmt_client_recv: IPC response (aseq=0x3f command=IPC_DISP_RSSI_INFO (0x0706) type=NOTI)
D/RIL-IPC ( 132): ipc: ==== FMT DATA DUMP ====
D/RIL-IPC ( 132): ipc: [0000] 4A J
D/RIL-IPC ( 132): ipc:
D/RIL-DISP( 132): Signal Strength is 19
D/RILJ ( 250): [0157]> SCREEN_STATE: false
D/RILJ ( 250): [0157]< SCREEN_STATE
D/GSM ( 250): [DataConnection] Stop poll NetStat
D/RILJ ( 250): [0158]> SCREEN_STATE: true
D/RILJ ( 250): [0158]< SCREEN_STATE
D/GSM ( 250): [DataConnection] Stop poll NetStat
D/RIL-IPC ( 132): ipc: crespo_ipc_fmt_client_recv: RECV FMT (id=0 cmd=0 size=8)!
D/RIL-IPC ( 132): ipc: crespo_ipc_fmt_client_recv: IPC response (aseq=0x3f command=IPC_DISP_RSSI_INFO (0x0706) type=NOTI)
D/RIL-IPC ( 132): ipc: ==== FMT DATA DUMP ====
D/RIL-IPC ( 132): ipc: [0000] 46 F
D/RIL-IPC ( 132): ipc:
D/RIL-DISP( 132): Signal Strength is 21
D/GSM ( 250): Data shutdown complete.
D/RILJ ( 250): [0159]> RADIO_POWER
D/GSM ( 250): [DataConnection] Stop poll NetStat
D/GSM ( 250): [GsmDataConnection-1] DcInactiveState nothandled msg.what=6
D/GSM ( 250): [GsmDataConnection-1] DcDefaultState: msg.what=EVENT_DISCONNECT
D/GSM ( 250): [GsmDataConnection-1] NotifyDisconnectCompleted
D/GSM ( 250): [GsmDataConnection-1] msg.what=25 msg.obj=radioTurnedOff
D/GSM ( 250): [GsmDataConnection-1] clearSettings
D/RIL-PWR ( 132): requested power_state is 0
D/RIL-PWR ( 132): Request power to LPM
D/RIL-IPC ( 132): ipc: crespo_ipc_fmt_client_send: SEND FMT (id=0 cmd=0 size=9)!
D/RIL-IPC ( 132): ipc: crespo_ipc_fmt_client_send: IPC request (mseq=0x42 command=IPC_PWR_PHONE_STATE (0x0107) type=EXEC)
D/RIL-IPC ( 132): ipc: ==== FMT DATA DUMP ====
D/RIL-IPC ( 132): ipc: [0000] 01 00 ..
D/RIL-IPC ( 132): ipc:
D/RILJ ( 250): [0159]< RADIO_POWER
D/RILJ ( 250): [UNSL]< UNSOL_RESPONSE_RADIO_STATE_CHANGED RADIO_OFF
D/RILB ( 250): Notifying: radio off or not available
D/RIL-IPC ( 132): ipc: crespo_ipc_rfs_client_recv: RECV RFS (id=1 cmd=2 size=14)!
D/RIL-IPC ( 132): ipc: crespo_ipc_rfs_client_recv: IPC response (aseq=0x00 command=IPC_RFS_NV_WRITE_ITEM (0x4202))
D/RIL-IPC ( 132): ipc: ==== RFS DATA DUMP ====
D/RIL-IPC ( 132): ipc: [0000] 12 00 1A 00 06 00 00 00 FF FF FF FF 00 00 ........ ......
D/RIL-IPC ( 132): ipc:
D/RIL-RFS ( 132): Write rfs_data dump:
D/RIL-UTIL( 132): [0000] FF FF FF FF 00 00 ......
D/RIL-RFS ( 132): Asked to write 0x6 bytes at offset 0x1a0012
D/RIL-IPC ( 132): ipc: nv_data_write: enter
D/RIL-IPC ( 132): ipc: nv_data_check: enter
D/RIL-IPC ( 132): ipc: nv_data_check: everything should be alright
D/RIL-IPC ( 132): ipc: nv_data_check: exit
D/RIL-IPC ( 132): ipc: crespo_ipc_fmt_client_recv: RECV FMT (id=0 cmd=0 size=18)!
D/RIL-IPC ( 132): ipc: crespo_ipc_fmt_client_recv: IPC response (aseq=0xff command=IPC_NET_REGIST (0x0805) type=NOTI)
D/RIL-IPC ( 132): ipc: ==== FMT DATA DUMP ====
D/RIL-IPC ( 132): ipc: [0000] 04 02 04 28 A3 3A 2B F3 61 00 FF ........ a..
D/RIL-IPC ( 132): ipc:
D/RIL-IPC ( 132): ipc: crespo_ipc_fmt_client_recv: RECV FMT (id=0 cmd=0 size=18)!
D/RIL-IPC ( 132): ipc: crespo_ipc_fmt_client_recv: IPC response (aseq=0xff command=IPC_NET_REGIST (0x0805) type=NOTI)
D/RIL-IPC ( 132): ipc: ==== FMT DATA DUMP ====
D/RIL-IPC ( 132): ipc: [0000] 04 03 04 28 A3 3A 2B F3 61 00 FF ........ a..
D/RIL-IPC ( 132): ipc:
D/RIL-IPC ( 132): ipc: crespo_ipc_fmt_client_recv: RECV FMT (id=0 cmd=0 size=18)!
D/RIL-IPC ( 132): ipc: crespo_ipc_fmt_client_recv: IPC response (aseq=0x00 command=IPC_NET_CURRENT_PLMN (0x0803) type=NOTI)
D/RIL-IPC ( 132): ipc: ==== FMT DATA DUMP ====
D/RIL-IPC ( 132): ipc: [0000] 03 04 04 32 32 32 31 30 23 A3 3A ...22210 ...
D/RIL-IPC ( 132): ipc:
D/RIL-NET ( 132): Got UNSOL Operator message
D/RIL-NET ( 132): ril_tokens_net_state_dump:
D/RIL-NET ( 132): ril_state.tokens.registration_state = 0xff
D/RIL-NET ( 132): ril_state.tokens.gprs_registration_state = 0xff
D/RIL-NET ( 132): ril_state.tokens.operator = 0xff
D/RILJ ( 250): [UNSL]< UNSOL_RESPONSE_NETWORK_STATE_CHANGED
D/GSM ( 250): Poll ServiceState done: oldSS=[1 home Vodafone Vodafone 22210 UMTS CSS not supported -1 -1RoamInd: -1DefRoamInd: -1EmergOnly: true] newSS=[3 home null null null Unknown CSS not supported -1 -1RoamInd: -1DefRoamInd: -1EmergOnly: false] oldGprs=1 newGprs=1 oldType=UMTS newType=UMTS
D/RIL-IPC ( 132): ipc: nv_data_write: writing new md5sum
D/RIL-IPC ( 132): ipc: nv_data_md5_generate: enter
D/RIL-IPC ( 132): ipc: nv_data_md5_generate: generating MD5 hash
D/RIL-IPC ( 132): ipc: ipc_file_read: reading 0x200000 bytes from /efs/nv_data.bin with 0x33333 bytes block size
D/GSM ( 250): [GsmDataConnection-1] DcInactiveState: msg.what=EVENT_RESET, ignore we're already reset
D/GSM ( 250): [GsmDataConnection-1] NotifyDisconnectCompleted
D/GSM ( 250): [DataConnection] Stop poll NetStat
D/GSM ( 250): [GsmDataConnection-1] clearSettings
D/RIL-IPC ( 132): ipc: nv_data_md5_generate: new MD5 hash is 2f8470603f85f4f080c39d34a5682d31
D/RIL-IPC ( 132): ipc: nv_data_md5_generate: writing MD5 hash
D/GSM ( 250): [IccCard] Broadcasting intent ACTION_SIM_STATE_CHANGED NOT_READY reason null
D/GSM ( 250): Poll ServiceState done: oldSS=[3 home null null null Unknown CSS not supported -1 -1RoamInd: -1DefRoamInd: -1EmergOnly: false] newSS=[3 home null null null Unknown CSS not supported -1 -1RoamInd: -1DefRoamInd: -1EmergOnly: false] oldGprs=1 newGprs=1 oldType=UMTS newType=UMTS
D/RIL-IPC ( 132): ipc: nv_data_md5_generate: exit
D/RIL-IPC ( 132): ipc: nv_data_write: exit
D/RIL-RFS ( 132): Sending RFS IO Confirm message (rc is 0)
D/RIL-IPC ( 132): ipc: crespo_ipc_rfs_client_send: SEND RFS (id=1 cmd=2 size=9)!
D/RIL-IPC ( 132): ipc: crespo_ipc_rfs_client_send: IPC request (mseq=0x01 command=IPC_RFS_NV_WRITE_ITEM (0x4202))
D/RIL-IPC ( 132): ipc: ==== RFS DATA DUMP ====
D/RIL-IPC ( 132): ipc: [0000] 01 12 00 1A 00 06 00 00 00 ........ .
D/RIL-IPC ( 132): ipc:
D/RIL-IPC ( 132): ipc: crespo_ipc_rfs_client_recv: can't receive enough bytes from modem to process incoming response!
E/RIL-IPC ( 132): IPC RFS recv failed, aborting!
E/RIL ( 132): There was an error with the read loop! Trying to destroy and recreate client object
D/RIL ( 132): Destroying RIL client inners, try #1
D/RIL-IPC ( 132): Destrying ipc rfs client
D/RIL ( 132): Creating RIL client inners, try #1
D/RIL-IPC ( 132): Creating new RFS client
D/RIL-IPC ( 132): Setting log handler
D/RIL-IPC ( 132): Creating handlers common data
D/RIL-IPC ( 132): Client open...
D/RIL-IPC ( 132): Obtaining ipc_client_fd
D/RIL-IPC ( 132): IPC RFS client done
D/RILJ ( 250): [0160]> RADIO_POWER
D/RIL-PWR ( 132): requested power_state is 1
D/RIL-PWR ( 132): Request power to NORMAL
D/RIL-IPC ( 132): ipc: crespo_ipc_fmt_client_send: SEND FMT (id=0 cmd=0 size=9)!
D/RIL-IPC ( 132): ipc: crespo_ipc_fmt_client_send: IPC request (mseq=0x43 command=IPC_PWR_PHONE_STATE (0x0107) type=EXEC)
D/RIL-IPC ( 132): ipc: ==== FMT DATA DUMP ====
D/RIL-IPC ( 132): ipc: [0000] 02 02 ..
D/RIL-IPC ( 132): ipc:
D/RIL-IPC ( 132): ipc: crespo_ipc_fmt_client_recv: RECV FMT (id=0 cmd=0 size=12)!
D/RIL-IPC ( 132): ipc: crespo_ipc_fmt_client_recv: IPC response (aseq=0x43 command=IPC_GEN_PHONE_RES (0x8001) type=RESP)
D/RIL-IPC ( 132): ipc: ==== FMT DATA DUMP ====
D/RIL-IPC ( 132): ipc: [0000] 01 07 01 00 80 .....
D/RIL-IPC ( 132): ipc:
D/RIL-GEN ( 132): aseq: 0x43 not found in the IPC_GEN_PHONE_RES queue
D/RIL-IPC ( 132): ipc: crespo_ipc_fmt_client_recv: RECV FMT (id=0 cmd=0 size=8)!
D/RIL-IPC ( 132): ipc: crespo_ipc_fmt_client_recv: IPC response (aseq=0x43 command=IPC_PWR_PHONE_STATE (0x0107) type=NOTI)
D/RIL-IPC ( 132): ipc: ==== FMT DATA DUMP ====
D/RIL-IPC ( 132): ipc: [0000] 02 .
D/RIL-IPC ( 132): ipc:
D/RIL-PWR ( 132): Got power to NORMAL
D/RIL-IPC ( 132): ipc: crespo_ipc_fmt_client_recv: RECV FMT (id=0 cmd=0 size=8)!
D/RIL-IPC ( 132): ipc: crespo_ipc_fmt_client_recv: IPC response (aseq=0x04 command=IPC_SEC_SIM_ICC_TYPE (0x0507) type=NOTI)
D/RIL-IPC ( 132): ipc: ==== FMT DATA DUMP ====
D/RIL-IPC ( 132): ipc: [0000] 01 .
D/RIL-IPC ( 132): ipc:
D/RIL ( 132): Unhandled command: IPC_SEC_SIM_ICC_TYPE (0507)
D/RIL-IPC ( 132): ipc: crespo_ipc_fmt_client_recv: RECV FMT (id=0 cmd=0 size=9)!
D/RIL-IPC ( 132): ipc: crespo_ipc_fmt_client_recv: IPC response (aseq=0x07 command=IPC_SEC_PIN_STATUS (0x0501) type=NOTI)
D/RIL-IPC ( 132): ipc: ==== FMT DATA DUMP ====
D/RIL-IPC ( 132): ipc: [0000] 00 00 ..
D/RIL-IPC ( 132): ipc:
D/RIL-IPC ( 132): ipc: crespo_ipc_fmt_client_recv: RECV FMT (id=0 cmd=0 size=9)!
D/RIL-IPC ( 132): ipc: crespo_ipc_fmt_client_recv: IPC response (aseq=0x00 command=IPC_SEC_PIN_STATUS (0x0501) type=NOTI)
D/RIL-IPC ( 132): ipc: ==== FMT DATA DUMP ====
D/RIL-IPC ( 132): ipc: [0000] 82 00 ..
D/RIL-IPC ( 132): ipc:
D/RILJ ( 250): [UNSL]< UNSOL_RESPONSE_RADIO_STATE_CHANGED SIM_NOT_READY
D/RILB ( 250): Notifying: Radio On
D/RILJ ( 250): [0160]< RADIO_POWER
D/RILJ ( 250): [0161]> OPERATOR
D/RILJ ( 250): [UNSL]< UNSOL_RESPONSE_RADIO_STATE_CHANGED SIM_NOT_READY
D/RILJ ( 250): [UNSL]< UNSOL_RESPONSE_SIM_STATUS_CHANGED
D/RILJ ( 250): [UNSL]< UNSOL_RESPONSE_RADIO_STATE_CHANGED SIM_READY
D/RILB ( 250): Notifying: SIM ready
D/RILJ ( 250): [UNSL]< UNSOL_RESPONSE_SIM_STATUS_CHANGED
D/RILJ ( 250): [0162]> GPRS_REGISTRATION_STATE
D/RIL-NET ( 132): Got RILJ request for UNSOL data
D/RIL-NET ( 132): Found 1473 plmn records
D/RIL-NET ( 132): ril_tokens_net_state_dump:
D/RIL-NET ( 132): ril_state.tokens.registration_state = 0xff
D/RIL-NET ( 132): ril_state.tokens.gprs_registration_state = 0xff
D/RIL-NET ( 132): ril_state.tokens.operator = 0x0
D/RILJ ( 250): [0163]> REGISTRATION_STATE
D/RILJ ( 250): [0164]> QUERY_NETWORK_SELECTION_MODE
D/RILJ ( 250): [0161]< OPERATOR {Vodafone, Vodafone, 22210}
D/RILJ ( 250): [0165]> GET_CURRENT_CALLS
D/RILJ ( 250): [0166]> OPERATOR
D/RILJ ( 250): [0167]> GPRS_REGISTRATION_STATE
D/RILJ ( 250): [0168]> REGISTRATION_STATE
D/RILJ ( 250): [0169]> QUERY_NETWORK_SELECTION_MODE
D/RILJ ( 250): [0170]> OPERATOR
D/RILJ ( 250): [0171]> GPRS_REGISTRATION_STATE
D/RILJ ( 250): [0172]> REGISTRATION_STATE
D/RILJ ( 250): [0173]> QUERY_NETWORK_SELECTION_MODE
D/RIL-NET ( 132): Got RILJ request for UNSOL data
E/RIL-NET ( 132): ipc2ril_reg_state: invalid reg_state: 0
D/RIL-NET ( 132): ril_tokens_net_state_dump:
D/RIL-NET ( 132): ril_state.tokens.registration_state = 0xff
D/RIL-NET ( 132): ril_state.tokens.gprs_registration_state = 0x0
D/RIL-NET ( 132): ril_state.tokens.operator = 0x0
D/RIL-NET ( 132): Got RILJ request for UNSOL data
E/RIL-NET ( 132): ipc2ril_reg_state: invalid reg_state: 0
D/RIL-NET ( 132): ril_tokens_net_state_dump:
D/RIL-NET ( 132): ril_state.tokens.registration_state = 0x0
D/RIL-NET ( 132): ril_state.tokens.gprs_registration_state = 0x0
D/RIL-NET ( 132): ril_state.tokens.operator = 0x0
D/RIL-IPC ( 132): ipc: crespo_ipc_fmt_client_send: SEND FMT (id=0 cmd=0 size=7)!
D/RIL-IPC ( 132): ipc: crespo_ipc_fmt_client_send: IPC request (mseq=0x44 command=IPC_CALL_LIST (0x0206) type=GET)
D/RIL-IPC ( 132): ipc:
D/RIL-NET ( 132): Got RILJ request for SOL data
D/RIL-IPC ( 132): ipc: crespo_ipc_fmt_client_send: SEND FMT (id=0 cmd=0 size=7)!
D/RIL-IPC ( 132): ipc: crespo_ipc_fmt_client_send: IPC request (mseq=0x45 command=IPC_NET_CURRENT_PLMN (0x0803) type=GET)
D/RIL-IPC ( 132): ipc:
D/GSM ( 250): [IccCard] Broadcasting intent ACTION_SIM_STATE_CHANGED READY reason null
D/RILJ ( 250): [0162]< GPRS_REGISTRATION_STATE {255, 0, 0, 0}
D/RILJ ( 250): [0163]< REGISTRATION_STATE {255, 0, 0, 0}
D/RILJ ( 250): [0164]< QUERY_NETWORK_SELECTION_MODE {0}
V/GSM ( 250): SIMRecords:fetchSimRecords 0
D/RILJ ( 250): [0174]> getIMSI:RIL_REQUEST_GET_IMSI 11 GET_IMSI
D/RILJ ( 250): [0175]> iccIO: SIM_IO 0xc0 0x2fe2 path: 3F00,0,0,15
D/RIL-NET ( 132): ril_tokens_net_state_dump:
D/RIL-NET ( 132): ril_state.tokens.registration_state = 0x0
D/RIL-NET ( 132): ril_state.tokens.gprs_registration_state = 0x0
D/RIL-NET ( 132): ril_state.tokens.operator = 0xf6f8
D/RIL-NET ( 132): Got RILJ request for SOL data
D/RIL-IPC ( 132): ipc: crespo_ipc_fmt_client_send: SEND FMT (id=0 cmd=0 size=9)!
D/RIL-IPC ( 132): ipc: crespo_ipc_fmt_client_send: IPC request (mseq=0x46 command=IPC_NET_REGIST (0x0805) type=GET)
D/RIL-IPC ( 132): ipc: ==== FMT DATA DUMP ====
D/RIL-IPC ( 132): ipc: [0000] FF 03 ..
D/RIL-IPC ( 132): ipc:
D/RIL-NET ( 132): ril_tokens_net_state_dump:
D/RIL-NET ( 132): ril_state.tokens.registration_state = 0x0
D/RIL-NET ( 132): ril_state.tokens.gprs_registration_state = 0xf740
D/RIL-NET ( 132): ril_state.tokens.operator = 0xf6f8
D/RIL-NET ( 132): Got RILJ request for SOL data
D/RIL-IPC ( 132): ipc: crespo_ipc_fmt_client_send: SEND FMT (id=0 cmd=0 size=9)!
D/RIL-IPC ( 132): ipc: crespo_ipc_fmt_client_send: IPC request (mseq=0x47 command=IPC_NET_REGIST (0x0805) type=GET)
D/RIL-IPC ( 132): ipc: ==== FMT DATA DUMP ====
D/RIL-IPC ( 132): ipc: [0000] FF 02 ..
D/RIL-IPC ( 132): ipc:
D/RIL-NET ( 132): ril_tokens_net_state_dump:
D/RIL-NET ( 132): ril_state.tokens.registration_state = 0xf780
D/RIL-NET ( 132): ril_state.tokens.gprs_registration_state = 0xf740
D/RIL-NET ( 132): ril_state.tokens.operator = 0xf6f8
E/RIL-NET ( 132): Another request is going on, reporting failure
D/RIL-NET ( 132): ril_tokens_net_state_dump:
D/RIL-NET ( 132): ril_state.tokens.registration_state = 0xf780
D/RIL-NET ( 132): ril_state.tokens.gprs_registration_state = 0xf740
D/RIL-NET ( 132): ril_state.tokens.operator = 0xf6f8
E/RIL-NET ( 132): Another request is going on, reporting failure
D/RIL-NET ( 132): ril_tokens_net_state_dump:
D/RIL-NET ( 132): ril_state.tokens.registration_state = 0xf780
D/RIL-NET ( 132): ril_state.tokens.gprs_registration_state = 0xf740
D/RIL-NET ( 132): ril_state.tokens.operator = 0xf6f8
E/RIL-NET ( 132): Another request is going on, reporting failure
D/RIL-NET ( 132): ril_tokens_net_state_dump:
D/RIL-NET ( 132): ril_state.tokens.registration_state = 0xf780
D/RIL-NET ( 132): ril_state.tokens.gprs_registration_state = 0xf740
D/RIL-NET ( 132): ril_state.tokens.operator = 0xf6f8
D/RIL-IPC ( 132): ipc: crespo_ipc_fmt_client_send: SEND FMT (id=0 cmd=0 size=7)!
D/RIL-IPC ( 132): ipc: crespo_ipc_fmt_client_send: IPC request (mseq=0x48 command=IPC_MISC_ME_IMSI (0x0a02) type=GET)
D/RIL-IPC ( 132): ipc:
D/RIL-IPC ( 132): ipc: crespo_ipc_fmt_client_send: SEND FMT (id=0 cmd=0 size=269)!
D/RIL-IPC ( 132): ipc: crespo_ipc_fmt_client_send: IPC request (mseq=0x49 command=IPC_SEC_RSIM_ACCESS (0x0505) type=GET)
D/RIL-IPC ( 132): ipc: ==== FMT DATA DUMP ====
D/RIL-IPC ( 132): ipc: [0000] C0 E2 2F 00 00 0F 00 00 04 00 00 00 94 79 60 AE ........ .....y..
D/RIL-IPC ( 132): ipc: [0010] 71 3B D1 AF D8 F7 00 00 E8 F7 00 00 10 00 00 00 q....... ........
D/RIL-IPC ( 132): ipc: [0020] 00 00 00 00 18 00 00 00 1B 47 D1 AF 18 00 00 00 ........ .G......
D/RIL-IPC ( 132): ipc: [0030] 18 00 00 00 00 00 00 00 01 00 00 00 08 00 00 00 ........ ........
D/RIL-IPC ( 132): ipc: [0040] 59 47 D1 AF 18 FD 0F 10 F1 49 D1 AF 18 FD 0F 10 YG...... .I......
D/RIL-IPC ( 132): ipc: [0050] 97 AC 21 A8 00 00 00 00 84 FD 0F 10 00 00 00 00 ........ ........
D/RIL-IPC ( 132): ipc: [0060] 59 47 D1 AF D0 A6 00 00 DC FC 0F 10 1B 00 00 00 YG...... ........
D/RIL-IPC ( 132): ipc: [0070] E8 F7 00 00 0E 52 01 80 40 00 01 00 0A 00 00 00 .....R.. ........
D/RIL-IPC ( 132): ipc: [0080] 48 00 00 00 00 00 00 00 6D 43 D1 AF 40 FD 0F 10 H....... mC......
D/RIL-IPC ( 132): ipc: [0090] 11 00 00 00 0E 52 01 80 48 00 00 00 40 FD 0F 10 .....R.. H.......
D/RIL-IPC ( 132): ipc: [00a0] 48 00 00 00 07 00 00 00 F4 FC 0F 10 1F 03 01 80 H....... ........
D/RIL-IPC ( 132): ipc: [00b0] 23 6F 00 00 08 FD 0F 10 08 FD 0F 10 40 FD 0F 10 .o...... ........
D/RIL-IPC ( 132): ipc: [00c0] 99 05 01 80 02 0A 00 00 6C 4E 01 80 07 00 00 00 ........ lN......
D/RIL-IPC ( 132): ipc: [00d0] 00 00 00 00 84 74 D4 AF C8 F5 00 00 04 00 00 00 .....t.. ........
D/RIL-IPC ( 132): ipc: [00e0] 40 00 01 00 38 F8 00 00 DC 79 60 AE 94 79 60 AE ....8... .y...y..
D/RIL-IPC ( 132): ipc: [00f0] 6D 43 D1 AF 74 FD 0F 10 14 F8 00 00 04 00 00 00 mC..t... ........
D/RIL-IPC ( 132): ipc: [0100] C8 F5 00 00 14 F8 ......
D/RIL-IPC ( 132): ipc:
D/RILJ ( 250): [0169]< QUERY_NETWORK_SELECTION_MODE {0}
D/RILJ ( 250): [0170]< OPERATOR error: com.android.internal.telephony.CommandException: GENERIC_FAILURE
D/RILJ ( 250): [0171]< GPRS_REGISTRATION_STATE error: com.android.internal.telephony.CommandException: GENERIC_FAILURE
D/RILJ ( 250): [0172]< REGISTRATION_STATE error: com.android.internal.telephony.CommandException: GENERIC_FAILURE
D/RILJ ( 250): [0173]< QUERY_NETWORK_SELECTION_MODE {0}
D/RILJ ( 250): [0176]> iccIO: SIM_IO 0xc0 0x6f40 path: 3F007F10,0,0,15
D/RIL-IPC ( 132): ipc: crespo_ipc_fmt_client_send: SEND FMT (id=0 cmd=0 size=269)!
D/RIL-IPC ( 132): ipc: crespo_ipc_fmt_client_send: IPC request (mseq=0x4a command=IPC_SEC_RSIM_ACCESS (0x0505) type=GET)
D/RIL-IPC ( 132): ipc: ==== FMT DATA DUMP ====
D/RIL-IPC ( 132): ipc: [0000] C0 40 6F 00 00 0F 00 00 04 00 00 00 94 79 60 AE ..o..... .....y..
D/RIL-IPC ( 132): ipc: [0010] 71 3B D1 AF D8 F7 00 00 E8 F7 00 00 10 00 00 00 q....... ........
D/RIL-IPC ( 132): ipc: [0020] 00 00 00 00 18 00 00 00 1B 47 D1 AF 18 00 00 00 ........ .G......
D/RIL-IPC ( 132): ipc: [0030] 18 00 00 00 00 00 00 00 01 00 00 00 08 00 00 00 ........ ........
D/RIL-IPC ( 132): ipc: [0040] 59 47 D1 AF 18 FD 0F 10 F1 49 D1 AF 18 FD 0F 10 YG...... .I......
D/RIL-IPC ( 132): ipc: [0050] 97 AC 21 A8 00 00 00 00 84 FD 0F 10 00 00 00 00 ........ ........
D/RIL-IPC ( 132): ipc: [0060] 59 47 D1 AF D0 A6 00 00 DC FC 0F 10 1B 00 00 00 YG...... ........
D/RIL-IPC ( 132): ipc: [0070] E8 F7 00 00 0E 52 01 80 40 00 01 00 0A 00 00 00 .....R.. ........
D/RIL-IPC ( 132): ipc: [0080] 48 00 00 00 00 00 00 00 6D 43 D1 AF 40 FD 0F 10 H....... mC......
D/RIL-IPC ( 132): ipc: [0090] 11 00 00 00 0E 52 01 80 48 00 00 00 40 FD 0F 10 .....R.. H.......
D/RIL-IPC ( 132): ipc: [00a0] 48 00 00 00 07 00 00 00 F4 FC 0F 10 1F 03 01 80 H....... ........
D/RIL-IPC ( 132): ipc: [00b0] 23 6F 00 00 08 FD 0F 10 08 FD 0F 10 40 FD 0F 10 .o...... ........
D/RIL-IPC ( 132): ipc: [00c0] 99 05 01 80 02 0A 00 00 6C 4E 01 80 07 00 00 00 ........ lN......
D/RIL-IPC ( 132): ipc: [00d0] 00 00 00 00 84 74 D4 AF C8 F5 00 00 08 00 00 00 .....t.. ........
D/RIL-IPC ( 132): ipc: [00e0] C0 00 01 00 C0 F9 00 00 DC 79 60 AE 94 79 60 AE ........ .y...y..
D/RIL-IPC ( 132): ipc: [00f0] 6D 43 D1 AF 74 FD 0F 10 94 F9 00 00 08 00 00 00 mC..t... ........
D/RIL-IPC ( 132): ipc: [0100] C8 F5 00 00 94 F9 ......
D/RIL-IPC ( 132): ipc:
D/RILJ ( 250): [0177]> iccIO: SIM_IO 0xc0 0x6fc9 path: 3F007F20,0,0,15
D/RILJ ( 250): [0178]> iccIO: SIM_IO 0xc0 0x6fad path: 3F007F20,0,0,15
D/RILJ ( 250): [0179]> iccIO: SIM_IO 0xc0 0x6fca path: 3F007F20,0,0,15
D/RILJ ( 250): [0180]> iccIO: SIM_IO 0xc0 0x6f11 path: 3F007F20,0,0,15
D/RILJ ( 250): [0181]> iccIO: SIM_IO 0xc0 0x6fcb path: 3F007F20,0,0,15
D/RILJ ( 250): [0182]> iccIO: SIM_IO 0xc0 0x6f13 path: 3F007F20,0,0,15
D/RILJ ( 250): [0183]> iccIO: SIM_IO 0xc0 0x6f46 path: 3F007F20,0,0,15
D/RIL-IPC ( 132): ipc: crespo_ipc_fmt_client_send: SEND FMT (id=0 cmd=0 size=269)!
D/RIL-IPC ( 132): ipc: crespo_ipc_fmt_client_send: IPC request (mseq=0x4b command=IPC_SEC_RSIM_ACCESS (0x0505) type=GET)
D/RIL-IPC ( 132): ipc: ==== FMT DATA DUMP ====
D/RIL-IPC ( 132): ipc: [0000] C0 C9 6F 00 00 0F 00 00 04 00 00 00 94 79 60 AE ..o..... .....y..
D/RIL-IPC ( 132): ipc: [0010] 71 3B D1 AF D8 F7 00 00 E8 F7 00 00 10 00 00 00 q....... ........
D/RIL-IPC ( 132): ipc: [0020] 00 00 00 00 18 00 00 00 1B 47 D1 AF 18 00 00 00 ........ .G......
D/RIL-IPC ( 132): ipc: [0030] 18 00 00 00 00 00 00 00 01 00 00 00 08 00 00 00 ........ ........
D/RIL-IPC ( 132): ipc: [0040] 59 47 D1 AF 18 FD 0F 10 F1 49 D1 AF 18 FD 0F 10 YG...... .I......
D/RIL-IPC ( 132): ipc: [0050] 97 AC 21 A8 00 00 00 00 84 FD 0F 10 00 00 00 00 ........ ........
D/RIL-IPC ( 132): ipc: [0060] 59 47 D1 AF D0 A6 00 00 DC FC 0F 10 1B 00 00 00 YG...... ........
D/RIL-IPC ( 132): ipc: [0070] E8 F7 00 00 0E 52 01 80 40 00 01 00 0A 00 00 00 .....R.. ........
D/RIL-IPC ( 132): ipc: [0080] 48 00 00 00 00 00 00 00 6D 43 D1 AF 40 FD 0F 10 H....... mC......
D/RIL-IPC ( 132): ipc: [0090] 11 00 00 00 0E 52 01 80 48 00 00 00 40 FD 0F 10 .....R.. H.......
D/RIL-IPC ( 132): ipc: [00a0] 48 00 00 00 07 00 00 00 F4 FC 0F 10 1F 03 01 80 H....... ........
D/RIL-IPC ( 132): ipc: [00b0] 23 6F 00 00 08 FD 0F 10 08 FD 0F 10 40 FD 0F 10 .o...... ........
D/RIL-IPC ( 132): ipc: [00c0] 99 05 01 80 02 0A 00 00 6C 4E 01 80 07 00 00 00 ........ lN......
D/RIL-IPC ( 132): ipc: [00d0] 00 00 00 00 84 74 D4 AF C8 F5 00 00 08 00 00 00 .....t.. ........
D/RIL-IPC ( 132): ipc: [00e0] C0 00 01 00 08 FB 00 00 DC 79 60 AE 94 79 60 AE ........ .y...y..
D/RIL-IPC ( 132): ipc: [00f0] 6D 43 D1 AF 74 FD 0F 10 94 F9 00 00 08 00 00 00 mC..t... ........
D/RIL-IPC ( 132): ipc: [0100] C8 F5 00 00 94 F9 ......
D/RIL-IPC ( 132): ipc:
D/RIL-IPC ( 132): ipc: crespo_ipc_fmt_client_send: SEND FMT (id=0 cmd=0 size=269)!
D/RIL-IPC ( 132): ipc: crespo_ipc_fmt_client_send: IPC request (mseq=0x4c command=IPC_SEC_RSIM_ACCESS (0x0505) type=GET)
D/RIL-IPC ( 132): ipc: ==== FMT DATA DUMP ====
D/RIL-IPC ( 132): ipc: [0000] C0 AD 6F 00 00 0F 00 00 04 00 00 00 94 79 60 AE ..o..... .....y..
D/RIL-IPC ( 132): ipc: [0010] 71 3B D1 AF D8 F7 00 00 E8 F7 00 00 10 00 00 00 q....... ........
D/RIL-IPC ( 132): ipc: [0020] 00 00 00 00 18 00 00 00 1B 47 D1 AF 18 00 00 00 ........ .G......
D/RIL-IPC ( 132): ipc: [0030] 18 00 00 00 00 00 00 00 01 00 00 00 08 00 00 00 ........ ........
D/RIL-IPC ( 132): ipc: [0040] 59 47 D1 AF 18 FD 0F 10 F1 49 D1 AF 18 FD 0F 10 YG...... .I......
D/RIL-IPC ( 132): ipc: [0050] 97 AC 21 A8 00 00 00 00 84 FD 0F 10 00 00 00 00 ........ ........
D/RIL-IPC ( 132): ipc: [0060] 59 47 D1 AF D0 A6 00 00 DC FC 0F 10 1B 00 00 00 YG...... ........
D/RIL-IPC ( 132): ipc: [0070] E8 F7 00 00 0E 52 01 80 40 00 01 00 0A 00 00 00 .....R.. ........
D/RIL-IPC ( 132): ipc: [0080] 48 00 00 00 00 00 00 00 6D 43 D1 AF 40 FD 0F 10 H....... mC......
D/RIL-IPC ( 132): ipc: [0090] 11 00 00 00 0E 52 01 80 48 00 00 00 40 FD 0F 10 .....R.. H.......
D/RIL-IPC ( 132): ipc: [00a0] 48 00 00 00 07 00 00 00 F4 FC 0F 10 1F 03 01 80 H....... ........
D/RIL-IPC ( 132): ipc: [00b0] 23 6F 00 00 08 FD 0F 10 08 FD 0F 10 40 FD 0F 10 .o...... ........
D/RIL-IPC ( 132): ipc: [00c0] 99 05 01 80 02 0A 00 00 6C 4E 01 80 07 00 00 00 ........ lN......
D/RIL-IPC ( 132): ipc: [00d0] 00 00 00 00 84 74 D4 AF C8 F5 00 00 08 00 00 00 .....t.. ........
D/RIL-IPC ( 132): ipc: [00e0] C0 00 01 00 50 FC 00 00 DC 79 60 AE 94 79 60 AE ....P... .y...y..
D/RIL-IPC ( 132): ipc: [00f0] 6D 43 D1 AF 74 FD 0F 10 94 F9 00 00 08 00 00 00 mC..t... ........
D/RIL-IPC ( 132): ipc: [0100] C8 F5 00 00 94 F9 ......
D/RIL-IPC ( 132): ipc:
D/RIL-IPC ( 132): ipc: crespo_ipc_fmt_client_send: SEND FMT (id=0 cmd=0 size=269)!
D/RIL-IPC ( 132): ipc: crespo_ipc_fmt_client_send: IPC request (mseq=0x4d command=IPC_SEC_RSIM_ACCESS (0x0505) type=GET)
D/RIL-IPC ( 132): ipc: ==== FMT DATA DUMP ====
D/RIL-IPC ( 132): ipc: [0000] C0 CA 6F 00 00 0F 00 00 04 00 00 00 94 79 60 AE ..o..... .....y..
D/RIL-IPC ( 132): ipc: [0010] 71 3B D1 AF D8 F7 00 00 E8 F7 00 00 10 00 00 00 q....... ........
D/RIL-IPC ( 132): ipc: [0020] 00 00 00 00 18 00 00 00 1B 47 D1 AF 18 00 00 00 ........ .G......
D/RIL-IPC ( 132): ipc: [0030] 18 00 00 00 00 00 00 00 01 00 00 00 08 00 00 00 ........ ........
D/RIL-IPC ( 132): ipc: [0040] 59 47 D1 AF 18 FD 0F 10 F1 49 D1 AF 18 FD 0F 10 YG...... .I......
D/RIL-IPC ( 132): ipc: [0050] 97 AC 21 A8 00 00 00 00 84 FD 0F 10 00 00 00 00 ........ ........
D/RIL-IPC ( 132): ipc: [0060] 59 47 D1 AF D0 A6 00 00 DC FC 0F 10 1B 00 00 00 YG...... ........
D/RIL-IPC ( 132): ipc: [0070] E8 F7 00 00 0E 52 01 80 40 00 01 00 0A 00 00 00 .....R.. ........
D/RIL-IPC ( 132): ipc: [0080] 48 00 00 00 00 00 00 00 6D 43 D1 AF 40 FD 0F 10 H....... mC......
D/RIL-IPC ( 132): ipc: [0090] 11 00 00 00 0E 52 01 80 48 00 00 00 40 FD 0F 10 .....R.. H.......
D/RIL-IPC ( 132): ipc: [00a0] 48 00 00 00 07 00 00 00 F4 FC 0F 10 1F 03 01 80 H....... ........
D/RIL-IPC ( 132): ipc: [00b0] 23 6F 00 00 08 FD 0F 10 08 FD 0F 10 40 FD 0F 10 .o...... ........
D/RIL-IPC ( 132): ipc: [00c0] 99 05 01 80 02 0A 00 00 6C 4E 01 80 07 00 00 00 ........ lN......
D/RIL-IPC ( 132): ipc: [00d0] 00 00 00 00 84 74 D4 AF C8 F5 00 00 08 00 00 00 .....t.. ........
D/RIL-IPC ( 132): ipc: [00e0] C0 00 01 00 98 FD 00 00 DC 79 60 AE 94 79 60 AE ........ .y...y..
D/RIL-IPC ( 132): ipc: [00f0] 6D 43 D1 AF 74 FD 0F 10 94 F9 00 00 08 00 00 00 mC..t... ........
D/RIL-IPC ( 132): ipc: [0100] C8 F5 00 00 94 F9 ......
D/RIL-IPC ( 132): ipc:
D/RIL-IPC ( 132): ipc: crespo_ipc_fmt_client_send: SEND FMT (id=0 cmd=0 size=269)!
D/RIL-IPC ( 132): ipc: crespo_ipc_fmt_client_send: IPC request (mseq=0x4e command=IPC_SEC_RSIM_ACCESS (0x0505) type=GET)
D/RIL-IPC ( 132): ipc: ==== FMT DATA DUMP ====
D/RIL-IPC ( 132): ipc: [0000] C0 11 6F 00 00 0F 00 00 04 00 00 00 94 79 60 AE ..o..... .....y..
D/RIL-IPC ( 132): ipc: [0010] 71 3B D1 AF D8 F7 00 00 E8 F7 00 00 10 00 00 00 q....... ........
D/RIL-IPC ( 132): ipc: [0020] 00 00 00 00 18 00 00 00 1B 47 D1 AF 18 00 00 00 ........ .G......
D/RIL-IPC ( 132): ipc: [0030] 18 00 00 00 00 00 00 00 01 00 00 00 08 00 00 00 ........ ........
D/RIL-IPC ( 132): ipc: [0040] 59 47 D1 AF 18 FD 0F 10 F1 49 D1 AF 18 FD 0F 10 YG...... .I......
D/RIL-IPC ( 132): ipc: [0050] 97 AC 21 A8 00 00 00 00 84 FD 0F 10 00 00 00 00 ........ ........
D/RIL-IPC ( 132): ipc: [0060] 59 47 D1 AF D0 A6 00 00 DC FC 0F 10 1B 00 00 00 YG...... ........
D/RIL-IPC ( 132): ipc: [0070] E8 F7 00 00 0E 52 01 80 40 00 01 00 0A 00 00 00 .....R.. ........
D/RIL-IPC ( 132): ipc: [0080] 48 00 00 00 00 00 00 00 6D 43 D1 AF 40 FD 0F 10 H....... mC......
D/RIL-IPC ( 132): ipc: [0090] 11 00 00 00 0E 52 01 80 48 00 00 00 40 FD 0F 10 .....R.. H.......
D/RIL-IPC ( 132): ipc: [00a0] 48 00 00 00 07 00 00 00 F4 FC 0F 10 1F 03 01 80 H....... ........
D/RIL-IPC ( 132): ipc: [00b0] 23 6F 00 00 08 FD 0F 10 08 FD 0F 10 40 FD 0F 10 .o...... ........
D/RIL-IPC ( 132): ipc: [00c0] 99 05 01 80 02 0A 00 00 6C 4E 01 80 07 00 00 00 ........ lN......
D/RIL-IPC ( 132): ipc: [00d0] 00 00 00 00 84 74 D4 AF C8 F5 00 00 08 00 00 00 .....t.. ........
D/RIL-IPC ( 132): ipc: [00e0] C0 00 01 00 E0 FE 00 00 DC 79 60 AE 94 79 60 AE ........ .y...y..
D/RIL-IPC ( 132): ipc: [00f0] 6D 43 D1 AF 74 FD 0F 10 94 F9 00 00 08 00 00 00 mC..t... ........
D/RIL-IPC ( 132): ipc: [0100] C8 F5 00 00 94 F9 ......
D/RIL-IPC ( 132): ipc:
D/RIL-IPC ( 132): ipc: crespo_ipc_fmt_client_send: SEND FMT (id=0 cmd=0 size=269)!
D/RIL-IPC ( 132): ipc: crespo_ipc_fmt_client_send: IPC request (mseq=0x4f command=IPC_SEC_RSIM_ACCESS (0x0505) type=GET)
D/RIL-IPC ( 132): ipc: ==== FMT DATA DUMP ====
D/RIL-IPC ( 132): ipc: [0000] C0 CB 6F 00 00 0F 00 00 04 00 00 00 94 79 60 AE ..o..... .....y..
D/RIL-IPC ( 132): ipc: [0010] 71 3B D1 AF D8 F7 00 00 E8 F7 00 00 10 00 00 00 q....... ........
D/RIL-IPC ( 132): ipc: [0020] 00 00 00 00 18 00 00 00 1B 47 D1 AF 18 00 00 00 ........ .G......
D/RIL-IPC ( 132): ipc: [0030] 18 00 00 00 00 00 00 00 01 00 00 00 08 00 00 00 ........ ........
D/RIL-IPC ( 132): ipc: [0040] 59 47 D1 AF 18 FD 0F 10 F1 49 D1 AF 18 FD 0F 10 YG...... .I......
D/RIL-IPC ( 132): ipc: [0050] 97 AC 21 A8 00 00 00 00 84 FD 0F 10 00 00 00 00 ........ ........
D/RIL-IPC ( 132): ipc: [0060] 59 47 D1 AF D0 A6 00 00 DC FC 0F 10 1B 00 00 00 YG...... ........
D/RIL-IPC ( 132): ipc: [0070] E8 F7 00 00 0E 52 01 80 40 00 01 00 0A 00 00 00 .....R.. ........
D/RIL-IPC ( 132): ipc: [0080] 48 00 00 00 00 00 00 00 6D 43 D1 AF 40 FD 0F 10 H....... mC......
D/RIL-IPC ( 132): ipc: [0090] 11 00 00 00 0E 52 01 80 48 00 00 00 40 FD 0F 10 .....R.. H.......
D/RIL-IPC ( 132): ipc: [00a0] 48 00 00 00 07 00 00 00 F4 FC 0F 10 1F 03 01 80 H....... ........
D/RIL-IPC ( 132): ipc: [00b0] 23 6F 00 00 08 FD 0F 10 08 FD 0F 10 40 FD 0F 10 .o...... ........
D/RIL-IPC ( 132): ipc: [00c0] 99 05 01 80 02 0A 00 00 6C 4E 01 80 07 00 00 00 ........ lN......
D/RIL-IPC ( 132): ipc: [00d0] 00 00 00 00 84 74 D4 AF C8 F5 00 00 08 00 00 00 .....t.. ........
D/RIL-IPC ( 132): ipc: [00e0] C0 00 01 00 28 00 01 00 DC 79 60 AE 94 79 60 AE ........ .y...y..
D/RIL-IPC ( 132): ipc: [00f0] 6D 43 D1 AF 74 FD 0F 10 94 F9 00 00 08 00 00 00 mC..t... ........
D/RIL-IPC ( 132): ipc: [0100] C8 F5 00 00 94 F9 ......
D/RIL-IPC ( 132): ipc:
D/RILJ ( 250): [0184]> iccIO: SIM_IO 0xc0 0x6fcd path: 3F007F20,0,0,15
D/RILJ ( 250): [0185]> iccIO: SIM_IO 0xc0 0x6fc5 path: 3F007F20,0,0,15
D/RIL-IPC ( 132): ipc: crespo_ipc_fmt_client_send: SEND FMT (id=0 cmd=0 size=269)!
D/RIL-IPC ( 132): ipc: crespo_ipc_fmt_client_send: IPC request (mseq=0x50 command=IPC_SEC_RSIM_ACCESS (0x0505) type=GET)
D/RIL-IPC ( 132): ipc: ==== FMT DATA DUMP ====
D/RIL-IPC ( 132): ipc: [0000] C0 13 6F 00 00 0F 00 00 04 00 00 00 94 79 60 AE ..o..... .....y..
D/RIL-IPC ( 132): ipc: [0010] 71 3B D1 AF D8 F7 00 00 E8 F7 00 00 10 00 00 00 q....... ........
D/RIL-IPC ( 132): ipc: [0020] 00 00 00 00 18 00 00 00 1B 47 D1 AF 18 00 00 00 ........ .G......
D/RIL-IPC ( 132): ipc: [0030] 18 00 00 00 00 00 00 00 01 00 00 00 08 00 00 00 ........ ........
D/RIL-IPC ( 132): ipc: [0040] 59 47 D1 AF 18 FD 0F 10 F1 49 D1 AF 18 FD 0F 10 YG...... .I......
D/RIL-IPC ( 132): ipc: [0050] 97 AC 21 A8 00 00 00 00 84 FD 0F 10 00 00 00 00 ........ ........
D/RIL-IPC ( 132): ipc: [0060] 59 47 D1 AF D0 A6 00 00 DC FC 0F 10 1B 00 00 00 YG...... ........
D/RIL-IPC ( 132): ipc: [0070] E8 F7 00 00 0E 52 01 80 40 00 01 00 0A 00 00 00 .....R.. ........
D/RIL-IPC ( 132): ipc: [0080] 48 00 00 00 00 00 00 00 6D 43 D1 AF 40 FD 0F 10 H....... mC......
D/RIL-IPC ( 132): ipc: [0090] 11 00 00 00 0E 52 01 80 48 00 00 00 40 FD 0F 10 .....R.. H.......
D/RIL-IPC ( 132): ipc: [00a0] 48 00 00 00 07 00 00 00 F4 FC 0F 10 1F 03 01 80 H....... ........
D/RIL-IPC ( 132): ipc: [00b0] 23 6F 00 00 08 FD 0F 10 08 FD 0F 10 40 FD 0F 10 .o...... ........
D/RIL-IPC ( 132): ipc: [00c0] 99 05 01 80 02 0A 00 00 6C 4E 01 80 07 00 00 00 ........ lN......
D/RIL-IPC ( 132): ipc: [00d0] 00 00 00 00 84 74 D4 AF C8 F5 00 00 08 00 00 00 .....t.. ........
D/RIL-IPC ( 132): ipc: [00e0] C0 00 01 00 70 01 01 00 DC 79 60 AE 94 79 60 AE ....p... .y...y..
D/RIL-IPC ( 132): ipc: [00f0] 6D 43 D1 AF 74 FD 0F 10 94 F9 00 00 08 00 00 00 mC..t... ........
D/RIL-IPC ( 132): ipc: [0100] C8 F5 00 00 94 F9 ......
D/RIL-IPC ( 132): ipc:
D/RIL-IPC ( 132): ipc: crespo_ipc_fmt_client_send: SEND FMT (id=0 cmd=0 size=269)!
D/RIL-IPC ( 132): ipc: crespo_ipc_fmt_client_send: IPC request (mseq=0x51 command=IPC_SEC_RSIM_ACCESS (0x0505) type=GET)
D/RIL-IPC ( 132): ipc: ==== FMT DATA DUMP ====
D/RIL-IPC ( 132): ipc: [0000] C0 46 6F 00 00 0F 00 00 04 00 00 00 94 79 60 AE .Fo..... .....y..
D/RIL-IPC ( 132): ipc: [0010] 71 3B D1 AF D8 F7 00 00 E8 F7 00 00 10 00 00 00 q....... ........
D/RIL-IPC ( 132): ipc: [0020] 00 00 00 00 18 00 00 00 1B 47 D1 AF 18 00 00 00 ........ .G......
D/RIL-IPC ( 132): ipc: [0030] 18 00 00 00 00 00 00 00 01 00 00 00 08 00 00 00 ........ ........
D/RIL-IPC ( 132): ipc: [0040] 59 47 D1 AF 18 FD 0F 10 F1 49 D1 AF 18 FD 0F 10 YG...... .I......
D/RIL-IPC ( 132): ipc: [0050] 97 AC 21 A8 00 00 00 00 84 FD 0F 10 00 00 00 00 ........ ........
D/RIL-IPC ( 132): ipc: [0060] 59 47 D1 AF D0 A6 00 00 DC FC 0F 10 1B 00 00 00 YG...... ........
D/RIL-IPC ( 132): ipc: [0070] E8 F7 00 00 0E 52 01 80 40 00 01 00 0A 00 00 00 .....R.. ........
D/RIL-IPC ( 132): ipc: [0080] 48 00 00 00 00 00 00 00 6D 43 D1 AF 40 FD 0F 10 H....... mC......
D/RIL-IPC ( 132): ipc: [0090] 11 00 00 00 0E 52 01 80 48 00 00 00 40 FD 0F 10 .....R.. H.......
D/RIL-IPC ( 132): ipc: [00a0] 48 00 00 00 07 00 00 00 F4 FC 0F 10 1F 03 01 80 H....... ........
D/RIL-IPC ( 132): ipc: [00b0] 23 6F 00 00 08 FD 0F 10 08 FD 0F 10 40 FD 0F 10 .o...... ........
D/RIL-IPC ( 132): ipc: [00c0] 99 05 01 80 02 0A 00 00 6C 4E 01 80 07 00 00 00 ........ lN......
D/RIL-IPC ( 132): ipc: [00d0] 00 00 00 00 84 74 D4 AF C8 F5 00 00 08 00 00 00 .....t.. ........
D/RIL-IPC ( 132): ipc: [00e0] C0 00 01 00 A0 01 01 00 DC 79 60 AE 94 79 60 AE ........ .y...y..
D/RIL-IPC ( 132): ipc: [00f0] 6D 43 D1 AF 74 FD 0F 10 94 F9 00 00 08 00 00 00 mC..t... ........
D/RIL-IPC ( 132): ipc: [0100] C8 F5 00 00 94 F9 ......
D/RIL-IPC ( 132): ipc:
D/RILJ ( 250): [0186]> iccIO: SIM_IO 0xc0 0x6f38 path: 3F007F20,0,0,15
D/RIL-IPC ( 132): ipc: crespo_ipc_fmt_client_send: SEND FMT (id=0 cmd=0 size=269)!
D/RIL-IPC ( 132): ipc: crespo_ipc_fmt_client_send: IPC request (mseq=0x52 command=IPC_SEC_RSIM_ACCESS (0x0505) type=GET)
D/RIL-IPC ( 132): ipc: ==== FMT DATA DUMP ====
D/RIL-IPC ( 132): ipc: [0000] C0 CD 6F 00 00 0F 00 00 04 00 00 00 94 79 60 AE ..o..... .....y..
D/RIL-IPC ( 132): ipc: [0010] 71 3B D1 AF D8 F7 00 00 E8 F7 00 00 10 00 00 00 q....... ........
D/RIL-IPC ( 132): ipc: [0020] 00 00 00 00 18 00 00 00 1B 47 D1 AF 18 00 00 00 ........ .G......
D/RIL-IPC ( 132): ipc: [0030] 18 00 00 00 00 00 00 00 01 00 00 00 08 00 00 00 ........ ........
D/RIL-IPC ( 132): ipc: [0040] 59 47 D1 AF 18 FD 0F 10 F1 49 D1 AF 18 FD 0F 10 YG...... .I......
D/RIL-IPC ( 132): ipc: [0050] 97 AC 21 A8 00 00 00 00 84 FD 0F 10 00 00 00 00 ........ ........
D/RIL-IPC ( 132): ipc: [0060] 59 47 D1 AF D0 A6 00 00 DC FC 0F 10 1B 00 00 00 YG...... ........
D/RIL-IPC ( 132): ipc: [0070] E8 F7 00 00 0E 52 01 80 40 00 01 00 0A 00 00 00 .....R.. ........
D/RIL-IPC ( 132): ipc: [0080] 48 00 00 00 00 00 00 00 6D 43 D1 AF 40 FD 0F 10 H....... mC......
D/RIL-IPC ( 132): ipc: [0090] 11 00 00 00 0E 52 01 80 48 00 00 00 40 FD 0F 10 .....R.. H.......
D/RIL-IPC ( 132): ipc: [00a0] 48 00 00 00 07 00 00 00 F4 FC 0F 10 1F 03 01 80 H....... ........
D/RIL-IPC ( 132): ipc: [00b0] 23 6F 00 00 08 FD 0F 10 08 FD 0F 10 40 FD 0F 10 .o...... ........
D/RIL-IPC ( 132): ipc: [00c0] 99 05 01 80 02 0A 00 00 6C 4E 01 80 07 00 00 00 ........ lN......
D/RIL-IPC ( 132): ipc: [00d0] 00 00 00 00 84 74 D4 AF D0 01 01 00 08 00 00 00 .....t.. ........
D/RIL-IPC ( 132): ipc: [00e0] 84 00 01 00 10 F4 00 00 DC 79 60 AE 94 79 60 AE ........ .y...y..
D/RIL-IPC ( 132): ipc: [00f0] 6D 43 D1 AF 74 FD 0F 10 94 F9 00 00 08 00 00 00 mC..t... ........
D/RIL-IPC ( 132): ipc: [0100] D0 01 01 00 94 F9 ......
D/RIL-IPC ( 132): ipc:
D/RIL-IPC ( 132): ipc: crespo_ipc_fmt_client_send: SEND FMT (id=0 cmd=0 size=269)!
D/RIL-IPC ( 132): ipc: crespo_ipc_fmt_client_send: IPC request (mseq=0x53 command=IPC_SEC_RSIM_ACCESS (0x0505) type=GET)
D/RIL-IPC ( 132): ipc: ==== FMT DATA DUMP ====
D/RIL-IPC ( 132): ipc: [0000] C0 C5 6F 00 00 0F 00 00 04 00 00 00 94 79 60 AE ..o..... .....y..
D/RIL-IPC ( 132): ipc: [0010] 71 3B D1 AF D8 F7 00 00 E8 F7 00 00 10 00 00 00 q....... ........
D/RIL-IPC ( 132): ipc: [0020] 00 00 00 00 18 00 00 00 1B 47 D1 AF 18 00 00 00 ........ .G......
D/RIL-IPC ( 132): ipc: [0030] 18 00 00 00 00 00 00 00 01 00 00 00 08 00 00 00 ........ ........
D/RIL-IPC ( 132): ipc: [0040] 59 47 D1 AF 18 FD 0F 10 F1 49 D1 AF 18 FD 0F 10 YG...... .I......
D/RIL-IPC ( 132): ipc: [0050] 97 AC 21 A8 00 00 00 00 84 FD 0F 10 00 00 00 00 ........ ........
D/RIL-IPC ( 132): ipc: [0060] 59 47 D1 AF D0 A6 00 00 DC FC 0F 10 1B 00 00 00 YG...... ........
D/RIL-IPC ( 132): ipc: [0070] E8 F7 00 00 0E 52 01 80 40 00 01 00 0A 00 00 00 .....R.. ........
D/RIL-IPC ( 132): ipc: [0080] 48 00 00 00 00 00 00 00 6D 43 D1 AF 40 FD 0F 10 H....... mC......
D/RIL-IPC ( 132): ipc: [0090] 11 00 00 00 0E 52 01 80 48 00 00 00 40 FD 0F 10 .....R.. H.......
D/RIL-IPC ( 132): ipc: [00a0] 48 00 00 00 07 00 00 00 F4 FC 0F 10 1F 03 01 80 H....... ........
D/RIL-IPC ( 132): ipc: [00b0] 23 6F 00 00 08 FD 0F 10 08 FD 0F 10 40 FD 0F 10 .o...... ........
D/RIL-IPC ( 132): ipc: [00c0] 99 05 01 80 02 0A 00 00 6C 4E 01 80 07 00 00 00 ........ lN......
D/RIL-IPC ( 132): ipc: [00d0] 00 00 00 00 84 74 D4 AF D0 01 01 00 08 00 00 00 .....t.. ........
D/RIL-IPC ( 132): ipc: [00e0] 04 00 01 00 00 F8 00 00 DC 79 60 AE 94 79 60 AE ........ .y...y..
D/RIL-IPC ( 132): ipc: [00f0] 6D 43 D1 AF 74 FD 0F 10 94 F9 00 00 08 00 00 00 mC..t... ........
D/RIL-IPC ( 132): ipc: [0100] D0 01 01 00 94 F9 ......
D/RIL-IPC ( 132): ipc:
D/RIL-IPC ( 132): ipc: crespo_ipc_fmt_client_send: SEND FMT (id=0 cmd=0 size=269)!
D/RIL-IPC ( 132): ipc: crespo_ipc_fmt_client_send: IPC request (mseq=0x54 command=IPC_SEC_RSIM_ACCESS (0x0505) type=GET)
D/RIL-IPC ( 132): ipc: ==== FMT DATA DUMP ====
D/RIL-IPC ( 132): ipc: [0000] C0 38 6F 00 00 0F 00 00 04 00 00 00 94 79 60 AE .8o..... .....y..
D/RIL-IPC ( 132): ipc: [0010] 71 3B D1 AF D8 F7 00 00 E8 F7 00 00 10 00 00 00 q....... ........
D/RIL-IPC ( 132): ipc: [0020] 00 00 00 00 18 00 00 00 1B 47 D1 AF 18 00 00 00 ........ .G......
D/RIL-IPC ( 132): ipc: [0030] 18 00 00 00 00 00 00 00 01 00 00 00 08 00 00 00 ........ ........
D/RIL-IPC ( 132): ipc: [0040] 59 47 D1 AF 18 FD 0F 10 F1 49 D1 AF 18 FD 0F 10 YG...... .I......
D/RIL-IPC ( 132): ipc: [0050] 97 AC 21 A8 00 00 00 00 84 FD 0F 10 00 00 00 00 ........ ........
D/RIL-IPC ( 132): ipc: [0060] 59 47 D1 AF D0 A6 00 00 DC FC 0F 10 1B 00 00 00 YG...... ........
D/RIL-IPC ( 132): ipc: [0070] E8 F7 00 00 0E 52 01 80 40 00 01 00 0A 00 00 00 .....R.. ........
D/RIL-IPC ( 132): ipc: [0080] 48 00 00 00 00 00 00 00 6D 43 D1 AF 40 FD 0F 10 H....... mC......
D/RIL-IPC ( 132): ipc: [0090] 11 00 00 00 0E 52 01 80 48 00 00 00 40 FD 0F 10 .....R.. H.......
D/RIL-IPC ( 132): ipc: [00a0] 48 00 00 00 07 00 00 00 F4 FC 0F 10 1F 03 01 80 H....... ........
D/RIL-IPC ( 132): ipc: [00b0] 23 6F 00 00 08 FD 0F 10 08 FD 0F 10 40 FD 0F 10 .o...... ........
D/RIL-IPC ( 132): ipc: [00c0] 99 05 01 80 02 0A 00 00 6C 4E 01 80 07 00 00 00 ........ lN......
D/RIL-IPC ( 132): ipc: [00d0] 00 00 00 00 84 74 D4 AF D0 01 01 00 08 00 00 00 .....t.. ........
D/RIL-IPC ( 132): ipc: [00e0] 04 00 00 00 88 A4 00 00 DC 79 60 AE 94 79 60 AE ........ .y...y..
D/RIL-IPC ( 132): ipc: [00f0] 6D 43 D1 AF 74 FD 0F 10 94 F9 00 00 08 00 00 00 mC..t... ........
D/RIL-IPC ( 132): ipc: [0100] D0 01 01 00 94 F9 ......
D/RIL-IPC ( 132): ipc:
D/RILJ ( 250): [0187]> iccIO: SIM_IO 0xc0 0x6f16 path: 3F007F20,0,0,15
D/RILJ ( 250): [0188]> iccIO: SIM_IO 0xc0 0x6f15 path: 3F007F20,0,0,15
D/RILJ ( 250): [0189]> GET_SIM_STATUS
D/RILJ ( 250): [0190]> QUERY_FACILITY_LOCK
D/RILJ ( 250): [0191]> QUERY_FACILITY_LOCK
E/GSM ( 250): RIL implementation has returned an error where it must succeedcom.android.internal.telephony.CommandException: GENERIC_FAILURE
E/GSM ( 250): RIL implementation has returned an error where it must succeedcom.android.internal.telephony.CommandException: GENERIC_FAILURE
E/GSM ( 250): RIL implementation has returned an error where it must succeedcom.android.internal.telephony.CommandException: GENERIC_FAILURE
D/GSM ( 250): Poll ServiceState done: oldSS=[3 home null null null Unknown CSS not supported -1 -1RoamInd: -1DefRoamInd: -1EmergOnly: false] newSS=[1 home null null null Unknown CSS not supported -1 -1RoamInd: -1DefRoamInd: -1EmergOnly: true] oldGprs=1 newGprs=1 oldType=UMTS newType=UMTS
D/RIL-IPC ( 132): ipc: crespo_ipc_fmt_client_send: SEND FMT (id=0 cmd=0 size=269)!
D/RIL-IPC ( 132): ipc: crespo_ipc_fmt_client_send: IPC request (mseq=0x55 command=IPC_SEC_RSIM_ACCESS (0x0505) type=GET)
D/RIL-IPC ( 132): ipc: ==== FMT DATA DUMP ====
D/RIL-IPC ( 132): ipc: [0000] C0 16 6F 00 00 0F 00 00 04 00 00 00 94 79 60 AE ..o..... .....y..
D/RIL-IPC ( 132): ipc: [0010] 71 3B D1 AF D8 F7 00 00 E8 F7 00 00 10 00 00 00 q....... ........
D/RIL-IPC ( 132): ipc: [0020] 00 00 00 00 18 00 00 00 1B 47 D1 AF 18 00 00 00 ........ .G......
D/RIL-IPC ( 132): ipc: [0030] 18 00 00 00 00 00 00 00 01 00 00 00 08 00 00 00 ........ ........
D/RIL-IPC ( 132): ipc: [0040] 59 47 D1 AF 18 FD 0F 10 F1 49 D1 AF 18 FD 0F 10 YG...... .I......
D/RIL-IPC ( 132): ipc: [0050] 97 AC 21 A8 00 00 00 00 84 FD 0F 10 00 00 00 00 ........ ........
D/RIL-IPC ( 132): ipc: [0060] 59 47 D1 AF D0 A6 00 00 DC FC 0F 10 1B 00 00 00 YG...... ........
D/RIL-IPC ( 132): ipc: [0070] E8 F7 00 00 0E 52 01 80 40 00 01 00 0A 00 00 00 .....R.. ........
D/RIL-IPC ( 132): ipc: [0080] 48 00 00 00 00 00 00 00 6D 43 D1 AF 40 FD 0F 10 H....... mC......
D/RIL-IPC ( 132): ipc: [0090] 11 00 00 00 0E 52 01 80 48 00 00 00 40 FD 0F 10 .....R.. H.......
D/RIL-IPC ( 132): ipc: [00a0] 48 00 00 00 07 00 00 00 F4 FC 0F 10 1F 03 01 80 H....... ........
D/RIL-IPC ( 132): ipc: [00b0] 23 6F 00 00 08 FD 0F 10 08 FD 0F 10 40 FD 0F 10 .o...... ........
D/RIL-IPC ( 132): ipc: [00c0] 99 05 01 80 02 0A 00 00 6C 4E 01 80 07 00 00 00 ........ lN......
D/RIL-IPC ( 132): ipc: [00d0] 00 00 00 00 84 74 D4 AF D0 01 01 00 08 00 00 00 .....t.. ........
D/RIL-IPC ( 132): ipc: [00e0] 04 00 00 00 B8 A4 00 00 DC 79 60 AE 94 79 60 AE ........ .y...y..
D/RIL-IPC ( 132): ipc: [00f0] 6D 43 D1 AF 74 FD 0F 10 94 F9 00 00 08 00 00 00 mC..t... ........
D/RIL-IPC ( 132): ipc: [0100] D0 01 01 00 94 F9 ......
D/RIL-IPC ( 132): ipc:
D/RIL-IPC ( 132): ipc: crespo_ipc_fmt_client_send: SEND FMT (id=0 cmd=0 size=269)!
D/RIL-IPC ( 132): ipc: crespo_ipc_fmt_client_send: IPC request (mseq=0x56 command=IPC_SEC_RSIM_ACCESS (0x0505) type=GET)
D/RIL-IPC ( 132): ipc: ==== FMT DATA DUMP ====
D/RIL-IPC ( 132): ipc: [0000] C0 15 6F 00 00 0F 00 00 04 00 00 00 94 79 60 AE ..o..... .....y..
D/RIL-IPC ( 132): ipc: [0010] 71 3B D1 AF D8 F7 00 00 E8 F7 00 00 10 00 00 00 q....... ........
D/RIL-IPC ( 132): ipc: [0020] 00 00 00 00 18 00 00 00 1B 47 D1 AF 18 00 00 00 ........ .G......
D/RIL-IPC ( 132): ipc: [0030] 18 00 00 00 00 00 00 00 01 00 00 00 08 00 00 00 ........ ........
D/RIL-IPC ( 132): ipc: [0040] 59 47 D1 AF 18 FD 0F 10 F1 49 D1 AF 18 FD 0F 10 YG...... .I......
D/RIL-IPC ( 132): ipc: [0050] 97 AC 21 A8 00 00 00 00 84 FD 0F 10 00 00 00 00 ........ ........
D/RIL-IPC ( 132): ipc: [0060] 59 47 D1 AF D0 A6 00 00 DC FC 0F 10 1B 00 00 00 YG...... ........
D/RIL-IPC ( 132): ipc: [0070] E8 F7 00 00 0E 52 01 80 40 00 01 00 0A 00 00 00 .....R.. ........
D/RIL-IPC ( 132): ipc: [0080] 48 00 00 00 00 00 00 00 6D 43 D1 AF 40 FD 0F 10 H....... mC......
D/RIL-IPC ( 132): ipc: [0090] 11 00 00 00 0E 52 01 80 48 00 00 00 40 FD 0F 10 .....R.. H.......
D/RIL-IPC ( 132): ipc: [00a0] 48 00 00 00 07 00 00 00 F4 FC 0F 10 1F 03 01 80 H....... ........
D/RIL-IPC ( 132): ipc: [00b0] 23 6F 00 00 08 FD 0F 10 08 FD 0F 10 40 FD 0F 10 .o...... ........
D/RIL-IPC ( 132): ipc: [00c0] 99 05 01 80 02 0A 00 00 6C 4E 01 80 07 00 00 00 ........ lN......
D/RIL-IPC ( 132): ipc: [00d0] 00 00 00 00 84 74 D4 AF D0 01 01 00 08 00 00 00 .....t.. ........
D/RIL-IPC ( 132): ipc: [00e0] 04 00 00 00 E8 A4 00 00 DC 79 60 AE 94 79 60 AE ........ .y...y..
D/RIL-IPC ( 132): ipc: [00f0] 6D 43 D1 AF 74 FD 0F 10 94 F9 00 00 08 00 00 00 mC..t... ........
D/RIL-IPC ( 132): ipc: [0100] D0 01 01 00 94 F9 ......
D/RIL-IPC ( 132): ipc:
D/RIL-IPC ( 132): ipc: crespo_ipc_fmt_client_send: SEND FMT (id=0 cmd=0 size=8)!
D/RIL-IPC ( 132): ipc: crespo_ipc_fmt_client_send: IPC request (mseq=0x58 command=IPC_SEC_PHONE_LOCK (0x0502) type=GET)
D/RIL-IPC ( 132): ipc: ==== FMT DATA DUMP ====
D/RIL-IPC ( 132): ipc: [0000] 03 .
D/RIL-IPC ( 132): ipc:
D/RILJ ( 250): [0189]< GET_SIM_STATUS com.android.internal.telephony.IccCardStatus@405dbe78
