D/CellBroadcastReceiver( 2646): onReceive Intent { act=android.intent.action.BOOT_COMPLETED flg=0x10 cmp=com.android.cellbroadcastreceiver/.CellBroadcastReceiver (has extras) }
D/CellBroadcastReceiver( 2646): Registering for ServiceState updates
D/CellBroadcastReceiver( 2646): Service state changed! 1 Full: 1 home E-Plus E-Plus 26203 Unknown CSS not supported -1 -1 RoamInd=-1 DefRoamInd=-1 EmergOnly=true
W/Trace ( 2660): error opening trace file: No such file or directory (2)
D/lights ( 2176): set_light_buttons on=1
V/AlarmClock( 2660): No next alarm
V/AlarmClock( 2660): AlarmInitReceiver - Reset timers and clear stopwatch data
V/AlarmClock( 2660): No next alarm
V/AlarmClock( 2660): AlarmInitReceiver finished
I/ARMAssembler( 1850): generated scanline__00000177:03010104_00000000_00000000 [ 25 ipp] (42 ins) at [0x40fd32a0:0x40fd3348] in 74375 ns
W/Trace ( 2678): error opening trace file: No such file or directory (2)
W/Trace ( 2697): error opening trace file: No such file or directory (2)
E/SQLiteLog( 2678): (1) no such table: Account
W/EmailProvider( 2678): Exception cleaning EmailProvider.dbandroid.database.sqlite.SQLiteException: no such table: Account (code 1): , while compiling: delete from Account WHERE displayName ISNULL;
D/Eas Debug( 2697): Logging:
D/ExchangeService( 2697): !!! EAS ExchangeService, onCreate
D/ExchangeService( 2697): !!! EAS ExchangeService, onStartCommand, startingUp = false, running = false
D/ExchangeService( 2697): !!! EAS ExchangeService, onStartCommand, startingUp = true, running = false
W/Trace ( 2717): error opening trace file: No such file or directory (2)
D/ExchangeService( 2697): Received deviceId from Email app: androidc388069124
D/ExchangeService( 2697): Reconciling accounts...
D/WeatherUpdateService( 2717): Service started, but shouldn't update ... stopping
D/EmailProvider( 2678): fromDatabase accounts: 0
D/EmailProvider( 2678): ending toDatabase transaction; copyCount = 0
D/dalvikvm( 2176): GC_EXPLICIT freed 1235K, 29% free 7911K/11052K, paused 3ms+4ms, total 71ms
D/ExchangeService( 2697): !!! EAS ExchangeService, onStartCommand, startingUp = true, running = false
W/Trace ( 2739): error opening trace file: No such file or directory (2)
D/Eas Debug( 2697): Logging:
D/EmailProvider( 2678): ending fromDatabase transaction; copyCount = 0
V/MmsConfig( 2739): mnc/mcc:
V/MmsConfig( 2739): tag: int value: maxMessageSize - 614400
V/MmsConfig( 2739): tag: int value: maxImageHeight - 1200
V/MmsConfig( 2739): tag: int value: maxImageWidth - 1600
V/MmsConfig( 2739): tag: string value: userAgent - SAMSUNG-GT-I9100-Mms
V/MmsConfig( 2739): tag: bool value: enableMultipartSMS - true
V/MmsConfig( 2739): tag: bool value: enableSplitSMS - false
V/MmsConfig( 2739): tag: string value: uaProfUrl - http://wap.samsungmobile.com/uaprof/GT-I9100.xml
I/BootReceiver( 2525): Restore disabled by user preference.
I/BootReceiver( 2525): Restore disabled by user preference.
D/Mms:app ( 2739): cancelNotification
D/dalvikvm( 1851): GC_EXPLICIT freed 37K, 70% free 2347K/7696K, paused 2ms+1ms, total 32ms
W/Trace ( 2771): error opening trace file: No such file or directory (2)
D/dalvikvm( 1851): GC_EXPLICIT freed <1K, 70% free 2347K/7696K, paused 2ms+1ms, total 27ms
I/CalendarProvider2( 2629): Sending notification intent: Intent { act=android.intent.action.PROVIDER_CHANGED dat=content://com.android.calendar }
W/ContentResolver( 2629): Failed to get type for: content://com.android.calendar (Unknown URL content://com.android.calendar)
D/CAT ( 2391): StkAppService$ServiceHandler: OP_BOOT_COMPLETED
D/dalvikvm( 1851): GC_EXPLICIT freed <1K, 70% free 2347K/7696K, paused 1ms+1ms, total 34ms
D/MmsSmsDatabaseHelper( 2391): [MmsSmsDb] tableName: threads hasAutoIncrement: CREATE TABLE threads (_id INTEGER PRIMARY KEY AUTOINCREMENT,date INTEGER DEFAULT 0,message_count INTEGER DEFAULT 0,recipient_ids TEXT,snippet TEXT,snippet_cs INTEGER DEFAULT 0,read INTEGER DEFAULT 1,type INTEGER DEFAULT 0,error INTEGER DEFAULT 0,has_attachment INTEGER DEFAULT 0) result: true
W/Trace ( 2784): error opening trace file: No such file or directory (2)
D/ExchangeService( 2697): !!! EAS ExchangeService, onStartCommand, startingUp = true, running = false
E/dalvikvm( 2784): Could not find class 'android.bluetooth.BluetoothManager', referenced from method org.fdroid.fdroid.FDroidApp.getBluetoothAdapter
W/dalvikvm( 2784): VFY: unable to resolve check-cast 29 (Landroid/bluetooth/BluetoothManager;) in Lorg/fdroid/fdroid/FDroidApp;
D/dalvikvm( 2784): VFY: replacing opcode 0x1f at 0x0011
D/MmsSmsDatabaseHelper( 2391): [MmsSmsDb] tableName: canonical_addresses hasAutoIncrement: CREATE TABLE canonical_addresses (_id INTEGER PRIMARY KEY AUTOINCREMENT,address TEXT) result: true
D/MmsSmsDatabaseHelper( 2391): [MmsSmsDb] tableName: part hasAutoIncrement: CREATE TABLE part (_id INTEGER PRIMARY KEY AUTOINCREMENT,mid INTEGER,seq INTEGER DEFAULT 0,ct TEXT,name TEXT,chset INTEGER,cd TEXT,fn TEXT,cid TEXT,cl TEXT,ctt_s INTEGER,ctt_t TEXT,_data TEXT,text TEXT) result: true
D/MmsSmsDatabaseHelper( 2391): [MmsSmsDb] tableName: pdu hasAutoIncrement: CREATE TABLE pdu (_id INTEGER PRIMARY KEY AUTOINCREMENT,thread_id INTEGER,date INTEGER,date_sent INTEGER DEFAULT 0,msg_box INTEGER,read INTEGER DEFAULT 0,m_id TEXT,sub TEXT,sub_cs INTEGER,ct_t TEXT,ct_l TEXT,exp INTEGER,m_cls TEXT,m_type INTEGER,v INTEGER,m_size INTEGER,pri INTEGER,rr INTEGER,rpt_a INTEGER,resp_st INTEGER,st INTEGER,tr_id TEXT,retr_st INTEGER,retr_txt TEXT,retr_txt_cs INTEGER,read_status INTEGER,ct_cls INTEGER,resp_txt TEXT,d_tm INTEGER,d_rpt INTEGER,locked INTEGER DEFAULT 0,seen INTEGER DEFAULT 0,text_only INTEGER DEFAULT 0) result: true
D/MmsSmsDatabaseHelper( 2391): [getWritableDatabase] hasAutoIncrementThreads: true hasAutoIncrementAddresses: true hasAutoIncrementPart: true hasAutoIncrementPdu: true D/org.fdroid.fdroid.data.InstalledAppCacheUpdater( 2784): Preparing to cache installed info for 62 new apps.
D/Mms:app ( 2739): cancelNotification
D/FDroid ( 2784): Update scheduler alarm not set
D/BluetoothManagerService( 2176): Message: 20
D/BluetoothManagerService( 2176): Added callback: android.bluetooth.IBluetoothManagerCallback$Stub$Proxy@40e61308:true D/org.fdroid.fdroid.data.InstalledAppCacheUpdater( 2784): Finished executing 62 CRUD operations on installed app cache. D/org.fdroid.fdroid.data.InstalledAppCacheUpdater( 2784): Took 434ms to compare the installed app cache with PackageManager.
D/dalvikvm( 2784): GC_CONCURRENT freed 3635K, 51% free 3821K/7696K, paused 3ms+1ms, total 47ms
D/dalvikvm( 2784): WAIT_FOR_CONCURRENT_GC blocked 29ms
I/MemorizingTrustManager( 2784): getAppKeyStore(/data/data/org.fdroid.fdroid/app_KeyStore/KeyStore.bks) - file does not exist
D/FDroid ( 2784): Update scheduler alarm not set I/org.fdroid.fdroid.data.InstalledAppCacheUpdater( 2784): Installed app cache has changed, notifying content providers (so they can update the relevant views).
W/MediaScanner( 2337): Error opening directory '/storage/sdcard0/.android_secure/', skipping: Permission denied.
W/Trace ( 2800): error opening trace file: No such file or directory (2)
D/dalvikvm( 2176): GC_EXPLICIT freed 206K, 29% free 7924K/11052K, paused 2ms+9ms, total 64ms
W/Settings( 2391): Setting auto_time_zone has moved from android.provider.Settings.System to android.provider.Settings.Global, returning read-only value.
W/Trace ( 2816): error opening trace file: No such file or directory (2)
W/Trace ( 2824): error opening trace file: No such file or directory (2)
D/android.widget.GridLayout( 2416): vertical constraints: y3-y0>=198, y3-y0<=192, y3-y2<=78, y2-y1<=1 are inconsistent; permanently removing: y3-y0<=192.
D/WeatherUpdateService( 2717): Service started, but shouldn't update ... stopping
D/BluetoothAdapter( 2525): 1087799496: getState() : mService = null. Returning STATE_OFF
D/MediaScannerReceiver( 2337): action: android.intent.action.MEDIA_MOUNTED path: /storage/sdcard0
W/Trace ( 2848): error opening trace file: No such file or directory (2)
D/AlertReceiver( 2848): onReceive: a=android.intent.action.PROVIDER_CHANGED Intent { act=android.intent.action.PROVIDER_CHANGED dat=content://com.android.calendar flg=0x10 cmp=com.android.calendar/.alerts.AlertReceiver }
D/AlertService( 2848): 0 Action = android.intent.action.PROVIDER_CHANGED
D/AlertService( 2848): Beginning updateAlertNotification
D/AlertService( 2848): No fired or scheduled alerts
D/dalvikvm( 2337): GC_EXPLICIT freed 848K, 64% free 2792K/7696K, paused 7ms+3ms, total 36ms
D/dalvikvm( 2176): GC_EXPLICIT freed 1305K, 35% free 7239K/11052K, paused 2ms+3ms, total 52ms
D/dalvikvm( 2337): GC_CONCURRENT freed 509K, 66% free 2667K/7696K, paused 2ms+6ms, total 21ms
D/dalvikvm( 2176): GC_EXPLICIT freed 143K, 35% free 7214K/11052K, paused 1ms+3ms, total 42ms
D/MediaProvider( 2337): object removed 143
D/MediaProvider( 2337): object removed 144
D/dalvikvm( 2337): GC_CONCURRENT freed 394K, 66% free 2659K/7696K, paused 2ms+3ms, total 21ms
D/dalvikvm( 2176): GC_EXPLICIT freed 122K, 35% free 7213K/11052K, paused 2ms+3ms, total 39ms
W/MediaScanner( 2337): Error opening directory '/storage/sdcard0/.android_secure/', skipping: Permission denied.
D/dalvikvm( 2337): GC_CONCURRENT freed 372K, 66% free 2684K/7696K, paused 2ms+2ms, total 19ms
D/dalvikvm( 2176): GC_EXPLICIT freed 122K, 35% free 7211K/11052K, paused 3ms+5ms, total 58ms
D/dalvikvm( 2337): null clazz in OP_INSTANCE_OF, single-stepping
D/dalvikvm( 2337): GC_CONCURRENT freed 407K, 66% free 2672K/7696K, paused 2ms+3ms, total 20ms
W/MediaScanner( 2337): Error opening directory '/storage/sdcard0/.android_secure/', skipping: Permission denied.
D/dalvikvm( 2176): GC_EXPLICIT freed 116K, 35% free 7212K/11052K, paused 2ms+3ms, total 39ms
D/lights ( 2176): set_light_buttons off
D/lights ( 2176): set_light_buttons on=1
I/keystore( 1856): uid: 1000 action: z -> 7 state: 3 -> 3 retry: 4
D/Yamaha-MC1N2-Audio( 1853): yamaha_mc1n2_audio_output_start()
D/Yamaha-MC1N2-Audio( 1853): yamaha_mc1n2_audio_route_start()
D/Yamaha-MC1N2-Audio( 1853): (yamaha_mc1n2_audio_params_route_find): device = 2, direction = 0
E/BufferQueue( 1850): [Keyguard] drainQueueLocked: BufferQueue has been abandoned!
V/TAG ( 2176): bug 7643792: fitSystemWindows([0,38][0,0])
I/dalvikvm( 2176): Jit: resizing JitTable from 4096 to 8192
D/dalvikvm( 2416): GC_CONCURRENT freed 1788K, 28% free 5577K/7696K, paused 4ms+3ms, total 50ms
D/dalvikvm( 2416): GC_FOR_ALLOC freed 122K, 28% free 5559K/7696K, paused 14ms, total 15ms
I/dalvikvm-heap( 2416): Grow heap (frag case) to 7.262MB for 1157776-byte allocation
D/dalvikvm( 2416): GC_CONCURRENT freed 2K, 25% free 6688K/8828K, paused 3ms+1ms, total 25ms
D/dalvikvm( 2416): GC_FOR_ALLOC freed <1K, 25% free 6689K/8828K, paused 13ms, total 13ms
I/dalvikvm-heap( 2416): Grow heap (frag case) to 8.503MB for 1302088-byte allocation
D/dalvikvm( 2416): GC_CONCURRENT freed 19K, 21% free 8016K/10100K, paused 2ms+5ms, total 33ms
D/dalvikvm( 2416): GC_FOR_ALLOC freed 83K, 20% free 8150K/10100K, paused 18ms, total 22ms
I/dalvikvm-heap( 2416): Grow heap (frag case) to 9.031MB for 360016-byte allocation
D/dalvikvm( 2416): GC_FOR_ALLOC freed 366K, 22% free 8249K/10452K, paused 18ms, total 19ms
I/dalvikvm-heap( 2416): Grow heap (frag case) to 9.233MB for 469712-byte allocation
D/dalvikvm( 2416): GC_FOR_ALLOC freed 464K, 25% free 8280K/10912K, paused 18ms, total 19ms
D/dalvikvm( 2416): GC_FOR_ALLOC freed 6K, 19% free 8940K/10912K, paused 22ms, total 22ms
I/dalvikvm-heap( 2416): Grow heap (frag case) to 9.803MB for 360016-byte allocation
D/dalvikvm( 2416): GC_FOR_ALLOC freed 664K, 23% free 8675K/11264K, paused 32ms, total 33ms
D/dalvikvm( 2416): GC_FOR_ALLOC freed 356K, 20% free 9093K/11264K, paused 26ms, total 26ms
I/dalvikvm-heap( 2416): Grow heap (frag case) to 10.029MB for 440848-byte allocation
D/dalvikvm( 2416): GC_FOR_ALLOC freed 658K, 24% free 8913K/11696K, paused 23ms, total 23ms
I/dalvikvm-heap( 2416): Grow heap (frag case) to 10.660MB for 1286224-byte allocation
D/dalvikvm( 2416): GC_FOR_ALLOC freed 2K, 18% free 10632K/12956K, paused 36ms, total 36ms
I/dalvikvm-heap( 2416): Grow heap (frag case) to 12.057MB for 991888-byte allocation
D/dalvikvm( 2416): GC_FOR_ALLOC freed 460K, 20% free 11171K/13928K, paused 32ms, total 33ms
I/dalvikvm-heap( 2416): Grow heap (frag case) to 13.185MB for 1621648-byte allocation
D/dalvikvm( 2416): GC_FOR_ALLOC freed 1694K, 27% free 11352K/15512K, paused 28ms, total 28ms
D/dalvikvm( 2416): GC_FOR_ALLOC freed 1534K, 26% free 11498K/15512K, paused 39ms, total 40ms
D/dalvikvm( 2416): GC_FOR_ALLOC freed 171K, 16% free 13140K/15512K, paused 32ms, total 33ms
D/dalvikvm( 2416): GC_FOR_ALLOC freed 2101K, 27% free 11387K/15512K, paused 29ms, total 30ms
D/dalvikvm( 2416): GC_CONCURRENT freed 2167K, 28% free 11241K/15512K, paused 2ms+6ms, total 52ms
D/dalvikvm( 2416): GC_FOR_ALLOC freed 1514K, 33% free 10476K/15512K, paused 20ms, total 21ms
D/dalvikvm( 2416): GC_CONCURRENT freed 2036K, 33% free 10402K/15512K, paused 3ms+2ms, total 30ms
D/dalvikvm( 2416): GC_CONCURRENT freed 2034K, 33% free 10415K/15512K, paused 2ms+3ms, total 31ms
D/dalvikvm( 2416): WAIT_FOR_CONCURRENT_GC blocked 9ms
D/dalvikvm( 2416): WAIT_FOR_CONCURRENT_GC blocked 10ms
D/dalvikvm( 2416): WAIT_FOR_CONCURRENT_GC blocked 11ms
D/dalvikvm( 2416): WAIT_FOR_CONCURRENT_GC blocked 11ms
D/dalvikvm( 2416): GC_FOR_ALLOC freed 685K, 37% free 9798K/15512K, paused 15ms, total 15ms
D/dalvikvm( 2416): GC_FOR_ALLOC freed <1K, 29% free 11056K/15512K, paused 26ms, total 26ms
D/dalvikvm( 2416): GC_FOR_ALLOC freed 1K, 21% free 12389K/15512K, paused 40ms, total 40ms
I/dalvikvm-heap( 2416): Grow heap (frag case) to 13.773MB for 991888-byte allocation
D/dalvikvm( 2416): GC_FOR_ALLOC freed 1790K, 29% free 11859K/16484K, paused 16ms, total 17ms
D/dalvikvm( 2416): GC_FOR_ALLOC freed 2441K, 35% free 10838K/16484K, paused 21ms, total 23ms
D/dalvikvm( 2416): GC_CONCURRENT freed 44K, 23% free 12815K/16484K, paused 2ms+2ms, total 21ms
D/dalvikvm( 2416): WAIT_FOR_CONCURRENT_GC blocked 9ms
D/dalvikvm( 2416): WAIT_FOR_CONCURRENT_GC blocked 9ms
D/dalvikvm( 2416): WAIT_FOR_CONCURRENT_GC blocked 10ms
D/dalvikvm( 2416): GC_CONCURRENT freed 3914K, 34% free 10926K/16484K, paused 2ms+2ms, total 34ms
D/dalvikvm( 2416): WAIT_FOR_CONCURRENT_GC blocked 11ms
D/dalvikvm( 2416): WAIT_FOR_CONCURRENT_GC blocked 31ms
D/TinyALSA-Audio Output( 1853): audio_out_standby(0x4018fe68)
D/Yamaha-MC1N2-Audio( 1853): yamaha_mc1n2_audio_output_stop()
D/Yamaha-MC1N2-Audio( 1853): yamaha_mc1n2_audio_route_start()
D/dalvikvm( 2416): GC_FOR_ALLOC freed 1733K, 41% free 9828K/16484K, paused 21ms, total 24ms
D/Yamaha-MC1N2-Audio( 1853): yamaha_mc1n2_audio_output_start()
D/Yamaha-MC1N2-Audio( 1853): yamaha_mc1n2_audio_route_start()
D/Yamaha-MC1N2-Audio( 1853): (yamaha_mc1n2_audio_params_route_find): device = 2, direction = 0
D/PermissionCache( 1850): checking android.permission.READ_FRAME_BUFFER for uid=1000 => granted (1519 us)
W/Trace ( 2893): error opening trace file: No such file or directory (2)
I/ActivityManager( 2176): Displayed de.onyxbits.sensorreadout/.OverviewActivity: +330ms
D/TinyALSA-Audio Output( 1853): audio_out_standby(0x4018fe68)
D/Yamaha-MC1N2-Audio( 1853): yamaha_mc1n2_audio_output_stop()
D/Yamaha-MC1N2-Audio( 1853): yamaha_mc1n2_audio_route_start()
D/lights ( 2176): set_light_buttons off
D/lights ( 2176): set_light_buttons on=1
D/Yamaha-MC1N2-Audio( 1853): yamaha_mc1n2_audio_output_start()
D/Yamaha-MC1N2-Audio( 1853): yamaha_mc1n2_audio_route_start()
D/Yamaha-MC1N2-Audio( 1853): (yamaha_mc1n2_audio_params_route_find): device = 2, direction = 0
D/smdk4210_sensors( 2176): smdk4210_sensors_set_delay(0x4d187df8, 1, 66667000)
D/smdk4210_sensors( 2176): k3dh_set_delay(0x4bdf32a4, 66667000)
D/smdk4210_sensors( 2176): smdk4210_sensors_activate(0x4d187df8, 2, 1)
D/smdk4210_sensors( 2176): akm8975_activate(0x4bdf3274)
E/ ( 2176): AKFS_LoadParameters:50 fopen Error (No such file or directory).
E/smdk4210_sensors( 2176): akm8975_activate: Unable to read AKFS parameters
D/smdk4210_sensors( 2176): smdk4210_sensors_set_delay(0x4d187df8, 2, 200000000)
D/smdk4210_sensors( 2176): akm8975_set_delay(0x4bdf3274, 200000000)
D/smdk4210_sensors( 2176): smdk4210_sensors_activate(0x4d187df8, 4, 1)
D/smdk4210_sensors( 2176): k3g_activate(0x4bdf3334)
D/smdk4210_sensors( 2176): smdk4210_sensors_set_delay(0x4d187df8, 4, 200000000)
D/smdk4210_sensors( 2176): k3g_set_delay(0x4bdf3334, 200000000)
D/smdk4210_sensors( 2176): smdk4210_sensors_set_delay(0x4d187df8, 1, 66667000)
D/smdk4210_sensors( 2176): k3dh_set_delay(0x4bdf32a4, 66667000)
D/smdk4210_sensors( 2176): smdk4210_sensors_set_delay(0x4d187df8, 2, 20000000)
D/smdk4210_sensors( 2176): akm8975_set_delay(0x4bdf3274, 20000000)
D/smdk4210_sensors( 2176): smdk4210_sensors_set_delay(0x4d187df8, 4, 5000000)
D/smdk4210_sensors( 2176): k3g_set_delay(0x4bdf3334, 5000000)
D/smdk4210_sensors( 2176): smdk4210_sensors_get_sensors_list(0x4bdf31b8, 0x52dc321c)
I/ActivityManager( 2176): Displayed de.onyxbits.sensorreadout/.ReadoutActivity: +164ms
D/TinyALSA-Audio Output( 1853): audio_out_standby(0x4018fe68)
D/Yamaha-MC1N2-Audio( 1853): yamaha_mc1n2_audio_output_stop()
D/Yamaha-MC1N2-Audio( 1853): yamaha_mc1n2_audio_route_start()
D/lights ( 2176): set_light_buttons off