I/installd( 1854): installd firing up
I/DEBUG ( 1847): debuggerd: Jan 19 2014 19:38:14
I/Netd ( 1846): Netd 1.0 starting
I/Replicant( 1882): Welcome to Android 4.2.2 / replicant-4.2
I/run-parts( 1843): run-parts: /system/etc/init.d/50selinuxrelabel exited with code 1
I/logwrapper( 1843): /system/xbin/run-parts terminated by exit(1)
I/SurfaceFlinger( 1850): SurfaceFlinger is starting
I/SurfaceFlinger( 1850): use dithering
I/SurfaceFlinger( 1850): SurfaceFlinger's main thread ready to run. Initializing graphics H/W...
D/libEGL ( 1850): loaded /system/lib/egl/libGLES_android.so
W/gralloc ( 1850): page flipping not supported (yres_virtual=800, requested=1600)
I/gralloc ( 1850): using (fd=14)
I/gralloc ( 1850): id = s3cfb
I/gralloc ( 1850): xres = 480 px
I/gralloc ( 1850): yres = 800 px
I/gralloc ( 1850): xres_virtual = 480 px
I/gralloc ( 1850): yres_virtual = 800 px
I/gralloc ( 1850): bpp = 16
I/gralloc ( 1850): r = 11:5
I/gralloc ( 1850): g = 5:6
I/gralloc ( 1850): b = 0:5
I/gralloc ( 1850): width = 56 mm (217.714279 dpi)
I/gralloc ( 1850): height = 93 mm (218.494629 dpi)
I/gralloc ( 1850): refresh rate = 60.38 Hz
I/SurfaceFlinger( 1850): Using composer version 1.0
W/SurfaceFlinger( 1850): getting VSYNC period from fb HAL: 16561226
W/SurfaceFlinger( 1850): no suitable EGLConfig found, trying without EGL_FRAMEBUFFER_TARGET_ANDROID
W/SurfaceFlinger( 1850): no suitable EGLConfig found, trying without EGL_RECORDABLE_ANDROID
W/SurfaceFlinger( 1850): no suitable EGLConfig found, trying with 16-bit color allowed
W/SurfaceFlinger( 1850): EGL_SLOW_CONFIG selected!
W/Trace ( 1850): error opening trace file: No such file or directory (2)
I/SurfaceFlinger( 1850): EGL informations:
I/SurfaceFlinger( 1850): vendor : Android
I/SurfaceFlinger( 1850): version : 1.4 Android META-EGL
I/SurfaceFlinger( 1850): extensions: EGL_KHR_image_base EGL_KHR_fence_sync EGL_ANDROID_image_native_buffer
I/SurfaceFlinger( 1850): Client API: OpenGL_ES
I/SurfaceFlinger( 1850): EGLSurface: 5-6-5-0, config=0x0
I/SurfaceFlinger( 1850): OpenGL ES informations:
I/SurfaceFlinger( 1850): vendor : Android
I/SurfaceFlinger( 1850): renderer : Android PixelFlinger 1.4
I/SurfaceFlinger( 1850): version : OpenGL ES-CM 1.0
I/SurfaceFlinger( 1850): extensions: GL_EXT_debug_marker GL_OES_byte_coordinates GL_OES_fixed_point GL_OES_single_precision GL_OES_read_format GL_OES_compressed_paletted_texture GL_OES_draw_texture GL_OES_matrix_get GL_OES_query_matrix GL_OES_EGL_image GL_OES_EGL_sync GL_OES_compressed_ETC1_RGB8_texture GL_ARB_texture_compression GL_ARB_texture_non_power_of_two GL_ANDROID_user_clip_plane GL_ANDROID_vertex_buffer_object GL_ANDROID_generate_mipmap
I/SurfaceFlinger( 1850): GL_MAX_TEXTURE_SIZE = 4096
I/SurfaceFlinger( 1850): GL_MAX_VIEWPORT_DIMS = 4096 x 4096
D/SurfaceFlinger( 1850): Screen acquired, type=0 flinger=0x40012348
D/libEGL ( 1938): loaded /system/lib/egl/libGLES_android.so
W/Trace ( 1938): error opening trace file: No such file or directory (2)
D/AndroidRuntime( 1851):
D/AndroidRuntime( 1851): >>>>>> AndroidRuntime START com.android.internal.os.ZygoteInit <<<<<<
D/AndroidRuntime( 1851): CheckJNI is OFF
I/ARMAssembler( 1850): generated scanline__00000077:03010101_00000A04_00000000 [ 19 ipp] (41 ins) at [0x40fd31f0:0x40fd3294] in 121333 ns
I/ARMAssembler( 1938): generated scanline__00000077:03010102_00008A01_00000000 [ 9 ipp] (30 ins) at [0x40cc51f0:0x40cc5268] in 85041 ns
I/mediaserver( 1853): ServiceManager: 0x40af0ee8
I/AudioFlinger( 1853): Using default 3000 mSec as standby time.
I/CameraService( 1853): CameraService started (pid=1853)
D/smdk4210_camera( 1853): smdk4210_camera_get_number_of_cameras()
I/AudioPolicyManagerBase( 1853): loadAudioPolicyConfig() loaded /system/etc/audio_policy.conf
D/TinyALSA-Audio Hardware( 1853): audio_hw_open(0x40a4b004, audio_hw_if, 0xbea98a48)
D/Yamaha-MC1N2-Audio( 1853): yamaha_mc1n2_audio_start(galaxys2)
D/Yamaha-MC1N2-Audio( 1853): Found 1 registered platforms
D/TinyALSA-Audio Mixer( 1853): tinyalsa_mixer_open(0xbea98a1c, /system/etc/tinyalsa-audio.xml)
D/TinyALSA-Audio Mixer( 1853): Parsing config for device: Galaxy S2
D/dalvikvm( 1851): Trying to load lib libjavacore.so 0x0
D/TinyALSA-Audio Hardware( 1853): audio_hw_init_check(0x40037098)
D/TinyALSA-Audio Hardware( 1853): audio_hw_set_master_volume(0x40037098, 1.000000)
D/TinyALSA-Audio Mixer( 1853): tinyalsa_mixer_set_master_volume(0x40037148, 1.000000)
E/TinyALSA-Audio Mixer( 1853): Unable to set device for the asked direction: state is 0
I/AudioFlinger( 1853): loadHwModule() Loaded primary audio interface from TinyALSA-Audio (audio) handle 1
D/TinyALSA-Audio Output( 1853): audio_hw_open_output_stream(0x40037098, 2, 0xbea98a24, 0xbea98a0c)
D/TinyALSA-Audio Mixer( 1853): tinyalsa_mixer_get_output_props(0x40037148)
D/TinyALSA-Audio Mixer( 1853): tinyalsa_mixer_set_output_state(1)
D/TinyALSA-Audio Mixer( 1853): Setting AD Digital Volume to 75
D/TinyALSA-Audio Mixer( 1853): Setting AD Digital Switch to on
D/TinyALSA-Audio Mixer( 1853): Setting AENG6 Volume to 75
D/TinyALSA-Audio Mixer( 1853): Setting AENG6 Switch to on
D/dalvikvm( 1851): Added shared lib libjavacore.so 0x0
D/TinyALSA-Audio Mixer( 1853): Setting DIR#0 Volume to 75
D/TinyALSA-Audio Mixer( 1853): Setting DIR#0 Switch to on
D/TinyALSA-Audio Mixer( 1853): Setting DIR#1 Volume to 75
D/TinyALSA-Audio Mixer( 1853): Setting DIR#1 Switch to on
D/TinyALSA-Audio Mixer( 1853): Setting DIR#2 Volume to 75
D/TinyALSA-Audio Mixer( 1853): Setting DIR#2 Switch to on
D/TinyALSA-Audio Mixer( 1853): Setting DIR#0 ATT Volume to 75
D/TinyALSA-Audio Mixer( 1853): Setting DIR#0 ATT Switch to on
D/TinyALSA-Audio Mixer( 1853): Setting DIR#1 ATT Volume to 75
D/TinyALSA-Audio Mixer( 1853): Setting DIR#1 ATT Switch to on
D/TinyALSA-Audio Mixer( 1853): Setting DIR#2 ATT Volume to 75
D/TinyALSA-Audio Mixer( 1853): Setting DIR#2 ATT Switch to on
D/TinyALSA-Audio Mixer( 1853): Setting Master Playback Volume to 75
D/TinyALSA-Audio Mixer( 1853): Setting Master Playback Switch to on
D/TinyALSA-Audio Mixer( 1853): Setting DAC Playback Volume to 75
D/TinyALSA-Audio Mixer( 1853): Setting DAC Playback Switch to on
D/TinyALSA-Audio Mixer( 1853): Setting DIT#0 Capture Volume to 75
D/TinyALSA-Audio Mixer( 1853): Setting DIT#0 Capture Switch to on
D/TinyALSA-Audio Mixer( 1853): Setting DIT#1 Capture Volume to 75
D/dalvikvm( 1851): Trying to load lib libnativehelper.so 0x0
D/dalvikvm( 1851): Added shared lib libnativehelper.so 0x0
D/TinyALSA-Audio Mixer( 1853): Setting DIT#1 Capture Switch to on
D/TinyALSA-Audio Mixer( 1853): Setting DIT#2 Capture Volume to 75
D/TinyALSA-Audio Mixer( 1853): Setting DIT#2 Capture Switch to on
D/TinyALSA-Audio Mixer( 1853): Setting AD Analog Volume to 19
D/TinyALSA-Audio Mixer( 1853): Setting AD Analog Switch to on
D/TinyALSA-Audio Mixer( 1853): tinyalsa_mixer_set_device(2)
D/TinyALSA-Audio Mixer( 1853): Setting Speaker Playback Volume to 26
D/TinyALSA-Audio Mixer( 1853): Setting Speaker Playback Switch to on
D/Yamaha-MC1N2-Audio( 1853): yamaha_mc1n2_audio_set_route(2)
I/AudioFlinger( 1853): HAL output buffer size 1024 frames, normal mix buffer size 1024 frames
I/AudioMixer( 1853): found effect "Multichannel Downmix To Stereo" from The Android Open Source Project
I/AudioFlinger( 1853): Using module 1 has the primary audio interface
D/TinyALSA-Audio Hardware( 1853): audio_hw_set_mode(0x40037098, 0)
I/AudioFlinger( 1853): AudioFlinger's thread 0x40a04008 ready to run
W/AudioFlinger( 1853): Thread AudioOut_2 cannot connect to the power manager service
D/TinyALSA-Audio Output( 1853): audio_out_set_parameters(0x4018fe68, routing=2)
D/TinyALSA-Audio Output( 1853): audio_out_standby(0x4018fe68)
D/TinyALSA-Audio Hardware( 1853): audio_hw_set_voice_volume(0x40037098, 0.000000)
I/audio_a2dp_hw( 1853): adev_open: adev_open in A2dp_hw module
I/AudioFlinger( 1853): loadHwModule() Loaded a2dp audio interface from A2DP Audio HW HAL (audio) handle 3
I/AudioFlinger( 1853): loadHwModule() Loaded usb audio interface from USB audio HW HAL (audio) handle 4
I/AudioPolicyService( 1853): Loaded audio policy from LEGACY Audio Policy HAL (audio_policy)
D/MDnsDS ( 1846): MDnsSdListener::Hander starting up
D/MDnsDS ( 1846): MDnsSdListener starting to monitor
D/MDnsDS ( 1846): Going to poll with pollCount 1
I/SamplingProfilerIntegration( 1851): Profiling disabled.
I/Zygote ( 1851): Preloading classes...
D/dalvikvm( 1851): GC_EXPLICIT freed 36K, 9% free 427K/468K, paused 1ms+1ms, total 3ms
D/dalvikvm( 1851): GC_EXPLICIT freed 3K, 5% free 495K/520K, paused 0ms+0ms, total 2ms
D/dalvikvm( 1851): Note: class Landroid/app/ActivityManagerNative; has 158 unimplemented (abstract) methods
D/dalvikvm( 1851): GC_EXPLICIT freed 21K, 5% free 534K/560K, paused 0ms+1ms, total 3ms
D/dalvikvm( 1851): GC_EXPLICIT freed 27K, 5% free 563K/592K, paused 1ms+0ms, total 3ms
W/Zygote ( 1851): Class not found for preloading: android.bluetooth.BluetoothAudioGateway
W/Zygote ( 1851): Class not found for preloading: android.bluetooth.HeadsetBase
W/Zygote ( 1851): Class not found for preloading: undroid.content.AbstractThreadedSyncAdapter$SyncThread
D/dalvikvm( 1851): GC_EXPLICIT freed 24K, 5% free 613K/640K, paused 1ms+0ms, total 3ms
D/dalvikvm( 1851): GC_EXPLICIT freed 25K, 5% free 641K/672K, paused 0ms+1ms, total 4ms
D/dalvikvm( 1851): GC_EXPLICIT freed 61K, 9% free 742K/808K, paused 1ms+1ms, total 8ms
D/dalvikvm( 1851): GC_EXPLICIT freed 31K, 5% free 768K/808K, paused 1ms+1ms, total 33ms
D/TextLayoutCache( 1851): Using debug level = 0 - Debug Enabled = 0
I/dalvikvm( 1851): threadid=1: recursive native library load attempt (/system/lib/libmedia_jni.so)
D/MtpDeviceJNI( 1851): register_android_mtp_MtpDevice
I/dalvikvm( 1851): threadid=1: recursive native library load attempt (/system/lib/libmedia_jni.so)
I/dalvikvm( 1851): threadid=1: recursive native library load attempt (/system/lib/libmedia_jni.so)
D/dalvikvm( 1851): GC_EXPLICIT freed 23K, 4% free 810K/836K, paused 1ms+1ms, total 9ms
D/dalvikvm( 1851): GC_EXPLICIT freed 15K, 3% free 853K/872K, paused 0ms+0ms, total 8ms
D/dalvikvm( 1851): GC_FOR_ALLOC freed 223K, 17% free 1144K/1368K, paused 8ms, total 8ms
D/dalvikvm( 1851): GC_EXPLICIT freed 253K, 17% free 1289K/1548K, paused 1ms+1ms, total 8ms
D/dalvikvm( 1851): GC_EXPLICIT freed 29K, 16% free 1315K/1548K, paused 0ms+0ms, total 7ms
D/dalvikvm( 1851): GC_EXPLICIT freed 12K, 11% free 1389K/1548K, paused 0ms+0ms, total 6ms
W/Zygote ( 1851): Class not found for preloading: android.server.BluetoothA2dpService
W/Zygote ( 1851): Class not found for preloading: android.server.BluetoothEventLoop
W/Zygote ( 1851): Class not found for preloading: android.server.BluetoothService
D/TelephonyManager( 1851): No /proc/cmdline exception=java.io.FileNotFoundException: /proc/cmdline: open failed: EACCES (Permission denied)
D/TelephonyManager( 1851): /proc/cmdline=
D/dalvikvm( 1851): GC_EXPLICIT freed 29K, 10% free 1426K/1580K, paused 2ms+1ms, total 16ms
D/dalvikvm( 1851): GC_EXPLICIT freed 24K, 2% free 1730K/1756K, paused 2ms+2ms, total 21ms
W/Zygote ( 1851): Class not found for preloading: android.util.LocaleUtil
D/dalvikvm( 1851): GC_EXPLICIT freed 35K, 3% free 1762K/1800K, paused 2ms+1ms, total 20ms
D/dalvikvm( 1851): GC_EXPLICIT freed 31K, 2% free 1785K/1820K, paused 1ms+2ms, total 21ms
W/Zygote ( 1851): Class not found for preloading: android.view.ViewRootImpl$ResizedInfo
W/Zygote ( 1851): Class not found for preloading: android.view.Window$LocalWindowManager
W/Zygote ( 1851): Class not found for preloading: android.view.WindowManagerImpl$CompatModeWrapper
D/dalvikvm( 1851): GC_EXPLICIT freed 30K, 2% free 1808K/1840K, paused 1ms+1ms, total 18ms
I/dalvikvm( 1851): threadid=1: recursive native library load attempt (/system/lib/libwebcore.so)
D/dalvikvm( 1851): No JNI_OnLoad found in /system/lib/libchromium_net.so 0x0, skipping init
D/dalvikvm( 1851): GC_EXPLICIT freed 20K, 2% free 1841K/1864K, paused 1ms+1ms, total 13ms
D/dalvikvm( 1851): GC_EXPLICIT freed 26K, 2% free 1869K/1900K, paused 1ms+1ms, total 13ms
D/dalvikvm( 1851): GC_EXPLICIT freed 30K, 2% free 1900K/1932K, paused 2ms+1ms, total 15ms
D/dalvikvm( 1851): GC_EXPLICIT freed 26K, 2% free 1928K/1956K, paused 1ms+1ms, total 12ms
D/dalvikvm( 1851): GC_EXPLICIT freed 31K, 2% free 1951K/1984K, paused 1ms+1ms, total 12ms
D/dalvikvm( 1851): GC_EXPLICIT freed 27K, 2% free 1977K/2008K, paused 1ms+1ms, total 13ms
D/dalvikvm( 1851): GC_EXPLICIT freed 29K, 2% free 2004K/2036K, paused 1ms+1ms, total 13ms
D/dalvikvm( 1851): GC_EXPLICIT freed 39K, 3% free 2021K/2064K, paused 0ms+1ms, total 11ms
W/Zygote ( 1851): Class not found for preloading: java.text.DecimalFormat$1
D/dalvikvm( 1851): GC_EXPLICIT freed 41K, 3% free 2034K/2080K, paused 1ms+1ms, total 11ms
W/Zygote ( 1851): Class not found for preloading: java.util.concurrent.FutureTask$Sync
W/Zygote ( 1851): Class not found for preloading: java.util.concurrent.atomic.UnsafeAccess
W/Zygote ( 1851): Class not found for preloading: java.util.concurrent.locks.UnsafeAccess
D/dalvikvm( 1851): GC_EXPLICIT freed 41K, 3% free 2048K/2092K, paused 1ms+1ms, total 12ms
W/Zygote ( 1851): Class not found for preloading: libcore.icu.ErrorCode
I/System ( 1851): Loaded time zone names for in 138ms (136ms in ICU)
I/System ( 1851): Loaded time zone names for en_US in 95ms (92ms in ICU)
D/dalvikvm( 1851): GC_FOR_ALLOC freed 329K, 13% free 2233K/2564K, paused 15ms, total 15ms
I/System ( 1851): Loaded time zone names for de_DE in 115ms (112ms in ICU)
D/dalvikvm( 1851): GC_EXPLICIT freed 176K, 16% free 2171K/2564K, paused 1ms+1ms, total 16ms
D/dalvikvm( 1851): GC_EXPLICIT freed 15K, 14% free 2233K/2572K, paused 1ms+1ms, total 15ms
D/dalvikvm( 1851): GC_EXPLICIT freed 52K, 12% free 2265K/2572K, paused 1ms+1ms, total 16ms
D/dalvikvm( 1851): GC_EXPLICIT freed 29K, 12% free 2291K/2576K, paused 1ms+1ms, total 16ms
D/dalvikvm( 1851): GC_EXPLICIT freed 38K, 11% free 2307K/2576K, paused 1ms+2ms, total 14ms
D/dalvikvm( 1851): GC_EXPLICIT freed 32K, 10% free 2330K/2576K, paused 1ms+1ms, total 14ms
I/Zygote ( 1851): ...preloaded 2541 classes in 2333ms.
D/dalvikvm( 1851): GC_EXPLICIT freed 23K, 10% free 2335K/2576K, paused 1ms+1ms, total 13ms
I/Zygote ( 1851): Preload resources disabled, skipped.
D/dalvikvm( 1851): GC_EXPLICIT freed <1K, 10% free 2335K/2576K, paused 1ms+1ms, total 13ms
D/dalvikvm( 1851): GC_EXPLICIT freed <1K, 10% free 2335K/2576K, paused 1ms+1ms, total 14ms
D/dalvikvm( 1851): GC_EXPLICIT freed <1K, 10% free 2335K/2576K, paused 1ms+1ms, total 13ms
I/dalvikvm( 1851): System server process 2176 has been created
I/Zygote ( 1851): Accepting command socket connections
E/BatteryService( 2176): wirelessOnlinePath not found
I/sysproc ( 2176): Entered system_init()
I/sysproc ( 2176): ServiceManager: 0x4d187d20
D/SensorService( 2176): nuSensorService starting...
D/smdk4210_sensors( 2176): smdk4210_sensors_open(0x4bdf31b8, poll, 0x4d18d5c8)
D/smdk4210_sensors( 2176): k3dh_init(0x4bdf32a4, 0x4d187df8)
D/smdk4210_sensors( 2176): akm8975_init(0x4bdf3274, 0x4d187df8)
D/smdk4210_sensors( 2176): AKM8975 ASA (Sensitivity Adjustment) values are: (163, 162, 172)
D/smdk4210_sensors( 2176): AKM8975 WIA (Device ID) value is: 0x48
D/smdk4210_sensors( 2176): orientation_init(0x4bdf3244, 0x4d187df8)
D/smdk4210_sensors( 2176): cm3663_light_init(0x4bdf32d4, 0x4d187df8)
D/smdk4210_sensors( 2176): cm3663_proximity_init(0x4bdf3304, 0x4d187df8)
D/smdk4210_sensors( 2176): k3g_init(0x4bdf3334, 0x4d187df8)
D/smdk4210_sensors( 2176): smdk4210_sensors_get_sensors_list(0x4bdf31b8, 0xbedde4d4)
D/smdk4210_sensors( 2176): smdk4210_sensors_activate(0x4d187df8, 1, 0)
D/smdk4210_sensors( 2176): k3dh_deactivate(0x4bdf32a4)
D/smdk4210_sensors( 2176): smdk4210_sensors_activate(0x4d187df8, 2, 0)
D/smdk4210_sensors( 2176): akm8975_deactivate(0x4bdf3274)
D/smdk4210_sensors( 2176): smdk4210_sensors_activate(0x4d187df8, 3, 0)
D/smdk4210_sensors( 2176): orientation_deactivate(0x4bdf3244)
D/smdk4210_sensors( 2176): k3dh_deactivate(0x4bdf32a4)
D/smdk4210_sensors( 2176): akm8975_deactivate(0x4bdf3274)
D/smdk4210_sensors( 2176): smdk4210_sensors_activate(0x4d187df8, 5, 0)
D/smdk4210_sensors( 2176): cm3663_light_deactivate(0x4bdf32d4)
D/smdk4210_sensors( 2176): smdk4210_sensors_activate(0x4d187df8, 8, 0)
D/smdk4210_sensors( 2176): cm3663_proximity_deactivate(0x4bdf3304)
D/smdk4210_sensors( 2176): smdk4210_sensors_activate(0x4d187df8, 4, 0)
D/smdk4210_sensors( 2176): k3g_deactivate(0x4bdf3334)
D/smdk4210_sensors( 2176): smdk4210_sensors_get_sensors_list(0x4bdf31b8, 0xbedde57c)
I/SensorService( 2176): K3DH Acceleration Sensor
I/SensorService( 2176): AKM8975 Magnetic Sensor
I/SensorService( 2176): Orientation Sensor
I/SensorService( 2176): CM3663 Light Sensor
I/SensorService( 2176): CM3663 Proximity Sensor
I/SensorService( 2176): K3G Gyroscope Sensor
D/smdk4210_sensors( 2176): smdk4210_sensors_get_sensors_list(0x4bdf31b8, 0xbedde4bc)
I/sysproc ( 2176): System server: starting Android runtime.
I/sysproc ( 2176): System server: starting Android services.
D/SensorService( 2176): nuSensorService thread starting...
I/sysproc ( 2176): System server: entering thread pool.
I/installd( 1854): new connection
I/PackageManager( 2176): Package org.fdroid.fdroid at /system/app/FDroid.apk ignored: updated version 660 better than this 550
D/PackageManager( 2176): No files in app dir /vendor/app
D/dalvikvm( 2176): GC_EXPLICIT freed 2193K, 49% free 3972K/7696K, paused 10ms+20ms, total 164ms
I/DeviceHandlerService( 2176): No device specific handler lib was defined.
I/libsuspend( 2176): Selected early suspend
I/libsuspend( 2176): Starting early suspend unblocker thread
D/PermissionCache( 1850): checking android.permission.ACCESS_SURFACE_FLINGER for uid=1000 => granted (402 us)
D/SurfaceFlinger( 1850): Screen acquired, type=0 flinger=0x40012348
D/SurfaceFlinger( 1850): screen was previously acquired
D/AlarmManagerService( 2176): Kernel timezone updated to -120 minutes west of GMT
E/WVMExtractor( 1853): Failed to open libwvm.so
W/Trace ( 1853): error opening trace file: No such file or directory (2)
I/OMXNodeInstance( 1853): OMX_FreeBuffer for buffer header 0x401906d0 successful
I/OMXNodeInstance( 1853): OMX_FreeBuffer for buffer header 0x401908e0 successful
I/OMXNodeInstance( 1853): OMX_FreeBuffer for buffer header 0x40190a20 successful
I/OMXNodeInstance( 1853): OMX_FreeBuffer for buffer header 0x40190b48 successful
I/OMXNodeInstance( 1853): OMX_FreeBuffer for buffer header 0x40096f10 successful
I/OMXNodeInstance( 1853): OMX_FreeBuffer for buffer header 0x40096e58 successful
I/OMXNodeInstance( 1853): OMX_FreeBuffer for buffer header 0x40201d28 successful
I/OMXNodeInstance( 1853): OMX_FreeBuffer for buffer header 0x40201bd8 successful
I/OMXNodeInstance( 1853): OMX_FreeBuffer for buffer header 0x401908c0 successful
I/OMXNodeInstance( 1853): OMX_FreeBuffer for buffer header 0x401907b8 successful
I/OMXNodeInstance( 1853): OMX_FreeBuffer for buffer header 0x40190628 successful
I/OMXNodeInstance( 1853): OMX_FreeBuffer for buffer header 0x40096f80 successful
D/dalvikvm( 2176): GC_CONCURRENT freed 710K, 51% free 3773K/7696K, paused 3ms+3ms, total 61ms
D/dalvikvm( 2176): WAIT_FOR_CONCURRENT_GC blocked 22ms
D/smdk4210_sensors( 2176): smdk4210_sensors_activate(0x4d187df8, 1, 1)
D/smdk4210_sensors( 2176): k3dh_activate(0x4bdf32a4)
D/smdk4210_sensors( 2176): smdk4210_sensors_set_delay(0x4d187df8, 1, 200000000)
D/smdk4210_sensors( 2176): k3dh_set_delay(0x4bdf32a4, 200000000)
D/smdk4210_sensors( 2176): smdk4210_sensors_set_delay(0x4d187df8, 1, 66667000)
D/smdk4210_sensors( 2176): k3dh_set_delay(0x4bdf32a4, 66667000)
I/OMXNodeInstance( 1853): OMX_FreeBuffer for buffer header 0x40a41e28 successful
I/OMXNodeInstance( 1853): OMX_FreeBuffer for buffer header 0x400b0068 successful
I/OMXNodeInstance( 1853): OMX_FreeBuffer for buffer header 0x400b01a8 successful
I/OMXNodeInstance( 1853): OMX_FreeBuffer for buffer header 0x400b02d0 successful
D/BluetoothManagerService( 2176): Loading stored name and address
D/BluetoothManagerService( 2176): Stored bluetooth Name=GT-I9100,Address=6C:83:36:C4:0B:17
I/OMXNodeInstance( 1853): OMX_FreeBuffer for buffer header 0x40a41ca0 successful
I/OMXNodeInstance( 1853): OMX_FreeBuffer for buffer header 0x40a41c18 successful
I/OMXNodeInstance( 1853): OMX_FreeBuffer for buffer header 0x40096d50 successful
I/OMXNodeInstance( 1853): OMX_FreeBuffer for buffer header 0x40096c00 successful
I/OMXNodeInstance( 1853): OMX_FreeBuffer for buffer header 0x40040980 successful
I/OMXNodeInstance( 1853): OMX_FreeBuffer for buffer header 0x400b0360 successful
I/OMXNodeInstance( 1853): OMX_FreeBuffer for buffer header 0x40040e90 successful
I/OMXNodeInstance( 1853): OMX_FreeBuffer for buffer header 0x40040db8 successful
D/EventHub( 2176): No input device configuration file found for device 'orientation'.
W/Trace ( 2176): error opening trace file: No such file or directory (2)
D/EventHub( 2176): No input device configuration file found for device 'magnetic'.
D/EventHub( 2176): No input device configuration file found for device 'acceleration'.
I/PackageManager( 2176): Updating external media status from unmounted to unmounted
I/PackageManager( 2176): No secure containers on sdcard
D/EventHub( 2176): No input device configuration file found for device 'light_sensor'.
D/EventHub( 2176): No input device configuration file found for device 'proximity_sensor'.
D/dalvikvm( 2176): GC_CONCURRENT freed 356K, 49% free 3926K/7696K, paused 3ms+2ms, total 31ms
D/EventHub( 2176): No input device configuration file found for device 'gyro_sensor'.
D/EventHub( 2176): No input device configuration file found for device 'sii9234_rcp'.
I/EventHub( 2176): New device: id=7, fd=135, path='/dev/input/event3', name='sii9234_rcp', classes=0x1, configuration='', keyLayout='/system/usr/keylayout/sii9234_rcp.kl', keyCharacterMap='/system/usr/keychars/Generic.kcm', builtinKeyboard=false, usingSuspendBlockIoctl=true, usingClockIoctl=false
I/EventHub( 2176): New device: id=8, fd=136, path='/dev/input/event2', name='sec_touchscreen', classes=0x14, configuration='/system/usr/idc/sec_touchscreen.idc', keyLayout='', keyCharacterMap='', builtinKeyboard=false, usingSuspendBlockIoctl=true, usingClockIoctl=false
D/EventHub( 2176): No input device configuration file found for device 'gpio-keys'.
I/EventHub( 2176): New device: id=9, fd=137, path='/dev/input/event1', name='gpio-keys', classes=0x1, configuration='', keyLayout='/system/usr/keylayout/gpio-keys.kl', keyCharacterMap='/system/usr/keychars/Generic.kcm', builtinKeyboard=false, usingSuspendBlockIoctl=true, usingClockIoctl=false
D/EventHub( 2176): No input device configuration file found for device 'sec_touchkey'.
I/EventHub( 2176): New device: id=10, fd=115, path='/dev/input/event7', name='sec_touchkey', classes=0x1, configuration='', keyLayout='/system/usr/keylayout/sec_touchkey.kl', keyCharacterMap='/system/usr/keychars/Generic.kcm', builtinKeyboard=false, usingSuspendBlockIoctl=true, usingClockIoctl=false
D/EventHub( 2176): No input device configuration file found for device 'max8997-muic'.
I/EventHub( 2176): New device: id=11, fd=138, path='/dev/input/event0', name='max8997-muic', classes=0x1, configuration='', keyLayout='/system/usr/keylayout/max8997-muic.kl', keyCharacterMap='/system/usr/keychars/Generic.kcm', builtinKeyboard=false, usingSuspendBlockIoctl=true, usingClockIoctl=false
I/InputReader( 2176): Device added: id=-1, name='Virtual', sources=0x00000301
I/InputReader( 2176): Device added: id=11, name='max8997-muic', sources=0x00000101
I/InputReader( 2176): Device added: id=10, name='sec_touchkey', sources=0x00000101
I/InputReader( 2176): Device added: id=9, name='gpio-keys', sources=0x00000101
W/InputReader( 2176): Invalid value for touch.size.calibration: 'normalized'
I/InputReader( 2176): Touch device 'sec_touchscreen' could not query the properties of its associated display. The device will be inoperable until the display size becomes available.
I/InputReader( 2176): Device added: id=8, name='sec_touchscreen', sources=0x00001002
I/InputReader( 2176): Device added: id=7, name='sii9234_rcp', sources=0x00000101
I/InputReader( 2176): Reconfiguring input devices. changes=0x00000004
I/InputReader( 2176): Device reconfigured: id=8, name='sec_touchscreen', size 480x800, orientation 0, mode 1, display id 0
E/CommandListener( 1846): Failed to open /proc/sys/net/ipv6/conf/wlan0/disable_ipv6: No such file or directory
E/WifiStateMachine( 2176): Failed to disable IPv6: java.lang.IllegalStateException: command '1 interface ipv6 wlan0 disable' failed with '400 1 Failed to change IPv6 state (No such file or directory)'
D/BluetoothTethering( 2176): startMonitoring: target: Handler (com.android.server.ConnectivityService$NetworkStateTrackerHandler) {410469f0}
D/BluetoothManagerService( 2176): Message: 20
D/BluetoothManagerService( 2176): Added callback: android.bluetooth.BluetoothAdapter$1@40d54528:true
D/BluetoothManagerService( 2176): Message: 30
D/BluetoothPan( 2176): BluetoothPan() call bindService
D/BluetoothPan( 2176): BluetoothPan(), bindService called
I/ ( 2176): registerAndroidFmRadioReceiver
I/ ( 2176): registerAndroidFmRadioTransmitter
I/FmReceiverService( 2176): FmReceiverService created
I/FmTransmitterService( 2176): FmTransmitterService created
D/dalvikvm( 2176): GC_CONCURRENT freed 240K, 48% free 4074K/7696K, paused 11ms+3ms, total 70ms
D/ProfileService( 2176): Found active: 27c57244-dba7-4c97-8230-a740fd8af7b2
D/ProfileService( 2176): Set active profile to: 27c57244-dba7-4c97-8230-a740fd8af7b2 - Standard
D/ProfileService( 2176): Saving profile data...
D/ProfileService( 2176): Save completed.
I/AudioService( 2176): Remote Control registerMediaButtonIntent() for PendingIntent{41057b98: PendingIntentRecord{40fc4c18 android broadcastIntent}}
D/dalvikvm( 2176): GC_CONCURRENT freed 416K, 47% free 4139K/7696K, paused 5ms+4ms, total 52ms
D/TinyALSA-Audio Hardware( 1853): audio_hw_get_mic_mute(0x40037098, 0x41257c1f)
I/WindowManager( 2176): SAFE MODE not enabled
D/dalvikvm( 2176): JIT started for system_server
D/dalvikvm( 2176): GC_CONCURRENT freed 322K, 46% free 4221K/7696K, paused 2ms+17ms, total 51ms
I/keystore( 1856): uid: 1000 action: z -> 7 state: 3 -> 3 retry: 4
I/keystore( 1856): uid: 1000 action: z -> 7 state: 3 -> 3 retry: 4
I/keystore( 1856): uid: 1000 action: z -> 7 state: 3 -> 3 retry: 4
I/keystore( 1856): uid: 1000 action: z -> 7 state: 3 -> 3 retry: 4
D/lights ( 2176): set_light_buttons off
I/Zygote ( 2176): Process: zygote socket opened
W/Trace ( 2276): error opening trace file: No such file or directory (2)
D/dalvikvm( 2176): GC_CONCURRENT freed 87K, 40% free 4619K/7696K, paused 4ms+4ms, total 52ms
D/dalvikvm( 2176): WAIT_FOR_CONCURRENT_GC blocked 39ms
I/keystore( 1856): uid: 1000 action: z -> 7 state: 3 -> 3 retry: 4
I/keystore( 1856): uid: 1000 action: e -> 7 state: 3 -> 3 retry: 4
I/keystore( 1856): uid: 1000 action: e -> 7 state: 3 -> 3 retry: 4
D/dalvikvm( 2176): GC_CONCURRENT freed 226K, 36% free 4963K/7696K, paused 3ms+4ms, total 91ms
D/dalvikvm( 2176): WAIT_FOR_CONCURRENT_GC blocked 16ms
I//system/bin/fsck_msdos( 1845): ** /dev/block/vold/179:9
W/Settings( 2176): Setting usb_mass_storage_enabled has moved from android.provider.Settings.Secure to android.provider.Settings.Global.
I//system/bin/fsck_msdos( 1845): ** Phase 1 - Read FAT (compare skipped)
I/PowerWidget( 2276): Clearing any old widget stuffs
I/PowerWidget( 2276): Setting up widget
I/PowerWidget( 2276): Default buttons being loaded
I/PowerWidget( 2276): Button list: toggleWifi|toggleBluetooth|toggleGPS|toggleSound
I//system/bin/fsck_msdos( 1845): Attempting to allocate 7488 KB for FAT
W/Trace ( 2337): error opening trace file: No such file or directory (2)
D/dalvikvm( 2176): GC_CONCURRENT freed 466K, 34% free 5154K/7696K, paused 2ms+2ms, total 41ms
D/dalvikvm( 2176): WAIT_FOR_CONCURRENT_GC blocked 37ms
D/dalvikvm( 2176): WAIT_FOR_CONCURRENT_GC blocked 32ms
D/dalvikvm( 2176): WAIT_FOR_CONCURRENT_GC blocked 27ms
D/dalvikvm( 2176): WAIT_FOR_CONCURRENT_GC blocked 20ms
D/dalvikvm( 2176): GC_FOR_ALLOC freed 23K, 31% free 5325K/7696K, paused 28ms, total 30ms
W/Trace ( 2352): error opening trace file: No such file or directory (2)
I/keystore( 1856): uid: 1000 action: z -> 7 state: 3 -> 3 retry: 4
D/BluetoothManagerService( 2176): Message: 20
D/BluetoothManagerService( 2176): Added callback: android.bluetooth.IBluetoothManagerCallback$Stub$Proxy@40f3cda8:true
D/BluetoothAdapter( 2276): 1088951432: getState() : mService = null. Returning STATE_OFF
D/BluetoothAdapter( 2276): 1088951432: getState() : mService = null. Returning STATE_OFF
D/BluetoothAdapter( 2276): 1088951432: getState() : mService = null. Returning STATE_OFF
I/DownloadManager( 2337): in removeSpuriousFiles
W/ServiceWatcher( 2176): com.google.android.location not found
W/ServiceWatcher( 2176): com.google.android.location not found
W/ServiceWatcher( 2176): com.google.android.location not found
D/dalvikvm( 2176): GC_CONCURRENT freed 65K, 22% free 6007K/7696K, paused 2ms+5ms, total 81ms
D/dalvikvm( 2176): WAIT_FOR_CONCURRENT_GC blocked 22ms
D/dalvikvm( 2176): WAIT_FOR_CONCURRENT_GC blocked 22ms
D/dalvikvm( 2176): WAIT_FOR_CONCURRENT_GC blocked 24ms
I/CommonTimeManagementService( 2176): No common time service detected on this platform. Common time services will be unavailable.
D/dalvikvm( 2176): WAIT_FOR_CONCURRENT_GC blocked 24ms
D/dalvikvm( 2176): WAIT_FOR_CONCURRENT_GC blocked 17ms
D/dalvikvm( 2176): WAIT_FOR_CONCURRENT_GC blocked 24ms
I/LatinIME( 2352): Hardware accelerated drawing: false
D/dalvikvm( 2176): GC_FOR_ALLOC freed 13K, 22% free 6004K/7696K, paused 28ms, total 29ms
I/dalvikvm-heap( 2176): Grow heap (frag case) to 6.697MB for 104992-byte allocation
I/QuickSettingsController( 2276): Default tiles being loaded
I/QuickSettingsController( 2276): Tiles list: toggleUser|toggleBrightness|toggleSettings|toggleWifi|toggleMobileData|toggleBattery|toggleAirplane|toggleBluetooth
W/SubtypeLocale( 2352): KeyboardLayoutSet not found, use QWERTY: locale=hu_ZZ extraValue=AsciiCapable,SupportTouchPositionCorrection
D/dalvikvm( 2176): GC_FOR_ALLOC freed 18K, 22% free 6129K/7800K, paused 35ms, total 35ms
I/dalvikvm-heap( 2176): Grow heap (frag case) to 6.818MB for 104992-byte allocation
I/InputReader( 2176): Reconfiguring input devices. changes=0x00000020
I/InputReader( 2176): Reconfiguring input devices. changes=0x00000010
D/dalvikvm( 2176): GC_FOR_ALLOC freed 45K, 22% free 6238K/7904K, paused 33ms, total 33ms
I/dalvikvm-heap( 2176): Grow heap (frag case) to 6.925MB for 104992-byte allocation
D/dalvikvm( 2176): GC_FOR_ALLOC freed 3K, 21% free 6340K/8008K, paused 29ms, total 29ms
I/dalvikvm-heap( 2176): Grow heap (frag case) to 7.025MB for 104992-byte allocation
I/keystore( 1856): uid: 1000 action: z -> 7 state: 3 -> 3 retry: 4
W/InputAttributes( 2352): No editor info for this field. Bug?
W/Trace ( 2397): error opening trace file: No such file or directory (2)
W/Trace ( 2391): error opening trace file: No such file or directory (2)
W/Trace ( 2416): error opening trace file: No such file or directory (2)
I/keystore( 1856): uid: 1000 action: z -> 7 state: 3 -> 3 retry: 4
D/dalvikvm( 2176): GC_FOR_ALLOC freed 46K, 19% free 6590K/8112K, paused 43ms, total 44ms
I/dalvikvm-heap( 2176): Grow heap (frag case) to 7.269MB for 104992-byte allocation
D/dalvikvm( 2176): GC_FOR_ALLOC freed 36K, 19% free 6659K/8216K, paused 28ms, total 28ms
I/dalvikvm-heap( 2176): Grow heap (frag case) to 7.336MB for 104992-byte allocation
D/dalvikvm( 2176): GC_FOR_ALLOC freed <1K, 19% free 6761K/8320K, paused 26ms, total 26ms
I/dalvikvm-heap( 2176): Grow heap (frag case) to 7.436MB for 104992-byte allocation
E/BinaryDictionaryGetter( 2352): Could not find a dictionary pack
W/Trace ( 2434): error opening trace file: No such file or directory (2)
D/BluetoothAdapter( 2276): 1088951432: getState() : mService = null. Returning STATE_OFF
D/BluetoothAdapter( 2276): 1088951432: getState() : mService = null. Returning STATE_OFF
D/BluetoothAdapter( 2276): 1088951432: getState() : mService = null. Returning STATE_OFF
D/dalvikvm( 2176): GC_FOR_ALLOC freed 26K, 19% free 6886K/8424K, paused 36ms, total 36ms
I/dalvikvm-heap( 2176): Grow heap (frag case) to 7.558MB for 104992-byte allocation
W/ServiceWatcher( 2176): com.google.android.location not found
D/dalvikvm( 2176): GC_FOR_ALLOC freed 19K, 19% free 6980K/8528K, paused 33ms, total 35ms
I/dalvikvm-heap( 2176): Grow heap (frag case) to 7.650MB for 104992-byte allocation
W/Trace ( 2453): error opening trace file: No such file or directory (2)
W/TelephonyProvider( 2391): onCreate: confFile=/system/etc/apns-conf.xml oldCheckSum=-1
D/TelephonyManager( 2391): getLteOnCdmaMode=0 curVal=-1 product_type='' lteOnCdmaProductType=''
D/dalvikvm( 2176): GC_FOR_ALLOC freed 104K, 18% free 7116K/8632K, paused 40ms, total 40ms
I/dalvikvm-heap( 2176): Grow heap (frag case) to 7.783MB for 104992-byte allocation
D/dalvikvm( 2176): GC_FOR_ALLOC freed 64K, 18% free 7226K/8736K, paused 31ms, total 31ms
I/dalvikvm-heap( 2176): Grow heap (frag case) to 7.890MB for 104992-byte allocation
I//system/bin/fsck_msdos( 1845): ** Phase 2 - Check Cluster Chains
D/dalvikvm( 2176): GC_FOR_ALLOC freed 9K, 18% free 7331K/8840K, paused 38ms, total 38ms
I/dalvikvm-heap( 2176): Grow heap (frag case) to 7.992MB for 104992-byte allocation
D/dalvikvm( 2176): GC_FOR_ALLOC freed 14K, 18% free 7423K/8944K, paused 36ms, total 36ms
I/dalvikvm-heap( 2176): Grow heap (frag case) to 8.083MB for 104992-byte allocation
D/TelephonyManager( 2391): getLteOnCdmaMode=0 curVal=-1 product_type='' lteOnCdmaProductType=''
D/dalvikvm( 2176): GC_FOR_ALLOC freed 5K, 17% free 7531K/9048K, paused 34ms, total 34ms
I/dalvikvm-heap( 2176): Grow heap (frag case) to 8.188MB for 104992-byte allocation
I//system/bin/fsck_msdos( 1845): ** Phase 3 - Checking Directories
D/dalvikvm( 2176): GC_FOR_ALLOC freed 4K, 17% free 7636K/9152K, paused 40ms, total 41ms
I/dalvikvm-heap( 2176): Grow heap (frag case) to 8.290MB for 104992-byte allocation
I/keystore( 1856): uid: 1000 action: z -> 7 state: 3 -> 3 retry: 4
I//system/bin/fsck_msdos( 1845): ** Phase 4 - Checking for Lost Files
D/dalvikvm( 2176): GC_FOR_ALLOC freed 37K, 16% free 7779K/9256K, paused 36ms, total 36ms
D/dalvikvm( 2176): GC_FOR_ALLOC freed 24K, 16% free 7878K/9360K, paused 32ms, total 32ms
I//system/bin/fsck_msdos( 1845): 7 files, 2592848 free (1896970 clusters)
D/dalvikvm( 2176): GC_FOR_ALLOC freed 4K, 16% free 7987K/9464K, paused 34ms, total 34ms
D/dalvikvm( 2176): GC_FOR_ALLOC freed 2K, 16% free 8089K/9568K, paused 27ms, total 27ms
I/PowerWidget( 2276): Clearing any old widget stuffs
W/Settings( 2391): Setting airplane_mode_on has moved from android.provider.Settings.System to android.provider.Settings.Global, returning read-only value.
E/UserHistoryDictionary( 2352): when loading: file not foundjava.io.FileNotFoundException: /data/data/com.android.inputmethod.latin/files/UserHistoryDictionary.de.dict: open failed: ENOENT (No such file or directory)
D/dalvikvm( 2176): GC_FOR_ALLOC freed 17K, 16% free 8199K/9672K, paused 35ms, total 35ms
I/PowerWidget( 2276): Setting up widget
I/PowerWidget( 2276): Default buttons being loaded
I/PowerWidget( 2276): Button list: toggleWifi|toggleBluetooth|toggleGPS|toggleSound
D/dalvikvm( 2176): GC_FOR_ALLOC freed 21K, 15% free 8408K/9880K, paused 31ms, total 32ms
W/Settings( 2391): Setting auto_time has moved from android.provider.Settings.System to android.provider.Settings.Global, returning read-only global URI.
W/Settings( 2391): Setting auto_time_zone has moved from android.provider.Settings.System to android.provider.Settings.Global, returning read-only global URI.
D/dalvikvm( 1851): GC_EXPLICIT freed 34K, 70% free 2347K/7696K, paused 1ms+1ms, total 20ms
D/dalvikvm( 1851): GC_EXPLICIT freed <1K, 70% free 2347K/7696K, paused 1ms+2ms, total 18ms
D/dalvikvm( 1851): GC_EXPLICIT freed <1K, 70% free 2347K/7696K, paused 1ms+2ms, total 19ms
D/BluetoothAdapter( 2276): 1088951432: getState() : mService = null. Returning STATE_OFF
D/BluetoothAdapter( 2276): 1088951432: getState() : mService = null. Returning STATE_OFF
W/Trace ( 2484): error opening trace file: No such file or directory (2)
I//system/bin/fsck_msdos( 1845): ** /dev/block/vold/259:3
I/Choreographer( 2276): Skipped 80 frames! The application may be doing too much work on its main thread.
D/ ( 2391): [ApnContext:default] set reason as dataEnabled,current state IDLE
D/ ( 2391): [ApnContext:default] setRetryCount: 0
D/ ( 2391): [ApnContext:mms] set reason as dataEnabled,current state IDLE
D/ ( 2391): [ApnContext:mms] setRetryCount: 0
D/ ( 2391): [ApnContext:supl] set reason as dataEnabled,current state IDLE
D/ ( 2391): [ApnContext:supl] setRetryCount: 0
D/ ( 2391): [ApnContext:dun] set reason as dataEnabled,current state IDLE
D/ ( 2391): [ApnContext:dun] setRetryCount: 0
D/ ( 2391): [ApnContext:hipri] set reason as dataEnabled,current state IDLE
D/ ( 2391): [ApnContext:hipri] setRetryCount: 0
I/keystore( 1856): uid: 1000 action: z -> 7 state: 3 -> 3 retry: 4
D/TelephonyManager( 2391): getLteOnCdmaMode=0 curVal=-1 product_type='' lteOnCdmaProductType=''
D/CallManager( 2391): registerPhone(GSM Handler (com.android.internal.telephony.PhoneProxy) {40d83f28})
I/keystore( 1856): uid: 1000 action: z -> 7 state: 3 -> 3 retry: 4
I/keystore( 1856): uid: 1000 action: z -> 7 state: 3 -> 3 retry: 4
D/BluetoothManagerService( 2176): Message: 20
D/BluetoothManagerService( 2176): Added callback: android.bluetooth.IBluetoothManagerCallback$Stub$Proxy@40dfe9c8:true
D/BluetoothAdapter( 2276): 1088951432: getState() : mService = null. Returning STATE_OFF
D/BluetoothAdapter( 2276): 1088951432: getState() : mService = null. Returning STATE_OFF
D/BluetoothAdapter( 2276): 1088951432: getState() : mService = null. Returning STATE_OFF
D/BluetoothAdapter( 2276): 1088951432: getState() : mService = null. Returning STATE_OFF
I//system/bin/fsck_msdos( 1845): ** Phase 1 - Read and Compare FATs
D/CallNotifier( 2391): CallNotifier: mSignalInfoToneGenerator created when toneplay
D/BluetoothManagerService( 2176): Message: 30
D/BluetoothAdapter( 2276): 1088951432: getState() : mService = null. Returning STATE_OFF
I//system/bin/fsck_msdos( 1845): Attempting to allocate 1473 KB for FAT
D/BluetoothAdapter( 2276): 1088951432: getState() : mService = null. Returning STATE_OFF
D/BluetoothAdapter( 2276): 1088951432: getState() : mService = null. Returning STATE_OFF
D/BluetoothAdapter( 2276): 1088951432: getState() : mService = null. Returning STATE_OFF
I/Choreographer( 2176): Skipped 122 frames! The application may be doing too much work on its main thread.
I/keystore( 1856): uid: 1000 action: z -> 7 state: 3 -> 3 retry: 4
I/keystore( 1856): uid: 1000 action: z -> 7 state: 3 -> 3 retry: 4
V/TAG ( 2176): bug 7643792: fitSystemWindows([0,0][0,0])
V/TAG ( 2176): bug 7643792: fitSystemWindows([0,38][0,0])
I/AudioService( 2176): Remote Control registerMediaButtonIntent() for PendingIntent{40e08778: PendingIntentRecord{40fc4c18 android broadcastIntent}}
D/dalvikvm( 2176): GC_FOR_ALLOC freed 1819K, 25% free 7651K/10088K, paused 31ms, total 32ms
I/dalvikvm-heap( 2176): Grow heap (frag case) to 9.144MB for 984976-byte allocation
D/BluetoothManagerService( 2176): Message: 300
D/BluetoothManagerService( 2176): MESSAGE_USER_SWITCHED
D/BluetoothAdapter( 2276): 1088951432: getState() : mService = null. Returning STATE_OFF
D/DebugService( 2391): DebugService DebugService:
D/TelephonyDebugService( 2391): TelephonyDebugService()
I//system/bin/fsck_msdos( 1845): Attempting to allocate 1473 KB for FAT
D/dalvikvm( 2176): GC_CONCURRENT freed 418K, 22% free 8706K/11052K, paused 18ms+4ms, total 74ms
D/dalvikvm( 2176): WAIT_FOR_CONCURRENT_GC blocked 47ms
D/dalvikvm( 2176): WAIT_FOR_CONCURRENT_GC blocked 44ms
D/dalvikvm( 2176): WAIT_FOR_CONCURRENT_GC blocked 43ms
D/dalvikvm( 2176): WAIT_FOR_CONCURRENT_GC blocked 42ms
D/dalvikvm( 2176): WAIT_FOR_CONCURRENT_GC blocked 46ms
D/dalvikvm( 2176): WAIT_FOR_CONCURRENT_GC blocked 43ms
D/dalvikvm( 2176): WAIT_FOR_CONCURRENT_GC blocked 22ms
D/dalvikvm( 2176): WAIT_FOR_CONCURRENT_GC blocked 54ms
D/BluetoothManagerService( 2176): Message: 30
E/BluetoothPhoneService( 2391): Could not get a handle on Connection object for the call
D/TelephonyManager( 2391): getLteOnCdmaMode=0 curVal=-1 product_type='' lteOnCdmaProductType=''
I/PhoneApp( 2391): Headset phone created, binding local service.
W/Trace ( 2525): error opening trace file: No such file or directory (2)
D/TelephonyManager( 2391): getLteOnCdmaMode=0 curVal=-1 product_type='' lteOnCdmaProductType=''
D/BluetoothManagerService( 2176): Message: 20
D/BluetoothManagerService( 2176): Added callback: android.bluetooth.IBluetoothManagerCallback$Stub$Proxy@40eb1dd8:true
D/BluetoothAdapter( 2525): 1087799496: getState() : mService = null. Returning STATE_OFF
W/Settings( 2391): Setting auto_time_zone has moved from android.provider.Settings.System to android.provider.Settings.Global, returning read-only value.
D/BluetoothManagerService( 2176): Message: 30
D/dalvikvm( 2276): GC_FOR_ALLOC freed 511K, 48% free 4023K/7696K, paused 29ms, total 51ms
I/dalvikvm-heap( 2276): Grow heap (frag case) to 8.304MB for 3824016-byte allocation
D/BluetoothManagerService( 2176): Message: 30
D/BluetoothPan( 2525): BluetoothPan() call bindService
D/BluetoothPan( 2525): BluetoothPan(), bindService called
D/BluetoothManagerService( 2176): Message: 30
D/LocalBluetoothProfileManager( 2525): LocalBluetoothProfileManager construction complete
D/BluetoothAdapter( 2525): 1087799496: getState() : mService = null. Returning STATE_OFF
D/BluetoothAdapter( 2525): 1087799496: getState() : mService = null. Returning STATE_OFF
I/FusedLocation( 2434): engine started (com.android.location.fused)
D/TelephonyManager( 2391): getLteOnCdmaMode=0 curVal=-1 product_type='' lteOnCdmaProductType=''
I/ActivityManager( 2176): Displayed com.cyanogenmod.trebuchet/.Launcher: +2s271ms
D/dalvikvm( 2276): GC_CONCURRENT freed 30K, 33% free 7728K/11432K, paused 3ms+16ms, total 128ms
I/keystore( 1856): uid: 1000 action: z -> 7 state: 3 -> 3 retry: 4
D/dalvikvm( 2176): GC_CONCURRENT freed 1636K, 23% free 8595K/11052K, paused 2ms+3ms, total 52ms
D/dalvikvm( 2176): WAIT_FOR_CONCURRENT_GC blocked 38ms
I/keystore( 1856): uid: 1000 action: z -> 7 state: 3 -> 3 retry: 4
D/dalvikvm( 2276): GC_FOR_ALLOC freed <1K, 33% free 7728K/11432K, paused 25ms, total 25ms
D/MediaScannerReceiver( 2337): action: android.intent.action.MEDIA_MOUNTED path: /storage/sdcard1
V/SipBroadcastReceiver( 2391): start auto registration
I/dalvikvm-heap( 2276): Grow heap (frag case) to 10.974MB for 2828816-byte allocation
D/dalvikvm( 2276): GC_CONCURRENT freed 0K, 9% free 10491K/11432K, paused 3ms+3ms, total 37ms
I//system/bin/fsck_msdos( 1845): ** Phase 2 - Check Cluster Chains
I//system/bin/fsck_msdos( 1845): ** Phase 3 - Checking Directories
W/MediaProvider( 2337): no database for scanned volume external
D/android.widget.GridLayout( 2416): vertical constraints: y3-y0>=198, y3-y0<=192, y3-y2<=78, y2-y1<=1 are inconsistent; permanently removing: y3-y0<=192.
I//system/bin/fsck_msdos( 1845): ** Phase 4 - Checking for Lost Files
I//system/bin/fsck_msdos( 1845): Next free cluster in FSInfo block (494) not free
I//system/bin/fsck_msdos( 1845): FIXED
I//system/bin/fsck_msdos( 1845): 132 files, 3659744 free (376511 clusters)
I/SurfaceFlinger( 1850): Boot is finished (11209 ms)
I/PackageManager( 2176): Updating external media status from unmounted to mounted
D/BluetoothManagerService( 2176): Message: 30
D/BluetoothManagerService( 2176): Message: 30
I/PackageManager( 2176): No secure containers on sdcard
I/OMXNodeInstance( 1853): OMX_FreeBuffer for buffer header 0x40a41e88 successful
I/OMXNodeInstance( 1853): OMX_FreeBuffer for buffer header 0x40202690 successful
I/OMXNodeInstance( 1853): OMX_FreeBuffer for buffer header 0x402027d0 successful
I/OMXNodeInstance( 1853): OMX_FreeBuffer for buffer header 0x402028f8 successful
I/OMXNodeInstance( 1853): OMX_FreeBuffer for buffer header 0x40a41d00 successful
I/OMXNodeInstance( 1853): OMX_FreeBuffer for buffer header 0x40a41c48 successful
I/OMXNodeInstance( 1853): OMX_FreeBuffer for buffer header 0x400baf50 successful
I/OMXNodeInstance( 1853): OMX_FreeBuffer for buffer header 0x400b0de0 successful
I/OMXNodeInstance( 1853): OMX_FreeBuffer for buffer header 0x40a41db8 successful
I/OMXNodeInstance( 1853): OMX_FreeBuffer for buffer header 0x402020c8 successful
I/OMXNodeInstance( 1853): OMX_FreeBuffer for buffer header 0x40c2ec38 successful
I/OMXNodeInstance( 1853): OMX_FreeBuffer for buffer header 0x40a41f70 successful
I/OMXNodeInstance( 1853): OMX_FreeBuffer for buffer header 0x400a43d8 successful
I/OMXNodeInstance( 1853): OMX_FreeBuffer for buffer header 0x400a45c8 successful
I/OMXNodeInstance( 1853): OMX_FreeBuffer for buffer header 0x400a46f0 successful
I/OMXNodeInstance( 1853): OMX_FreeBuffer for buffer header 0x400a4818 successful
I/OMXNodeInstance( 1853): OMX_FreeBuffer for buffer header 0x400a4250 successful
I/OMXNodeInstance( 1853): OMX_FreeBuffer for buffer header 0x400a4198 successful
I/OMXNodeInstance( 1853): OMX_FreeBuffer for buffer header 0x400a40c8 successful
I/OMXNodeInstance( 1853): OMX_FreeBuffer for buffer header 0x401917a0 successful
I/OMXNodeInstance( 1853): OMX_FreeBuffer for buffer header 0x40ab5f58 successful
I/OMXNodeInstance( 1853): OMX_FreeBuffer for buffer header 0x40ab5e30 successful
I/OMXNodeInstance( 1853): OMX_FreeBuffer for buffer header 0x400a4390 successful
I/OMXNodeInstance( 1853): OMX_FreeBuffer for buffer header 0x400a4d88 successful
I/OMXNodeInstance( 1853): OMX_FreeBuffer for buffer header 0x40aab4d0 successful
I/OMXNodeInstance( 1853): OMX_FreeBuffer for buffer header 0x40aab6e0 successful
I/OMXNodeInstance( 1853): OMX_FreeBuffer for buffer header 0x40aab820 successful
I/OMXNodeInstance( 1853): OMX_FreeBuffer for buffer header 0x40aab948 successful
I/OMXNodeInstance( 1853): OMX_FreeBuffer for buffer header 0x40aab348 successful
I/OMXNodeInstance( 1853): OMX_FreeBuffer for buffer header 0x40aab290 successful
I/OMXNodeInstance( 1853): OMX_FreeBuffer for buffer header 0x40aab1c0 successful
I/OMXNodeInstance( 1853): OMX_FreeBuffer for buffer header 0x40aab008 successful
I/OMXNodeInstance( 1853): OMX_FreeBuffer for buffer header 0x40aab4e0 successful
I/OMXNodeInstance( 1853): OMX_FreeBuffer for buffer header 0x40aab3b8 successful
I/OMXNodeInstance( 1853): OMX_FreeBuffer for buffer header 0x40aabb40 successful
I/OMXNodeInstance( 1853): OMX_FreeBuffer for buffer header 0x40aab9d8 successful
I/OMXNodeInstance( 1853): OMX_FreeBuffer for buffer header 0x400d89a0 successful
I/OMXNodeInstance( 1853): OMX_FreeBuffer for buffer header 0x400d8b90 successful
I/OMXNodeInstance( 1853): OMX_FreeBuffer for buffer header 0x400d8cd0 successful
I/OMXNodeInstance( 1853): OMX_FreeBuffer for buffer header 0x40ab5068 successful
I/OMXNodeInstance( 1853): OMX_FreeBuffer for buffer header 0x400d8818 successful
I/OMXNodeInstance( 1853): OMX_FreeBuffer for buffer header 0x400d8760 successful
I/OMXNodeInstance( 1853): OMX_FreeBuffer for buffer header 0x402010a0 successful
I/OMXNodeInstance( 1853): OMX_FreeBuffer for buffer header 0x40201010 successful
I/OMXNodeInstance( 1853): OMX_FreeBuffer for buffer header 0x400d8bb0 successful
I/OMXNodeInstance( 1853): OMX_FreeBuffer for buffer header 0x400d8a88 successful
I/OMXNodeInstance( 1853): OMX_FreeBuffer for buffer header 0x40ab5008 successful
I/OMXNodeInstance( 1853): OMX_FreeBuffer for buffer header 0x40040a90 successful
I/OMXNodeInstance( 1853): OMX_FreeBuffer for buffer header 0x40ad3eb0 successful
I/OMXNodeInstance( 1853): OMX_FreeBuffer for buffer header 0x40ad3488 successful
I/OMXNodeInstance( 1853): OMX_FreeBuffer for buffer header 0x40ad35c8 successful
I/OMXNodeInstance( 1853): OMX_FreeBuffer for buffer header 0x40ad36f0 successful
I/OMXNodeInstance( 1853): OMX_FreeBuffer for buffer header 0x40ad3d28 successful
I/OMXNodeInstance( 1853): OMX_FreeBuffer for buffer header 0x40ad3c70 successful
I/OMXNodeInstance( 1853): OMX_FreeBuffer for buffer header 0x40ad3bd0 successful
I/OMXNodeInstance( 1853): OMX_FreeBuffer for buffer header 0x40ad3a80 successful
I/OMXNodeInstance( 1853): OMX_FreeBuffer for buffer header 0x40ad34a8 successful
I/OMXNodeInstance( 1853): OMX_FreeBuffer for buffer header 0x40ad3380 successful
I/OMXNodeInstance( 1853): OMX_FreeBuffer for buffer header 0x40ad3de0 successful
I/OMXNodeInstance( 1853): OMX_FreeBuffer for buffer header 0x40ab5ce8 successful
W/Trace ( 2567): error opening trace file: No such file or directory (2)
D/MediaProvider( 2337): object removed 88
D/MediaProvider( 2337): object removed 92
D/MediaProvider( 2337): object removed 96
W/Trace ( 2611): error opening trace file: No such file or directory (2)
W/DeviceSettings_Utils_Write( 2611): file /sys/class/lcd/panel/power_reduce: 1
W/DeviceSettings_Utils_Write( 2611): file /sys/class/mdnie/mdnie/scenario: 0
W/DeviceSettings_Utils_Write( 2611): file /sys/class/mdnie/mdnie/mode: 1
W/DeviceSettings_Utils_Write( 2611): file /sys/class/mdnie/mdnie/negative: 0
W/DeviceSettings_Utils_Write( 2611): file /sys/class/mdnie/mdnie/outdoor: 0
W/DeviceSettings_Utils_Write( 2611): file /sys/class/sec/sec_touchkey/force_disable: 0
W/DeviceSettings_Utils_Write( 2611): file /sys/class/sec/sec_touchkey/brightness: 1
W/DeviceSettings_Utils_Write( 2611): file /sys/class/sec/gsensorcal/calibration: 0
W/DeviceSettings_Utils_Write( 2611): file /sys/class/sec/sec_touchkey/timeout: 3
D/DeviceSettings_Vibrator( 2611): Restoring vibration setting: 50
W/DeviceSettings_Utils_Write( 2611): file /sys/vibrator/pwm_val: 50
I/AccountTypeManager( 2567): Loaded meta-data for 1 account types, 0 accounts in 26ms(wall) 6ms(cpu)
I/RecoverySystem( 2176): No recovery log file
I/HeadsetService( 2397): Starting service.
W/Trace ( 2629): error opening trace file: No such file or directory (2)
D/dalvikvm( 2176): GC_CONCURRENT freed 2253K, 28% free 8017K/11052K, paused 2ms+4ms, total 75ms
W/Trace ( 2646): error opening trace file: No such file or directory (2)
