* daemon not running. starting it now on port 5037 * * daemon started successfully *
D/RIL-IPC ( 139): [0000] FF 03 ..
D/RIL-IPC ( 139): ================================================================================
D/RIL-IPC ( 139):
D/RIL-IPC ( 139): aries_fmt_recv: Received FMT message
D/RIL-IPC ( 139): aries_fmt_recv: Message: aseq=0x1f, command=IPC_NET_SERVING_NETWORK, type=IPC_TYPE_RESP, size=11
D/RIL-IPC ( 139): ================================= IPC FMT data =================================
D/RIL-IPC ( 139): [0000] 03 04 04 32 32 32 39 39 23 F0 C3 ...22299 #..
D/RIL-IPC ( 139): ================================================================================
D/RIL ( 139): 1 RIL request in the queue (0 pending, 1 handled, 0 unhandled)
D/RILJ ( 570): [0043]< OPERATOR {3 Italia, 3 Italia, 22299}
D/RIL ( 139): 2 RIL requests in the queue (1 pending, 1 handled, 0 unhandled)
D/RIL-IPC ( 139):
D/RIL-IPC ( 139): aries_fmt_send: Sent FMT message
D/RIL-IPC ( 139): aries_fmt_send: Message: mseq=0x21, command=IPC_NET_REGIST, type=IPC_TYPE_GET, size=2
D/RIL-IPC ( 139): ================================= IPC FMT data =================================
D/RIL-IPC ( 139): [0000] FF 02 ..
D/RIL-IPC ( 139): ================================================================================
D/RIL ( 139): 3 RIL requests in the queue (1 pending, 2 handled, 0 unhandled)
D/RIL-IPC ( 139):
D/RIL-IPC ( 139): aries_fmt_send: Sent FMT message
D/RIL-IPC ( 139): aries_fmt_send: Message: mseq=0x22, command=IPC_NET_PLMN_SEL, type=IPC_TYPE_GET, size=0
D/RIL ( 139): 4 RIL requests in the queue (1 pending, 3 handled, 0 unhandled)
D/RIL-IPC ( 139):
D/RIL-IPC ( 139): aries_fmt_send: Sent FMT message
D/RIL-IPC ( 139): aries_fmt_send: Message: mseq=0x23, command=IPC_NET_SERVING_NETWORK, type=IPC_TYPE_GET, size=0
D/RIL ( 139): 5 RIL requests in the queue (1 pending, 4 handled, 0 unhandled)
D/RIL-IPC ( 139):
D/RIL-IPC ( 139): aries_fmt_recv: Received FMT message
D/RIL-IPC ( 139): aries_fmt_recv: Message: aseq=0x20, command=IPC_NET_REGIST, type=IPC_TYPE_RESP, size=11
D/RIL-IPC ( 139): ================================= IPC FMT data =================================
D/RIL-IPC ( 139): [0000] 04 03 01 01 F0 C3 A7 82 EB 00 FF ........ ...
D/RIL-IPC ( 139): ================================================================================
D/RIL ( 139): 4 RIL requests in the queue (0 pending, 3 handled, 1 unhandled)
D/RIL-IPC ( 139):
D/RIL-IPC ( 139): aries_fmt_recv: Received FMT message
D/RIL-IPC ( 139): aries_fmt_recv: Message: aseq=0x21, command=IPC_NET_REGIST, type=IPC_TYPE_RESP, size=11
D/RIL-IPC ( 139): ================================= IPC FMT data =================================
D/RIL-IPC ( 139): [0000] 04 02 04 01 F0 C3 A7 82 EB 00 FF ........ ...
D/RIL-IPC ( 139): ================================================================================
D/RIL ( 139): 3 RIL requests in the queue (0 pending, 2 handled, 1 unhandled)
D/RIL-IPC ( 139):
D/RIL-IPC ( 139): aries_fmt_recv: Received FMT message
D/RIL-IPC ( 139): aries_fmt_recv: Message: aseq=0x22, command=IPC_NET_PLMN_SEL, type=IPC_TYPE_RESP, size=1
D/RIL-IPC ( 139): ================================= IPC FMT data =================================
D/RIL-IPC ( 139): [0000] 03 .
D/RIL-IPC ( 139): ================================================================================
D/RIL ( 139): 2 RIL requests in the queue (0 pending, 1 handled, 1 unhandled)
D/RIL-IPC ( 139):
D/RIL-IPC ( 139): aries_fmt_send: Sent FMT message
D/RIL-IPC ( 139): aries_fmt_send: Message: mseq=0x24, command=IPC_NET_REGIST, type=IPC_TYPE_GET, size=2
D/RIL-IPC ( 139): ================================= IPC FMT data =================================
D/RIL-IPC ( 139): [0000] FF 03 ..
D/RIL-IPC ( 139): ================================================================================
D/RILJ ( 570): [0044]< DATA_REGISTRATION_STATE {0, c3f0, eb82a7, 3, 3}
D/RILJ ( 570): [0045]< VOICE_REGISTRATION_STATE {10, c3f0, eb82a7, 3, null, null, null, null, null, null, null, null, null, null, null}
D/RILJ ( 570): [0046]< QUERY_NETWORK_SELECTION_MODE {1}
D/RIL-IPC ( 139):
D/RIL-IPC ( 139): aries_fmt_recv: Received FMT message
D/RIL-IPC ( 139): aries_fmt_recv: Message: aseq=0x23, command=IPC_NET_SERVING_NETWORK, type=IPC_TYPE_RESP, size=11
D/RIL-IPC ( 139): ================================= IPC FMT data =================================
D/RIL-IPC ( 139): [0000] 03 04 04 32 32 32 39 39 23 F0 C3 ...22299 #..
D/RIL-IPC ( 139): ================================================================================
D/RIL ( 139): 1 RIL request in the queue (0 pending, 1 handled, 0 unhandled)
D/RIL-IPC ( 139):
D/RIL-IPC ( 139): aries_fmt_recv: Received FMT message
D/RIL-IPC ( 139): aries_fmt_recv: Message: aseq=0x24, command=IPC_NET_REGIST, type=IPC_TYPE_RESP, size=11
D/RIL-IPC ( 139): ================================= IPC FMT data =================================
D/RIL-IPC ( 139): [0000] 04 03 01 01 F0 C3 A7 82 EB 00 FF ........ ...
D/RIL-IPC ( 139): ================================================================================
D/RIL ( 139): 0 RIL request in the queue (0 pending, 0 handled, 0 unhandled)
D/RIL ( 139): 1 RIL request in the queue (1 pending, 0 handled, 0 unhandled)
D/RIL-IPC ( 139):
D/RIL-IPC ( 139): aries_fmt_send: Sent FMT message
D/RIL-IPC ( 139): aries_fmt_send: Message: mseq=0x25, command=IPC_NET_REGIST, type=IPC_TYPE_GET, size=2
D/RIL-IPC ( 139): ================================= IPC FMT data =================================
D/RIL-IPC ( 139): [0000] FF 02 ..
D/RIL-IPC ( 139): ================================================================================
D/RIL ( 139): 2 RIL requests in the queue (1 pending, 1 handled, 0 unhandled)
D/RIL-IPC ( 139):
D/RIL-IPC ( 139): aries_fmt_send: Sent FMT message
D/RIL-IPC ( 139): aries_fmt_send: Message: mseq=0x26, command=IPC_NET_PLMN_SEL, type=IPC_TYPE_GET, size=0
D/RILJ ( 570): [0047]< OPERATOR {3 Italia, 3 Italia, 22299}
D/RILJ ( 570): [0048]< DATA_REGISTRATION_STATE {0, c3f0, eb82a7, 3, 3}
D/RIL-IPC ( 139):
D/RIL-IPC ( 139): aries_fmt_recv: Received FMT message
D/RIL-IPC ( 139): aries_fmt_recv: Message: aseq=0x25, command=IPC_NET_REGIST, type=IPC_TYPE_RESP, size=11
D/RIL-IPC ( 139): ================================= IPC FMT data =================================
D/RIL-IPC ( 139): [0000] 04 02 04 01 F0 C3 A7 82 EB 00 FF ........ ...
D/RIL-IPC ( 139): ================================================================================
D/RIL ( 139): 1 RIL request in the queue (0 pending, 1 handled, 0 unhandled)
D/RIL-IPC ( 139):
D/RIL-IPC ( 139): aries_fmt_recv: Received FMT message
D/RIL-IPC ( 139): aries_fmt_recv: Message: aseq=0x26, command=IPC_NET_PLMN_SEL, type=IPC_TYPE_RESP, size=1
D/RIL-IPC ( 139): ================================= IPC FMT data =================================
D/RIL-IPC ( 139): [0000] 03 .
D/RIL-IPC ( 139): ================================================================================
D/RIL ( 139): 0 RIL request in the queue (0 pending, 0 handled, 0 unhandled)
D/RILJ ( 570): [0049]< VOICE_REGISTRATION_STATE {10, c3f0, eb82a7, 3, null, null, null, null, null, null, null, null, null, null, null}
D/RILJ ( 570): [0050]< QUERY_NETWORK_SELECTION_MODE {1}
D/GSM ( 570): [GsmSST] Poll ServiceState done: oldSS=[1 home null null null (manual) Unknown CSS not supported -1 -1 RoamInd=-1 DefRoamInd=-1 EmergOnly=true] newSS=[1 home 3 Italia 3 Italia 22299 (manual) UMTS CSS not supported -1 -1 RoamInd=-1 DefRoamInd=-1 EmergOnly=true] oldGprs=1 newData=1 oldMaxDataCalls=1 mNewMaxDataCalls=1 oldReasonDataDenied=-1 mNewReasonDataDenied=-1 oldType=Unknown newType=UMTS
D/GSM ( 570): [GsmSST] RAT switched Unknown -> UMTS at cell 15434407
D/GSM ( 570): [GsmSST] updateSpnDisplay: radio is on but out of service, set plmn='Emergency calls only'
D/GSM ( 570): [GsmSST] updateSpnDisplay: changed sending intent rule=2 showPlmn='true' plmn='Emergency calls only' showSpn='false' spn='null'
D/GSM ( 570): [GsmSST] pollStateDone: no nitz but one TZ for iso-cc=it with zone.getID=Europe/Rome testOneUniqueOffsetPath=false
D/GSM ( 570): [GsmSST] setAndBroadcastNetworkSetTimeZone: setTimeZone=Europe/Rome
D/GSM ( 570): [GsmSST] setAndBroadcastNetworkSetTimeZone: call alarm.setTimeZone and broadcast zoneId=Europe/Rome
D/GSM ( 570): [GsmSST] shouldFixTimeZoneNow: retVal=true iccCardExist=true operatorNumeric=22299 mcc=222 prevOperatorNumeric= prevMcc=223 needToFixTimeZone=false ltod=08-21 22:12:51.736
D/GSM ( 570): [GsmSST] pollStateDone: fix time zone zoneName='Europe/Rome' mZoneOffset=0 mZoneDst=false iso-cc='it' iso-cc-idx=-13
D/GSM ( 570): [GsmSST] pollStateDone: using default TimeZone
D/GSM ( 570): [GsmSST] pollStateDone: zone != null zone.getID=Europe/Rome
D/GSM ( 570): [GsmSST] setAndBroadcastNetworkSetTimeZone: setTimeZone=Europe/Rome
D/GSM ( 570): [GsmSST] setAndBroadcastNetworkSetTimeZone: call alarm.setTimeZone and broadcast zoneId=Europe/Rome
D/GSM ( 570): [GsmDCT] get all active apn types
D/GSM ( 570): [GsmDCT] isDataAllowed: not allowed due to - gprs= 1 - SIM not loaded
D/GSM ( 570): [GsmDCT] isDataPossible(default): possible=false isDataAllowed=false apnTypePossible=true apnContextisEnabled=true apnContextState()=IDLE
D/GSM ( 570): [GsmDCT] get active apn string for type:default
D/RIL-IPC ( 139):
D/RIL-IPC ( 139): aries_fmt_recv: Received FMT message
D/RIL-IPC ( 139): aries_fmt_recv: Message: aseq=0x25, command=IPC_DISP_RSSI_INFO, type=IPC_TYPE_NOTI, size=1
D/RIL-IPC ( 139): ================================= IPC FMT data =================================
D/RIL-IPC ( 139): [0000] 72 r
D/RIL-IPC ( 139): ================================================================================
D/RIL ( 139): Signal strength is 0
D/RIL-IPC ( 139):
D/RIL-IPC ( 139): aries_fmt_recv: Received FMT message
D/RIL-IPC ( 139): aries_fmt_recv: Message: aseq=0x25, command=IPC_DISP_RSSI_INFO, type=IPC_TYPE_NOTI, size=1
D/RIL-IPC ( 139): ================================= IPC FMT data =================================
D/RIL-IPC ( 139): [0000] 70 p
D/RIL-IPC ( 139): ================================================================================
D/RIL ( 139): Signal strength is 0
D/RIL-IPC ( 139):
D/RIL-IPC ( 139): aries_fmt_recv: Received FMT message
D/RIL-IPC ( 139): aries_fmt_recv: Message: aseq=0x25, command=IPC_GPRS_HSDPA_STATUS, type=IPC_TYPE_NOTI, size=1
D/RIL-IPC ( 139): ================================= IPC FMT data =================================
D/RIL-IPC ( 139): [0000] 00 .
D/RIL-IPC ( 139): ================================================================================
D/RIL-IPC ( 139):
D/RIL-IPC ( 139): aries_fmt_recv: Received FMT message
D/RIL-IPC ( 139): aries_fmt_recv: Message: aseq=0xff, command=IPC_NET_REGIST, type=IPC_TYPE_NOTI, size=11
D/RIL-IPC ( 139): ================================= IPC FMT data =================================
D/RIL-IPC ( 139): [0000] 04 02 04 01 F0 C3 A1 82 EB 00 FF ........ ...
D/RIL-IPC ( 139): ================================================================================
D/RILJ ( 570): [UNSL]< UNSOL_RESPONSE_VOICE_NETWORK_STATE_CHANGED
D/RIL-IPC ( 139):
D/RIL-IPC ( 139): aries_fmt_recv: Received FMT message
D/RIL-IPC ( 139): aries_fmt_recv: Message: aseq=0xff, command=IPC_NET_REGIST, type=IPC_TYPE_NOTI, size=11
D/RIL-IPC ( 139): ================================= IPC FMT data =================================
D/RIL-IPC ( 139): [0000] 04 03 01 01 F0 C3 A1 82 EB 00 FF ........ ...
D/RIL-IPC ( 139): ================================================================================
D/RILJ ( 570): [UNSL]< UNSOL_RESPONSE_VOICE_NETWORK_STATE_CHANGED
D/RIL-IPC ( 139):
D/RIL-IPC ( 139): aries_fmt_recv: Received FMT message
D/RIL-IPC ( 139): aries_fmt_recv: Message: aseq=0xff, command=IPC_GPRS_HSDPA_STATUS, type=IPC_TYPE_NOTI, size=1
D/RIL-IPC ( 139): ================================= IPC FMT data =================================
D/RIL-IPC ( 139): [0000] 00 .
D/RIL-IPC ( 139): ================================================================================
D/RIL-IPC ( 139):
D/RIL-IPC ( 139): aries_fmt_recv: Received FMT message
D/RIL-IPC ( 139): aries_fmt_recv: Message: aseq=0xff, command=IPC_DISP_ICON_INFO, type=IPC_TYPE_NOTI, size=4
D/RIL-IPC ( 139): ================================= IPC FMT data =================================
D/RIL-IPC ( 139): [0000] FF 01 00 04 ....
D/RIL-IPC ( 139): ================================================================================
D/RIL ( 139): Signal strength is 3
D/RIL-IPC ( 139):
D/RIL-IPC ( 139): aries_fmt_recv: Received FMT message
D/RIL-IPC ( 139): aries_fmt_recv: Message: aseq=0xff, command=IPC_DISP_RSSI_INFO, type=IPC_TYPE_NOTI, size=1
D/RIL-IPC ( 139): ================================= IPC FMT data =================================
D/RIL-IPC ( 139): [0000] 6B k
D/RIL-IPC ( 139): ================================================================================
D/RIL ( 139): Signal strength is 3
D/RILJ ( 570): [0051]> OPERATOR
D/RILJ ( 570): [0052]> DATA_REGISTRATION_STATE
D/RIL ( 139): 1 RIL request in the queue (1 pending, 0 handled, 0 unhandled)
D/RIL ( 139): 2 RIL requests data in the queue
D/RIL-IPC ( 139):
D/RIL-IPC ( 139): aries_fmt_send: Sent FMT message
D/RIL-IPC ( 139): aries_fmt_send: Message: mseq=0x27, command=IPC_NET_SERVING_NETWORK, type=IPC_TYPE_GET, size=0
D/RILJ ( 570): [0053]> VOICE_REGISTRATION_STATE
D/RILJ ( 570): [0054]> QUERY_NETWORK_SELECTION_MODE
D/RILJ ( 570): [0055]> OPERATOR
D/RILJ ( 570): [0056]> DATA_REGISTRATION_STATE
D/RILJ ( 570): [0057]> VOICE_REGISTRATION_STATE
D/RILJ ( 570): [0058]> QUERY_NETWORK_SELECTION_MODE
D/RIL ( 139): 2 RIL requests in the queue (1 pending, 1 handled, 0 unhandled)
D/RIL ( 139): 2 RIL requests data in the queue
D/RIL ( 139): 1 RIL request in the queue (0 pending, 1 handled, 0 unhandled)
D/RIL ( 139): 1 RIL request data in the queue
D/RILJ ( 570): [0052]< DATA_REGISTRATION_STATE {0, c3f0, eb82a1, 3, 3}
D/RIL ( 139): 2 RIL requests in the queue (1 pending, 1 handled, 0 unhandled)
D/RIL ( 139): 1 RIL request data in the queue
D/RIL ( 139): 1 RIL request in the queue (0 pending, 1 handled, 0 unhandled)
D/RILJ ( 570): [0053]< VOICE_REGISTRATION_STATE {10, c3f0, eb82a1, 3, null, null, null, null, null, null, null, null, null, null, null}
D/RIL ( 139): 2 RIL requests in the queue (1 pending, 1 handled, 0 unhandled)
D/RIL-IPC ( 139):
D/RIL-IPC ( 139): aries_fmt_send: Sent FMT message
D/RIL-IPC ( 139): aries_fmt_send: Message: mseq=0x28, command=IPC_NET_PLMN_SEL, type=IPC_TYPE_GET, size=0
D/RIL ( 139): 3 RIL requests in the queue (1 pending, 2 handled, 0 unhandled)
D/RIL ( 139): 4 RIL requests in the queue (1 pending, 2 handled, 1 unhandled)
D/RIL-IPC ( 139):
D/RIL-IPC ( 139): aries_fmt_send: Sent FMT message
D/RIL-IPC ( 139): aries_fmt_send: Message: mseq=0x29, command=IPC_NET_REGIST, type=IPC_TYPE_GET, size=2
D/RIL-IPC ( 139): ================================= IPC FMT data =================================
D/RIL-IPC ( 139): [0000] FF 03 ..
D/RIL-IPC ( 139): ================================================================================
D/RIL ( 139): 5 RIL requests in the queue (1 pending, 3 handled, 1 unhandled)
D/RIL-IPC ( 139):
D/RIL-IPC ( 139): aries_fmt_send: Sent FMT message
D/RIL-IPC ( 139): aries_fmt_send: Message: mseq=0x2a, command=IPC_NET_REGIST, type=IPC_TYPE_GET, size=2
D/RIL-IPC ( 139): ================================= IPC FMT data =================================
D/RIL-IPC ( 139): [0000] FF 02 ..
D/RIL-IPC ( 139): ================================================================================
D/RIL ( 139): 6 RIL requests in the queue (1 pending, 4 handled, 1 unhandled)
D/RIL-IPC ( 139):
D/RIL-IPC ( 139): aries_fmt_send: Sent FMT message
D/RIL-IPC ( 139): aries_fmt_send: Message: mseq=0x2b, command=IPC_NET_PLMN_SEL, type=IPC_TYPE_GET, size=0
D/RIL-IPC ( 139):
D/RIL-IPC ( 139): aries_fmt_recv: Received FMT message
D/RIL-IPC ( 139): aries_fmt_recv: Message: aseq=0x27, command=IPC_NET_SERVING_NETWORK, type=IPC_TYPE_RESP, size=11
D/RIL-IPC ( 139): ================================= IPC FMT data =================================
D/RIL-IPC ( 139): [0000] 03 04 04 32 32 32 39 39 23 F0 C3 ...22299 #..
D/RIL-IPC ( 139): ================================================================================
D/RIL ( 139): 5 RIL requests in the queue (0 pending, 4 handled, 1 unhandled)
D/RIL-IPC ( 139):
D/RIL-IPC ( 139): aries_fmt_recv: Received FMT message
D/RIL-IPC ( 139): aries_fmt_recv: Message: aseq=0x28, command=IPC_NET_PLMN_SEL, type=IPC_TYPE_RESP, size=1
D/RIL-IPC ( 139): ================================= IPC FMT data =================================
D/RIL-IPC ( 139): [0000] 03 .
D/RIL-IPC ( 139): ================================================================================
D/RIL ( 139): 4 RIL requests in the queue (0 pending, 3 handled, 1 unhandled)
D/RIL-IPC ( 139):
D/RIL-IPC ( 139): aries_fmt_recv: Received FMT message
D/RIL-IPC ( 139): aries_fmt_recv: Message: aseq=0x29, command=IPC_NET_REGIST, type=IPC_TYPE_RESP, size=11
D/RIL-IPC ( 139): ================================= IPC FMT data =================================
D/RIL-IPC ( 139): [0000] 04 03 01 01 F0 C3 A1 82 EB 00 FF ........ ...
D/RIL-IPC ( 139): ================================================================================
D/RIL ( 139): 3 RIL requests in the queue (0 pending, 2 handled, 1 unhandled)
D/RIL-IPC ( 139):
D/RIL-IPC ( 139): aries_fmt_recv: Received FMT message
D/RIL-IPC ( 139): aries_fmt_recv: Message: aseq=0x2a, command=IPC_NET_REGIST, type=IPC_TYPE_RESP, size=11
D/RIL-IPC ( 139): ================================= IPC FMT data =================================
D/RIL-IPC ( 139): [0000] 04 02 04 01 F0 C3 A1 82 EB 00 FF ........ ...
D/RIL-IPC ( 139): ================================================================================
D/RIL ( 139): 2 RIL requests in the queue (0 pending, 1 handled, 1 unhandled)
D/RIL-IPC ( 139):
D/RIL-IPC ( 139): aries_fmt_send: Sent FMT message
D/RIL-IPC ( 139): aries_fmt_send: Message: mseq=0x2c, command=IPC_NET_SERVING_NETWORK, type=IPC_TYPE_GET, size=0
D/RILJ ( 570): [0051]< OPERATOR {3 Italia, 3 Italia, 22299}
D/RILJ ( 570): [0054]< QUERY_NETWORK_SELECTION_MODE {1}
D/RIL-IPC ( 139):
D/RIL-IPC ( 139): aries_fmt_recv: Received FMT message
D/RIL-IPC ( 139): aries_fmt_recv: Message: aseq=0x2b, command=IPC_NET_PLMN_SEL, type=IPC_TYPE_RESP, size=1
D/RIL-IPC ( 139): ================================= IPC FMT data =================================
D/RIL-IPC ( 139): [0000] 03 .
D/RIL-IPC ( 139): ================================================================================
D/RIL ( 139): 1 RIL request in the queue (0 pending, 1 handled, 0 unhandled)
D/RIL-IPC ( 139):
D/RIL-IPC ( 139): aries_fmt_recv: Received FMT message
D/RIL-IPC ( 139): aries_fmt_recv: Message: aseq=0x2c, command=IPC_NET_SERVING_NETWORK, type=IPC_TYPE_RESP, size=11
D/RIL-IPC ( 139): ================================= IPC FMT data =================================
D/RIL-IPC ( 139): [0000] 03 04 04 32 32 32 39 39 23 F0 C3 ...22299 #..
D/RIL-IPC ( 139): ================================================================================
D/RIL ( 139): 0 RIL request in the queue (0 pending, 0 handled, 0 unhandled)
D/RILJ ( 570): [0056]< DATA_REGISTRATION_STATE {0, c3f0, eb82a1, 3, 3}
D/RILJ ( 570): [0057]< VOICE_REGISTRATION_STATE {10, c3f0, eb82a1, 3, null, null, null, null, null, null, null, null, null, null, null}
D/RILJ ( 570): [0058]< QUERY_NETWORK_SELECTION_MODE {1}
D/RILJ ( 570): [0055]< OPERATOR {3 Italia, 3 Italia, 22299}
D/GSM ( 570): [GsmSST] Poll ServiceState done: oldSS=[1 home 3 Italia 3 Italia 22299 (manual) UMTS CSS not supported -1 -1 RoamInd=-1 DefRoamInd=-1 EmergOnly=true] newSS=[1 home 3 Italia 3 Italia 22299 (manual) UMTS CSS not supported -1 -1 RoamInd=-1 DefRoamInd=-1 EmergOnly=true] oldGprs=1 newData=1 oldMaxDataCalls=1 mNewMaxDataCalls=1 oldReasonDataDenied=-1 mNewReasonDataDenied=-1 oldType=UMTS newType=UMTS
D/RIL-IPC ( 139):
D/RIL-IPC ( 139): aries_fmt_recv: Received FMT message
D/RIL-IPC ( 139): aries_fmt_recv: Message: aseq=0x2b, command=IPC_DISP_ICON_INFO, type=IPC_TYPE_NOTI, size=4
D/RIL-IPC ( 139): ================================= IPC FMT data =================================
D/RIL-IPC ( 139): [0000] FF 02 00 04 ....
D/RIL-IPC ( 139): ================================================================================
D/RIL ( 139): Signal strength is 5
D/RIL-IPC ( 139):
D/RIL-IPC ( 139): aries_fmt_recv: Received FMT message
D/RIL-IPC ( 139): aries_fmt_recv: Message: aseq=0x2b, command=IPC_DISP_RSSI_INFO, type=IPC_TYPE_NOTI, size=1
D/RIL-IPC ( 139): ================================= IPC FMT data =================================
D/RIL-IPC ( 139): [0000] 67 g
D/RIL-IPC ( 139): ================================================================================
D/RIL ( 139): Signal strength is 5
D/RIL-IPC ( 139):
D/RIL-IPC ( 139): aries_fmt_recv: Received FMT message
D/RIL-IPC ( 139): aries_fmt_recv: Message: aseq=0x2b, command=IPC_DISP_RSSI_INFO, type=IPC_TYPE_NOTI, size=1
D/RIL-IPC ( 139): ================================= IPC FMT data =================================
D/RIL-IPC ( 139): [0000] 64 d
D/RIL-IPC ( 139): ================================================================================
D/RIL ( 139): Signal strength is 6
D/RILJ ( 570): [0059]> ENTER_SIM_PIN
D/RIL ( 139): 1 RIL request in the queue (1 pending, 0 handled, 0 unhandled)
D/RIL-IPC ( 139):
D/RIL-IPC ( 139): aries_fmt_send: Sent FMT message
D/RIL-IPC ( 139): aries_fmt_send: Message: mseq=0x2d, command=IPC_SEC_PIN_STATUS, type=IPC_TYPE_SET, size=19
D/RIL-IPC ( 139): ================================= IPC FMT data =================================
D/RIL-IPC ( 139): [0000] 03 04 00 30 31 38 34 00 00 00 00 00 00 00 00 00 ...0184. ........
D/RIL-IPC ( 139): [0010] 00 00 00 ...
D/RIL-IPC ( 139): ================================================================================
D/RIL-IPC ( 139):
D/RIL-IPC ( 139): aries_fmt_recv: Received FMT message
D/RIL-IPC ( 139): aries_fmt_recv: Message: aseq=0x2d, command=IPC_GEN_PHONE_RES, type=IPC_TYPE_RESP, size=5
D/RIL-IPC ( 139): ================================= IPC FMT data =================================
D/RIL-IPC ( 139): [0000] 05 01 03 00 80 .....
D/RIL-IPC ( 139): ================================================================================
D/RIL ( 139): Generic response was expected
D/RIL-IPC ( 139):
D/RIL-IPC ( 139): aries_fmt_send: Sent FMT message
D/RIL-IPC ( 139): aries_fmt_send: Message: mseq=0x2d, command=IPC_SEC_LOCK_INFOMATION, type=IPC_TYPE_GET, size=2
D/RIL-IPC ( 139): ================================= IPC FMT data =================================
D/RIL-IPC ( 139): [0000] 01 03 ..
D/RIL-IPC ( 139): ================================================================================
D/RIL-IPC ( 139):
D/RIL-IPC ( 139): aries_fmt_recv: Received FMT message
D/RIL-IPC ( 139): aries_fmt_recv: Message: aseq=0x2d, command=IPC_SEC_LOCK_INFOMATION, type=IPC_TYPE_RESP, size=4
D/RIL-IPC ( 139): ================================= IPC FMT data =================================
D/RIL-IPC ( 139): [0000] 01 03 00 03 ....
D/RIL-IPC ( 139): ================================================================================
D/RIL ( 139): 0 RIL request in the queue (0 pending, 0 handled, 0 unhandled)
D/RILJ ( 570): [0059]< ENTER_SIM_PIN {3}
D/RIL-IPC ( 139):
D/RIL-IPC ( 139): aries_fmt_recv: Received FMT message
D/RIL-IPC ( 139): aries_fmt_recv: Message: aseq=0x2d, command=IPC_SEC_PIN_STATUS, type=IPC_TYPE_NOTI, size=2
D/RIL-IPC ( 139): ================================= IPC FMT data =================================
D/RIL-IPC ( 139): [0000] 00 00 ..
D/RIL-IPC ( 139): ================================================================================
D/RIL ( 139): ipc2ril_sec_pin_status_response: Selecting status application 2 on 10
D/RIL ( 139): Updating RIL radio state to 4
D/RIL-IPC ( 139):
D/RIL-IPC ( 139): aries_fmt_recv: Received FMT message
D/RIL-IPC ( 139): aries_fmt_recv: Message: aseq=0x2c, command=IPC_SEC_PIN_STATUS, type=IPC_TYPE_NOTI, size=2
D/RIL-IPC ( 139): ================================= IPC FMT data =================================
D/RIL-IPC ( 139): [0000] 82 00 ..
D/RIL-IPC ( 139): ================================================================================
D/RIL ( 139): ipc2ril_sec_pin_status_response: Selecting status application 2 on 10
D/RIL-IPC ( 139):
D/RIL-IPC ( 139): aries_fmt_recv: Received FMT message
D/RIL-IPC ( 139): aries_fmt_recv: Message: aseq=0x29, command=IPC_SMS_DEVICE_READY, type=IPC_TYPE_NOTI, size=1
D/RIL-IPC ( 139): ================================= IPC FMT data =================================
D/RIL-IPC ( 139): [0000] 02 .
D/RIL-IPC ( 139): ================================================================================
D/RIL-IPC ( 139): Unhandled IPC FMT message: IPC_SMS_DEVICE_READY
D/RILJ ( 570): [UNSL]< UNSOL_RESPONSE_SIM_STATUS_CHANGED
D/RILJ ( 570): [UNSL]< UNSOL_RESPONSE_RADIO_STATE_CHANGED RADIO_ON
D/RILJ ( 570): [UNSL]< UNSOL_RESPONSE_SIM_STATUS_CHANGED
D/RILJ ( 570): [UNSL]< UNSOL_RESPONSE_SIM_STATUS_CHANGED
D/RIL_UiccController( 570): Received EVENT_ICC_STATUS_CHANGED, calling getIccCardStatus
D/RILJ ( 570): [0060]> GET_SIM_STATUS
D/RIL_UiccController( 570): Received EVENT_ICC_STATUS_CHANGED, calling getIccCardStatus
D/RILJ ( 570): [0061]> GET_SIM_STATUS
D/RIL ( 139): 1 RIL request in the queue (1 pending, 0 handled, 0 unhandled)
D/RIL ( 139): 1 RIL request data in the queue
D/RIL ( 139): 0 RIL request in the queue (0 pending, 0 handled, 0 unhandled)
D/RIL_UiccController( 570): Received EVENT_ICC_STATUS_CHANGED, calling getIccCardStatus
D/RILJ ( 570): [0062]> GET_SIM_STATUS
D/RILJ ( 570): [0060]< GET_SIM_STATUS IccCardState {CARDSTATE_PRESENT,PINSTATE_UNKNOWN,num_apps=1,gsm_id=0{APPTYPE_SIM,APPSTATE_READY},cdma_id=-1,ims_id=-1}
D/RIL_UiccController( 570): Received EVENT_GET_ICC_STATUS_DONE
D/RIL_UiccCard( 570): 1 applications
D/RIL ( 139): 1 RIL request in the queue (1 pending, 0 handled, 0 unhandled)
D/RIL-IPC ( 139):
D/RIL-IPC ( 139): aries_fmt_send: Sent FMT message
D/RIL-IPC ( 139): aries_fmt_send: Message: mseq=0x2e, command=IPC_SEC_PIN_STATUS, type=IPC_TYPE_GET, size=0
D/RIL ( 139): 2 RIL requests in the queue (1 pending, 1 handled, 0 unhandled)
D/RIL-IPC ( 139):
D/RIL-IPC ( 139): aries_fmt_recv: Received FMT message
D/RIL-IPC ( 139): aries_fmt_recv: Message: aseq=0x2e, command=IPC_SEC_PIN_STATUS, type=IPC_TYPE_RESP, size=2
D/RIL-IPC ( 139): ================================= IPC FMT data =================================
D/RIL-IPC ( 139): [0000] 00 00 ..
D/RIL-IPC ( 139): ================================================================================
D/RIL ( 139): ipc2ril_sec_pin_status_response: Selecting status application 2 on 10
D/RIL ( 139): 1 RIL request in the queue (0 pending, 0 handled, 1 unhandled)
D/RIL-IPC ( 139):
D/RIL-IPC ( 139): aries_fmt_send: Sent FMT message
D/RIL-IPC ( 139): aries_fmt_send: Message: mseq=0x2f, command=IPC_SEC_PIN_STATUS, type=IPC_TYPE_GET, size=0
D/RIL-IPC ( 139):
D/RIL-IPC ( 139): aries_fmt_recv: Received FMT message
D/RIL-IPC ( 139): aries_fmt_recv: Message: aseq=0x2f, command=IPC_SEC_PIN_STATUS, type=IPC_TYPE_RESP, size=2
D/RIL-IPC ( 139): ================================= IPC FMT data =================================
D/RIL-IPC ( 139): [0000] 00 00 ..
D/RIL-IPC ( 139): ================================================================================
D/RIL ( 139): ipc2ril_sec_pin_status_response: Selecting status application 2 on 10
D/RIL ( 139): 0 RIL request in the queue (0 pending, 0 handled, 0 unhandled)
D/RIL_UiccCardApplication( 570): APPTYPE_SIM update. New {APPTYPE_SIM,APPSTATE_READY}
D/RIL_UiccCardApplication( 570): APPTYPE_SIM changed state: APPSTATE_PIN -> APPSTATE_READY
D/RILJ ( 570): [0063]> QUERY_FACILITY_LOCK
D/RILJ ( 570): [0061]< GET_SIM_STATUS IccCardState {CARDSTATE_PRESENT,PINSTATE_UNKNOWN,num_apps=1,gsm_id=0{APPTYPE_SIM,APPSTATE_READY},cdma_id=-1,ims_id=-1}
D/RILJ ( 570): [0064]> QUERY_FACILITY_LOCK
D/RIL ( 139): 1 RIL request in the queue (1 pending, 0 handled, 0 unhandled)
D/RIL-IPC ( 139):
D/RIL-IPC ( 139): aries_fmt_send: Sent FMT message
D/RIL-IPC ( 139): aries_fmt_send: Message: mseq=0x30, command=IPC_SEC_PHONE_LOCK, type=IPC_TYPE_GET, size=1
D/RIL-IPC ( 139): ================================= IPC FMT data =================================
D/RIL-IPC ( 139): [0000] 04 .
D/RIL-IPC ( 139): ================================================================================
D/RIL_UiccCardApplication( 570): Notifying registrants: READY
D/RIL-IPC ( 139):
D/RIL-IPC ( 139): aries_fmt_recv: Received FMT message
D/RIL-IPC ( 139): aries_fmt_recv: Message: aseq=0x30, command=IPC_SEC_PHONE_LOCK, type=IPC_TYPE_RESP, size=2
D/RIL-IPC ( 139): ================================= IPC FMT data =================================
D/RIL-IPC ( 139): [0000] 04 00 ..
D/RIL-IPC ( 139): ================================================================================
D/RIL ( 139): 0 RIL request in the queue (0 pending, 0 handled, 0 unhandled)
D/RIL ( 139): 1 RIL request in the queue (1 pending, 0 handled, 0 unhandled)
D/RIL-IPC ( 139):
D/RIL-IPC ( 139): aries_fmt_send: Sent FMT message
D/RIL-IPC ( 139): aries_fmt_send: Message: mseq=0x31, command=IPC_SEC_PHONE_LOCK, type=IPC_TYPE_GET, size=1
D/RIL-IPC ( 139): ================================= IPC FMT data =================================
D/RIL-IPC ( 139): [0000] 03 .
D/RIL-IPC ( 139): ================================================================================
D/RIL-IPC ( 139):
D/RIL-IPC ( 139): aries_fmt_recv: Received FMT message
D/RIL-IPC ( 139): aries_fmt_recv: Message: aseq=0x31, command=IPC_SEC_PHONE_LOCK, type=IPC_TYPE_RESP, size=2
D/RIL-IPC ( 139): ================================= IPC FMT data =================================
D/RIL-IPC ( 139): [0000] 03 01 ..
D/RIL-IPC ( 139): ================================================================================
D/RIL ( 139): 0 RIL request in the queue (0 pending, 0 handled, 0 unhandled)
D/RILJ ( 570): [0062]< GET_SIM_STATUS IccCardState {CARDSTATE_PRESENT,PINSTATE_UNKNOWN,num_apps=1,gsm_id=0{APPTYPE_SIM,APPSTATE_READY},cdma_id=-1,ims_id=-1}
D/RILJ ( 570): [0063]< QUERY_FACILITY_LOCK {0}
D/RILJ ( 570): [0064]< QUERY_FACILITY_LOCK {1}
D/RIL_UiccCard( 570): update: radioState=RADIO_ON mLastRadioState=RADIO_ON
D/RIL_UiccController( 570): Notifying IccChangedRegistrants
D/RIL_UiccController( 570): Received EVENT_GET_ICC_STATUS_DONE
D/RIL_UiccCard( 570): 1 applications
D/RIL_UiccCardApplication( 570): APPTYPE_SIM update. New {APPTYPE_SIM,APPSTATE_READY}
D/RIL_UiccCard( 570): update: radioState=RADIO_ON mLastRadioState=RADIO_ON
D/RIL_UiccController( 570): Notifying IccChangedRegistrants
D/GSM ( 570): [SIMRecords] fetchSimRecords 0
D/RILJ ( 570): [0065]> getIMSI: GET_IMSI aid: null
D/RILJ ( 570): [0066]> iccIO: SIM_IO 0xc0 0x2fe2 path: 3F00,0,0,15 aid: null
D/RIL ( 139): 1 RIL request in the queue (1 pending, 0 handled, 0 unhandled)
D/RIL-IPC ( 139):
D/RIL-IPC ( 139): aries_fmt_send: Sent FMT message
D/RIL-IPC ( 139): aries_fmt_send: Message: mseq=0x32, command=IPC_MISC_ME_IMSI, type=IPC_TYPE_GET, size=0
D/RIL-IPC ( 139):
D/RIL-IPC ( 139): aries_fmt_recv: Received FMT message
D/RIL-IPC ( 139): aries_fmt_recv: Message: aseq=0x32, command=IPC_MISC_ME_IMSI, type=IPC_TYPE_RESP, size=16
D/RIL-IPC ( 139): ================================= IPC FMT data =================================
D/RIL-IPC ( 139): [0000] 0F 32 32 32 38 38 31 36 37 34 32 35 35 38 39 31 .2228816 74255891
D/RIL-IPC ( 139): ================================================================================
D/RIL ( 139): 0 RIL request in the queue (0 pending, 0 handled, 0 unhandled)
D/RILJ ( 570): [0065]< GET_IMSI
D/RILJ ( 570): [0067]> iccIO: SIM_IO 0xc0 0x6f40 path: 3F007F10,0,0,15 aid: null
D/RILJ ( 570): [0068]> iccIO: SIM_IO 0xc0 0x6fc9 path: 3F007F20,0,0,15 aid: null
D/RILJ ( 570): [0069]> iccIO: SIM_IO 0xc0 0x6fad path: 3F007F20,0,0,15 aid: null
D/RILJ ( 570): [0070]> iccIO: SIM_IO 0xc0 0x6fca path: 3F007F20,0,0,15 aid: null
D/RILJ ( 570): [0071]> iccIO: SIM_IO 0xc0 0x6f11 path: 3F007F20,0,0,15 aid: null
D/RIL ( 139): 1 RIL request in the queue (1 pending, 0 handled, 0 unhandled)
D/RIL-IPC ( 139):
D/RIL-IPC ( 139): aries_fmt_send: Sent FMT message
D/RIL-IPC ( 139): aries_fmt_send: Message: mseq=0x33, command=IPC_SEC_RSIM_ACCESS, type=IPC_TYPE_GET, size=6
D/RIL-IPC ( 139): ================================= IPC FMT data =================================
D/RIL-IPC ( 139): [0000] C0 E2 2F 00 00 0F ../...
D/RIL-IPC ( 139): ================================================================================
D/RIL ( 139): 2 RIL requests in the queue (1 pending, 1 handled, 0 unhandled)
D/RIL ( 139): 3 RIL requests in the queue (1 pending, 1 handled, 1 unhandled)
D/RIL ( 139): 4 RIL requests in the queue (1 pending, 1 handled, 2 unhandled)
D/RIL ( 139): 5 RIL requests in the queue (1 pending, 1 handled, 3 unhandled)
D/RIL ( 139): 6 RIL requests in the queue (1 pending, 1 handled, 4 unhandled)
D/RILJ ( 570): [0072]> iccIO: SIM_IO 0xc0 0x6fcb path: 3F007F20,0,0,15 aid: null
D/RILJ ( 570): [0073]> iccIO: SIM_IO 0xc0 0x6f13 path: 3F007F20,0,0,15 aid: null
D/RIL ( 139): 7 RIL requests in the queue (1 pending, 1 handled, 5 unhandled)
D/RILJ ( 570): [0074]> iccIO: SIM_IO 0xc0 0x6f46 path: 3F007F20,0,0,15 aid: null
D/RIL ( 139): 8 RIL requests in the queue (1 pending, 1 handled, 6 unhandled)
D/RIL ( 139): 9 RIL requests in the queue (1 pending, 1 handled, 7 unhandled)
D/RILJ ( 570): [0075]> iccIO: SIM_IO 0xc0 0x6fcd path: 3F007F20,0,0,15 aid: null
D/RIL ( 139): 10 RIL requests in the queue (1 pending, 1 handled, 8 unhandled)
D/RILJ ( 570): [0076]> iccIO: SIM_IO 0xc0 0x6fc5 path: 3F007F20,0,0,15 aid: null
D/RIL ( 139): 11 RIL requests in the queue (1 pending, 1 handled, 9 unhandled)
D/RILJ ( 570): [0077]> iccIO: SIM_IO 0xc0 0x6f38 path: 3F007F20,0,0,15 aid: null
D/RIL ( 139): 12 RIL requests in the queue (1 pending, 1 handled, 10 unhandled)
D/RILJ ( 570): [0078]> iccIO: SIM_IO 0xc0 0x6f16 path: 3F007F20,0,0,15 aid: null
D/RIL ( 139): 13 RIL requests in the queue (1 pending, 1 handled, 11 unhandled)
D/RILJ ( 570): [0079]> iccIO: SIM_IO 0xc0 0x6f15 path: 3F007F20,0,0,15 aid: null
D/RIL ( 139): 14 RIL requests in the queue (1 pending, 1 handled, 12 unhandled)
D/GSM ( 570): [SIMRecords] fetchSimRecords 15 requested: true
D/RILJ ( 570): [0080]> RIL_REQUEST_REPORT_STK_SERVICE_IS_RUNNING
D/RIL ( 139): 15 RIL requests in the queue (1 pending, 1 handled, 13 unhandled)
D/RIL ( 139): Unhandled RIL request: 103
D/RIL ( 139): 14 RIL requests in the queue (0 pending, 1 handled, 13 unhandled)
D/RILJ ( 570): [0080]< RIL_REQUEST_REPORT_STK_SERVICE_IS_RUNNING error: com.android.internal.telephony.CommandException: REQUEST_NOT_SUPPORTED
D/RIL_UiccController( 570): Received EVENT_GET_ICC_STATUS_DONE
D/RIL_UiccCard( 570): 1 applications
D/RIL_UiccCardApplication( 570): APPTYPE_SIM update. New {APPTYPE_SIM,APPSTATE_READY}
D/RIL_UiccCard( 570): update: radioState=RADIO_ON mLastRadioState=RADIO_ON
D/RIL_UiccController( 570): Notifying IccChangedRegistrants
D/RIL_UiccCardApplication( 570): Query facility lock : false
D/RIL_UiccCardApplication( 570): Query facility lock : 1
D/RILJ ( 570): setCurrentPreferredNetworkType: 0
D/RILJ ( 570): [0081]> REQUEST_SET_PREFERRED_NETWORK_TYPE : 0
D/RIL ( 139): 15 RIL requests in the queue (1 pending, 1 handled, 13 unhandled)
D/RIL-IPC ( 139):
D/RIL-IPC ( 139): aries_fmt_send: Sent FMT message
D/RIL-IPC ( 139): aries_fmt_send: Message: mseq=0x34, command=IPC_NET_MODE_SEL, type=IPC_TYPE_SET, size=1
D/RIL-IPC ( 139): ================================= IPC FMT data =================================
D/RIL-IPC ( 139): [0000] 01 .
D/RIL-IPC ( 139): ================================================================================
D/RILJ ( 570): [0082]> OPERATOR
D/RIL ( 139): 16 RIL requests in the queue (1 pending, 2 handled, 13 unhandled)
D/RIL-IPC ( 139):
D/RIL-IPC ( 139): aries_fmt_send: Sent FMT message
D/RIL-IPC ( 139): aries_fmt_send: Message: mseq=0x35, command=IPC_NET_SERVING_NETWORK, type=IPC_TYPE_GET, size=0
D/RILJ ( 570): [0083]> DATA_REGISTRATION_STATE
D/RIL-IPC ( 139):
D/RIL-IPC ( 139): aries_fmt_recv: Received FMT message
D/RIL-IPC ( 139): aries_fmt_recv: Message: aseq=0x35, command=IPC_NET_SERVING_NETWORK, type=IPC_TYPE_RESP, size=11
D/RIL-IPC ( 139): ================================= IPC FMT data =================================
D/RIL-IPC ( 139): [0000] 03 04 04 32 32 32 39 39 23 F0 C3 ...22299 #..
D/RIL-IPC ( 139): ================================================================================
D/RIL ( 139): 15 RIL requests in the queue (0 pending, 2 handled, 13 unhandled)
D/RILJ ( 570): [0082]< OPERATOR {3 Italia, 3 Italia, 22299}
D/RIL ( 139): 16 RIL requests in the queue (1 pending, 2 handled, 13 unhandled)
D/RIL-IPC ( 139):
D/RIL-IPC ( 139): aries_fmt_send: Sent FMT message
D/RIL-IPC ( 139): aries_fmt_send: Message: mseq=0x36, command=IPC_NET_REGIST, type=IPC_TYPE_GET, size=2
D/RIL-IPC ( 139): ================================= IPC FMT data =================================
D/RIL-IPC ( 139): [0000] FF 03 ..
D/RIL-IPC ( 139): ================================================================================
D/RIL-IPC ( 139):
D/RIL-IPC ( 139): aries_fmt_recv: Received FMT message
D/RIL-IPC ( 139): aries_fmt_recv: Message: aseq=0x36, command=IPC_NET_REGIST, type=IPC_TYPE_RESP, size=11
D/RIL-IPC ( 139): ================================= IPC FMT data =================================
D/RIL-IPC ( 139): [0000] 04 03 01 01 F0 C3 A1 82 EB 00 FF ........ ...
D/RIL-IPC ( 139): ================================================================================
D/RIL ( 139): 15 RIL requests in the queue (0 pending, 2 handled, 13 unhandled)
D/RILJ ( 570): [0083]< DATA_REGISTRATION_STATE {0, c3f0, eb82a1, 3, 3}
D/RILJ ( 570): [0084]> VOICE_REGISTRATION_STATE
D/RIL ( 139): 16 RIL requests in the queue (1 pending, 2 handled, 13 unhandled)
D/RIL-IPC ( 139):
D/RIL-IPC ( 139): aries_fmt_send: Sent FMT message
D/RIL-IPC ( 139): aries_fmt_send: Message: mseq=0x37, command=IPC_NET_REGIST, type=IPC_TYPE_GET, size=2
D/RIL-IPC ( 139): ================================= IPC FMT data =================================
D/RIL-IPC ( 139): [0000] FF 02 ..
D/RIL-IPC ( 139): ================================================================================
D/RIL-IPC ( 139):
D/RIL-IPC ( 139): aries_fmt_recv: Received FMT message
D/RIL-IPC ( 139): aries_fmt_recv: Message: aseq=0x37, command=IPC_NET_REGIST, type=IPC_TYPE_RESP, size=11
D/RIL-IPC ( 139): ================================= IPC FMT data =================================
D/RIL-IPC ( 139): [0000] 04 02 04 01 F0 C3 A1 82 EB 00 FF ........ ...
D/RIL-IPC ( 139): ================================================================================
D/RIL ( 139): 15 RIL requests in the queue (0 pending, 2 handled, 13 unhandled)
D/RILJ ( 570): [0084]< VOICE_REGISTRATION_STATE {10, c3f0, eb82a1, 3, null, null, null, null, null, null, null, null, null, null, null}
D/RILJ ( 570): [0085]> QUERY_NETWORK_SELECTION_MODE
D/RIL ( 139): 16 RIL requests in the queue (1 pending, 2 handled, 13 unhandled)
D/RIL-IPC ( 139):
D/RIL-IPC ( 139): aries_fmt_send: Sent FMT message
D/RIL-IPC ( 139): aries_fmt_send: Message: mseq=0x38, command=IPC_NET_PLMN_SEL, type=IPC_TYPE_GET, size=0
D/RIL-IPC ( 139):
D/RIL-IPC ( 139): aries_fmt_recv: Received FMT message
D/RIL-IPC ( 139): aries_fmt_recv: Message: aseq=0x38, command=IPC_NET_PLMN_SEL, type=IPC_TYPE_RESP, size=1
D/RIL-IPC ( 139): ================================= IPC FMT data =================================
D/RIL-IPC ( 139): [0000] 03 .
D/RIL-IPC ( 139): ================================================================================
D/RIL ( 139): 15 RIL requests in the queue (0 pending, 2 handled, 13 unhandled)
D/RILJ ( 570): [0085]< QUERY_NETWORK_SELECTION_MODE {1}
D/RIL_IccCardProxy( 570): Broadcasting intent ACTION_SIM_STATE_CHANGED READY reason null
D/GSM ( 570): [GsmDCT] handleMessage msg={ what=270369 when=-98ms obj=android.os.AsyncResult@41060318 }
D/GSM ( 570): [GsmDCT] handleMessage msg={ what=270369 when=-99ms obj=android.os.AsyncResult@410608f0 }
D/GSM ( 570): [SIMRecords] IMSI: xxxxxxx
D/GSM ( 570): [SIMRecords] onRecordLoaded 14 requested: true
D/GSM ( 570): [GsmDCT] handleMessage msg={ what=270369 when=-51ms obj=android.os.AsyncResult@410664e0 }
D/GSM ( 570): [GsmSST] Poll ServiceState done: oldSS=[1 home 3 Italia 3 Italia 22299 (manual) UMTS CSS not supported -1 -1 RoamInd=-1 DefRoamInd=-1 EmergOnly=true] newSS=[1 home 3 Italia 3 Italia 22299 (manual) UMTS CSS not supported -1 -1 RoamInd=-1 DefRoamInd=-1 EmergOnly=true] oldGprs=1 newData=1 oldMaxDataCalls=1 mNewMaxDataCalls=1 oldReasonDataDenied=-1 mNewReasonDataDenied=-1 oldType=UMTS newType=UMTS
D/RIL_IccCardProxy( 570): Broadcasting intent ACTION_SIM_STATE_CHANGED IMSI reason null
D/RIL-IPC ( 139):
D/RIL-IPC ( 139): aries_fmt_recv: Received FMT message
D/RIL-IPC ( 139): aries_fmt_recv: Message: aseq=0x38, command=IPC_SMS_MEM_STATUS, type=IPC_TYPE_NOTI, size=2
D/RIL-IPC ( 139): ================================= IPC FMT data =================================
D/RIL-IPC ( 139): [0000] 05 01 ..
D/RIL-IPC ( 139): ================================================================================
D/RIL-IPC ( 139): Unhandled IPC FMT message: IPC_SMS_MEM_STATUS
D/RIL-IPC ( 139):
D/RIL-IPC ( 139): aries_fmt_recv: Received FMT message
D/RIL-IPC ( 139): aries_fmt_recv: Message: aseq=0x33, command=IPC_SEC_RSIM_ACCESS, type=IPC_TYPE_RESP, size=36
D/RIL-IPC ( 139): ================================= IPC FMT data =================================
D/RIL-IPC ( 139): [0000] 90 00 21 62 1F 82 02 41 21 83 02 2F E2 A5 06 80 ..!b...A !../....
D/RIL-IPC ( 139): [0010] 01 71 92 01 00 8A 01 05 8B 03 2F 06 05 80 02 00 .q...... ../.....
D/RIL-IPC ( 139): [0020] 0A 88 01 10 ....
D/RIL-IPC ( 139): ================================================================================
D/RIL ( 139): 14 RIL requests in the queue (0 pending, 1 handled, 13 unhandled)
D/RIL-IPC ( 139):
D/RIL-IPC ( 139): aries_fmt_send: Sent FMT message
D/RIL-IPC ( 139): aries_fmt_send: Message: mseq=0x39, command=IPC_SEC_RSIM_ACCESS, type=IPC_TYPE_GET, size=6
D/RIL-IPC ( 139): ================================= IPC FMT data =================================
D/RIL-IPC ( 139): [0000] C0 40 6F 00 00 0F .@o...
D/RIL-IPC ( 139): ================================================================================
D/RILJ ( 570): [0066]< SIM_IO IccIoResponse sw1:0x90 sw2:0x0
D/RILJ ( 570): [0086]> iccIO: SIM_IO 0xb0 0x2fe2 path: 3F00,0,0,10 aid: null
D/RIL-IPC ( 139):
D/RIL-IPC ( 139): aries_fmt_recv: Received FMT message
D/RIL-IPC ( 139): aries_fmt_recv: Message: aseq=0x39, command=IPC_SEC_RSIM_ACCESS, type=IPC_TYPE_RESP, size=44
D/RIL-IPC ( 139): ================================= IPC FMT data =================================
D/RIL-IPC ( 139): [0000] 90 00 29 62 27 82 05 42 21 00 22 03 83 02 6F 40 ..)b'..B !."...o@
D/RIL-IPC ( 139): [0010] A5 0C 80 01 71 92 01 00 91 04 7F 10 6F 40 8A 01 ....q... ....o@..
D/RIL-IPC ( 139): [0020] 05 8B 03 6F 06 05 80 02 00 66 88 00 ...o.... .f..
D/RIL-IPC ( 139): ================================================================================
D/RIL ( 139): 13 RIL requests in the queue (0 pending, 1 handled, 12 unhandled)
D/RIL-IPC ( 139):
D/RIL-IPC ( 139): aries_fmt_send: Sent FMT message
D/RIL-IPC ( 139): aries_fmt_send: Message: mseq=0x3a, command=IPC_SEC_RSIM_ACCESS, type=IPC_TYPE_GET, size=6
D/RIL-IPC ( 139): ================================= IPC FMT data =================================
D/RIL-IPC ( 139): [0000] C0 C9 6F 00 00 0F ..o...
D/RIL-IPC ( 139): ================================================================================
D/RILJ ( 570): [0067]< SIM_IO IccIoResponse sw1:0x90 sw2:0x0
D/RILJ ( 570): [0087]> iccIO: SIM_IO 0xb2 0x6f40 path: 3F007F10,1,4,34 aid: null
D/RIL ( 139): 14 RIL requests in the queue (1 pending, 2 handled, 11 unhandled)
D/RIL ( 139): 15 RIL requests in the queue (1 pending, 2 handled, 12 unhandled)
D/RIL-IPC ( 139):
D/RIL-IPC ( 139): aries_fmt_recv: Received FMT message
D/RIL-IPC ( 139): aries_fmt_recv: Message: aseq=0x3a, command=IPC_SEC_RSIM_ACCESS, type=IPC_TYPE_RESP, size=3
D/RIL-IPC ( 139): ================================= IPC FMT data =================================
D/RIL-IPC ( 139): [0000] 6A 82 00 j..
D/RIL-IPC ( 139): ================================================================================
D/RIL ( 139): 14 RIL requests in the queue (0 pending, 1 handled, 13 unhandled)
D/RIL-IPC ( 139):
D/RIL-IPC ( 139): aries_fmt_send: Sent FMT message
D/RIL-IPC ( 139): aries_fmt_send: Message: mseq=0x3b, command=IPC_SEC_RSIM_ACCESS, type=IPC_TYPE_GET, size=6
D/RIL-IPC ( 139): ================================= IPC FMT data =================================
D/RIL-IPC ( 139): [0000] C0 AD 6F 00 00 0F ..o...
D/RIL-IPC ( 139): ================================================================================
D/RILJ ( 570): [0068]< SIM_IO IccIoResponse sw1:0x6a sw2:0x82
D/RILJ ( 570): [0088]> iccIO: SIM_IO 0xc0 0x6f17 path: 3F007F20,0,0,15 aid: null
D/GSM ( 570): [SIMRecords] onRecordLoaded 14 requested: true
D/RIL ( 139): 15 RIL requests in the queue (1 pending, 2 handled, 12 unhandled)
D/RIL-IPC ( 139):
D/RIL-IPC ( 139): aries_fmt_recv: Received FMT message
D/RIL-IPC ( 139): aries_fmt_recv: Message: aseq=0x3b, command=IPC_SEC_RSIM_ACCESS, type=IPC_TYPE_RESP, size=42
D/RIL-IPC ( 139): ================================= IPC FMT data =================================
D/RIL-IPC ( 139): [0000] 90 00 27 62 25 82 02 41 21 83 02 6F AD A5 0C 80 ..'b%..A !..o....
D/RIL-IPC ( 139): [0010] 01 71 92 01 00 91 04 7F 20 6F AD 8A 01 05 8B 03 .q...... o......
D/RIL-IPC ( 139): [0020] 6F 06 0C 80 02 00 04 88 01 18 o....... ..
D/RIL-IPC ( 139): ================================================================================
D/RIL ( 139): 14 RIL requests in the queue (0 pending, 1 handled, 13 unhandled)
D/RIL-IPC ( 139):
D/RIL-IPC ( 139): aries_fmt_send: Sent FMT message
D/RIL-IPC ( 139): aries_fmt_send: Message: mseq=0x3c, command=IPC_SEC_RSIM_ACCESS, type=IPC_TYPE_GET, size=6
D/RIL-IPC ( 139): ================================= IPC FMT data =================================
D/RIL-IPC ( 139): [0000] C0 CA 6F 00 00 0F ..o...
D/RIL-IPC ( 139): ================================================================================
D/RILJ ( 570): [0069]< SIM_IO IccIoResponse sw1:0x90 sw2:0x0
D/RILJ ( 570): [0089]> iccIO: SIM_IO 0xb0 0x6fad path: 3F007F20,0,0,4 aid: null
D/RIL ( 139): 15 RIL requests in the queue (1 pending, 2 handled, 12 unhandled)
D/RIL-IPC ( 139):
D/RIL-IPC ( 139): aries_fmt_recv: Received FMT message
D/RIL-IPC ( 139): aries_fmt_recv: Message: aseq=0x3c, command=IPC_SEC_RSIM_ACCESS, type=IPC_TYPE_RESP, size=3
D/RIL-IPC ( 139): ================================= IPC FMT data =================================
D/RIL-IPC ( 139): [0000] 6A 82 00 j..
D/RIL-IPC ( 139): ================================================================================
D/RIL ( 139): 14 RIL requests in the queue (0 pending, 1 handled, 13 unhandled)
D/RIL-IPC ( 139):
D/RIL-IPC ( 139): aries_fmt_send: Sent FMT message
D/RIL-IPC ( 139): aries_fmt_send: Message: mseq=0x3d, command=IPC_SEC_RSIM_ACCESS, type=IPC_TYPE_GET, size=6
D/RIL-IPC ( 139): ================================= IPC FMT data =================================
D/RIL-IPC ( 139): [0000] C0 11 6F 00 00 0F ..o...
D/RIL-IPC ( 139): ================================================================================
D/RILJ ( 570): [0070]< SIM_IO IccIoResponse sw1:0x6a sw2:0x82
D/GSM ( 570): [SIMRecords] onRecordLoaded 13 requested: true
D/RIL-IPC ( 139):
D/RIL-IPC ( 139): aries_fmt_recv: Received FMT message
D/RIL-IPC ( 139): aries_fmt_recv: Message: aseq=0x3d, command=IPC_SEC_RSIM_ACCESS, type=IPC_TYPE_RESP, size=3
D/RIL-IPC ( 139): ================================= IPC FMT data =================================
D/RIL-IPC ( 139): [0000] 6A 82 00 j..
D/RIL-IPC ( 139): ================================================================================
D/RIL ( 139): 13 RIL requests in the queue (0 pending, 1 handled, 12 unhandled)
D/RIL-IPC ( 139):
D/RIL-IPC ( 139): aries_fmt_send: Sent FMT message
D/RIL-IPC ( 139): aries_fmt_send: Message: mseq=0x3e, command=IPC_SEC_RSIM_ACCESS, type=IPC_TYPE_GET, size=6
D/RIL-IPC ( 139): ================================= IPC FMT data =================================
D/RIL-IPC ( 139): [0000] C0 CB 6F 00 00 0F ..o...
D/RIL-IPC ( 139): ================================================================================
D/RILJ ( 570): [0071]< SIM_IO IccIoResponse sw1:0x6a sw2:0x82
D/GSM ( 570): [SIMRecords] onRecordLoaded 12 requested: true
D/RIL-IPC ( 139):
D/RIL-IPC ( 139): aries_fmt_recv: Received FMT message
D/RIL-IPC ( 139): aries_fmt_recv: Message: aseq=0x3e, command=IPC_SEC_RSIM_ACCESS, type=IPC_TYPE_RESP, size=3
D/RIL-IPC ( 139): ================================= IPC FMT data =================================
D/RIL-IPC ( 139): [0000] 6A 82 00 j..
D/RIL-IPC ( 139): ================================================================================
D/RIL ( 139): 12 RIL requests in the queue (0 pending, 1 handled, 11 unhandled)
D/RIL-IPC ( 139):
D/RIL-IPC ( 139): aries_fmt_send: Sent FMT message
D/RIL-IPC ( 139): aries_fmt_send: Message: mseq=0x3f, command=IPC_SEC_RSIM_ACCESS, type=IPC_TYPE_GET, size=6
D/RIL-IPC ( 139): ================================= IPC FMT data =================================
D/RIL-IPC ( 139): [0000] C0 13 6F 00 00 0F ..o...
D/RIL-IPC ( 139): ================================================================================
D/RILJ ( 570): [0072]< SIM_IO IccIoResponse sw1:0x6a sw2:0x82
D/GSM ( 570): [SIMRecords] onRecordLoaded 11 requested: true
D/RIL-IPC ( 139):
D/RIL-IPC ( 139): aries_fmt_recv: Received FMT message
D/RIL-IPC ( 139): aries_fmt_recv: Message: aseq=0x3f, command=IPC_SEC_RSIM_ACCESS, type=IPC_TYPE_RESP, size=3
