D/RIL-IPC ( 139): ================================= IPC FMT data =================================
D/RIL-IPC ( 139): [0000] 6A 82 00 j..
D/RIL-IPC ( 139): ================================================================================
D/RIL ( 139): 11 RIL requests in the queue (0 pending, 1 handled, 10 unhandled)
D/RIL-IPC ( 139):
D/RIL-IPC ( 139): aries_fmt_send: Sent FMT message
D/RIL-IPC ( 139): aries_fmt_send: Message: mseq=0x40, command=IPC_SEC_RSIM_ACCESS, type=IPC_TYPE_GET, size=6
D/RIL-IPC ( 139): ================================= IPC FMT data =================================
D/RIL-IPC ( 139): [0000] C0 46 6F 00 00 0F .Fo...
D/RIL-IPC ( 139): ================================================================================
D/RILJ ( 570): [0073]< SIM_IO IccIoResponse sw1:0x6a sw2:0x82
D/GSM ( 570): [SIMRecords] onRecordLoaded 10 requested: true
D/RIL-IPC ( 139):
D/RIL-IPC ( 139): aries_fmt_recv: Received FMT message
D/RIL-IPC ( 139): aries_fmt_recv: Message: aseq=0x40, command=IPC_SEC_RSIM_ACCESS, type=IPC_TYPE_RESP, size=41
D/RIL-IPC ( 139): ================================= IPC FMT data =================================
D/RIL-IPC ( 139): [0000] 90 00 26 62 24 82 02 41 21 83 02 6F 46 A5 0C 80 ..&b$..A !..oF...
D/RIL-IPC ( 139): [0010] 01 71 92 01 00 91 04 7F 20 6F 46 8A 01 05 8B 03 .q...... oF.....
D/RIL-IPC ( 139): [0020] 6F 06 0C 80 02 00 11 88 00 o....... .
D/RIL-IPC ( 139): ================================================================================
D/RIL ( 139): 10 RIL requests in the queue (0 pending, 1 handled, 9 unhandled)
D/RIL-IPC ( 139):
D/RIL-IPC ( 139): aries_fmt_send: Sent FMT message
D/RIL-IPC ( 139): aries_fmt_send: Message: mseq=0x41, command=IPC_SEC_RSIM_ACCESS, type=IPC_TYPE_GET, size=6
D/RIL-IPC ( 139): ================================= IPC FMT data =================================
D/RIL-IPC ( 139): [0000] C0 CD 6F 00 00 0F ..o...
D/RIL-IPC ( 139): ================================================================================
D/RILJ ( 570): [0074]< SIM_IO IccIoResponse sw1:0x90 sw2:0x0
D/RILJ ( 570): [0090]> iccIO: SIM_IO 0xb0 0x6f46 path: 3F007F20,0,0,17 aid: null
D/RIL ( 139): 11 RIL requests in the queue (1 pending, 2 handled, 8 unhandled)
D/RIL-IPC ( 139):
D/RIL-IPC ( 139): aries_fmt_recv: Received FMT message
D/RIL-IPC ( 139): aries_fmt_recv: Message: aseq=0x41, command=IPC_SEC_RSIM_ACCESS, type=IPC_TYPE_RESP, size=3
D/RIL-IPC ( 139): ================================= IPC FMT data =================================
D/RIL-IPC ( 139): [0000] 6A 82 00 j..
D/RIL-IPC ( 139): ================================================================================
D/RIL ( 139): 10 RIL requests in the queue (0 pending, 1 handled, 9 unhandled)
D/RIL-IPC ( 139):
D/RIL-IPC ( 139): aries_fmt_send: Sent FMT message
D/RIL-IPC ( 139): aries_fmt_send: Message: mseq=0x42, command=IPC_SEC_RSIM_ACCESS, type=IPC_TYPE_GET, size=6
D/RIL-IPC ( 139): ================================= IPC FMT data =================================
D/RIL-IPC ( 139): [0000] C0 C5 6F 00 00 0F ..o...
D/RIL-IPC ( 139): ================================================================================
D/RILJ ( 570): [0075]< SIM_IO IccIoResponse sw1:0x6a sw2:0x82
D/GSM ( 570): [SIMRecords] onRecordLoaded 9 requested: true
D/RIL-IPC ( 139):
D/RIL-IPC ( 139): aries_fmt_recv: Received FMT message
D/RIL-IPC ( 139): aries_fmt_recv: Message: aseq=0x42, command=IPC_SEC_RSIM_ACCESS, type=IPC_TYPE_RESP, size=3
D/RIL-IPC ( 139): ================================= IPC FMT data =================================
D/RIL-IPC ( 139): [0000] 6A 82 00 j..
D/RIL-IPC ( 139): ================================================================================
D/RIL ( 139): 9 RIL requests in the queue (0 pending, 1 handled, 8 unhandled)
D/RIL-IPC ( 139):
D/RIL-IPC ( 139): aries_fmt_send: Sent FMT message
D/RIL-IPC ( 139): aries_fmt_send: Message: mseq=0x43, command=IPC_SEC_RSIM_ACCESS, type=IPC_TYPE_GET, size=6
D/RIL-IPC ( 139): ================================= IPC FMT data =================================
D/RIL-IPC ( 139): [0000] C0 38 6F 00 00 0F .8o...
D/RIL-IPC ( 139): ================================================================================
D/RILJ ( 570): [0076]< SIM_IO IccIoResponse sw1:0x6a sw2:0x82
D/GSM ( 570): [SIMRecords] onRecordLoaded 8 requested: true
D/RIL-IPC ( 139):
D/RIL-IPC ( 139): aries_fmt_recv: Received FMT message
D/RIL-IPC ( 139): aries_fmt_recv: Message: aseq=0x43, command=IPC_SEC_RSIM_ACCESS, type=IPC_TYPE_RESP, size=36
D/RIL-IPC ( 139): ================================= IPC FMT data =================================
D/RIL-IPC ( 139): [0000] 90 00 21 62 1F 82 02 41 21 83 02 6F 38 A5 06 80 ..!b...A !..o8...
D/RIL-IPC ( 139): [0010] 01 71 92 01 00 8A 01 05 8B 03 6F 06 06 80 02 00 .q...... ..o.....
D/RIL-IPC ( 139): [0020] 0C 88 01 20 ...
D/RIL-IPC ( 139): ================================================================================
D/RIL ( 139): 8 RIL requests in the queue (0 pending, 1 handled, 7 unhandled)
D/RIL-IPC ( 139):
D/RIL-IPC ( 139): aries_fmt_send: Sent FMT message
D/RIL-IPC ( 139): aries_fmt_send: Message: mseq=0x44, command=IPC_SEC_RSIM_ACCESS, type=IPC_TYPE_GET, size=6
D/RIL-IPC ( 139): ================================= IPC FMT data =================================
D/RIL-IPC ( 139): [0000] C0 16 6F 00 00 0F ..o...
D/RIL-IPC ( 139): ================================================================================
D/RILJ ( 570): [0077]< SIM_IO IccIoResponse sw1:0x90 sw2:0x0
D/RILJ ( 570): [0091]> iccIO: SIM_IO 0xb0 0x6f38 path: 3F007F20,0,0,12 aid: null
D/RIL ( 139): 9 RIL requests in the queue (1 pending, 2 handled, 6 unhandled)
D/RIL-IPC ( 139):
D/RIL-IPC ( 139): aries_fmt_recv: Received FMT message
D/RIL-IPC ( 139): aries_fmt_recv: Message: aseq=0x44, command=IPC_SEC_RSIM_ACCESS, type=IPC_TYPE_RESP, size=3
D/RIL-IPC ( 139): ================================= IPC FMT data =================================
D/RIL-IPC ( 139): [0000] 6A 82 00 j..
D/RIL-IPC ( 139): ================================================================================
D/RIL ( 139): 8 RIL requests in the queue (0 pending, 1 handled, 7 unhandled)
D/RIL-IPC ( 139):
D/RIL-IPC ( 139): aries_fmt_send: Sent FMT message
D/RIL-IPC ( 139): aries_fmt_send: Message: mseq=0x45, command=IPC_SEC_RSIM_ACCESS, type=IPC_TYPE_GET, size=6
D/RIL-IPC ( 139): ================================= IPC FMT data =================================
D/RIL-IPC ( 139): [0000] C0 15 6F 00 00 0F ..o...
D/RIL-IPC ( 139): ================================================================================
D/RILJ ( 570): [0078]< SIM_IO IccIoResponse sw1:0x6a sw2:0x82
D/GSM ( 570): [SIMRecords] onRecordLoaded 7 requested: true
D/RIL-IPC ( 139):
D/RIL-IPC ( 139): aries_fmt_recv: Received FMT message
D/RIL-IPC ( 139): aries_fmt_recv: Message: aseq=0x45, command=IPC_SEC_RSIM_ACCESS, type=IPC_TYPE_RESP, size=3
D/RIL-IPC ( 139): ================================= IPC FMT data =================================
D/RIL-IPC ( 139): [0000] 6A 82 00 j..
D/RIL-IPC ( 139): ================================================================================
D/RIL ( 139): 7 RIL requests in the queue (0 pending, 1 handled, 6 unhandled)
D/RIL-IPC ( 139):
D/RIL-IPC ( 139): aries_fmt_send: Sent FMT message
D/RIL-IPC ( 139): aries_fmt_send: Message: mseq=0x46, command=IPC_SEC_RSIM_ACCESS, type=IPC_TYPE_GET, size=6
D/RIL-IPC ( 139): ================================= IPC FMT data =================================
D/RIL-IPC ( 139): [0000] B0 E2 2F 00 00 0A ../...
D/RIL-IPC ( 139): ================================================================================
D/RILJ ( 570): [0079]< SIM_IO IccIoResponse sw1:0x6a sw2:0x82
E/GSM ( 570): [SIMRecords] Exception in fetching EF_CSP data com.android.internal.telephony.IccException: sw1:106 sw2:130
D/GSM ( 570): [SIMRecords] onRecordLoaded 6 requested: true
D/RIL-IPC ( 139):
D/RIL-IPC ( 139): aries_fmt_recv: Received FMT message
D/RIL-IPC ( 139): aries_fmt_recv: Message: aseq=0x46, command=IPC_SEC_RSIM_ACCESS, type=IPC_TYPE_RESP, size=13
D/RIL-IPC ( 139): ================================= IPC FMT data =================================
D/RIL-IPC ( 139): [0000] 90 00 0A 98 93 88 63 76 00 10 38 17 F4 ......cv ..8..
D/RIL-IPC ( 139): ================================================================================
D/RIL ( 139): 6 RIL requests in the queue (0 pending, 1 handled, 5 unhandled)
D/RIL-IPC ( 139):
D/RIL-IPC ( 139): aries_fmt_send: Sent FMT message
D/RIL-IPC ( 139): aries_fmt_send: Message: mseq=0x47, command=IPC_SEC_RSIM_ACCESS, type=IPC_TYPE_GET, size=6
D/RIL-IPC ( 139): ================================= IPC FMT data =================================
D/RIL-IPC ( 139): [0000] B2 40 6F 01 04 22 .@o.."
D/RIL-IPC ( 139): ================================================================================
D/RILJ ( 570): [0086]< SIM_IO IccIoResponse sw1:0x90 sw2:0x0
D/GSM ( 570): [SIMRecords] iccid: 8939883667000183714
D/GSM ( 570): [SIMRecords] onRecordLoaded 5 requested: true
D/RIL-IPC ( 139):
D/RIL-IPC ( 139): aries_fmt_recv: Received FMT message
D/RIL-IPC ( 139): aries_fmt_recv: Message: aseq=0x47, command=IPC_SEC_RSIM_ACCESS, type=IPC_TYPE_RESP, size=37
D/RIL-IPC ( 139): ================================= IPC FMT data =================================
D/RIL-IPC ( 139): [0000] 90 00 22 FF FF FF FF FF FF FF FF FF FF FF FF FF .."..... ........
D/RIL-IPC ( 139): [0010] FF FF FF FF FF FF FF FF FF FF FF FF FF FF FF FF ........ ........
D/RIL-IPC ( 139): [0020] FF FF FF FF FF .....
D/RIL-IPC ( 139): ================================================================================
D/RIL ( 139): 5 RIL requests in the queue (0 pending, 1 handled, 4 unhandled)
D/RIL-IPC ( 139):
D/RIL-IPC ( 139): aries_fmt_send: Sent FMT message
D/RIL-IPC ( 139): aries_fmt_send: Message: mseq=0x48, command=IPC_SEC_RSIM_ACCESS, type=IPC_TYPE_GET, size=6
D/RIL-IPC ( 139): ================================= IPC FMT data =================================
D/RIL-IPC ( 139): [0000] C0 17 6F 00 00 0F ..o...
D/RIL-IPC ( 139): ================================================================================
D/RILJ ( 570): [0087]< SIM_IO IccIoResponse sw1:0x90 sw2:0x0
D/GSM ( 570): [SIMRecords] MSISDN: xxxxxxx
D/GSM ( 570): [SIMRecords] onRecordLoaded 4 requested: true
D/RIL-IPC ( 139):
D/RIL-IPC ( 139): aries_fmt_recv: Received FMT message
D/RIL-IPC ( 139): aries_fmt_recv: Message: aseq=0x48, command=IPC_SEC_RSIM_ACCESS, type=IPC_TYPE_RESP, size=3
D/RIL-IPC ( 139): ================================= IPC FMT data =================================
D/RIL-IPC ( 139): [0000] 6A 82 00 j..
D/RIL-IPC ( 139): ================================================================================
D/RIL ( 139): 4 RIL requests in the queue (0 pending, 1 handled, 3 unhandled)
D/RIL-IPC ( 139):
D/RIL-IPC ( 139): aries_fmt_send: Sent FMT message
D/RIL-IPC ( 139): aries_fmt_send: Message: mseq=0x49, command=IPC_SEC_RSIM_ACCESS, type=IPC_TYPE_GET, size=6
D/RIL-IPC ( 139): ================================= IPC FMT data =================================
D/RIL-IPC ( 139): [0000] B0 AD 6F 00 00 04 ..o...
D/RIL-IPC ( 139): ================================================================================
D/RILJ ( 570): [0088]< SIM_IO IccIoResponse sw1:0x6a sw2:0x82
D/GSM ( 570): [SIMRecords] Invalid or missing EF[MAILBOX]
D/GSM ( 570): [SIMRecords] onRecordLoaded 3 requested: true
D/RIL-IPC ( 139):
D/RIL-IPC ( 139): aries_fmt_recv: Received FMT message
D/RIL-IPC ( 139): aries_fmt_recv: Message: aseq=0x49, command=IPC_SEC_RSIM_ACCESS, type=IPC_TYPE_RESP, size=7
D/RIL-IPC ( 139): ================================= IPC FMT data =================================
D/RIL-IPC ( 139): [0000] 90 00 04 00 00 00 02 .......
D/RIL-IPC ( 139): ================================================================================
D/RIL ( 139): 3 RIL requests in the queue (0 pending, 1 handled, 2 unhandled)
D/RIL-IPC ( 139):
D/RIL-IPC ( 139): aries_fmt_send: Sent FMT message
D/RIL-IPC ( 139): aries_fmt_send: Message: mseq=0x4a, command=IPC_SEC_RSIM_ACCESS, type=IPC_TYPE_GET, size=6
D/RIL-IPC ( 139): ================================= IPC FMT data =================================
D/RIL-IPC ( 139): [0000] B0 46 6F 00 00 11 .Fo...
D/RIL-IPC ( 139): ================================================================================
D/RILJ ( 570): [0089]< SIM_IO IccIoResponse sw1:0x90 sw2:0x0
D/GSM ( 570): [SIMRecords] EF_AD: 00000002
D/RIL-IPC ( 139):
D/RIL-IPC ( 139): aries_fmt_recv: Received FMT message
D/RIL-IPC ( 139): aries_fmt_recv: Message: aseq=0x4a, command=IPC_SEC_RSIM_ACCESS, type=IPC_TYPE_RESP, size=20
D/RIL-IPC ( 139): ================================= IPC FMT data =================================
D/RIL-IPC ( 139): [0000] 90 00 11 FF FF FF FF FF FF FF FF FF FF FF FF FF ........ ........
D/RIL-IPC ( 139): [0010] FF FF FF FF ....
D/RIL-IPC ( 139): ================================================================================
D/RIL ( 139): 2 RIL requests in the queue (0 pending, 1 handled, 1 unhandled)
D/RIL-IPC ( 139):
D/RIL-IPC ( 139): aries_fmt_send: Sent FMT message
D/RIL-IPC ( 139): aries_fmt_send: Message: mseq=0x4b, command=IPC_SEC_RSIM_ACCESS, type=IPC_TYPE_GET, size=6
D/RIL-IPC ( 139): ================================= IPC FMT data =================================
D/RIL-IPC ( 139): [0000] B0 38 6F 00 00 0C .8o...
D/RIL-IPC ( 139): ================================================================================
D/RILJ ( 570): [0090]< SIM_IO IccIoResponse sw1:0x90 sw2:0x0
D/GSM ( 570): [SIMRecords] onRecordLoaded 2 requested: true
D/GSM ( 570): [SIMRecords] Load EF_SPN: spnDisplayCondition: 255
D/GSM ( 570): [SIMRecords] onRecordLoaded 1 requested: true
D/RIL-IPC ( 139):
D/RIL-IPC ( 139): aries_fmt_recv: Received FMT message
D/RIL-IPC ( 139): aries_fmt_recv: Message: aseq=0x4b, command=IPC_SEC_RSIM_ACCESS, type=IPC_TYPE_RESP, size=15
D/RIL-IPC ( 139): ================================= IPC FMT data =================================
D/RIL-IPC ( 139): [0000] 90 00 0C 1E FA 17 0C 63 06 02 00 00 22 00 00 .......c ...."..
D/RIL-IPC ( 139): ================================================================================
D/RIL ( 139): 1 RIL request in the queue (0 pending, 1 handled, 0 unhandled)
D/RILJ ( 570): [0091]< SIM_IO IccIoResponse sw1:0x90 sw2:0x0
D/GSM ( 570): [SIMRecords] SST: UsimServiceTable[96]={ FDN, FDN_EXTENSION, SDN, SDN_EXTENSION, SM_STORAGE, SM_SERVICE_PARAMS, ADVICE_OF_CHARGE, CAP_CONFIG_PARAMS_2, CB_MESSAGE_ID, CB_MESSAGE_ID_RANGES, GROUP_ID_LEVEL_1, GROUP_ID_LEVEL_2, SPN, MSISDN, GSM_ACCESS, DATA_DL_VIA_SMS_PP, IGNORED_1, ENABLED_SERVICES_TABLE, GSM_SECURITY_CONTEXT, CPBCCH_INFO, OPERATOR_PLMN_SELECT, HPLMN_SELECT, IGNORED_2, LAST_RPLMN_SELECTION_INDICATION, SPN_ICON }
D/GSM ( 570): [SIMRecords] onRecordLoaded 0 requested: true
D/GSM ( 570): [SIMRecords] SIMRecords: onAllRecordsLoaded set 'gsm.sim.operator.numeric' to operator='22288'
D/RIL-IPC ( 139):
D/RIL-IPC ( 139): aries_fmt_recv: Received FMT message
D/RIL-IPC ( 139): aries_fmt_recv: Message: aseq=0xff, command=IPC_NET_REGIST, type=IPC_TYPE_NOTI, size=11
D/RIL-IPC ( 139): ================================= IPC FMT data =================================
D/RIL-IPC ( 139): [0000] 04 02 04 01 F0 C3 A1 82 EB 00 FF ........ ...
D/RIL-IPC ( 139): ================================================================================
D/RIL-IPC ( 139):
D/RIL-IPC ( 139): aries_fmt_recv: Received FMT message
D/RIL-IPC ( 139): aries_fmt_recv: Message: aseq=0xff, command=IPC_NET_REGIST, type=IPC_TYPE_NOTI, size=11
D/RIL-IPC ( 139): ================================= IPC FMT data =================================
D/RIL-IPC ( 139): [0000] 04 03 01 01 F0 C3 A1 82 EB 00 FF ........ ...
D/RIL-IPC ( 139): ================================================================================
D/RILJ ( 570): [UNSL]< UNSOL_RESPONSE_VOICE_NETWORK_STATE_CHANGED
D/RILJ ( 570): [UNSL]< UNSOL_RESPONSE_VOICE_NETWORK_STATE_CHANGED
D/RIL-IPC ( 139):
D/RIL-IPC ( 139): aries_fmt_recv: Received FMT message
D/RIL-IPC ( 139): aries_fmt_recv: Message: aseq=0xff, command=IPC_GPRS_HSDPA_STATUS, type=IPC_TYPE_NOTI, size=1
D/RIL-IPC ( 139): ================================= IPC FMT data =================================
D/RIL-IPC ( 139): [0000] 01 .
D/RIL-IPC ( 139): ================================================================================
D/RILJ ( 570): [UNSL]< UNSOL_RESPONSE_VOICE_NETWORK_STATE_CHANGED
D/RIL-IPC ( 139):
D/RIL-IPC ( 139): aries_fmt_recv: Received FMT message
D/RIL-IPC ( 139): aries_fmt_recv: Message: aseq=0xff, command=IPC_NET_REGIST, type=IPC_TYPE_NOTI, size=11
D/RIL-IPC ( 139): ================================= IPC FMT data =================================
D/RIL-IPC ( 139): [0000] 04 02 02 01 F0 C3 A1 82 EB 00 00 ........ ...
D/RIL-IPC ( 139): ================================================================================
D/RIL-IPC ( 139):
D/RIL-IPC ( 139): aries_fmt_recv: Received FMT message
D/RIL-IPC ( 139): aries_fmt_recv: Message: aseq=0xff, command=IPC_NET_REGIST, type=IPC_TYPE_NOTI, size=11
D/RIL-IPC ( 139): ================================= IPC FMT data =================================
D/RIL-IPC ( 139): [0000] 04 03 03 01 F0 C3 A1 82 EB 00 FF ........ ...
D/RIL-IPC ( 139): ================================================================================
D/RIL-IPC ( 139):
D/RIL-IPC ( 139): aries_fmt_recv: Received FMT message
D/RIL-IPC ( 139): aries_fmt_recv: Message: aseq=0x00, command=IPC_NET_SERVING_NETWORK, type=IPC_TYPE_NOTI, size=11
D/RIL-IPC ( 139): ================================= IPC FMT data =================================
D/RIL-IPC ( 139): [0000] 03 02 04 32 32 32 38 38 23 F0 C3 ...22288 #..
D/RIL-IPC ( 139): ================================================================================
D/RIL-IPC ( 139):
D/RIL-IPC ( 139): aries_fmt_recv: Received FMT message
D/RIL-IPC ( 139): aries_fmt_recv: Message: aseq=0x00, command=IPC_GPRS_HSDPA_STATUS, type=IPC_TYPE_NOTI, size=1
D/RIL-IPC ( 139): ================================= IPC FMT data =================================
D/RIL-IPC ( 139): [0000] 01 .
D/RIL-IPC ( 139): ================================================================================
D/RILJ ( 570): [UNSL]< UNSOL_RESPONSE_VOICE_NETWORK_STATE_CHANGED
D/RILJ ( 570): [UNSL]< UNSOL_RESPONSE_VOICE_NETWORK_STATE_CHANGED
D/RILJ ( 570): [UNSL]< UNSOL_RESPONSE_VOICE_NETWORK_STATE_CHANGED
D/RIL-IPC ( 139):
D/RIL-IPC ( 139): aries_fmt_recv: Received FMT message
D/RIL-IPC ( 139): aries_fmt_recv: Message: aseq=0x00, command=IPC_DISP_RSSI_INFO, type=IPC_TYPE_NOTI, size=1
D/RIL-IPC ( 139): ================================= IPC FMT data =================================
D/RIL-IPC ( 139): [0000] 65 e
D/RIL-IPC ( 139): ================================================================================
D/RIL ( 139): Signal strength is 6
D/GSM ( 570): [GsmSST] updateSpnDisplay: radio is on but out of service, set plmn='Emergency calls only'
D/GSM ( 570): [GsmSST] updateSpnDisplay: changed sending intent rule=2 showPlmn='true' plmn='Emergency calls only' showSpn='false' spn=''
D/GSM ( 570): [GsmDCT] handleMessage msg={ what=270338 when=-607ms obj=android.os.AsyncResult@4108bfe0 }
D/GSM ( 570): [GsmDCT] onRecordsLoaded: createAllApnList
D/GSM ( 570): [GsmDCT] createAllApnList: selection=numeric = '22288' and carrier_enabled = 1
D/GSM ( 570): [GsmDCT] createApnList: X result=[[ApnSettingV2] Wind IT WEB, 128, 22288, internet.wind, null, null, null, null, null, -1, default | supl, IP, IP, true, 0, [ApnSettingV2] Wind IT MMS, 129, 22288, mms.wind, null, http://mms.wind.it, 212.245.244.11, 8080, null, -1, mms, IP, IP, true, 0]
D/GSM ( 570): [GsmDCT] getPreferredApn: X found apnSetting[ApnSettingV2] Wind IT WEB, 128, 22288, internet.wind, null, null, null, null, null, -1, default | supl, IP, IP, true, 0
D/GSM ( 570): [GsmDCT] createAllApnList: mPreferredApn=[ApnSettingV2] Wind IT WEB, 128, 22288, internet.wind, null, null, null, null, null, -1, default | supl, IP, IP, true, 0
D/GSM ( 570): [GsmDCT] createAllApnList: X mAllApns=[[ApnSettingV2] Wind IT WEB, 128, 22288, internet.wind, null, null, null, null, null, -1, default | supl, IP, IP, true, 0, [ApnSettingV2] Wind IT MMS, 129, 22288, mms.wind, null, http://mms.wind.it, 212.245.244.11, 8080, null, -1, mms, IP, IP, true, 0]
D/GSM ( 570): [GsmDCT] onRecordsLoaded: notifying data availability
D/GSM ( 570): [GsmDCT] notifyOffApnOfAvailability type:dun
D/GSM ( 570): [GsmDCT] isDataAllowed: not allowed due to - gprs= 1
D/GSM ( 570): [GsmDCT] isDataPossible(dun): possible=false isDataAllowed=false apnTypePossible=true apnContextisEnabled=false apnContextState()=IDLE
D/GSM ( 570): [GsmDCT] get active apn string for type:dun
D/GSM ( 570): [GsmDCT] notifyOffApnOfAvailability type:supl
D/GSM ( 570): [GsmDCT] isDataAllowed: not allowed due to - gprs= 1
D/GSM ( 570): [GsmDCT] isDataPossible(supl): possible=false isDataAllowed=false apnTypePossible=true apnContextisEnabled=false apnContextState()=IDLE
D/GSM ( 570): [GsmDCT] get active apn string for type:supl
D/GSM ( 570): [GsmDCT] notifyOffApnOfAvailability type:hipri
D/GSM ( 570): [GsmDCT] isDataAllowed: not allowed due to - gprs= 1
D/GSM ( 570): [GsmDCT] isDataPossible(hipri): possible=false isDataAllowed=false apnTypePossible=true apnContextisEnabled=false apnContextState()=IDLE
D/GSM ( 570): [GsmDCT] get active apn string for type:hipri
D/GSM ( 570): [GsmDCT] notifyOffApnsOfAvailability skipped apn due to isReady==false: {mApnType=default mState=IDLE mWaitingApns=null mWaitingApnsPermanentFailureCountDown=0 mApnSetting=null mDataConnectionAc=null mReason=roamingOff mRetryCount=0 mDataEnabled=true mDependencyMet=true}
D/GSM ( 570): [GsmDCT] notifyOffApnOfAvailability type:mms
D/GSM ( 570): [GsmDCT] isDataAllowed: not allowed due to - gprs= 1
D/GSM ( 570): [GsmDCT] isDataPossible(mms): possible=false isDataAllowed=false apnTypePossible=true apnContextisEnabled=false apnContextState()=IDLE
D/GSM ( 570): [GsmDCT] get active apn string for type:mms
D/GSM ( 570): [ApnContext:dun] setRetryCount: 0
D/GSM ( 570): [ApnContext:supl] setRetryCount: 0
D/GSM ( 570): [ApnContext:hipri] setRetryCount: 0
D/GSM ( 570): [ApnContext:default] setRetryCount: 0
D/GSM ( 570): [ApnContext:mms] setRetryCount: 0
D/GSM ( 570): [ApnContext:default] set reason as simLoaded,current state IDLE
D/GSM ( 570): [GsmDCT] trySetupData for type:default due to simLoaded
D/GSM ( 570): [GsmDCT] trySetupData with mIsPsRestricted=false
D/GSM ( 570): [GsmDCT] isDataAllowed: not allowed due to - gprs= 1
D/GSM ( 570): [GsmDCT] notifyOffApnOfAvailability type:dun
D/GSM ( 570): [GsmDCT] isDataAllowed: not allowed due to - gprs= 1
D/GSM ( 570): [GsmDCT] isDataPossible(dun): possible=false isDataAllowed=false apnTypePossible=true apnContextisEnabled=false apnContextState()=IDLE
D/GSM ( 570): [GsmDCT] get active apn string for type:dun
D/GSM ( 570): [GsmDCT] notifyOffApnOfAvailability type:supl
D/GSM ( 570): [GsmDCT] isDataAllowed: not allowed due to - gprs= 1
D/GSM ( 570): [GsmDCT] isDataPossible(supl): possible=false isDataAllowed=false apnTypePossible=true apnContextisEnabled=false apnContextState()=IDLE
D/GSM ( 570): [GsmDCT] get active apn string for type:supl
D/GSM ( 570): [GsmDCT] notifyOffApnOfAvailability type:hipri
D/GSM ( 570): [GsmDCT] isDataAllowed: not allowed due to - gprs= 1
D/GSM ( 570): [GsmDCT] isDataPossible(hipri): possible=false isDataAllowed=false apnTypePossible=true apnContextisEnabled=false apnContextState()=IDLE
D/GSM ( 570): [GsmDCT] get active apn string for type:hipri
D/GSM ( 570): [GsmDCT] notifyOffApnsOfAvailability skipped apn due to isReady==false: {mApnType=default mState=IDLE mWaitingApns=null mWaitingApnsPermanentFailureCountDown=0 mApnSetting=null mDataConnectionAc=null mReason=simLoaded mRetryCount=0 mDataEnabled=true mDependencyMet=true}
D/GSM ( 570): [GsmDCT] notifyOffApnOfAvailability type:mms
D/GSM ( 570): [GsmDCT] isDataAllowed: not allowed due to - gprs= 1
D/GSM ( 570): [GsmDCT] isDataPossible(mms): possible=false isDataAllowed=false apnTypePossible=true apnContextisEnabled=false apnContextState()=IDLE
D/GSM ( 570): [GsmDCT] get active apn string for type:mms
D/RIL_IccCardProxy( 570): Broadcasting intent ACTION_SIM_STATE_CHANGED LOADED reason null
D/RILJ ( 570): [0092]> OPERATOR
D/RIL ( 139): 2 RIL requests in the queue (1 pending, 1 handled, 0 unhandled)
D/RIL ( 139): 5 RIL requests data in the queue
D/RIL ( 139): 1 RIL request in the queue (0 pending, 1 handled, 0 unhandled)
D/RIL ( 139): 4 RIL requests data in the queue
D/RILJ ( 570): [0092]< OPERATOR {Wind, Wind, 22288}
D/RILJ ( 570): [0093]> DATA_REGISTRATION_STATE
D/RILJ ( 570): [0094]> VOICE_REGISTRATION_STATE
D/RIL ( 139): 2 RIL requests in the queue (1 pending, 1 handled, 0 unhandled)
D/RIL ( 139): 4 RIL requests data in the queue
D/RIL ( 139): 1 RIL request in the queue (0 pending, 1 handled, 0 unhandled)
D/RIL ( 139): 3 RIL requests data in the queue
D/RILJ ( 570): [0093]< DATA_REGISTRATION_STATE {0, c3f0, eb82a1, 3, 3}
D/RILJ ( 570): [0095]> QUERY_NETWORK_SELECTION_MODE
D/RILJ ( 570): [0096]> OPERATOR
D/RILJ ( 570): [0097]> DATA_REGISTRATION_STATE
D/RILJ ( 570): [0098]> VOICE_REGISTRATION_STATE
D/RILJ ( 570): [0099]> QUERY_NETWORK_SELECTION_MODE
D/RILJ ( 570): [0100]> OPERATOR
D/RILJ ( 570): [0101]> DATA_REGISTRATION_STATE
D/RILJ ( 570): [0102]> VOICE_REGISTRATION_STATE
D/RILJ ( 570): [0103]> QUERY_NETWORK_SELECTION_MODE
D/RILJ ( 570): [0104]> OPERATOR
D/RILJ ( 570): [0105]> DATA_REGISTRATION_STATE
D/RILJ ( 570): [0106]> VOICE_REGISTRATION_STATE
D/RIL ( 139): 2 RIL requests in the queue (1 pending, 1 handled, 0 unhandled)
D/RIL ( 139): 3 RIL requests data in the queue
D/RIL ( 139): 1 RIL request in the queue (0 pending, 1 handled, 0 unhandled)
D/RIL ( 139): 2 RIL requests data in the queue
D/RILJ ( 570): [0094]< VOICE_REGISTRATION_STATE {10, c3f0, eb82a1, 3, null, null, null, null, null, null, null, null, null, null, null}
D/RIL ( 139): 2 RIL requests in the queue (1 pending, 1 handled, 0 unhandled)
D/RIL ( 139): 2 RIL requests data in the queue
D/RIL-IPC ( 139):
D/RIL-IPC ( 139): aries_fmt_send: Sent FMT message
D/RIL-IPC ( 139): aries_fmt_send: Message: mseq=0x4c, command=IPC_NET_PLMN_SEL, type=IPC_TYPE_GET, size=0
D/RIL ( 139): 3 RIL requests in the queue (1 pending, 2 handled, 0 unhandled)
D/RIL ( 139): 2 RIL requests data in the queue
D/RIL-IPC ( 139):
D/RIL-IPC ( 139): aries_fmt_send: Sent FMT message
D/RIL-IPC ( 139): aries_fmt_send: Message: mseq=0x4d, command=IPC_NET_SERVING_NETWORK, type=IPC_TYPE_GET, size=0
D/RIL ( 139): 4 RIL requests in the queue (1 pending, 3 handled, 0 unhandled)
D/RIL ( 139): 2 RIL requests data in the queue
D/RIL ( 139): 3 RIL requests in the queue (0 pending, 3 handled, 0 unhandled)
D/RIL ( 139): 1 RIL request data in the queue
D/RIL-IPC ( 139):
D/RIL-IPC ( 139): aries_fmt_recv: Received FMT message
D/RIL-IPC ( 139): aries_fmt_recv: Message: aseq=0x4c, command=IPC_NET_PLMN_SEL, type=IPC_TYPE_RESP, size=1
D/RIL-IPC ( 139): ================================= IPC FMT data =================================
D/RIL-IPC ( 139): [0000] 03 .
D/RIL-IPC ( 139): ================================================================================
D/RIL ( 139): 2 RIL requests in the queue (0 pending, 2 handled, 0 unhandled)
D/RIL ( 139): 1 RIL request data in the queue
D/RIL-IPC ( 139):
D/RIL-IPC ( 139): aries_fmt_recv: Received FMT message
D/RIL-IPC ( 139): aries_fmt_recv: Message: aseq=0x4d, command=IPC_NET_SERVING_NETWORK, type=IPC_TYPE_RESP, size=11
D/RIL-IPC ( 139): ================================= IPC FMT data =================================
D/RIL-IPC ( 139): [0000] 03 02 04 32 32 32 38 38 23 DA 8C ...22288 #..
D/RIL-IPC ( 139): ================================================================================
D/RIL ( 139): 1 RIL request in the queue (0 pending, 1 handled, 0 unhandled)
D/RIL ( 139): 1 RIL request data in the queue
D/RILJ ( 570): [0097]< DATA_REGISTRATION_STATE {2, c3f0, eb82a1, 9, 3}
D/RILJ ( 570): [0095]< QUERY_NETWORK_SELECTION_MODE {1}
D/RILJ ( 570): [0096]< OPERATOR {Wind, Wind, 22288}
D/RIL ( 139): 2 RIL requests in the queue (1 pending, 1 handled, 0 unhandled)
D/RIL ( 139): 1 RIL request data in the queue
D/RIL ( 139): 1 RIL request in the queue (0 pending, 1 handled, 0 unhandled)
D/RIL ( 139): 2 RIL requests in the queue (1 pending, 1 handled, 0 unhandled)
D/RIL-IPC ( 139):
D/RIL-IPC ( 139): aries_fmt_send: Sent FMT message
D/RIL-IPC ( 139): aries_fmt_send: Message: mseq=0x4e, command=IPC_NET_PLMN_SEL, type=IPC_TYPE_GET, size=0
D/RIL-IPC ( 139):
D/RIL-IPC ( 139): aries_fmt_recv: Received FMT message
D/RIL-IPC ( 139): aries_fmt_recv: Message: aseq=0x4e, command=IPC_NET_PLMN_SEL, type=IPC_TYPE_RESP, size=1
D/RIL-IPC ( 139): ================================= IPC FMT data =================================
D/RIL-IPC ( 139): [0000] 03 .
D/RIL-IPC ( 139): ================================================================================
D/RIL ( 139): 1 RIL request in the queue (0 pending, 1 handled, 0 unhandled)
D/RIL ( 139): 2 RIL requests in the queue (1 pending, 1 handled, 0 unhandled)
D/RIL-IPC ( 139):
D/RIL-IPC ( 139): aries_fmt_send: Sent FMT message
D/RIL-IPC ( 139): aries_fmt_send: Message: mseq=0x4f, command=IPC_NET_SERVING_NETWORK, type=IPC_TYPE_GET, size=0
D/RILJ ( 570): [0098]< VOICE_REGISTRATION_STATE {1, c3f0, eb82a1, 9, null, null, null, null, null, null, null, null, null, null, null}
D/RIL-IPC ( 139):
D/RIL-IPC ( 139): aries_fmt_recv: Received FMT message
D/RIL-IPC ( 139): aries_fmt_recv: Message: aseq=0x4f, command=IPC_NET_SERVING_NETWORK, type=IPC_TYPE_RESP, size=11
D/RIL-IPC ( 139): ================================= IPC FMT data =================================
D/RIL-IPC ( 139): [0000] 03 02 04 32 32 32 38 38 23 DA 8C ...22288 #..
D/RIL-IPC ( 139): ================================================================================
D/RIL ( 139): 1 RIL request in the queue (0 pending, 1 handled, 0 unhandled)
D/RIL ( 139): 2 RIL requests in the queue (1 pending, 1 handled, 0 unhandled)
D/RIL-IPC ( 139):
D/RIL-IPC ( 139): aries_fmt_send: Sent FMT message
D/RIL-IPC ( 139): aries_fmt_send: Message: mseq=0x50, command=IPC_NET_REGIST, type=IPC_TYPE_GET, size=2
D/RIL-IPC ( 139): ================================= IPC FMT data =================================
D/RIL-IPC ( 139): [0000] FF 03 ..
D/RIL-IPC ( 139): ================================================================================
D/RIL ( 139): 3 RIL requests in the queue (1 pending, 2 handled, 0 unhandled)
D/RIL-IPC ( 139):
D/RIL-IPC ( 139): aries_fmt_send: Sent FMT message
D/RIL-IPC ( 139): aries_fmt_send: Message: mseq=0x51, command=IPC_NET_REGIST, type=IPC_TYPE_GET, size=2
D/RIL-IPC ( 139): ================================= IPC FMT data =================================
D/RIL-IPC ( 139): [0000] FF 02 ..
D/RIL-IPC ( 139): ================================================================================
D/RIL ( 139): 4 RIL requests in the queue (1 pending, 3 handled, 0 unhandled)
D/RIL-IPC ( 139):
D/RIL-IPC ( 139): aries_fmt_send: Sent FMT message
D/RIL-IPC ( 139): aries_fmt_send: Message: mseq=0x52, command=IPC_NET_PLMN_SEL, type=IPC_TYPE_GET, size=0
D/RIL-IPC ( 139):
D/RIL-IPC ( 139): aries_fmt_recv: Received FMT message
D/RIL-IPC ( 139): aries_fmt_recv: Message: aseq=0x50, command=IPC_NET_REGIST, type=IPC_TYPE_RESP, size=11
D/RIL-IPC ( 139): ================================= IPC FMT data =================================
D/RIL-IPC ( 139): [0000] 04 03 03 00 DA 8C DF 32 A8 01 FF .......2 ...
D/RIL-IPC ( 139): ================================================================================
D/RIL ( 139): 3 RIL requests in the queue (0 pending, 3 handled, 0 unhandled)
D/RIL-IPC ( 139):
D/RIL-IPC ( 139): aries_fmt_recv: Received FMT message
D/RIL-IPC ( 139): aries_fmt_recv: Message: aseq=0x51, command=IPC_NET_REGIST, type=IPC_TYPE_RESP, size=11
D/RIL-IPC ( 139): ================================= IPC FMT data =================================
D/RIL-IPC ( 139): [0000] 04 02 02 00 DA 8C DF 32 A8 01 00 .......2 ...
D/RIL-IPC ( 139): ================================================================================
D/RIL ( 139): 2 RIL requests in the queue (0 pending, 2 handled, 0 unhandled)
D/RILJ ( 570): [0099]< QUERY_NETWORK_SELECTION_MODE {1}
D/RIL ( 139): 3 RIL requests in the queue (1 pending, 2 handled, 0 unhandled)
D/RIL-IPC ( 139):
D/RIL-IPC ( 139): aries_fmt_send: Sent FMT message
D/RIL-IPC ( 139): aries_fmt_send: Message: mseq=0x53, command=IPC_NET_SERVING_NETWORK, type=IPC_TYPE_GET, size=0
D/RIL-IPC ( 139):
D/RIL-IPC ( 139): aries_fmt_recv: Received FMT message
D/RIL-IPC ( 139): aries_fmt_recv: Message: aseq=0x52, command=IPC_NET_PLMN_SEL, type=IPC_TYPE_RESP, size=1
D/RIL-IPC ( 139): ================================= IPC FMT data =================================
D/RIL-IPC ( 139): [0000] 03 .
D/RIL-IPC ( 139): ================================================================================
D/RIL ( 139): 2 RIL requests in the queue (0 pending, 2 handled, 0 unhandled)
D/RILJ ( 570): [0100]< OPERATOR {Wind, Wind, 22288}
D/RIL ( 139): 3 RIL requests in the queue (1 pending, 2 handled, 0 unhandled)
D/RIL-IPC ( 139):
D/RIL-IPC ( 139): aries_fmt_send: Sent FMT message
D/RIL-IPC ( 139): aries_fmt_send: Message: mseq=0x54, command=IPC_NET_REGIST, type=IPC_TYPE_GET, size=2
D/RIL-IPC ( 139): ================================= IPC FMT data =================================
D/RIL-IPC ( 139): [0000] FF 03 ..
D/RIL-IPC ( 139): ================================================================================
D/RILJ ( 570): [0101]< DATA_REGISTRATION_STATE {2, 8cda, 1a832df, 9, 3}
D/RIL-IPC ( 139):
D/RIL-IPC ( 139): aries_fmt_recv: Received FMT message
D/RIL-IPC ( 139): aries_fmt_recv: Message: aseq=0x53, command=IPC_NET_SERVING_NETWORK, type=IPC_TYPE_RESP, size=11
D/RIL-IPC ( 139): ================================= IPC FMT data =================================
D/RIL-IPC ( 139): [0000] 03 02 04 32 32 32 38 38 23 DA 8C ...22288 #..
D/RIL-IPC ( 139): ================================================================================
D/RIL ( 139): 2 RIL requests in the queue (0 pending, 2 handled, 0 unhandled)
D/RIL ( 139): 3 RIL requests in the queue (1 pending, 2 handled, 0 unhandled)
D/RIL-IPC ( 139):
D/RIL-IPC ( 139): aries_fmt_send: Sent FMT message
D/RIL-IPC ( 139): aries_fmt_send: Message: mseq=0x55, command=IPC_NET_REGIST, type=IPC_TYPE_GET, size=2
D/RIL-IPC ( 139): ================================= IPC FMT data =================================
D/RIL-IPC ( 139): [0000] FF 02 ..
D/RIL-IPC ( 139): ================================================================================
D/RIL-IPC ( 139):
D/RIL-IPC ( 139): aries_fmt_recv: Received FMT message
D/RIL-IPC ( 139): aries_fmt_recv: Message: aseq=0x54, command=IPC_NET_REGIST, type=IPC_TYPE_RESP, size=11
D/RIL-IPC ( 139): ================================= IPC FMT data =================================
D/RIL-IPC ( 139): [0000] 04 03 03 00 DA 8C DF 32 A8 01 FF .......2 ...
D/RIL-IPC ( 139): ================================================================================
D/RIL ( 139): 2 RIL requests in the queue (0 pending, 2 handled, 0 unhandled)
D/RILJ ( 570): [0102]< VOICE_REGISTRATION_STATE {1, 8cda, 1a832df, 9, null, null, null, null, null, null, null, null, null, null, null}
D/RIL-IPC ( 139):
D/RIL-IPC ( 139): aries_fmt_recv: Received FMT message
D/RIL-IPC ( 139): aries_fmt_recv: Message: aseq=0x55, command=IPC_NET_REGIST, type=IPC_TYPE_RESP, size=11
D/RIL-IPC ( 139): ================================= IPC FMT data =================================
D/RIL-IPC ( 139): [0000] 04 02 02 00 DA 8C DF 32 A8 01 00 .......2 ...
D/RIL-IPC ( 139): ================================================================================
D/RIL ( 139): 1 RIL request in the queue (0 pending, 1 handled, 0 unhandled)
D/RILJ ( 570): [0107]> QUERY_NETWORK_SELECTION_MODE
D/RILJ ( 570): [0103]< QUERY_NETWORK_SELECTION_MODE {1}
D/RILJ ( 570): [0108]> OPERATOR
D/RIL ( 139): 2 RIL requests in the queue (1 pending, 1 handled, 0 unhandled)
D/RIL-IPC ( 139):
D/RIL-IPC ( 139): aries_fmt_send: Sent FMT message
D/RIL-IPC ( 139): aries_fmt_send: Message: mseq=0x56, command=IPC_NET_PLMN_SEL, type=IPC_TYPE_GET, size=0
D/RIL-IPC ( 139):
D/RIL-IPC ( 139): aries_fmt_recv: Received FMT message
D/RIL-IPC ( 139): aries_fmt_recv: Message: aseq=0x56, command=IPC_NET_PLMN_SEL, type=IPC_TYPE_RESP, size=1
D/RIL-IPC ( 139): ================================= IPC FMT data =================================
D/RIL-IPC ( 139): [0000] 03 .
D/RIL-IPC ( 139): ================================================================================
D/RIL ( 139): 1 RIL request in the queue (0 pending, 1 handled, 0 unhandled)
D/RIL ( 139): 2 RIL requests in the queue (1 pending, 1 handled, 0 unhandled)
D/RIL-IPC ( 139):
D/RIL-IPC ( 139): aries_fmt_send: Sent FMT message
D/RIL-IPC ( 139): aries_fmt_send: Message: mseq=0x57, command=IPC_NET_SERVING_NETWORK, type=IPC_TYPE_GET, size=0
D/RILJ ( 570): [0104]< OPERATOR {Wind, Wind, 22288}
D/RIL-IPC ( 139):
D/RIL-IPC ( 139): aries_fmt_recv: Received FMT message
D/RIL-IPC ( 139): aries_fmt_recv: Message: aseq=0x57, command=IPC_NET_SERVING_NETWORK, type=IPC_TYPE_RESP, size=11
D/RIL-IPC ( 139): ================================= IPC FMT data =================================
D/RIL-IPC ( 139): [0000] 03 02 04 32 32 32 38 38 23 DA 8C ...22288 #..
D/RIL-IPC ( 139): ================================================================================
D/RIL ( 139): 1 RIL request in the queue (0 pending, 1 handled, 0 unhandled)
D/RILJ ( 570): [0105]< DATA_REGISTRATION_STATE {2, 8cda, 1a832df, 9, 3}
D/RILJ ( 570): [0106]< VOICE_REGISTRATION_STATE {1, 8cda, 1a832df, 9, null, null, null, null, null, null, null, null, null, null, null}
D/RILJ ( 570): [0109]> DATA_REGISTRATION_STATE
D/RILJ ( 570): [0110]> VOICE_REGISTRATION_STATE
D/RILJ ( 570): [0107]< QUERY_NETWORK_SELECTION_MODE {1}
D/RILJ ( 570): [0108]< OPERATOR {Wind, Wind, 22288}
D/RILJ ( 570): [0111]> QUERY_NETWORK_SELECTION_MODE
D/RILJ ( 570): [0112]> OPERATOR
D/RILJ ( 570): [0113]> DATA_REGISTRATION_STATE
D/RILJ ( 570): [0114]> VOICE_REGISTRATION_STATE
D/RIL ( 139): 2 RIL requests in the queue (1 pending, 1 handled, 0 unhandled)
D/RIL-IPC ( 139):
D/RIL-IPC ( 139): aries_fmt_send: Sent FMT message
D/RIL-IPC ( 139): aries_fmt_send: Message: mseq=0x58, command=IPC_NET_REGIST, type=IPC_TYPE_GET, size=2
D/RIL-IPC ( 139): ================================= IPC FMT data =================================
D/RIL-IPC ( 139): [0000] FF 03 ..
D/RIL-IPC ( 139): ================================================================================
D/RIL-IPC ( 139):
D/RIL-IPC ( 139): aries_fmt_recv: Received FMT message
D/RIL-IPC ( 139): aries_fmt_recv: Message: aseq=0x58, command=IPC_NET_REGIST, type=IPC_TYPE_RESP, size=11
D/RIL-IPC ( 139): ================================= IPC FMT data =================================
D/RIL-IPC ( 139): [0000] 04 03 03 00 DA 8C DF 32 A8 01 FF .......2 ...
D/RIL-IPC ( 139): ================================================================================
D/RIL ( 139): 1 RIL request in the queue (0 pending, 1 handled, 0 unhandled)
D/RILJ ( 570): [0109]< DATA_REGISTRATION_STATE {2, 8cda, 1a832df, 9, 3}
D/RIL ( 139): 2 RIL requests in the queue (1 pending, 1 handled, 0 unhandled)
D/RIL-IPC ( 139):
D/RIL-IPC ( 139): aries_fmt_send: Sent FMT message
D/RIL-IPC ( 139): aries_fmt_send: Message: mseq=0x59, command=IPC_NET_REGIST, type=IPC_TYPE_GET, size=2
D/RIL-IPC ( 139): ================================= IPC FMT data =================================
D/RIL-IPC ( 139): [0000] FF 02 ..
D/RIL-IPC ( 139): ================================================================================
D/RIL ( 139): 3 RIL requests in the queue (1 pending, 2 handled, 0 unhandled)
D/RIL-IPC ( 139):
D/RIL-IPC ( 139): aries_fmt_send: Sent FMT message
D/RIL-IPC ( 139): aries_fmt_send: Message: mseq=0x5a, command=IPC_NET_PLMN_SEL, type=IPC_TYPE_GET, size=0
D/RIL-IPC ( 139):
D/RIL-IPC ( 139): aries_fmt_recv: Received FMT message
D/RIL-IPC ( 139): aries_fmt_recv: Message: aseq=0x59, command=IPC_NET_REGIST, type=IPC_TYPE_RESP, size=11
D/RIL-IPC ( 139): ================================= IPC FMT data =================================
D/RIL-IPC ( 139): [0000] 04 02 02 00 DA 8C DF 32 A8 01 00 .......2 ...
D/RIL-IPC ( 139): ================================================================================
D/RIL ( 139): 2 RIL requests in the queue (0 pending, 2 handled, 0 unhandled)
D/RIL ( 139): 3 RIL requests in the queue (1 pending, 2 handled, 0 unhandled)
D/RIL-IPC ( 139):
D/RIL-IPC ( 139): aries_fmt_send: Sent FMT message
D/RIL-IPC ( 139): aries_fmt_send: Message: mseq=0x5b, command=IPC_NET_SERVING_NETWORK, type=IPC_TYPE_GET, size=0
D/RIL-IPC ( 139):
D/RIL-IPC ( 139): aries_fmt_recv: Received FMT message
D/RIL-IPC ( 139): aries_fmt_recv: Message: aseq=0x5a, command=IPC_NET_PLMN_SEL, type=IPC_TYPE_RESP, size=1
D/RIL-IPC ( 139): ================================= IPC FMT data =================================
D/RIL-IPC ( 139): [0000] 03 .
D/RIL-IPC ( 139): ================================================================================
D/RIL ( 139): 2 RIL requests in the queue (0 pending, 2 handled, 0 unhandled)
D/RIL ( 139): 3 RIL requests in the queue (1 pending, 2 handled, 0 unhandled)
D/RIL-IPC ( 139):
D/RIL-IPC ( 139): aries_fmt_send: Sent FMT message
D/RIL-IPC ( 139): aries_fmt_send: Message: mseq=0x5c, command=IPC_NET_REGIST, type=IPC_TYPE_GET, size=2
D/RIL-IPC ( 139): ================================= IPC FMT data =================================
D/RIL-IPC ( 139): [0000] FF 03 ..
D/RIL-IPC ( 139): ================================================================================
D/RIL-IPC ( 139):
D/RIL-IPC ( 139): aries_fmt_recv: Received FMT message
D/RIL-IPC ( 139): aries_fmt_recv: Message: aseq=0x5b, command=IPC_NET_SERVING_NETWORK, type=IPC_TYPE_RESP, size=11
D/RIL-IPC ( 139): ================================= IPC FMT data =================================
D/RIL-IPC ( 139): [0000] 03 02 04 32 32 32 38 38 23 DA 8C ...22288 #..
D/RIL-IPC ( 139): ================================================================================
D/RIL ( 139): 2 RIL requests in the queue (0 pending, 2 handled, 0 unhandled)
D/RIL-IPC ( 139):
D/RIL-IPC ( 139): aries_fmt_recv: Received FMT message
D/RIL-IPC ( 139): aries_fmt_recv: Message: aseq=0x5c, command=IPC_NET_REGIST, type=IPC_TYPE_RESP, size=11
D/RIL-IPC ( 139): ================================= IPC FMT data =================================
D/RIL-IPC ( 139): [0000] 04 03 03 00 DA 8C DF 32 A8 01 FF .......2 ...
D/RIL-IPC ( 139): ================================================================================
D/RIL ( 139): 1 RIL request in the queue (0 pending, 1 handled, 0 unhandled)
D/RILJ ( 570): [0110]< VOICE_REGISTRATION_STATE {1, 8cda, 1a832df, 9, null, null, null, null, null, null, null, null, null, null, null}
D/RILJ ( 570): [0111]< QUERY_NETWORK_SELECTION_MODE {1}
D/RILJ ( 570): [0112]< OPERATOR {Wind, Wind, 22288}
D/RILJ ( 570): [0113]< DATA_REGISTRATION_STATE {2, 8cda, 1a832df, 9, 3}
D/RILJ ( 570): [0115]> QUERY_NETWORK_SELECTION_MODE
D/RIL ( 139): 2 RIL requests in the queue (1 pending, 1 handled, 0 unhandled)
D/RIL-IPC ( 139):
D/RIL-IPC ( 139): aries_fmt_send: Sent FMT message
D/RIL-IPC ( 139): aries_fmt_send: Message: mseq=0x5d, command=IPC_NET_REGIST, type=IPC_TYPE_GET, size=2
D/RIL-IPC ( 139): ================================= IPC FMT data =================================
D/RIL-IPC ( 139): [0000] FF 02 ..
D/RIL-IPC ( 139): ================================================================================
D/RIL-IPC ( 139):
D/RIL-IPC ( 139): aries_fmt_recv: Received FMT message
D/RIL-IPC ( 139): aries_fmt_recv: Message: aseq=0x5d, command=IPC_NET_REGIST, type=IPC_TYPE_RESP, size=11
D/RIL-IPC ( 139): ================================= IPC FMT data =================================
D/RIL-IPC ( 139): [0000] 04 02 02 00 DA 8C DF 32 A8 01 00 .......2 ...
D/RIL-IPC ( 139): ================================================================================
D/RIL ( 139): 1 RIL request in the queue (0 pending, 1 handled, 0 unhandled)
D/RIL ( 139): 2 RIL requests in the queue (1 pending, 1 handled, 0 unhandled)
D/RIL-IPC ( 139):
D/RIL-IPC ( 139): aries_fmt_send: Sent FMT message
D/RIL-IPC ( 139): aries_fmt_send: Message: mseq=0x5e, command=IPC_NET_PLMN_SEL, type=IPC_TYPE_GET, size=0
D/RILJ ( 570): [0114]< VOICE_REGISTRATION_STATE {1, 8cda, 1a832df, 9, null, null, null, null, null, null, null, null, null, null, null}
D/RIL-IPC ( 139):
D/RIL-IPC ( 139): aries_fmt_recv: Received FMT message
D/RIL-IPC ( 139): aries_fmt_recv: Message: aseq=0x5e, command=IPC_NET_PLMN_SEL, type=IPC_TYPE_RESP, size=1
D/RIL-IPC ( 139): ================================= IPC FMT data =================================
D/RIL-IPC ( 139): [0000] 03 .
D/RIL-IPC ( 139): ================================================================================
D/RIL ( 139): 1 RIL request in the queue (0 pending, 1 handled, 0 unhandled)
D/RILJ ( 570): [0115]< QUERY_NETWORK_SELECTION_MODE {1}
D/GSM ( 570): [GsmSST] Poll ServiceState done: oldSS=[1 home 3 Italia 3 Italia 22299 (manual) UMTS CSS not supported -1 -1 RoamInd=-1 DefRoamInd=-1 EmergOnly=true] newSS=[0 home Wind Wind 22288 (manual) HSDPA CSS not supported -1 -1 RoamInd=-1 DefRoamInd=-1 EmergOnly=false] oldGprs=1 newData=1 oldMaxDataCalls=1 mNewMaxDataCalls=1 oldReasonDataDenied=-1 mNewReasonDataDenied=-1 oldType=UMTS newType=HSDPA
D/GSM ( 570): [GsmSST] RAT switched UMTS -> HSDPA at cell 27800287
D/GSM ( 570): [GsmSST] pollStateDone: registering current mNitzUpdatedTime=false changing to false
D/GSM ( 570): [GsmSST] updateSpnDisplay: changed sending intent rule=2 showPlmn='true' plmn='Wind' showSpn='false' spn=''
D/GSM ( 570): [GsmSST] pollStateDone: no nitz but one TZ for iso-cc=it with zone.getID=Europe/Rome testOneUniqueOffsetPath=false
D/GSM ( 570): [GsmSST] setAndBroadcastNetworkSetTimeZone: setTimeZone=Europe/Rome
D/GSM ( 570): [GsmSST] setAndBroadcastNetworkSetTimeZone: call alarm.setTimeZone and broadcast zoneId=Europe/Rome
D/GSM ( 570): [GsmSST] shouldFixTimeZoneNow: retVal=false iccCardExist=true operatorNumeric=22288 mcc=222 prevOperatorNumeric=22299 prevMcc=222 needToFixTimeZone=false ltod=08-21 22:13:07.283
D/GSM ( 570): [GsmDCT] get all active apn types
D/GSM ( 570): [GsmDCT] isDataAllowed: not allowed due to - gprs= 1
D/GSM ( 570): [GsmDCT] isDataPossible(default): possible=false isDataAllowed=false apnTypePossible=true apnContextisEnabled=true apnContextState()=IDLE
D/GSM ( 570): [GsmDCT] get active apn string for type:default
D/RIL-IPC ( 139):
D/RIL-IPC ( 139): aries_fmt_recv: Received FMT message
D/RIL-IPC ( 139): aries_fmt_recv: Message: aseq=0x5e, command=IPC_DISP_RSSI_INFO, type=IPC_TYPE_NOTI, size=1
D/RIL-IPC ( 139): ================================= IPC FMT data =================================
D/RIL-IPC ( 139): [0000] 66 f
D/RIL-IPC ( 139): ================================================================================
D/RIL ( 139): Signal strength is 5
D/RIL-IPC ( 139):
D/RIL-IPC ( 139): aries_fmt_recv: Received FMT message
D/RIL-IPC ( 139): aries_fmt_recv: Message: aseq=0x5e, command=IPC_DISP_ICON_INFO, type=IPC_TYPE_NOTI, size=4
D/RIL-IPC ( 139): ================================= IPC FMT data =================================
D/RIL-IPC ( 139): [0000] FF 01 00 04 ....
D/RIL-IPC ( 139): ================================================================================
D/RIL ( 139): Signal strength is 3
D/RIL-IPC ( 139):
D/RIL-IPC ( 139): aries_fmt_recv: Received FMT message
D/RIL-IPC ( 139): aries_fmt_recv: Message: aseq=0x5e, command=IPC_DISP_RSSI_INFO, type=IPC_TYPE_NOTI, size=1
D/RIL-IPC ( 139): ================================= IPC FMT data =================================
D/RIL-IPC ( 139): [0000] 6A j
D/RIL-IPC ( 139): ================================================================================
D/RIL ( 139): Signal strength is 3
D/RIL-IPC ( 139):
D/RIL-IPC ( 139): aries_fmt_recv: Received FMT message
D/RIL-IPC ( 139): aries_fmt_recv: Message: aseq=0xff, command=IPC_NET_REGIST, type=IPC_TYPE_NOTI, size=11
D/RIL-IPC ( 139): ================================= IPC FMT data =================================
D/RIL-IPC ( 139): [0000] 04 02 02 00 DA 8C DF 32 A8 01 00 .......2 ...
D/RIL-IPC ( 139): ================================================================================
D/RIL-IPC ( 139):
D/RIL-IPC ( 139): aries_fmt_recv: Received FMT message
D/RIL-IPC ( 139): aries_fmt_recv: Message: aseq=0xff, command=IPC_NET_REGIST, type=IPC_TYPE_NOTI, size=11
D/RIL-IPC ( 139): ================================= IPC FMT data =================================
D/RIL-IPC ( 139): [0000] 04 03 02 00 DA 8C DF 32 A8 01 00 .......2 ...
D/RIL-IPC ( 139): ================================================================================
D/RILJ ( 570): [UNSL]< UNSOL_RESPONSE_VOICE_NETWORK_STATE_CHANGED
D/RILJ ( 570): [UNSL]< UNSOL_RESPONSE_VOICE_NETWORK_STATE_CHANGED
D/RIL-IPC ( 139):
D/RIL-IPC ( 139): aries_fmt_recv: Received FMT message
D/RIL-IPC ( 139): aries_fmt_recv: Message: aseq=0x00, command=IPC_NET_SERVING_NETWORK, type=IPC_TYPE_NOTI, size=11
D/RIL-IPC ( 139): ================================= IPC FMT data =================================
D/RIL-IPC ( 139): [0000] 03 02 04 32 32 32 38 38 23 DA 8C ...22288 #..
D/RIL-IPC ( 139): ================================================================================
D/RILJ ( 570): [0116]> OPERATOR
D/RILJ ( 570): [0117]> DATA_REGISTRATION_STATE
D/RIL ( 139): 2 RIL requests in the queue (1 pending, 1 handled, 0 unhandled)
D/RIL ( 139): 3 RIL requests data in the queue
D/RIL ( 139): 1 RIL request in the queue (0 pending, 1 handled, 0 unhandled)
D/RIL ( 139): 2 RIL requests data in the queue
D/RILJ ( 570): [UNSL]< UNSOL_RESPONSE_VOICE_NETWORK_STATE_CHANGED
D/RILJ ( 570): [0118]> VOICE_REGISTRATION_STATE
D/RILJ ( 570): [0119]> QUERY_NETWORK_SELECTION_MODE
D/RILJ ( 570): [0120]> OPERATOR
D/RILJ ( 570): [0121]> DATA_REGISTRATION_STATE
