D/RILJ ( 570): [0122]> VOICE_REGISTRATION_STATE
D/RILJ ( 570): [0123]> QUERY_NETWORK_SELECTION_MODE
D/RIL ( 139): 2 RIL requests in the queue (1 pending, 1 handled, 0 unhandled)
D/RIL ( 139): 2 RIL requests data in the queue
D/RIL ( 139): 1 RIL request in the queue (0 pending, 1 handled, 0 unhandled)
D/RIL ( 139): 1 RIL request data in the queue
D/RIL ( 139): 2 RIL requests in the queue (1 pending, 1 handled, 0 unhandled)
D/RIL ( 139): 1 RIL request data in the queue
D/RIL ( 139): 1 RIL request in the queue (0 pending, 1 handled, 0 unhandled)
D/RILJ ( 570): [0116]< OPERATOR {Wind, Wind, 22288}
D/RILJ ( 570): [0117]< DATA_REGISTRATION_STATE {1, 8cda, 1a832df, 9, 3}
D/RILJ ( 570): [0118]< VOICE_REGISTRATION_STATE {1, 8cda, 1a832df, 9, null, null, null, null, null, null, null, null, null, null, null}
D/RIL ( 139): 2 RIL requests in the queue (1 pending, 1 handled, 0 unhandled)
D/RIL-IPC ( 139):
D/RIL-IPC ( 139): aries_fmt_send: Sent FMT message
D/RIL-IPC ( 139): aries_fmt_send: Message: mseq=0x5f, command=IPC_NET_PLMN_SEL, type=IPC_TYPE_GET, size=0
D/RIL ( 139): 3 RIL requests in the queue (1 pending, 2 handled, 0 unhandled)
D/RIL-IPC ( 139):
D/RIL-IPC ( 139): aries_fmt_send: Sent FMT message
D/RIL-IPC ( 139): aries_fmt_send: Message: mseq=0x60, command=IPC_NET_SERVING_NETWORK, type=IPC_TYPE_GET, size=0
D/RIL ( 139): 4 RIL requests in the queue (1 pending, 3 handled, 0 unhandled)
D/RIL-IPC ( 139):
D/RIL-IPC ( 139): aries_fmt_send: Sent FMT message
D/RIL-IPC ( 139): aries_fmt_send: Message: mseq=0x61, command=IPC_NET_REGIST, type=IPC_TYPE_GET, size=2
D/RIL-IPC ( 139): ================================= IPC FMT data =================================
D/RIL-IPC ( 139): [0000] FF 03 ..
D/RIL-IPC ( 139): ================================================================================
D/RIL ( 139): 5 RIL requests in the queue (1 pending, 4 handled, 0 unhandled)
D/RIL-IPC ( 139):
D/RIL-IPC ( 139): aries_fmt_send: Sent FMT message
D/RIL-IPC ( 139): aries_fmt_send: Message: mseq=0x62, command=IPC_NET_REGIST, type=IPC_TYPE_GET, size=2
D/RIL-IPC ( 139): ================================= IPC FMT data =================================
D/RIL-IPC ( 139): [0000] FF 02 ..
D/RIL-IPC ( 139): ================================================================================
D/RIL-IPC ( 139):
D/RIL-IPC ( 139): aries_fmt_recv: Received FMT message
D/RIL-IPC ( 139): aries_fmt_recv: Message: aseq=0x5f, command=IPC_NET_PLMN_SEL, type=IPC_TYPE_RESP, size=1
D/RIL-IPC ( 139): ================================= IPC FMT data =================================
D/RIL-IPC ( 139): [0000] 03 .
D/RIL-IPC ( 139): ================================================================================
D/RIL ( 139): 4 RIL requests in the queue (0 pending, 4 handled, 0 unhandled)
D/RIL-IPC ( 139):
D/RIL-IPC ( 139): aries_fmt_recv: Received FMT message
D/RIL-IPC ( 139): aries_fmt_recv: Message: aseq=0x60, command=IPC_NET_SERVING_NETWORK, type=IPC_TYPE_RESP, size=11
D/RIL-IPC ( 139): ================================= IPC FMT data =================================
D/RIL-IPC ( 139): [0000] 03 02 04 32 32 32 38 38 23 DA 8C ...22288 #..
D/RIL-IPC ( 139): ================================================================================
D/RIL ( 139): 3 RIL requests in the queue (0 pending, 3 handled, 0 unhandled)
D/RIL-IPC ( 139):
D/RIL-IPC ( 139): aries_fmt_recv: Received FMT message
D/RIL-IPC ( 139): aries_fmt_recv: Message: aseq=0x61, command=IPC_NET_REGIST, type=IPC_TYPE_RESP, size=11
D/RIL-IPC ( 139): ================================= IPC FMT data =================================
D/RIL-IPC ( 139): [0000] 04 03 02 00 DA 8C DF 32 A8 01 00 .......2 ...
D/RIL-IPC ( 139): ================================================================================
D/RIL ( 139): 2 RIL requests in the queue (0 pending, 2 handled, 0 unhandled)
D/RIL-IPC ( 139):
D/RIL-IPC ( 139): aries_fmt_recv: Received FMT message
D/RIL-IPC ( 139): aries_fmt_recv: Message: aseq=0x62, command=IPC_NET_REGIST, type=IPC_TYPE_RESP, size=11
D/RIL-IPC ( 139): ================================= IPC FMT data =================================
D/RIL-IPC ( 139): [0000] 04 02 02 00 DA 8C DF 32 A8 01 00 .......2 ...
D/RIL-IPC ( 139): ================================================================================
D/RIL ( 139): 1 RIL request in the queue (0 pending, 1 handled, 0 unhandled)
D/RILJ ( 570): [0119]< QUERY_NETWORK_SELECTION_MODE {1}
D/RILJ ( 570): [0120]< OPERATOR {Wind, Wind, 22288}
D/RILJ ( 570): [0121]< DATA_REGISTRATION_STATE {1, 8cda, 1a832df, 9, 3}
D/RILJ ( 570): [0122]< VOICE_REGISTRATION_STATE {1, 8cda, 1a832df, 9, null, null, null, null, null, null, null, null, null, null, null}
D/RILJ ( 570): [0124]> OPERATOR
D/RIL ( 139): 2 RIL requests in the queue (1 pending, 1 handled, 0 unhandled)
D/RIL-IPC ( 139):
D/RIL-IPC ( 139): aries_fmt_send: Sent FMT message
D/RIL-IPC ( 139): aries_fmt_send: Message: mseq=0x63, command=IPC_NET_PLMN_SEL, type=IPC_TYPE_GET, size=0
D/RIL-IPC ( 139):
D/RIL-IPC ( 139): aries_fmt_recv: Received FMT message
D/RIL-IPC ( 139): aries_fmt_recv: Message: aseq=0x63, command=IPC_NET_PLMN_SEL, type=IPC_TYPE_RESP, size=1
D/RIL-IPC ( 139): ================================= IPC FMT data =================================
D/RIL-IPC ( 139): [0000] 03 .
D/RIL-IPC ( 139): ================================================================================
D/RIL ( 139): 1 RIL request in the queue (0 pending, 1 handled, 0 unhandled)
D/RILJ ( 570): [0123]< QUERY_NETWORK_SELECTION_MODE {1}
D/RIL-IPC ( 139):
D/RIL-IPC ( 139): aries_fmt_recv: Received FMT message
D/RIL-IPC ( 139): aries_fmt_recv: Message: aseq=0x00, command=IPC_NET_IDENTITY, type=IPC_TYPE_NOTI, size=62
D/RIL-IPC ( 139): ================================= IPC FMT data =================================
D/RIL-IPC ( 139): [0000] 01 FF 00 10 02 00 00 00 00 00 00 00 00 00 00 00 ........ ........
D/RIL-IPC ( 139): [0010] 00 00 00 00 00 00 20 02 00 00 00 00 00 00 00 00 ...... . ........
D/RIL-IPC ( 139): [0020] 00 00 00 00 00 00 00 00 00 00 00 00 00 00 00 00 ........ ........
D/RIL-IPC ( 139): [0030] 00 00 00 00 00 00 00 00 32 32 32 38 38 23 ........ 22288#
D/RIL-IPC ( 139): ================================================================================
D/RIL-IPC ( 139): Unhandled IPC FMT message: IPC_NET_IDENTITY
D/RIL-IPC ( 139):
D/RIL-IPC ( 139): aries_fmt_recv: Received FMT message
D/RIL-IPC ( 139): aries_fmt_recv: Message: aseq=0x00, command=IPC_MISC_TIME_INFO, type=IPC_TYPE_NOTI, size=18
D/RIL-IPC ( 139): ================================= IPC FMT data =================================
D/RIL-IPC ( 139): [0000] 02 01 0F 08 15 14 0D 08 08 01 00 01 32 32 32 38 ........ ....2228
D/RIL-IPC ( 139): [0010] 38 23 8#
D/RIL-IPC ( 139): ================================================================================
D/RILJ ( 570): [0125]> DATA_REGISTRATION_STATE
D/GSM ( 570): [SimSmsInterfaceManager] enableCellBroadcastRange
D/RILJ ( 570): [0126]> VOICE_REGISTRATION_STATE
D/RILJ ( 570): [0127]> QUERY_NETWORK_SELECTION_MODE
D/RILJ ( 570): [UNSL]< UNSOL_NITZ_TIME_RECEIVED 15/08/21,20:13:08+08,01
D/RIL ( 139): 2 RIL requests in the queue (1 pending, 1 handled, 0 unhandled)
D/RIL-IPC ( 139):
D/RIL-IPC ( 139): aries_fmt_send: Sent FMT message
D/RIL-IPC ( 139): aries_fmt_send: Message: mseq=0x64, command=IPC_NET_SERVING_NETWORK, type=IPC_TYPE_GET, size=0
D/RIL-IPC ( 139):
D/RIL-IPC ( 139): aries_fmt_recv: Received FMT message
D/RIL-IPC ( 139): aries_fmt_recv: Message: aseq=0x64, command=IPC_NET_SERVING_NETWORK, type=IPC_TYPE_RESP, size=11
D/RIL-IPC ( 139): ================================= IPC FMT data =================================
D/RIL-IPC ( 139): [0000] 03 02 04 32 32 32 38 38 23 DA 8C ...22288 #..
D/RIL-IPC ( 139): ================================================================================
D/RIL ( 139): 1 RIL request in the queue (0 pending, 1 handled, 0 unhandled)
D/RILJ ( 570): [0124]< OPERATOR {Wind, Wind, 22288}
D/RIL ( 139): 2 RIL requests in the queue (1 pending, 1 handled, 0 unhandled)
D/RIL-IPC ( 139):
D/RIL-IPC ( 139): aries_fmt_send: Sent FMT message
D/RIL-IPC ( 139): aries_fmt_send: Message: mseq=0x65, command=IPC_NET_REGIST, type=IPC_TYPE_GET, size=2
D/RIL-IPC ( 139): ================================= IPC FMT data =================================
D/RIL-IPC ( 139): [0000] FF 03 ..
D/RIL-IPC ( 139): ================================================================================
D/RIL ( 139): 3 RIL requests in the queue (1 pending, 2 handled, 0 unhandled)
D/RIL-IPC ( 139):
D/RIL-IPC ( 139): aries_fmt_send: Sent FMT message
D/RIL-IPC ( 139): aries_fmt_send: Message: mseq=0x66, command=IPC_NET_REGIST, type=IPC_TYPE_GET, size=2
D/RIL-IPC ( 139): ================================= IPC FMT data =================================
D/RIL-IPC ( 139): [0000] FF 02 ..
D/RIL-IPC ( 139): ================================================================================
D/RIL-IPC ( 139):
D/RIL-IPC ( 139): aries_fmt_recv: Received FMT message
D/RIL-IPC ( 139): aries_fmt_recv: Message: aseq=0x65, command=IPC_NET_REGIST, type=IPC_TYPE_RESP, size=11
D/RIL-IPC ( 139): ================================= IPC FMT data =================================
D/RIL-IPC ( 139): [0000] 04 03 02 00 DA 8C DF 32 A8 01 00 .......2 ...
D/RIL-IPC ( 139): ================================================================================
D/RIL ( 139): 2 RIL requests in the queue (0 pending, 2 handled, 0 unhandled)
D/RILJ ( 570): [0125]< DATA_REGISTRATION_STATE {1, 8cda, 1a832df, 9, 3}
D/RIL-IPC ( 139):
D/RIL-IPC ( 139): aries_fmt_recv: Received FMT message
D/RIL-IPC ( 139): aries_fmt_recv: Message: aseq=0x66, command=IPC_NET_REGIST, type=IPC_TYPE_RESP, size=11
D/RIL-IPC ( 139): ================================= IPC FMT data =================================
D/RIL-IPC ( 139): [0000] 04 02 02 00 DA 8C DF 32 A8 01 00 .......2 ...
D/RIL-IPC ( 139): ================================================================================
D/RIL ( 139): 1 RIL request in the queue (0 pending, 1 handled, 0 unhandled)
D/RIL ( 139): 2 RIL requests in the queue (1 pending, 1 handled, 0 unhandled)
D/RIL-IPC ( 139):
D/RIL-IPC ( 139): aries_fmt_send: Sent FMT message
D/RIL-IPC ( 139): aries_fmt_send: Message: mseq=0x67, command=IPC_NET_PLMN_SEL, type=IPC_TYPE_GET, size=0
D/RIL-IPC ( 139):
D/RIL-IPC ( 139): aries_fmt_recv: Received FMT message
D/RIL-IPC ( 139): aries_fmt_recv: Message: aseq=0x67, command=IPC_NET_PLMN_SEL, type=IPC_TYPE_RESP, size=1
D/RIL-IPC ( 139): ================================= IPC FMT data =================================
D/RIL-IPC ( 139): [0000] 03 .
D/RIL-IPC ( 139): ================================================================================
D/RIL ( 139): 1 RIL request in the queue (0 pending, 1 handled, 0 unhandled)
D/RILJ ( 570): [0126]< VOICE_REGISTRATION_STATE {1, 8cda, 1a832df, 9, null, null, null, null, null, null, null, null, null, null, null}
D/RILJ ( 570): [0127]< QUERY_NETWORK_SELECTION_MODE {1}
D/GSM ( 570): [GsmSST] NITZ: 15/08/21,20:13:08+08,01,44381 start=44396 delay=15
D/GSM ( 570): [GsmSST] setAndBroadcastNetworkSetTimeZone: setTimeZone=Europe/Rome
D/GSM ( 570): [SimSmsInterfaceManager] Calling setGsmBroadcastConfig with 1 configurations
D/RILJ ( 570): [0128]> RIL_REQUEST_GSM_SET_BROADCAST_CONFIG with 1 configs :
D/RILJ ( 570): SmsBroadcastConfigInfo: Id [4352,6399] Code [0,255] ENABLED
D/GSM ( 570): [GsmSST] setAndBroadcastNetworkSetTimeZone: call alarm.setTimeZone and broadcast zoneId=Europe/Rome
D/GSM ( 570): [GsmSST] NITZ: Setting time of day to Fri Aug 21 22:13:08 CEST 2015 NITZ receive delay(ms): 33 gained(ms): -649 from 15/08/21,20:13:08+08,01
D/RIL ( 139): Detected string with a size of 15 bytes
D/RIL ( 139): 2 RIL requests in the queue (1 pending, 1 handled, 0 unhandled)
D/RIL ( 139): Unhandled RIL request: 90
D/RIL ( 139): 1 RIL request in the queue (0 pending, 1 handled, 0 unhandled)
D/RILJ ( 570): [0128]< RIL_REQUEST_GSM_SET_BROADCAST_CONFIG error: com.android.internal.telephony.CommandException: REQUEST_NOT_SUPPORTED
I/GSM ( 570): NITZ: after Setting time of day
D/GSM ( 570): [GsmSST] Poll ServiceState done: oldSS=[0 home Wind Wind 22288 (manual) HSDPA CSS not supported -1 -1 RoamInd=-1 DefRoamInd=-1 EmergOnly=false] newSS=[0 home Wind Wind 22288 (manual) HSDPA CSS not supported -1 -1 RoamInd=-1 DefRoamInd=-1 EmergOnly=false] oldGprs=1 newData=0 oldMaxDataCalls=1 mNewMaxDataCalls=1 oldReasonDataDenied=-1 mNewReasonDataDenied=-1 oldType=HSDPA newType=HSDPA
D/GSM ( 570): [SimSmsInterfaceManager] Failed to add cell broadcast subscription for MID range 4352 to 6399 from client com.android.cellbroadcastreceiver
D/GSM ( 570): [GsmDCT] handleMessage msg={ what=270352 when=-1ms obj=android.os.AsyncResult@4114b588 }
D/GSM ( 570): [GsmDCT] onDataConnectionAttached
D/GSM ( 570): [GsmDCT] overall state is IDLE
D/GSM ( 570): [GsmDCT] notifyOffApnOfAvailability type:dun
D/GSM ( 570): [GsmDCT] isDataPossible(dun): possible=true isDataAllowed=true apnTypePossible=true apnContextisEnabled=false apnContextState()=IDLE
D/GSM ( 570): [GsmDCT] get active apn string for type:dun
D/GSM ( 570): [GsmDCT] notifyOffApnOfAvailability type:supl
D/GSM ( 570): [GsmDCT] isDataPossible(supl): possible=true isDataAllowed=true apnTypePossible=true apnContextisEnabled=false apnContextState()=IDLE
D/GSM ( 570): [GsmDCT] get active apn string for type:supl
D/GSM ( 570): [GsmDCT] notifyOffApnOfAvailability type:hipri
D/GSM ( 570): [GsmDCT] isDataPossible(hipri): possible=true isDataAllowed=true apnTypePossible=true apnContextisEnabled=false apnContextState()=IDLE
D/GSM ( 570): [GsmDCT] get active apn string for type:hipri
D/GSM ( 570): [GsmDCT] notifyOffApnsOfAvailability skipped apn due to isReady==false: {mApnType=default mState=IDLE mWaitingApns=null mWaitingApnsPermanentFailureCountDown=0 mApnSetting=null mDataConnectionAc=null mReason=simLoaded mRetryCount=0 mDataEnabled=true mDependencyMet=true}
D/GSM ( 570): [GsmDCT] notifyOffApnOfAvailability type:mms
D/GSM ( 570): [GsmDCT] isDataPossible(mms): possible=true isDataAllowed=true apnTypePossible=true apnContextisEnabled=false apnContextState()=IDLE
D/GSM ( 570): [GsmDCT] get active apn string for type:mms
D/GSM ( 570): [ApnContext:dun] setRetryCount: 0
D/GSM ( 570): [ApnContext:supl] setRetryCount: 0
D/GSM ( 570): [ApnContext:hipri] setRetryCount: 0
D/GSM ( 570): [ApnContext:default] setRetryCount: 0
D/GSM ( 570): [ApnContext:mms] setRetryCount: 0
D/GSM ( 570): [ApnContext:default] set reason as dataAttached,current state IDLE
D/GSM ( 570): [GsmDCT] trySetupData for type:default due to dataAttached
D/GSM ( 570): [GsmDCT] trySetupData with mIsPsRestricted=false
D/GSM ( 570): [GsmDCT] isEmergency: result=false
D/GSM ( 570): [GsmDCT] buildWaitingApns: Preferred APN:22288:22288:[ApnSettingV2] Wind IT WEB, 128, 22288, internet.wind, null, null, null, null, null, -1, default | supl, IP, IP, true, 0
D/GSM ( 570): [GsmDCT] buildWaitingApns: X added preferred apnList=[[ApnSettingV2] Wind IT WEB, 128, 22288, internet.wind, null, null, null, null, null, -1, default | supl, IP, IP, true, 0]
D/GSM ( 570): [GsmDCT] trySetupData: Create from mAllApns : [[ApnSettingV2] Wind IT WEB, 128, 22288, internet.wind, null, null, null, null, null, -1, default | supl, IP, IP, true, 0][[ApnSettingV2] Wind IT MMS, 129, 22288, mms.wind, null, http://mms.wind.it, 212.245.244.11, 8080, null, -1, mms, IP, IP, true, 0]
D/GSM ( 570): [GsmDCT] Setup watingApns : [[ApnSettingV2] Wind IT WEB, 128, 22288, internet.wind, null, null, null, null, null, -1, default | supl, IP, IP, true, 0]
D/GSM ( 570): [GsmDCT] setupData: apnContext={mApnType=default mState=IDLE mWaitingApns=[[ApnSettingV2] Wind IT WEB, 128, 22288, internet.wind, null, null, null, null, null, -1, default | supl, IP, IP, true, 0] mWaitingApnsPermanentFailureCountDown=1 mApnSetting=null mDataConnectionAc=null mReason=dataAttached mRetryCount=0 mDataEnabled=true mDependencyMet=true}
D/GSM ( 570): [GsmDCT] checkForConnectionForApnContext: apnContext={mApnType=default mState=IDLE mWaitingApns=[[ApnSettingV2] Wind IT WEB, 128, 22288, internet.wind, null, null, null, null, null, -1, default | supl, IP, IP, true, 0] mWaitingApnsPermanentFailureCountDown=1 mApnSetting=null mDataConnectionAc=null mReason=dataAttached mRetryCount=0 mDataEnabled=true mDependencyMet=true} NO conn
D/GSM ( 570): [GsmDCT] findReadyDataConnection: apn string <[ApnSettingV2] Wind IT WEB, 128, 22288, internet.wind, null, null, null, null, null, -1, default | supl, IP, IP, true, 0> dcacs.size=0
D/GSM ( 570): [GsmDCT] setupData: No ready GsmDataConnection found!
D/GSM ( 570): [GsmDCT] findFreeDataConnection: NO free GsmDataConnection
D/GSM ( 570): [GsmDCT] createDataConnection E
D/GSM ( 570): [SimSmsInterfaceManager] disableCellBroadcastRange
D/GSM ( 570): [SimSmsInterfaceManager] Failed to remove cell broadcast subscription for MID range 50 to 50 from client com.android.cellbroadcastreceiver
D/GSM ( 570): [GsmDC-1] DataConnection constructor E
D/GSM ( 570): [GsmDC-1] DataConnection constructor X
D/GSM ( 570): [GsmDC-1] Made GsmDC-1
D/RILB ( 570): registerForRilConnected h=Handler (com.android.internal.util.StateMachine$SmHandler) {41159b08} w=262149
D/RILB ( 570): Notifying: ril connected mRilVersion=7
D/GSM ( 570): [GsmDC-1] clearSettings
D/GSM ( 570): [GsmDC-1] DcDefaultState: msg.what=EVENT_RIL_CONNECTED mRilVersion=7
D/GSM ( 570): [GsmDCT] createDataConnection() X id=0 dc={GsmDC-1: State=DcInactiveState apnSetting=null apnList= [] RefCount=0 cid=-1 create=-1 lastFail=-1 lastFailCause=NONE}
D/GSM ( 570): [GsmDCT] setupData: init dc and apnContext refCount=0
D/GSM ( 570): [GsmDCT] configureRetry: forDefault=true retryCount=0 dc={GsmDC-1: State=DcInactiveState apnSetting=null apnList= [] RefCount=0 cid=-1 create=-1 lastFail=-1 lastFailCause=NONE}
D/GSM ( 570): [RM] resetRetryCount: 0
D/GSM ( 570): [GsmDC-1] setRetryCount: 0
D/GSM ( 570): [RM] setRetryCount: 0
D/GSM ( 570): [ApnContext:default] setDataConnectionAc: old dcac=null new dcac=GsmDC-1
D/GSM ( 570): [ApnContext:default] setDataConnection: old dc=null new dc={GsmDC-1: State=DcInactiveState apnSetting=null apnList= [{mApnType=default mState=IDLE mWaitingApns=[[ApnSettingV2] Wind IT WEB, 128, 22288, internet.wind, null, null, null, null, null, -1, default | supl, IP, IP, true, 0] mWaitingApnsPermanentFailureCountDown=1 mApnSetting=null mDataConnectionAc=GsmDC-1 mReason=dataAttached mRetryCount=0 mDataEnabled=true mDependencyMet=true}] RefCount=0 cid=-1 create=-1 lastFail=-1 lastFailCause=NONE} this={mApnType=default mState=IDLE mWaitingApns=[[ApnSettingV2] Wind IT WEB, 128, 22288, internet.wind, null, null, null, null, null, -1, default | supl, IP, IP, true, 0] mWaitingApnsPermanentFailureCountDown=1 mApnSetting=null mDataConnectionAc=GsmDC-1 mReason=dataAttached mRetryCount=0 mDataEnabled=true mDependencyMet=true}
D/GSM ( 570): [ApnContext:default] setState: INITING, previous state:IDLE
D/GSM ( 570): [GsmDCT] isDataPossible(default): possible=true isDataAllowed=true apnTypePossible=true apnContextisEnabled=true apnContextState()=INITING
D/GSM ( 570): [GsmDCT] get active apn string for type:default
D/GSM ( 570): [GsmDCT] setupData: initing!
D/GSM ( 570): [GsmDCT] notifyOffApnOfAvailability type:dun
D/GSM ( 570): [GsmDCT] isDataPossible(dun): possible=true isDataAllowed=true apnTypePossible=true apnContextisEnabled=false apnContextState()=IDLE
D/GSM ( 570): [GsmDCT] get active apn string for type:dun
D/GSM ( 570): [GsmDC-1] DcInactiveState msg.what=EVENT_CONNECT.RefCount = 0
D/GSM ( 570): [GsmDC-1] Connecting to carrier: 'Wind IT WEB' APN: 'internet.wind' proxy: 'null' port: 'null
D/RILJ ( 570): [0129]> SETUP_DATA_CALL 11 0 internet.wind null null 0 IP
D/RIL ( 139): 2 RIL requests in the queue (1 pending, 1 handled, 0 unhandled)
D/RIL ( 139): Setting up data connection to APN: internet.wind with username/password: (null)/(null)
D/GSM ( 570): [GsmDCT] notifyOffApnOfAvailability type:supl
D/GSM ( 570): [GsmDCT] isDataPossible(supl): possible=true isDataAllowed=true apnTypePossible=true apnContextisEnabled=false apnContextState()=IDLE
D/GSM ( 570): [GsmDCT] get active apn string for type:supl
D/GSM ( 570): [GsmDCT] notifyOffApnOfAvailability type:hipri
D/GSM ( 570): [GsmDCT] isDataPossible(hipri): possible=true isDataAllowed=true apnTypePossible=true apnContextisEnabled=false apnContextState()=IDLE
D/GSM ( 570): [GsmDCT] get active apn string for type:hipri
D/GSM ( 570): [GsmDCT] notifyOffApnsOfAvailability skipped apn due to isReady==false: {mApnType=default mState=INITING mWaitingApns=[[ApnSettingV2] Wind IT WEB, 128, 22288, internet.wind, null, null, null, null, null, -1, default | supl, IP, IP, true, 0] mWaitingApnsPermanentFailureCountDown=1 mApnSetting=[ApnSettingV2] Wind IT WEB, 128, 22288, internet.wind, null, null, null, null, null, -1, default | supl, IP, IP, true, 0 mDataConnectionAc=GsmDC-1 mReason=dataAttached mRetryCount=0 mDataEnabled=true mDependencyMet=true}
D/GSM ( 570): [GsmDCT] notifyOffApnOfAvailability type:mms
D/GSM ( 570): [GsmDCT] isDataPossible(mms): possible=true isDataAllowed=true apnTypePossible=true apnContextisEnabled=false apnContextState()=IDLE
D/GSM ( 570): [GsmDCT] get active apn string for type:mms
D/RIL ( 139): 1 RIL request in the queue (0 pending, 1 handled, 0 unhandled)
D/RILJ ( 570): [0129]< SETUP_DATA_CALL error: com.android.internal.telephony.CommandException: GENERIC_FAILURE
D/GSM ( 570): [GsmDC-1] DcActivatingState msg.what=EVENT_SETUP_DATA_CONNECTION_DONE
D/GSM ( 570): [GsmDC-1] onSetupConnectionCompleted failed, ar.exception=com.android.internal.telephony.CommandException: GENERIC_FAILURE response=null
D/GSM ( 570): [GsmDC-1] DcActivatingState onSetupConnectionCompleted result=ERR_GetLastErrorFromRil SetupResult.mFailCause=NONE
D/RILJ ( 570): [0130]> LAST_DATA_CALL_FAIL_CAUSE
D/RIL ( 139): 2 RIL requests in the queue (1 pending, 1 handled, 0 unhandled)
D/RIL ( 139): 1 RIL request in the queue (0 pending, 1 handled, 0 unhandled)
D/RILJ ( 570): [0130]< LAST_DATA_CALL_FAIL_CAUSE {65535}
D/GSM ( 570): [GsmDC-1] DcActivatingState msg.what=EVENT_GET_LAST_FAIL_DONE
D/GSM ( 570): [GsmDC-1] notifyConnectionCompleted at 1440187988239 cause=ERROR_UNSPECIFIED
D/GSM ( 570): [GsmDC-1] clearSettings
D/GSM ( 570): [GsmDCT] handleMessage msg={ what=270336 when=-5ms arg1=-1 obj=android.os.AsyncResult@411706a8 }
D/GSM ( 570): [GsmDCT] isDataSetupCompleteOk return false, ar.result=ERROR_UNSPECIFIED
D/GSM ( 570): [GsmDCT] onDataSetupComplete: error apn=internet.wind cause=ERROR_UNSPECIFIED
D/GSM ( 570): [GsmDCT] onDataSetupComplete: WaitingApns.size=0 WaitingApnsPermFailureCountDown=1
D/GSM ( 570): [GsmDCT] onDataSetupComplete: Not all permanent failures, retry
D/GSM ( 570): [GsmDCT] notifyNoData: type=default
D/GSM ( 570): [ApnContext:default] setState: FAILED, previous state:INITING
D/GSM ( 570): [GsmDCT] reconnectAfterFail: lastFailCause=ERROR_UNSPECIFIED retryOverride=-1 apnContext={mApnType=default mState=FAILED mWaitingApns=[] mWaitingApnsPermanentFailureCountDown=1 mApnSetting=[ApnSettingV2] Wind IT WEB, 128, 22288, internet.wind, null, null, null, null, null, -1, default | supl, IP, IP, true, 0 mDataConnectionAc=GsmDC-1 mReason=dataAttached mRetryCount=0 mDataEnabled=true mDependencyMet=true}
D/GSM ( 570): [RM] isRetryNeeded: true
D/GSM ( 570): [RM] getRetryTimer: 6965
D/GSM ( 570): [RM] increaseRetryCount: 1
D/GSM ( 570): [RM] getRetryCount: 1
D/GSM ( 570): [GsmDCT] reconnectAfterFail: increaseRetryCount=1 nextReconnectDelay=6965
D/GSM ( 570): [RM] getRetryCount: 1
D/GSM ( 570): [GsmDCT] startAlarmForReconnect: next attempt in 6s reason='dataAttached' connectionId=0 retryCount=1
D/GSM ( 570): [GsmDCT] notifyNoData: type=default
D/GSM ( 570): [ApnContext:default] setState: FAILED, previous state:FAILED
D/GSM ( 570): [GsmSST] setAndBroadcastNetworkSetTime: time=1440187988033ms
D/RIL-IPC ( 139):
D/RIL-IPC ( 139): aries_fmt_recv: Received FMT message
D/RIL-IPC ( 139): aries_fmt_recv: Message: aseq=0x67, command=IPC_GPRS_HSDPA_STATUS, type=IPC_TYPE_NOTI, size=1
D/RIL-IPC ( 139): ================================= IPC FMT data =================================
D/RIL-IPC ( 139): [0000] 01 .
D/RIL-IPC ( 139): ================================================================================
D/RIL-IPC ( 139):
D/RIL-IPC ( 139): aries_fmt_recv: Received FMT message
D/RIL-IPC ( 139): aries_fmt_recv: Message: aseq=0x67, command=IPC_GPRS_HSDPA_STATUS, type=IPC_TYPE_NOTI, size=1
D/RIL-IPC ( 139): ================================= IPC FMT data =================================
D/RIL-IPC ( 139): [0000] 01 .
D/RIL-IPC ( 139): ================================================================================
D/RILJ ( 570): [0131]> OEM_HOOK_RAW[01010007011400]
D/RIL ( 139): 2 RIL requests in the queue (1 pending, 1 handled, 0 unhandled)
D/RIL-IPC ( 139):
D/RIL-IPC ( 139): aries_fmt_send: Sent FMT message
D/RIL-IPC ( 139): aries_fmt_send: Message: mseq=0x68, command=IPC_SVC_ENTER, type=IPC_TYPE_SET, size=3
D/RIL-IPC ( 139): ================================= IPC FMT data =================================
D/RIL-IPC ( 139): [0000] 01 14 10 ...
D/RIL-IPC ( 139): ================================================================================
D/RILJ ( 570): [0132]> OEM_HOOK_RAW[010300063200]
D/RIL-IPC ( 139):
D/RIL-IPC ( 139): aries_fmt_recv: Received FMT message
D/RIL-IPC ( 139): aries_fmt_recv: Message: aseq=0x68, command=IPC_GEN_PHONE_RES, type=IPC_TYPE_RESP, size=5
D/RIL-IPC ( 139): ================================= IPC FMT data =================================
D/RIL-IPC ( 139): [0000] 0B 01 03 00 80 .....
D/RIL-IPC ( 139): ================================================================================
D/RIL ( 139): Generic response was expected
D/RIL-IPC ( 139):
D/RIL-IPC ( 139): aries_fmt_recv: Received FMT message
D/RIL-IPC ( 139): aries_fmt_recv: Message: aseq=0x60, command=IPC_SVC_SCREEN_CFG, type=IPC_TYPE_NOTI, size=2
D/RIL-IPC ( 139): ================================= IPC FMT data =================================
D/RIL-IPC ( 139): [0000] 0B 01 ..
D/RIL-IPC ( 139): ================================================================================
D/RIL-IPC ( 139): Unhandled IPC FMT message: IPC_SVC_SCREEN_CFG
D/RIL-IPC ( 139):
D/RIL-IPC ( 139): aries_fmt_recv: Received FMT message
D/RIL-IPC ( 139): aries_fmt_recv: Message: aseq=0x61, command=IPC_SVC_DISPLAY_SCREEN, type=IPC_TYPE_NOTI, size=375
D/RIL-IPC ( 139): ================================= IPC FMT data =================================
D/RIL-IPC ( 139): [0000] 0B 00 00 20 52 52 43 28 48 53 50 41 29 20 43 4F ... RRC( HSPA) CO
D/RIL-IPC ( 139): [0010] 4E 54 52 4F 4C 00 20 20 20 20 20 20 20 20 20 20 NTROL.
D/RIL-IPC ( 139): [0020] 20 20 00 01 00 20 5B 31 5D 20 44 49 53 50 4C 41 ... [1 ] DISPLA
D/RIL-IPC ( 139): [0030] 59 20 48 53 50 41 20 49 4E 46 4F 2E 00 20 20 20 Y HSPA I NFO..
D/RIL-IPC ( 139): [0040] 20 20 20 20 00 02 00 20 5B 32 5D 20 43 48 41 4E ... [2] CHAN
D/RIL-IPC ( 139): [0050] 47 45 20 48 53 50 41 20 52 45 56 49 53 49 4F 4E GE HSPA REVISION
D/RIL-IPC ( 139): [0060] 00 20 20 20 20 20 00 03 00 20 20 20 20 20 20 20 . .. .
D/RIL-IPC ( 139): [0070] 20 20 20 20 20 20 20 20 20 20 20 20 20 20 20 20
D/RIL-IPC ( 139): [0080] 20 20 20 20 20 20 20 20 00 04 00 20 20 20 20 20 ...
D/RIL-IPC ( 139): [0090] 20 20 20 20 20 20 20 20 20 20 20 20 20 20 20 20
D/RIL-IPC ( 139): [00a0] 20 20 20 20 20 20 20 20 20 20 00 05 00 20 20 20 ...
D/RIL-IPC ( 139): [00b0] 20 20 20 20 20 20 20 20 20 20 20 20 20 20 20 20
D/RIL-IPC ( 139): [00c0] 20 20 20 20 20 20 20 20 20 20 20 20 00 06 00 20 ...
D/RIL-IPC ( 139): [00d0] 20 20 20 20 20 20 20 20 20 20 20 20 20 20 20 20
D/RIL-IPC ( 139): [00e0] 20 20 20 20 20 20 20 20 20 20 20 20 20 20 00 07 ..
D/RIL-IPC ( 139): [00f0] 00 20 20 20 20 20 20 20 20 20 20 20 20 20 20 20 .
D/RIL-IPC ( 139): ================================================================================
D/RIL ( 139): 1 RIL request in the queue (0 pending, 1 handled, 0 unhandled)
D/RIL-IPC ( 139):
D/RIL-IPC ( 139): aries_fmt_recv: Received FMT message
D/RIL-IPC ( 139): aries_fmt_recv: Message: aseq=0x62, command=IPC_SVC_DISPLAY_SCREEN, type=IPC_TYPE_NOTI, size=35
D/RIL-IPC ( 139): ================================= IPC FMT data =================================
D/RIL-IPC ( 139): [0000] 01 00 01 20 52 52 43 28 48 53 50 41 29 20 43 4F ... RRC( HSPA) CO
D/RIL-IPC ( 139): [0010] 4E 54 52 4F 4C 00 20 20 20 20 20 20 20 20 20 20 NTROL.
D/RIL-IPC ( 139): [0020] 20 20 00 .
D/RIL-IPC ( 139): ================================================================================
D/RILJ ( 570): [0131]< OEM_HOOK_RAW [B@4118fbc8
D/RIL ( 139): 2 RIL requests in the queue (1 pending, 1 handled, 0 unhandled)
D/RIL-IPC ( 139):
D/RIL-IPC ( 139): aries_fmt_send: Sent FMT message
D/RIL-IPC ( 139): aries_fmt_send: Message: mseq=0x69, command=IPC_SVC_PRO_KEYCODE, type=IPC_TYPE_SET, size=1
D/RIL-IPC ( 139): ================================= IPC FMT data =================================
D/RIL-IPC ( 139): [0000] 32 2
D/RIL-IPC ( 139): ================================================================================
D/RILJ ( 570): [0133]> OEM_HOOK_RAW[010300063300]
D/RIL-IPC ( 139):
D/RIL-IPC ( 139): aries_fmt_recv: Received FMT message
D/RIL-IPC ( 139): aries_fmt_recv: Message: aseq=0x69, command=IPC_GEN_PHONE_RES, type=IPC_TYPE_RESP, size=5
D/RIL-IPC ( 139): ================================= IPC FMT data =================================
D/RIL-IPC ( 139): [0000] 0B 03 03 00 80 .....
D/RIL-IPC ( 139): ================================================================================
D/RIL ( 139): Generic response was expected
D/RIL-IPC ( 139):
D/RIL-IPC ( 139): aries_fmt_recv: Received FMT message
D/RIL-IPC ( 139): aries_fmt_recv: Message: aseq=0x60, command=IPC_SVC_DISPLAY_SCREEN, type=IPC_TYPE_NOTI, size=35
D/RIL-IPC ( 139): ================================= IPC FMT data =================================
D/RIL-IPC ( 139): [0000] 01 09 00 20 32 00 20 20 20 20 20 20 20 20 20 20 ... 2.
D/RIL-IPC ( 139): [0010] 20 20 20 20 20 20 20 20 20 20 20 20 20 20 20 20
D/RIL-IPC ( 139): [0020] 20 20 00 .
D/RIL-IPC ( 139): ================================================================================
D/RIL-IPC ( 139):
D/RIL-IPC ( 139): aries_fmt_recv: Received FMT message
D/RIL-IPC ( 139): aries_fmt_recv: Message: aseq=0x61, command=IPC_SVC_DISPLAY_SCREEN, type=IPC_TYPE_NOTI, size=375
D/RIL-IPC ( 139): ================================= IPC FMT data =================================
D/RIL-IPC ( 139): [0000] 0B 00 00 20 43 48 41 4E 47 45 20 48 53 50 41 20 ... CHAN GE HSPA
D/RIL-IPC ( 139): [0010] 52 45 56 49 53 49 4F 4E 00 20 20 20 20 20 20 20 REVISION .
D/RIL-IPC ( 139): [0020] 20 20 00 01 00 20 5B 31 5D 20 52 45 4C 45 41 53 ... [1 ] RELEAS
D/RIL-IPC ( 139): [0030] 45 20 52 39 39 28 48 53 50 41 20 4F 46 46 29 00 E R99(HS PA OFF).
D/RIL-IPC ( 139): [0040] 20 20 20 20 00 02 00 20 5B 32 5D 20 52 45 4C 45 ... [2] RELE
D/RIL-IPC ( 139): [0050] 41 53 45 20 35 28 48 53 44 50 41 20 4F 4E 4C 59 ASE 5(HS DPA ONLY
D/RIL-IPC ( 139): [0060] 29 00 20 20 20 20 00 03 00 20 5B 33 5D 20 52 45 ). .. . [3] RE
D/RIL-IPC ( 139): [0070] 4C 45 41 53 45 20 36 28 48 53 44 50 41 2F 48 53 LEASE 6( HSDPA/HS
D/RIL-IPC ( 139): [0080] 55 50 41 29 00 20 20 20 00 04 00 20 20 20 20 20 UPA). ...
D/RIL-IPC ( 139): [0090] 20 20 20 20 20 20 20 20 20 20 20 20 20 20 20 20
D/RIL-IPC ( 139): [00a0] 20 20 20 20 20 20 20 20 20 20 00 05 00 20 20 20 ...
D/RIL-IPC ( 139): [00b0] 20 20 20 20 20 20 20 20 20 20 20 20 20 20 20 20
D/RIL-IPC ( 139): [00c0] 20 20 20 20 20 20 20 20 20 20 20 20 00 06 00 20 ...
D/RIL-IPC ( 139): [00d0] 20 20 20 20 20 20 20 20 20 20 20 20 20 20 20 20
D/RIL-IPC ( 139): [00e0] 20 20 20 20 20 20 20 20 20 20 20 20 20 20 00 07 ..
D/RIL-IPC ( 139): [00f0] 00 20 20 20 20 20 20 20 20 20 20 20 20 20 20 20 .
D/RIL-IPC ( 139): ================================================================================
D/RIL ( 139): 1 RIL request in the queue (0 pending, 1 handled, 0 unhandled)
D/RIL-IPC ( 139):
D/RIL-IPC ( 139): aries_fmt_recv: Received FMT message
D/RIL-IPC ( 139): aries_fmt_recv: Message: aseq=0x62, command=IPC_SVC_DISPLAY_SCREEN, type=IPC_TYPE_NOTI, size=35
D/RIL-IPC ( 139): ================================= IPC FMT data =================================
D/RIL-IPC ( 139): [0000] 01 00 01 20 43 48 41 4E 47 45 20 48 53 50 41 20 ... CHAN GE HSPA
D/RIL-IPC ( 139): [0010] 52 45 56 49 53 49 4F 4E 00 20 20 20 20 20 20 20 REVISION .
D/RIL-IPC ( 139): [0020] 20 20 00 .
D/RIL-IPC ( 139): ================================================================================
D/RILJ ( 570): [0132]< OEM_HOOK_RAW [B@41190338
D/RIL ( 139): 2 RIL requests in the queue (1 pending, 1 handled, 0 unhandled)
D/RIL-IPC ( 139):
D/RIL-IPC ( 139): aries_fmt_send: Sent FMT message
D/RIL-IPC ( 139): aries_fmt_send: Message: mseq=0x6a, command=IPC_SVC_PRO_KEYCODE, type=IPC_TYPE_SET, size=1
D/RIL-IPC ( 139): ================================= IPC FMT data =================================
D/RIL-IPC ( 139): [0000] 33 3
D/RIL-IPC ( 139): ================================================================================
D/RILJ ( 570): [0134]> OEM_HOOK_RAW[0102000501]
D/RIL-IPC ( 139):
D/RIL-IPC ( 139): aries_fmt_recv: Received FMT message
D/RIL-IPC ( 139): aries_fmt_recv: Message: aseq=0x6a, command=IPC_GEN_PHONE_RES, type=IPC_TYPE_RESP, size=5
D/RIL-IPC ( 139): ================================= IPC FMT data =================================
D/RIL-IPC ( 139): [0000] 0B 03 03 00 80 .....
D/RIL-IPC ( 139): ================================================================================
D/RIL ( 139): Generic response was expected
D/RIL-IPC ( 139):
D/RIL-IPC ( 139): aries_fmt_recv: Received FMT message
D/RIL-IPC ( 139): aries_fmt_recv: Message: aseq=0x60, command=IPC_SVC_DISPLAY_SCREEN, type=IPC_TYPE_NOTI, size=35
D/RIL-IPC ( 139): ================================= IPC FMT data =================================
D/RIL-IPC ( 139): [0000] 01 09 00 20 33 00 20 20 20 20 20 20 20 20 20 20 ... 3.
D/RIL-IPC ( 139): [0010] 20 20 20 20 20 20 20 20 20 20 20 20 20 20 20 20
D/RIL-IPC ( 139): [0020] 20 20 00 .
D/RIL-IPC ( 139): ================================================================================
D/RIL-IPC ( 139):
D/RIL-IPC ( 139): aries_fmt_recv: Received FMT message
D/RIL-IPC ( 139): aries_fmt_recv: Message: aseq=0x61, command=IPC_SVC_DISPLAY_SCREEN, type=IPC_TYPE_NOTI, size=375
D/RIL-IPC ( 139): ================================= IPC FMT data =================================
D/RIL-IPC ( 139): [0000] 0B 00 00 43 48 41 4E 47 45 5F 52 45 4C 35 00 20 ...CHANG E_REL5.
D/RIL-IPC ( 139): [0010] 52 45 56 49 53 49 4F 4E 00 20 20 20 20 20 20 20 REVISION .
D/RIL-IPC ( 139): [0020] 20 20 00 01 00 48 53 44 50 41 20 4F 4E 2C 20 48 ...HSD PA ON, H
D/RIL-IPC ( 139): [0030] 53 55 50 41 20 4F 4E 00 50 41 20 4F 46 46 29 00 SUPA ON. PA OFF).
D/RIL-IPC ( 139): [0040] 20 20 20 20 00 02 00 20 20 20 20 20 20 20 20 20 ...
D/RIL-IPC ( 139): [0050] 20 20 20 20 20 20 20 20 20 20 20 20 20 20 20 20
D/RIL-IPC ( 139): [0060] 20 20 20 20 20 20 00 03 00 20 20 20 20 20 20 20 .. .
D/RIL-IPC ( 139): [0070] 20 20 20 20 20 20 20 20 20 20 20 20 20 20 20 20
D/RIL-IPC ( 139): [0080] 20 20 20 20 20 20 20 20 00 04 00 20 20 20 20 20 ...
D/RIL-IPC ( 139): [0090] 20 20 20 20 20 20 20 20 20 20 20 20 20 20 20 20
D/RIL-IPC ( 139): [00a0] 20 20 20 20 20 20 20 20 20 20 00 05 00 20 20 20 ...
D/RIL-IPC ( 139): [00b0] 20 20 20 20 20 20 20 20 20 20 20 20 20 20 20 20
D/RIL-IPC ( 139): [00c0] 20 20 20 20 20 20 20 20 20 20 20 20 00 06 00 20 ...
D/RIL-IPC ( 139): [00d0] 20 20 20 20 20 20 20 20 20 20 20 20 20 20 20 20
D/RIL-IPC ( 139): [00e0] 20 20 20 20 20 20 20 20 20 20 20 20 20 20 00 07 ..
D/RIL-IPC ( 139): [00f0] 00 20 20 20 20 20 20 20 20 20 20 20 20 20 20 20 .
D/RIL-IPC ( 139): ================================================================================
D/RIL ( 139): 1 RIL request in the queue (0 pending, 1 handled, 0 unhandled)
D/RIL-IPC ( 139):
D/RIL-IPC ( 139): aries_fmt_recv: Received FMT message
D/RIL-IPC ( 139): aries_fmt_recv: Message: aseq=0x62, command=IPC_SVC_DISPLAY_SCREEN, type=IPC_TYPE_NOTI, size=35
D/RIL-IPC ( 139): ================================= IPC FMT data =================================
D/RIL-IPC ( 139): [0000] 01 00 01 43 48 41 4E 47 45 5F 52 45 4C 35 00 20 ...CHANG E_REL5.
D/RIL-IPC ( 139): [0010] 52 45 56 49 53 49 4F 4E 00 20 20 20 20 20 20 20 REVISION .
D/RIL-IPC ( 139): [0020] 20 20 00 .
D/RIL-IPC ( 139): ================================================================================
D/RILJ ( 570): [0133]< OEM_HOOK_RAW [B@41190a68
D/RIL ( 139): 2 RIL requests in the queue (1 pending, 1 handled, 0 unhandled)
D/RIL-IPC ( 139):
D/RIL-IPC ( 139): aries_fmt_send: Sent FMT message
D/RIL-IPC ( 139): aries_fmt_send: Message: mseq=0x6b, command=IPC_SVC_END, type=IPC_TYPE_SET, size=1
D/RIL-IPC ( 139): ================================= IPC FMT data =================================
D/RIL-IPC ( 139): [0000] 01 .
D/RIL-IPC ( 139): ================================================================================
D/RIL-IPC ( 139):
D/RIL-IPC ( 139): aries_fmt_recv: Received FMT message
D/RIL-IPC ( 139): aries_fmt_recv: Message: aseq=0x6b, command=IPC_GEN_PHONE_RES, type=IPC_TYPE_RESP, size=5
D/RIL-IPC ( 139): ================================= IPC FMT data =================================
D/RIL-IPC ( 139): [0000] 0B 02 03 00 80 .....
D/RIL-IPC ( 139): ================================================================================
D/RIL ( 139): Generic response was expected
D/RIL ( 139): 1 RIL request in the queue (0 pending, 1 handled, 0 unhandled)
D/RILJ ( 570): [0134]< OEM_HOOK_RAW [B@41190ec0
D/RIL-IPC ( 139):
D/RIL-IPC ( 139): aries_fmt_recv: Received FMT message
D/RIL-IPC ( 139): aries_fmt_recv: Message: aseq=0x6b, command=IPC_DISP_ICON_INFO, type=IPC_TYPE_NOTI, size=4
D/RIL-IPC ( 139): ================================= IPC FMT data =================================
D/RIL-IPC ( 139): [0000] FF 00 00 04 ....
D/RIL-IPC ( 139): ================================================================================
D/RIL ( 139): Signal strength is 1
D/RIL-IPC ( 139):
D/RIL-IPC ( 139): aries_fmt_recv: Received FMT message
D/RIL-IPC ( 139): aries_fmt_recv: Message: aseq=0x6b, command=IPC_DISP_RSSI_INFO, type=IPC_TYPE_NOTI, size=1
D/RIL-IPC ( 139): ================================= IPC FMT data =================================
D/RIL-IPC ( 139): [0000] 6E n
D/RIL-IPC ( 139): ================================================================================
D/RIL ( 139): Signal strength is 1
D/RIL-IPC ( 139):
D/RIL-IPC ( 139): aries_fmt_recv: Received FMT message
D/RIL-IPC ( 139): aries_fmt_recv: Message: aseq=0x6b, command=IPC_GPRS_HSDPA_STATUS, type=IPC_TYPE_NOTI, size=1
D/RIL-IPC ( 139): ================================= IPC FMT data =================================
D/RIL-IPC ( 139): [0000] 01 .
D/RIL-IPC ( 139): ================================================================================
D/RIL-IPC ( 139):
D/RIL-IPC ( 139): aries_fmt_recv: Received FMT message
D/RIL-IPC ( 139): aries_fmt_recv: Message: aseq=0xff, command=IPC_NET_REGIST, type=IPC_TYPE_NOTI, size=11
D/RIL-IPC ( 139): ================================= IPC FMT data =================================
D/RIL-IPC ( 139): [0000] 04 02 02 00 DA 8C A7 5B A8 01 00 .......[ ...
D/RIL-IPC ( 139): ================================================================================
D/RIL-IPC ( 139):
D/RIL-IPC ( 139): aries_fmt_recv: Received FMT message
D/RIL-IPC ( 139): aries_fmt_recv: Message: aseq=0xff, command=IPC_NET_REGIST, type=IPC_TYPE_NOTI, size=11
D/RIL-IPC ( 139): ================================= IPC FMT data =================================
D/RIL-IPC ( 139): [0000] 04 03 02 00 DA 8C A7 5B A8 01 00 .......[ ...
D/RIL-IPC ( 139): ================================================================================
D/RIL-IPC ( 139):
D/RIL-IPC ( 139): aries_fmt_recv: Received FMT message
D/RIL-IPC ( 139): aries_fmt_recv: Message: aseq=0x60, command=IPC_GPRS_HSDPA_STATUS, type=IPC_TYPE_NOTI, size=1
D/RIL-IPC ( 139): ================================= IPC FMT data =================================
D/RIL-IPC ( 139): [0000] 01 .
D/RIL-IPC ( 139): ================================================================================
D/RILJ ( 570): [UNSL]< UNSOL_RESPONSE_VOICE_NETWORK_STATE_CHANGED
D/RILJ ( 570): [0135]> OPERATOR
D/RILJ ( 570): [UNSL]< UNSOL_RESPONSE_VOICE_NETWORK_STATE_CHANGED
D/RIL ( 139): 2 RIL requests in the queue (1 pending, 1 handled, 0 unhandled)
D/RIL ( 139): 2 RIL requests data in the queue
D/RIL-IPC ( 139):
D/RIL-IPC ( 139): aries_fmt_send: Sent FMT message
D/RIL-IPC ( 139): aries_fmt_send: Message: mseq=0x6c, command=IPC_NET_SERVING_NETWORK, type=IPC_TYPE_GET, size=0
D/RIL-IPC ( 139):
D/RIL-IPC ( 139): aries_fmt_recv: Received FMT message
D/RIL-IPC ( 139): aries_fmt_recv: Message: aseq=0x6c, command=IPC_NET_SERVING_NETWORK, type=IPC_TYPE_RESP, size=11
D/RIL-IPC ( 139): ================================= IPC FMT data =================================
D/RIL-IPC ( 139): [0000] 03 02 04 32 32 32 38 38 23 DA 8C ...22288 #..
D/RIL-IPC ( 139): ================================================================================
D/RIL ( 139): 1 RIL request in the queue (0 pending, 1 handled, 0 unhandled)
D/RIL ( 139): 2 RIL requests data in the queue
D/RILJ ( 570): [0136]> DATA_REGISTRATION_STATE
D/RILJ ( 570): [0135]< OPERATOR {Wind, Wind, 22288}
D/RIL ( 139): 2 RIL requests in the queue (1 pending, 1 handled, 0 unhandled)
D/RIL ( 139): 2 RIL requests data in the queue
D/RIL ( 139): 1 RIL request in the queue (0 pending, 1 handled, 0 unhandled)
D/RIL ( 139): 1 RIL request data in the queue
D/RILJ ( 570): [0137]> VOICE_REGISTRATION_STATE
D/RILJ ( 570): [0138]> QUERY_NETWORK_SELECTION_MODE
D/RIL ( 139): 2 RIL requests in the queue (1 pending, 1 handled, 0 unhandled)
D/RIL ( 139): 1 RIL request data in the queue
D/RIL ( 139): 1 RIL request in the queue (0 pending, 1 handled, 0 unhandled)
D/RILJ ( 570): [0139]> OPERATOR
D/RILJ ( 570): [0140]> DATA_REGISTRATION_STATE
D/RILJ ( 570): [0141]> VOICE_REGISTRATION_STATE
D/RILJ ( 570): [0136]< DATA_REGISTRATION_STATE {1, 8cda, 1a85ba7, 9, 3}
D/RIL ( 139): 2 RIL requests in the queue (1 pending, 1 handled, 0 unhandled)
D/RIL-IPC ( 139):
D/RIL-IPC ( 139): aries_fmt_send: Sent FMT message
D/RIL-IPC ( 139): aries_fmt_send: Message: mseq=0x6d, command=IPC_NET_PLMN_SEL, type=IPC_TYPE_GET, size=0
D/RIL-IPC ( 139):
D/RIL-IPC ( 139): aries_fmt_recv: Received FMT message
D/RIL-IPC ( 139): aries_fmt_recv: Message: aseq=0x6d, command=IPC_NET_PLMN_SEL, type=IPC_TYPE_RESP, size=1
D/RIL-IPC ( 139): ================================= IPC FMT data =================================
D/RIL-IPC ( 139): [0000] 03 .
D/RIL-IPC ( 139): ================================================================================
D/RIL ( 139): 1 RIL request in the queue (0 pending, 1 handled, 0 unhandled)
D/RILJ ( 570): [0142]> QUERY_NETWORK_SELECTION_MODE
D/RILJ ( 570): [0137]< VOICE_REGISTRATION_STATE {1, 8cda, 1a85ba7, 9, null, null, null, null, null, null, null, null, null, null, null}
D/RILJ ( 570): [0138]< QUERY_NETWORK_SELECTION_MODE {1}
D/RIL ( 139): 2 RIL requests in the queue (1 pending, 1 handled, 0 unhandled)
D/RIL-IPC ( 139):
D/RIL-IPC ( 139): aries_fmt_send: Sent FMT message
D/RIL-IPC ( 139): aries_fmt_send: Message: mseq=0x6e, command=IPC_NET_SERVING_NETWORK, type=IPC_TYPE_GET, size=0
D/RIL ( 139): 3 RIL requests in the queue (1 pending, 2 handled, 0 unhandled)
D/RIL-IPC ( 139):
D/RIL-IPC ( 139): aries_fmt_send: Sent FMT message
D/RIL-IPC ( 139): aries_fmt_send: Message: mseq=0x6f, command=IPC_NET_REGIST, type=IPC_TYPE_GET, size=2
D/RIL-IPC ( 139): ================================= IPC FMT data =================================
D/RIL-IPC ( 139): [0000] FF 03 ..
D/RIL-IPC ( 139): ================================================================================
D/RIL-IPC ( 139):
D/RIL-IPC ( 139): aries_fmt_recv: Received FMT message
D/RIL-IPC ( 139): aries_fmt_recv: Message: aseq=0x6e, command=IPC_NET_SERVING_NETWORK, type=IPC_TYPE_RESP, size=11
D/RIL-IPC ( 139): ================================= IPC FMT data =================================
D/RIL-IPC ( 139): [0000] 03 02 04 32 32 32 38 38 23 DA 8C ...22288 #..
D/RIL-IPC ( 139): ================================================================================
D/RIL ( 139): 2 RIL requests in the queue (0 pending, 2 handled, 0 unhandled)
D/RIL ( 139): 3 RIL requests in the queue (1 pending, 2 handled, 0 unhandled)
D/RIL-IPC ( 139):
D/RIL-IPC ( 139): aries_fmt_send: Sent FMT message
D/RIL-IPC ( 139): aries_fmt_send: Message: mseq=0x70, command=IPC_NET_REGIST, type=IPC_TYPE_GET, size=2
D/RIL-IPC ( 139): ================================= IPC FMT data =================================
D/RIL-IPC ( 139): [0000] FF 02 ..
D/RIL-IPC ( 139): ================================================================================
D/RILJ ( 570): [0139]< OPERATOR {Wind, Wind, 22288}
D/RIL-IPC ( 139):
D/RIL-IPC ( 139): aries_fmt_recv: Received FMT message
D/RIL-IPC ( 139): aries_fmt_recv: Message: aseq=0x6f, command=IPC_NET_REGIST, type=IPC_TYPE_RESP, size=11
D/RIL-IPC ( 139): ================================= IPC FMT data =================================
D/RIL-IPC ( 139): [0000] 04 03 02 00 DA 8C A7 5B A8 01 00 .......[ ...
D/RIL-IPC ( 139): ================================================================================
D/RIL ( 139): 2 RIL requests in the queue (0 pending, 2 handled, 0 unhandled)
D/RIL-IPC ( 139):
D/RIL-IPC ( 139): aries_fmt_recv: Received FMT message
D/RIL-IPC ( 139): aries_fmt_recv: Message: aseq=0x70, command=IPC_NET_REGIST, type=IPC_TYPE_RESP, size=11
D/RIL-IPC ( 139): ================================= IPC FMT data =================================
D/RIL-IPC ( 139): [0000] 04 02 02 00 DA 8C A7 5B A8 01 00 .......[ ...
D/RIL-IPC ( 139): ================================================================================
D/RIL ( 139): 1 RIL request in the queue (0 pending, 1 handled, 0 unhandled)
D/RILJ ( 570): [0140]< DATA_REGISTRATION_STATE {1, 8cda, 1a85ba7, 9, 3}
D/RILJ ( 570): [0141]< VOICE_REGISTRATION_STATE {1, 8cda, 1a85ba7, 9, null, null, null, null, null, null, null, null, null, null, null}
D/RIL ( 139): 2 RIL requests in the queue (1 pending, 1 handled, 0 unhandled)
D/RIL-IPC ( 139):
D/RIL-IPC ( 139): aries_fmt_send: Sent FMT message
D/RIL-IPC ( 139): aries_fmt_send: Message: mseq=0x71, command=IPC_NET_PLMN_SEL, type=IPC_TYPE_GET, size=0
D/RIL-IPC ( 139):
D/RIL-IPC ( 139): aries_fmt_recv: Received FMT message
D/RIL-IPC ( 139): aries_fmt_recv: Message: aseq=0x71, command=IPC_NET_PLMN_SEL, type=IPC_TYPE_RESP, size=1
D/RIL-IPC ( 139): ================================= IPC FMT data =================================
D/RIL-IPC ( 139): [0000] 03 .
D/RIL-IPC ( 139): ================================================================================
D/RIL ( 139): 1 RIL request in the queue (0 pending, 1 handled, 0 unhandled)
D/RILJ ( 570): [0142]< QUERY_NETWORK_SELECTION_MODE {1}
D/GSM ( 570): [GsmSST] Poll ServiceState done: oldSS=[0 home Wind Wind 22288 (manual) HSDPA CSS not supported -1 -1 RoamInd=-1 DefRoamInd=-1 EmergOnly=false] newSS=[0 home Wind Wind 22288 (manual) HSDPA CSS not supported -1 -1 RoamInd=-1 DefRoamInd=-1 EmergOnly=false] oldGprs=0 newData=0 oldMaxDataCalls=1 mNewMaxDataCalls=1 oldReasonDataDenied=-1 mNewReasonDataDenied=-1 oldType=HSDPA newType=HSDPA
D/RIL-IPC ( 139):
D/RIL-IPC ( 139): aries_fmt_recv: Received FMT message
D/RIL-IPC ( 139): aries_fmt_recv: Message: aseq=0x71, command=IPC_DISP_RSSI_INFO, type=IPC_TYPE_NOTI, size=1
D/RIL-IPC ( 139): ================================= IPC FMT data =================================
D/RIL-IPC ( 139): [0000] 72 r
D/RIL-IPC ( 139): ================================================================================
D/RIL ( 139): Signal strength is 0
D/RIL-IPC ( 139):
D/RIL-IPC ( 139): aries_fmt_recv: Received FMT message
D/RIL-IPC ( 139): aries_fmt_recv: Message: aseq=0x71, command=IPC_PB_ACCESS, type=IPC_TYPE_NOTI, size=5
D/RIL-IPC ( 139): ================================= IPC FMT data =================================
D/RIL-IPC ( 139): [0000] 01 01 0C 01 00 .....
D/RIL-IPC ( 139): ================================================================================
D/RIL-IPC ( 139): Unhandled IPC FMT message: IPC_PB_ACCESS
D/RIL-IPC ( 139):
D/RIL-IPC ( 139): aries_fmt_recv: Received FMT message
D/RIL-IPC ( 139): aries_fmt_recv: Message: aseq=0x71, command=IPC_PB_3GPB_CAPA, type=IPC_TYPE_NOTI, size=86
D/RIL-IPC ( 139): ================================= IPC FMT data =================================
D/RIL-IPC ( 139): [0000] 00 0C 01 FA 00 14 00 D4 00 02 FA 00 28 00 D4 00 ........ ....(...
D/RIL-IPC ( 139): [0010] 03 FA 00 28 00 00 00 04 C8 00 1E 00 00 00 05 F0 ...(.... ........
D/RIL-IPC ( 139): [0020] 00 16 00 D8 00 06 05 00 0E 00 03 00 08 00 00 28 ........ .......(
D/RIL-IPC ( 139): [0030] 00 00 00 09 00 00 28 00 00 00 0A 00 00 28 00 00 ......(. .....(..
D/RIL-IPC ( 139): [0040] 00 0B 00 00 3E 00 00 00 0C 00 00 FF 00 00 00 0D ....>... ........
D/RIL-IPC ( 139): [0050] 00 00 DE 00 00 00 ......
D/RIL-IPC ( 139): ================================================================================
D/RIL-IPC ( 139): Unhandled IPC FMT message: IPC_PB_3GPB_CAPA
D/RIL-IPC ( 139):
D/RIL-IPC ( 139): aries_fmt_recv: Received FMT message
D/RIL-IPC ( 139): aries_fmt_recv: Message: aseq=0x71, command=IPC_SEC_PIN_STATUS, type=IPC_TYPE_NOTI, size=2
D/RIL-IPC ( 139): ================================= IPC FMT data =================================
D/RIL-IPC ( 139): [0000] 83 00 ..
D/RIL-IPC ( 139): ================================================================================
D/RIL ( 139): ipc2ril_sec_pin_status_response: Selecting status application 2 on 10
D/RILJ ( 570): [UNSL]< UNSOL_RESPONSE_SIM_STATUS_CHANGED
D/RIL_UiccController( 570): Received EVENT_ICC_STATUS_CHANGED, calling getIccCardStatus
D/RILJ ( 570): [0143]> GET_SIM_STATUS
D/RIL ( 139): 2 RIL requests in the queue (1 pending, 1 handled, 0 unhandled)
D/RIL ( 139): 1 RIL request data in the queue
