D/GSM ( 570): [ApnContext:default] setRetryCount: 3
D/GSM ( 570): [GsmDC-1] setRetryCount: 3
D/GSM ( 570): [RM] setRetryCount: 3
D/GSM ( 570): [GsmDCT] onActionIntentReconnectAlarm: apnContext state=FAILED
D/GSM ( 570): [GsmDCT] onActionIntentReconnectAlarm: state is FAILED|IDLE, disassociate
D/GSM ( 570): [ApnContext:default] setDataConnectionAc: old dcac=GsmDC-1 new dcac=null
D/GSM ( 570): [ApnContext:default] setDataConnection: old dc={GsmDC-1: State=DcInactiveState apnSetting=null apnList= [] RefCount=0 cid=-1 create=-1 lastFail=-1 lastFailCause=NONE} new dc=null this={mApnType=default mState=FAILED mWaitingApns=[] mWaitingApnsPermanentFailureCountDown=1 mApnSetting=[ApnSettingV2] Wind IT WEB, 128, 22288, internet.wind, null, null, null, null, null, -1, default | supl, IP, IP, true, 0 mDataConnectionAc=null mReason=dataAttached mRetryCount=3 mDataEnabled=true mDependencyMet=true}
D/GSM ( 570): [ApnContext:default] setState: IDLE, previous state:FAILED
D/GSM ( 570): [GsmDCT] handleMessage msg={ what=270339 when=0 obj={mApnType=default mState=IDLE mWaitingApns=[] mWaitingApnsPermanentFailureCountDown=1 mApnSetting=[ApnSettingV2] Wind IT WEB, 128, 22288, internet.wind, null, null, null, null, null, -1, default | supl, IP, IP, true, 0 mDataConnectionAc=null mReason=dataAttached mRetryCount=3 mDataEnabled=true mDependencyMet=true} }
D/GSM ( 570): [GsmDCT] onTrySetupData: apnContext={mApnType=default mState=IDLE mWaitingApns=[] mWaitingApnsPermanentFailureCountDown=1 mApnSetting=[ApnSettingV2] Wind IT WEB, 128, 22288, internet.wind, null, null, null, null, null, -1, default | supl, IP, IP, true, 0 mDataConnectionAc=null mReason=dataAttached mRetryCount=3 mDataEnabled=true mDependencyMet=true}
D/GSM ( 570): [GsmDCT] trySetupData for type:default due to dataAttached
D/GSM ( 570): [GsmDCT] trySetupData with mIsPsRestricted=false
D/GSM ( 570): [GsmDCT] isEmergency: result=false
D/GSM ( 570): [GsmDCT] buildWaitingApns: Preferred APN:22288:22288:[ApnSettingV2] Wind IT WEB, 128, 22288, internet.wind, null, null, null, null, null, -1, default | supl, IP, IP, true, 0
D/GSM ( 570): [GsmDCT] buildWaitingApns: X added preferred apnList=[[ApnSettingV2] Wind IT WEB, 128, 22288, internet.wind, null, null, null, null, null, -1, default | supl, IP, IP, true, 0]
D/GSM ( 570): [GsmDCT] trySetupData: Create from mAllApns : [[ApnSettingV2] Wind IT WEB, 128, 22288, internet.wind, null, null, null, null, null, -1, default | supl, IP, IP, true, 0][[ApnSettingV2] Wind IT MMS, 129, 22288, mms.wind, null, http://mms.wind.it, 212.245.244.11, 8080, null, -1, mms, IP, IP, true, 0]
D/GSM ( 570): [GsmDCT] Setup watingApns : [[ApnSettingV2] Wind IT WEB, 128, 22288, internet.wind, null, null, null, null, null, -1, default | supl, IP, IP, true, 0]
D/GSM ( 570): [GsmDCT] setupData: apnContext={mApnType=default mState=IDLE mWaitingApns=[[ApnSettingV2] Wind IT WEB, 128, 22288, internet.wind, null, null, null, null, null, -1, default | supl, IP, IP, true, 0] mWaitingApnsPermanentFailureCountDown=1 mApnSetting=[ApnSettingV2] Wind IT WEB, 128, 22288, internet.wind, null, null, null, null, null, -1, default | supl, IP, IP, true, 0 mDataConnectionAc=null mReason=dataAttached mRetryCount=3 mDataEnabled=true mDependencyMet=true}
D/GSM ( 570): [GsmDCT] checkForConnectionForApnContext: apnContext={mApnType=default mState=IDLE mWaitingApns=[[ApnSettingV2] Wind IT WEB, 128, 22288, internet.wind, null, null, null, null, null, -1, default | supl, IP, IP, true, 0] mWaitingApnsPermanentFailureCountDown=1 mApnSetting=[ApnSettingV2] Wind IT WEB, 128, 22288, internet.wind, null, null, null, null, null, -1, default | supl, IP, IP, true, 0 mDataConnectionAc=null mReason=dataAttached mRetryCount=3 mDataEnabled=true mDependencyMet=true} NO conn
D/GSM ( 570): [GsmDCT] findReadyDataConnection: apn string <[ApnSettingV2] Wind IT WEB, 128, 22288, internet.wind, null, null, null, null, null, -1, default | supl, IP, IP, true, 0> dcacs.size=1
D/GSM ( 570): [GsmDCT] findReadyDataConnection: dc apn string
D/GSM ( 570): [GsmDCT] setupData: No ready GsmDataConnection found!
D/GSM ( 570): [GsmDCT] dataConnectionNotInUse: check if dcac is inuse dc={GsmDC-1: State=DcInactiveState apnSetting=null apnList= [] RefCount=0 cid=-1 create=-1 lastFail=-1 lastFailCause=NONE}
D/GSM ( 570): [GsmDCT] dataConnectionNotInUse: not in use return true
D/GSM ( 570): [GsmDCT] findFreeDataConnection: found free GsmDataConnection= dcac=GsmDC-1 dc={GsmDC-1: State=DcInactiveState apnSetting=null apnList= [] RefCount=0 cid=-1 create=-1 lastFail=-1 lastFailCause=NONE}
D/GSM ( 570): [GsmDCT] setupData: init dc and apnContext refCount=0
D/GSM ( 570): [GsmDCT] configureRetry: forDefault=true retryCount=3 dc={GsmDC-1: State=DcInactiveState apnSetting=null apnList= [] RefCount=0 cid=-1 create=-1 lastFail=-1 lastFailCause=NONE}
D/GSM ( 570): [RM] resetRetryCount: 0
D/GSM ( 570): [GsmDC-1] setRetryCount: 3
D/GSM ( 570): [RM] setRetryCount: 3
D/GSM ( 570): [ApnContext:default] setDataConnectionAc: old dcac=null new dcac=GsmDC-1
D/GSM ( 570): [ApnContext:default] setDataConnection: old dc=null new dc={GsmDC-1: State=DcInactiveState apnSetting=null apnList= [{mApnType=default mState=IDLE mWaitingApns=[[ApnSettingV2] Wind IT WEB, 128, 22288, internet.wind, null, null, null, null, null, -1, default | supl, IP, IP, true, 0] mWaitingApnsPermanentFailureCountDown=1 mApnSetting=[ApnSettingV2] Wind IT WEB, 128, 22288, internet.wind, null, null, null, null, null, -1, default | supl, IP, IP, true, 0 mDataConnectionAc=GsmDC-1 mReason=dataAttached mRetryCount=3 mDataEnabled=true mDependencyMet=true}] RefCount=0 cid=-1 create=-1 lastFail=-1 lastFailCause=NONE} this={mApnType=default mState=IDLE mWaitingApns=[[ApnSettingV2] Wind IT WEB, 128, 22288, internet.wind, null, null, null, null, null, -1, default | supl, IP, IP, true, 0] mWaitingApnsPermanentFailureCountDown=1 mApnSetting=[ApnSettingV2] Wind IT WEB, 128, 22288, internet.wind, null, null, null, null, null, -1, default | supl, IP, IP, true, 0 mDataConnectionAc=GsmDC-1 mReason=dataAttached mRetryCount=3 mDataEnabled=true mDependencyMet=true}
D/GSM ( 570): [ApnContext:default] setState: INITING, previous state:IDLE
D/GSM ( 570): [GsmDCT] isDataPossible(default): possible=true isDataAllowed=true apnTypePossible=true apnContextisEnabled=true apnContextState()=INITING
D/GSM ( 570): [GsmDCT] get active apn string for type:default
D/GSM ( 570): [GsmDC-1] DcInactiveState msg.what=EVENT_CONNECT.RefCount = 0
D/GSM ( 570): [GsmDC-1] Connecting to carrier: 'Wind IT WEB' APN: 'internet.wind' proxy: 'null' port: 'null
D/RILJ ( 570): [0160]> SETUP_DATA_CALL 4 0 internet.wind null null 0 IP
D/RIL ( 139): 2 RIL requests in the queue (1 pending, 1 handled, 0 unhandled)
D/RIL ( 139): Setting up data connection to APN: internet.wind with username/password: (null)/(null)
D/GSM ( 570): [GsmDCT] setupData: initing!
D/GSM ( 570): [GsmDCT] notifyOffApnOfAvailability type:dun
D/GSM ( 570): [GsmDCT] isDataPossible(dun): possible=true isDataAllowed=true apnTypePossible=true apnContextisEnabled=false apnContextState()=IDLE
D/GSM ( 570): [GsmDCT] get active apn string for type:dun
D/GSM ( 570): [GsmDCT] notifyOffApnOfAvailability type:supl
D/GSM ( 570): [GsmDCT] isDataPossible(supl): possible=true isDataAllowed=true apnTypePossible=true apnContextisEnabled=false apnContextState()=IDLE
D/GSM ( 570): [GsmDCT] get active apn string for type:supl
D/GSM ( 570): [GsmDCT] notifyOffApnOfAvailability type:hipri
D/GSM ( 570): [GsmDCT] isDataPossible(hipri): possible=true isDataAllowed=true apnTypePossible=true apnContextisEnabled=false apnContextState()=IDLE
D/GSM ( 570): [GsmDCT] get active apn string for type:hipri
D/GSM ( 570): [GsmDCT] notifyOffApnsOfAvailability skipped apn due to isReady==false: {mApnType=default mState=INITING mWaitingApns=[[ApnSettingV2] Wind IT WEB, 128, 22288, internet.wind, null, null, null, null, null, -1, default | supl, IP, IP, true, 0] mWaitingApnsPermanentFailureCountDown=1 mApnSetting=[ApnSettingV2] Wind IT WEB, 128, 22288, internet.wind, null, null, null, null, null, -1, default | supl, IP, IP, true, 0 mDataConnectionAc=GsmDC-1 mReason=dataAttached mRetryCount=3 mDataEnabled=true mDependencyMet=true}
D/GSM ( 570): [GsmDCT] notifyOffApnOfAvailability type:mms
D/GSM ( 570): [GsmDCT] isDataPossible(mms): possible=true isDataAllowed=true apnTypePossible=true apnContextisEnabled=false apnContextState()=IDLE
D/GSM ( 570): [GsmDCT] get active apn string for type:mms
D/RIL ( 139): 1 RIL request in the queue (0 pending, 1 handled, 0 unhandled)
D/RILJ ( 570): [0160]< SETUP_DATA_CALL error: com.android.internal.telephony.CommandException: GENERIC_FAILURE
D/GSM ( 570): [GsmDC-1] DcActivatingState msg.what=EVENT_SETUP_DATA_CONNECTION_DONE
D/GSM ( 570): [GsmDC-1] onSetupConnectionCompleted failed, ar.exception=com.android.internal.telephony.CommandException: GENERIC_FAILURE response=null
D/GSM ( 570): [GsmDC-1] DcActivatingState onSetupConnectionCompleted result=ERR_GetLastErrorFromRil SetupResult.mFailCause=NONE
D/RILJ ( 570): [0161]> LAST_DATA_CALL_FAIL_CAUSE
D/RIL ( 139): 2 RIL requests in the queue (1 pending, 1 handled, 0 unhandled)
D/RIL ( 139): 1 RIL request in the queue (0 pending, 1 handled, 0 unhandled)
D/RILJ ( 570): [0161]< LAST_DATA_CALL_FAIL_CAUSE {65535}
D/GSM ( 570): [GsmDC-1] DcActivatingState msg.what=EVENT_GET_LAST_FAIL_DONE
D/GSM ( 570): [GsmDC-1] notifyConnectionCompleted at 1440188027766 cause=ERROR_UNSPECIFIED
D/GSM ( 570): [GsmDC-1] clearSettings
D/GSM ( 570): [GsmDCT] handleMessage msg={ what=270336 when=-1ms arg1=-1 obj=android.os.AsyncResult@4121b270 }
D/GSM ( 570): [GsmDCT] isDataSetupCompleteOk return false, ar.result=ERROR_UNSPECIFIED
D/GSM ( 570): [GsmDCT] onDataSetupComplete: error apn=internet.wind cause=ERROR_UNSPECIFIED
D/GSM ( 570): [GsmDCT] onDataSetupComplete: WaitingApns.size=0 WaitingApnsPermFailureCountDown=1
D/GSM ( 570): [GsmDCT] onDataSetupComplete: Not all permanent failures, retry
D/GSM ( 570): [GsmDCT] notifyNoData: type=default
D/GSM ( 570): [ApnContext:default] setState: FAILED, previous state:INITING
D/GSM ( 570): [GsmDCT] reconnectAfterFail: lastFailCause=ERROR_UNSPECIFIED retryOverride=-1 apnContext={mApnType=default mState=FAILED mWaitingApns=[] mWaitingApnsPermanentFailureCountDown=1 mApnSetting=[ApnSettingV2] Wind IT WEB, 128, 22288, internet.wind, null, null, null, null, null, -1, default | supl, IP, IP, true, 0 mDataConnectionAc=GsmDC-1 mReason=dataAttached mRetryCount=3 mDataEnabled=true mDependencyMet=true}
D/GSM ( 570): [RM] isRetryNeeded: true
D/GSM ( 570): [RM] getRetryTimer: 41077
D/GSM ( 570): [RM] increaseRetryCount: 4
D/GSM ( 570): [RM] getRetryCount: 4
D/GSM ( 570): [GsmDCT] reconnectAfterFail: increaseRetryCount=4 nextReconnectDelay=41077
D/GSM ( 570): [RM] getRetryCount: 4
D/GSM ( 570): [GsmDCT] startAlarmForReconnect: next attempt in 41s reason='dataAttached' connectionId=0 retryCount=4
D/GSM ( 570): [GsmDCT] notifyNoData: type=default
D/GSM ( 570): [ApnContext:default] setState: FAILED, previous state:FAILED
D/RIL-IPC ( 139):
D/RIL-IPC ( 139): aries_fmt_recv: Received FMT message
D/RIL-IPC ( 139): aries_fmt_recv: Message: aseq=0x7a, command=IPC_DISP_ICON_INFO, type=IPC_TYPE_NOTI, size=4
D/RIL-IPC ( 139): ================================= IPC FMT data =================================
D/RIL-IPC ( 139): [0000] FF 03 00 03 ....
D/RIL-IPC ( 139): ================================================================================
D/RIL ( 139): Signal strength is 8
D/RIL-IPC ( 139):
D/RIL-IPC ( 139): aries_fmt_recv: Received FMT message
D/RIL-IPC ( 139): aries_fmt_recv: Message: aseq=0x7a, command=IPC_DISP_RSSI_INFO, type=IPC_TYPE_NOTI, size=1
D/RIL-IPC ( 139): ================================= IPC FMT data =================================
D/RIL-IPC ( 139): [0000] 56 V
D/RIL-IPC ( 139): ================================================================================
D/RIL ( 139): Signal strength is 13
D/RIL-IPC ( 139):
D/RIL-IPC ( 139): aries_fmt_recv: Received FMT message
D/RIL-IPC ( 139): aries_fmt_recv: Message: aseq=0x7a, command=IPC_DISP_ICON_INFO, type=IPC_TYPE_NOTI, size=4
D/RIL-IPC ( 139): ================================= IPC FMT data =================================
D/RIL-IPC ( 139): [0000] FF 04 00 03 ....
D/RIL-IPC ( 139): ================================================================================
D/RIL ( 139): Signal strength is 12
D/RIL-IPC ( 139):
D/RIL-IPC ( 139): aries_fmt_recv: Received FMT message
D/RIL-IPC ( 139): aries_fmt_recv: Message: aseq=0x7a, command=IPC_DISP_RSSI_INFO, type=IPC_TYPE_NOTI, size=1
D/RIL-IPC ( 139): ================================= IPC FMT data =================================
D/RIL-IPC ( 139): [0000] 55 U
D/RIL-IPC ( 139): ================================================================================
D/RIL ( 139): Signal strength is 14
D/RIL-IPC ( 139):
D/RIL-IPC ( 139): aries_fmt_recv: Received FMT message
D/RIL-IPC ( 139): aries_fmt_recv: Message: aseq=0x7a, command=IPC_DISP_RSSI_INFO, type=IPC_TYPE_NOTI, size=1
D/RIL-IPC ( 139): ================================= IPC FMT data =================================
D/RIL-IPC ( 139): [0000] 54 T
D/RIL-IPC ( 139): ================================================================================
D/RIL ( 139): Signal strength is 14
D/RIL-IPC ( 139):
D/RIL-IPC ( 139): aries_fmt_recv: Received FMT message
D/RIL-IPC ( 139): aries_fmt_recv: Message: aseq=0x7a, command=IPC_DISP_RSSI_INFO, type=IPC_TYPE_NOTI, size=1
D/RIL-IPC ( 139): ================================= IPC FMT data =================================
D/RIL-IPC ( 139): [0000] 53 S
D/RIL-IPC ( 139): ================================================================================
D/RIL ( 139): Signal strength is 15
D/RIL-IPC ( 139):
D/RIL-IPC ( 139): aries_fmt_recv: Received FMT message
D/RIL-IPC ( 139): aries_fmt_recv: Message: aseq=0x7a, command=IPC_DISP_RSSI_INFO, type=IPC_TYPE_NOTI, size=1
D/RIL-IPC ( 139): ================================= IPC FMT data =================================
D/RIL-IPC ( 139): [0000] 52 R
D/RIL-IPC ( 139): ================================================================================
D/RIL ( 139): Signal strength is 15
D/RIL-IPC ( 139):
D/RIL-IPC ( 139): aries_fmt_recv: Received FMT message
D/RIL-IPC ( 139): aries_fmt_recv: Message: aseq=0x7a, command=IPC_DISP_RSSI_INFO, type=IPC_TYPE_NOTI, size=1
D/RIL-IPC ( 139): ================================= IPC FMT data =================================
D/RIL-IPC ( 139): [0000] 51 Q
D/RIL-IPC ( 139): ================================================================================
D/RIL ( 139): Signal strength is 16
D/RIL-IPC ( 139):
D/RIL-IPC ( 139): aries_fmt_recv: Received FMT message
D/RIL-IPC ( 139): aries_fmt_recv: Message: aseq=0x7a, command=IPC_GPRS_PS, type=IPC_TYPE_NOTI, size=2
D/RIL-IPC ( 139): ================================= IPC FMT data =================================
D/RIL-IPC ( 139): [0000] 01 00 ..
D/RIL-IPC ( 139): ================================================================================
D/RIL-IPC ( 139):
D/RIL-IPC ( 139): aries_fmt_recv: Received FMT message
D/RIL-IPC ( 139): aries_fmt_recv: Message: aseq=0x7a, command=IPC_GPRS_HSDPA_STATUS, type=IPC_TYPE_NOTI, size=1
D/RIL-IPC ( 139): ================================= IPC FMT data =================================
D/RIL-IPC ( 139): [0000] 01 .
D/RIL-IPC ( 139): ================================================================================
D/RIL-IPC ( 139):
D/RIL-IPC ( 139): aries_fmt_recv: Received FMT message
D/RIL-IPC ( 139): aries_fmt_recv: Message: aseq=0x7a, command=IPC_GPRS_HSDPA_STATUS, type=IPC_TYPE_NOTI, size=1
D/RIL-IPC ( 139): ================================= IPC FMT data =================================
D/RIL-IPC ( 139): [0000] 01 .
D/RIL-IPC ( 139): ================================================================================
D/RIL-IPC ( 139):
D/RIL-IPC ( 139): aries_fmt_recv: Received FMT message
D/RIL-IPC ( 139): aries_fmt_recv: Message: aseq=0x7a, command=IPC_DISP_ICON_INFO, type=IPC_TYPE_NOTI, size=4
D/RIL-IPC ( 139): ================================= IPC FMT data =================================
D/RIL-IPC ( 139): [0000] FF 03 00 03 ....
D/RIL-IPC ( 139): ================================================================================
D/RIL ( 139): Signal strength is 8
D/RIL-IPC ( 139):
D/RIL-IPC ( 139): aries_fmt_recv: Received FMT message
D/RIL-IPC ( 139): aries_fmt_recv: Message: aseq=0x7a, command=IPC_DISP_RSSI_INFO, type=IPC_TYPE_NOTI, size=1
D/RIL-IPC ( 139): ================================= IPC FMT data =================================
D/RIL-IPC ( 139): [0000] 56 V
D/RIL-IPC ( 139): ================================================================================
D/RIL ( 139): Signal strength is 13
D/RIL-IPC ( 139):
D/RIL-IPC ( 139): aries_fmt_recv: Received FMT message
D/RIL-IPC ( 139): aries_fmt_recv: Message: aseq=0xff, command=IPC_NET_REGIST, type=IPC_TYPE_NOTI, size=11
D/RIL-IPC ( 139): ================================= IPC FMT data =================================
D/RIL-IPC ( 139): [0000] 04 02 02 00 DA 8C DF 32 A8 01 00 .......2 ...
D/RIL-IPC ( 139): ================================================================================
D/RIL-IPC ( 139):
D/RIL-IPC ( 139): aries_fmt_recv: Received FMT message
D/RIL-IPC ( 139): aries_fmt_recv: Message: aseq=0xff, command=IPC_NET_REGIST, type=IPC_TYPE_NOTI, size=11
D/RIL-IPC ( 139): ================================= IPC FMT data =================================
D/RIL-IPC ( 139): [0000] 04 03 02 00 DA 8C DF 32 A8 01 00 .......2 ...
D/RIL-IPC ( 139): ================================================================================
D/RIL-IPC ( 139):
D/RIL-IPC ( 139): aries_fmt_recv: Received FMT message
D/RIL-IPC ( 139): aries_fmt_recv: Message: aseq=0x00, command=IPC_NET_SERVING_NETWORK, type=IPC_TYPE_NOTI, size=11
D/RIL-IPC ( 139): ================================= IPC FMT data =================================
D/RIL-IPC ( 139): [0000] 03 02 04 32 32 32 38 38 23 DA 8C ...22288 #..
D/RIL-IPC ( 139): ================================================================================
D/RILJ ( 570): [UNSL]< UNSOL_RESPONSE_VOICE_NETWORK_STATE_CHANGED
D/RILJ ( 570): [0162]> OPERATOR
D/RILJ ( 570): [UNSL]< UNSOL_RESPONSE_VOICE_NETWORK_STATE_CHANGED
D/RILJ ( 570): [0163]> DATA_REGISTRATION_STATE
D/RIL ( 139): 2 RIL requests in the queue (1 pending, 1 handled, 0 unhandled)
D/RIL ( 139): 3 RIL requests data in the queue
D/RIL ( 139): 1 RIL request in the queue (0 pending, 1 handled, 0 unhandled)
D/RIL ( 139): 2 RIL requests data in the queue
D/RILJ ( 570): [UNSL]< UNSOL_RESPONSE_VOICE_NETWORK_STATE_CHANGED
D/RILJ ( 570): [0164]> VOICE_REGISTRATION_STATE
D/RIL ( 139): 2 RIL requests in the queue (1 pending, 1 handled, 0 unhandled)
D/RIL ( 139): 2 RIL requests data in the queue
D/RIL ( 139): 1 RIL request in the queue (0 pending, 1 handled, 0 unhandled)
D/RIL ( 139): 1 RIL request data in the queue
D/RILJ ( 570): [0162]< OPERATOR {Wind, Wind, 22288}
D/RILJ ( 570): [0165]> QUERY_NETWORK_SELECTION_MODE
D/RIL ( 139): 2 RIL requests in the queue (1 pending, 1 handled, 0 unhandled)
D/RIL ( 139): 1 RIL request data in the queue
D/RIL ( 139): 1 RIL request in the queue (0 pending, 1 handled, 0 unhandled)
D/RILJ ( 570): [0163]< DATA_REGISTRATION_STATE {1, 8cda, 1a832df, 9, 3}
D/RILJ ( 570): [0166]> OPERATOR
D/RIL ( 139): 2 RIL requests in the queue (1 pending, 1 handled, 0 unhandled)
D/RIL-IPC ( 139):
D/RIL-IPC ( 139): aries_fmt_send: Sent FMT message
D/RIL-IPC ( 139): aries_fmt_send: Message: mseq=0x7b, command=IPC_NET_PLMN_SEL, type=IPC_TYPE_GET, size=0
D/RIL-IPC ( 139):
D/RIL-IPC ( 139): aries_fmt_recv: Received FMT message
D/RIL-IPC ( 139): aries_fmt_recv: Message: aseq=0x7b, command=IPC_NET_PLMN_SEL, type=IPC_TYPE_RESP, size=1
D/RIL-IPC ( 139): ================================= IPC FMT data =================================
D/RIL-IPC ( 139): [0000] 03 .
D/RIL-IPC ( 139): ================================================================================
D/RIL ( 139): 1 RIL request in the queue (0 pending, 1 handled, 0 unhandled)
D/RILJ ( 570): [0164]< VOICE_REGISTRATION_STATE {1, 8cda, 1a832df, 9, null, null, null, null, null, null, null, null, null, null, null}
D/RILJ ( 570): [0165]< QUERY_NETWORK_SELECTION_MODE {1}
D/RIL ( 139): 2 RIL requests in the queue (1 pending, 1 handled, 0 unhandled)
D/RIL-IPC ( 139):
D/RIL-IPC ( 139): aries_fmt_send: Sent FMT message
D/RIL-IPC ( 139): aries_fmt_send: Message: mseq=0x7c, command=IPC_NET_SERVING_NETWORK, type=IPC_TYPE_GET, size=0
D/RIL-IPC ( 139):
D/RIL-IPC ( 139): aries_fmt_recv: Received FMT message
D/RIL-IPC ( 139): aries_fmt_recv: Message: aseq=0x7c, command=IPC_NET_SERVING_NETWORK, type=IPC_TYPE_RESP, size=11
D/RIL-IPC ( 139): ================================= IPC FMT data =================================
D/RIL-IPC ( 139): [0000] 03 02 04 32 32 32 38 38 23 DA 8C ...22288 #..
D/RIL-IPC ( 139): ================================================================================
D/RIL ( 139): 1 RIL request in the queue (0 pending, 1 handled, 0 unhandled)
D/RILJ ( 570): [0167]> DATA_REGISTRATION_STATE
D/RILJ ( 570): [0166]< OPERATOR {Wind, Wind, 22288}
D/RILJ ( 570): [0168]> VOICE_REGISTRATION_STATE
D/RIL ( 139): 2 RIL requests in the queue (1 pending, 1 handled, 0 unhandled)
D/RIL-IPC ( 139):
D/RIL-IPC ( 139): aries_fmt_send: Sent FMT message
D/RIL-IPC ( 139): aries_fmt_send: Message: mseq=0x7d, command=IPC_NET_REGIST, type=IPC_TYPE_GET, size=2
D/RIL-IPC ( 139): ================================= IPC FMT data =================================
D/RIL-IPC ( 139): [0000] FF 03 ..
D/RIL-IPC ( 139): ================================================================================
D/RIL-IPC ( 139):
D/RIL-IPC ( 139): aries_fmt_recv: Received FMT message
D/RIL-IPC ( 139): aries_fmt_recv: Message: aseq=0x7d, command=IPC_NET_REGIST, type=IPC_TYPE_RESP, size=11
D/RIL-IPC ( 139): ================================= IPC FMT data =================================
D/RIL-IPC ( 139): [0000] 04 03 02 00 DA 8C DF 32 A8 01 00 .......2 ...
D/RIL-IPC ( 139): ================================================================================
D/RIL ( 139): 1 RIL request in the queue (0 pending, 1 handled, 0 unhandled)
D/RILJ ( 570): [0167]< DATA_REGISTRATION_STATE {1, 8cda, 1a832df, 9, 3}
D/RILJ ( 570): [0169]> QUERY_NETWORK_SELECTION_MODE
D/RIL ( 139): 2 RIL requests in the queue (1 pending, 1 handled, 0 unhandled)
D/RIL-IPC ( 139):
D/RIL-IPC ( 139): aries_fmt_send: Sent FMT message
D/RIL-IPC ( 139): aries_fmt_send: Message: mseq=0x7e, command=IPC_NET_REGIST, type=IPC_TYPE_GET, size=2
D/RIL-IPC ( 139): ================================= IPC FMT data =================================
D/RIL-IPC ( 139): [0000] FF 02 ..
D/RIL-IPC ( 139): ================================================================================
D/RIL-IPC ( 139):
D/RIL-IPC ( 139): aries_fmt_recv: Received FMT message
D/RIL-IPC ( 139): aries_fmt_recv: Message: aseq=0x7e, command=IPC_NET_REGIST, type=IPC_TYPE_RESP, size=11
D/RIL-IPC ( 139): ================================= IPC FMT data =================================
D/RIL-IPC ( 139): [0000] 04 02 02 00 DA 8C DF 32 A8 01 00 .......2 ...
D/RIL-IPC ( 139): ================================================================================
D/RIL ( 139): 1 RIL request in the queue (0 pending, 1 handled, 0 unhandled)
D/RILJ ( 570): [0168]< VOICE_REGISTRATION_STATE {1, 8cda, 1a832df, 9, null, null, null, null, null, null, null, null, null, null, null}
D/RILJ ( 570): [0170]> OPERATOR
D/RIL ( 139): 2 RIL requests in the queue (1 pending, 1 handled, 0 unhandled)
D/RIL-IPC ( 139):
D/RIL-IPC ( 139): aries_fmt_send: Sent FMT message
D/RIL-IPC ( 139): aries_fmt_send: Message: mseq=0x7f, command=IPC_NET_PLMN_SEL, type=IPC_TYPE_GET, size=0
D/RIL-IPC ( 139):
D/RIL-IPC ( 139): aries_fmt_recv: Received FMT message
D/RIL-IPC ( 139): aries_fmt_recv: Message: aseq=0x7f, command=IPC_NET_PLMN_SEL, type=IPC_TYPE_RESP, size=1
D/RIL-IPC ( 139): ================================= IPC FMT data =================================
D/RIL-IPC ( 139): [0000] 03 .
D/RIL-IPC ( 139): ================================================================================
D/RIL ( 139): 1 RIL request in the queue (0 pending, 1 handled, 0 unhandled)
D/RILJ ( 570): [0169]< QUERY_NETWORK_SELECTION_MODE {1}
D/RILJ ( 570): [0171]> DATA_REGISTRATION_STATE
D/RIL ( 139): 2 RIL requests in the queue (1 pending, 1 handled, 0 unhandled)
D/RIL-IPC ( 139):
D/RIL-IPC ( 139): aries_fmt_send: Sent FMT message
D/RIL-IPC ( 139): aries_fmt_send: Message: mseq=0x80, command=IPC_NET_SERVING_NETWORK, type=IPC_TYPE_GET, size=0
D/RIL-IPC ( 139):
D/RIL-IPC ( 139): aries_fmt_recv: Received FMT message
D/RIL-IPC ( 139): aries_fmt_recv: Message: aseq=0x80, command=IPC_NET_SERVING_NETWORK, type=IPC_TYPE_RESP, size=11
D/RIL-IPC ( 139): ================================= IPC FMT data =================================
D/RIL-IPC ( 139): [0000] 03 02 04 32 32 32 38 38 23 DA 8C ...22288 #..
D/RIL-IPC ( 139): ================================================================================
D/RIL ( 139): 1 RIL request in the queue (0 pending, 1 handled, 0 unhandled)
D/RILJ ( 570): [0172]> VOICE_REGISTRATION_STATE
D/RIL ( 139): 2 RIL requests in the queue (1 pending, 1 handled, 0 unhandled)
D/RIL-IPC ( 139):
D/RIL-IPC ( 139): aries_fmt_send: Sent FMT message
D/RIL-IPC ( 139): aries_fmt_send: Message: mseq=0x81, command=IPC_NET_REGIST, type=IPC_TYPE_GET, size=2
D/RIL-IPC ( 139): ================================= IPC FMT data =================================
D/RIL-IPC ( 139): [0000] FF 03 ..
D/RIL-IPC ( 139): ================================================================================
D/RIL-IPC ( 139):
D/RIL-IPC ( 139): aries_fmt_recv: Received FMT message
D/RIL-IPC ( 139): aries_fmt_recv: Message: aseq=0x81, command=IPC_NET_REGIST, type=IPC_TYPE_RESP, size=11
D/RIL-IPC ( 139): ================================= IPC FMT data =================================
D/RIL-IPC ( 139): [0000] 04 03 02 00 DA 8C DF 32 A8 01 00 .......2 ...
D/RIL-IPC ( 139): ================================================================================
D/RIL ( 139): 1 RIL request in the queue (0 pending, 1 handled, 0 unhandled)
D/RILJ ( 570): [0170]< OPERATOR {Wind, Wind, 22288}
D/RILJ ( 570): [0173]> QUERY_NETWORK_SELECTION_MODE
D/RIL ( 139): 2 RIL requests in the queue (1 pending, 1 handled, 0 unhandled)
D/RIL-IPC ( 139):
D/RIL-IPC ( 139): aries_fmt_send: Sent FMT message
D/RIL-IPC ( 139): aries_fmt_send: Message: mseq=0x82, command=IPC_NET_REGIST, type=IPC_TYPE_GET, size=2
D/RIL-IPC ( 139): ================================= IPC FMT data =================================
D/RIL-IPC ( 139): [0000] FF 02 ..
D/RIL-IPC ( 139): ================================================================================
D/RIL-IPC ( 139):
D/RIL-IPC ( 139): aries_fmt_recv: Received FMT message
D/RIL-IPC ( 139): aries_fmt_recv: Message: aseq=0x82, command=IPC_NET_REGIST, type=IPC_TYPE_RESP, size=11
D/RIL-IPC ( 139): ================================= IPC FMT data =================================
D/RIL-IPC ( 139): [0000] 04 02 02 00 DA 8C DF 32 A8 01 00 .......2 ...
D/RIL-IPC ( 139): ================================================================================
D/RIL ( 139): 1 RIL request in the queue (0 pending, 1 handled, 0 unhandled)
D/RILJ ( 570): [0171]< DATA_REGISTRATION_STATE {1, 8cda, 1a832df, 9, 3}
D/RIL ( 139): 2 RIL requests in the queue (1 pending, 1 handled, 0 unhandled)
D/RIL-IPC ( 139):
D/RIL-IPC ( 139): aries_fmt_send: Sent FMT message
D/RIL-IPC ( 139): aries_fmt_send: Message: mseq=0x83, command=IPC_NET_PLMN_SEL, type=IPC_TYPE_GET, size=0
D/RIL-IPC ( 139):
D/RIL-IPC ( 139): aries_fmt_recv: Received FMT message
D/RIL-IPC ( 139): aries_fmt_recv: Message: aseq=0x83, command=IPC_NET_PLMN_SEL, type=IPC_TYPE_RESP, size=1
D/RIL-IPC ( 139): ================================= IPC FMT data =================================
D/RIL-IPC ( 139): [0000] 03 .
D/RIL-IPC ( 139): ================================================================================
D/RIL ( 139): 1 RIL request in the queue (0 pending, 1 handled, 0 unhandled)
D/RILJ ( 570): [0172]< VOICE_REGISTRATION_STATE {1, 8cda, 1a832df, 9, null, null, null, null, null, null, null, null, null, null, null}
D/RILJ ( 570): [0173]< QUERY_NETWORK_SELECTION_MODE {1}
D/GSM ( 570): [GsmSST] Poll ServiceState done: oldSS=[0 home Wind Wind 22288 (manual) EDGE CSS not supported -1 -1 RoamInd=-1 DefRoamInd=-1 EmergOnly=false] newSS=[0 home Wind Wind 22288 (manual) HSDPA CSS not supported -1 -1 RoamInd=-1 DefRoamInd=-1 EmergOnly=false] oldGprs=0 newData=0 oldMaxDataCalls=1 mNewMaxDataCalls=1 oldReasonDataDenied=-1 mNewReasonDataDenied=-1 oldType=EDGE newType=HSDPA
D/GSM ( 570): [GsmSST] RAT switched EDGE -> HSDPA at cell 27800287
D/GSM ( 570): [GsmSST] shouldFixTimeZoneNow: retVal=false iccCardExist=true operatorNumeric=22288 mcc=222 prevOperatorNumeric=22288 prevMcc=222 needToFixTimeZone=false ltod=08-21 22:14:13.740
D/GSM ( 570): [GsmDCT] get all active apn types
D/GSM ( 570): [GsmDCT] isDataPossible(default): possible=false isDataAllowed=true apnTypePossible=false apnContextisEnabled=true apnContextState()=FAILED
D/GSM ( 570): [GsmDCT] get active apn string for type:default
D/GSM ( 570): [GsmDCT] handleMessage msg={ what=270368 when=0 arg1=1 }
D/GSM ( 570): [GsmDCT] handleMessage msg={ what=270368 when=0 arg1=1 }
D/RIL-IPC ( 139):
D/RIL-IPC ( 139): aries_fmt_recv: Received FMT message
D/RIL-IPC ( 139): aries_fmt_recv: Message: aseq=0x83, command=IPC_GPRS_PS, type=IPC_TYPE_NOTI, size=2
D/RIL-IPC ( 139): ================================= IPC FMT data =================================
D/RIL-IPC ( 139): [0000] 01 01 ..
D/RIL-IPC ( 139): ================================================================================
D/RIL-IPC ( 139):
D/RIL-IPC ( 139): aries_fmt_recv: Received FMT message
D/RIL-IPC ( 139): aries_fmt_recv: Message: aseq=0x83, command=IPC_DISP_ICON_INFO, type=IPC_TYPE_NOTI, size=4
D/RIL-IPC ( 139): ================================= IPC FMT data =================================
D/RIL-IPC ( 139): [0000] FF 02 00 03 ....
D/RIL-IPC ( 139): ================================================================================
D/RIL ( 139): Signal strength is 5
D/RIL-IPC ( 139):
D/RIL-IPC ( 139): aries_fmt_recv: Received FMT message
D/RIL-IPC ( 139): aries_fmt_recv: Message: aseq=0x83, command=IPC_DISP_RSSI_INFO, type=IPC_TYPE_NOTI, size=1
D/RIL-IPC ( 139): ================================= IPC FMT data =================================
D/RIL-IPC ( 139): [0000] 72 r
D/RIL-IPC ( 139): ================================================================================
D/RIL ( 139): Signal strength is 0
D/RIL-IPC ( 139):
D/RIL-IPC ( 139): aries_fmt_recv: Received FMT message
D/RIL-IPC ( 139): aries_fmt_recv: Message: aseq=0x00, command=IPC_NET_IDENTITY, type=IPC_TYPE_NOTI, size=62
D/RIL-IPC ( 139): ================================= IPC FMT data =================================
D/RIL-IPC ( 139): [0000] 01 FF 00 10 02 00 00 00 00 00 00 00 00 00 00 00 ........ ........
D/RIL-IPC ( 139): [0010] 00 00 00 00 00 00 20 02 00 00 00 00 00 00 00 00 ...... . ........
D/RIL-IPC ( 139): [0020] 00 00 00 00 00 00 00 00 00 00 00 00 00 00 00 00 ........ ........
D/RIL-IPC ( 139): [0030] 00 00 00 00 00 00 00 00 32 32 32 38 38 23 ........ 22288#
D/RIL-IPC ( 139): ================================================================================
D/RIL-IPC ( 139): Unhandled IPC FMT message: IPC_NET_IDENTITY
D/RIL-IPC ( 139):
D/RIL-IPC ( 139): aries_fmt_recv: Received FMT message
D/RIL-IPC ( 139): aries_fmt_recv: Message: aseq=0x00, command=IPC_MISC_TIME_INFO, type=IPC_TYPE_NOTI, size=18
D/RIL-IPC ( 139): ================================= IPC FMT data =================================
D/RIL-IPC ( 139): [0000] 02 01 0F 08 15 14 0E 0E 08 01 00 01 32 32 32 38 ........ ....2228
D/RIL-IPC ( 139): [0010] 38 23 8#
D/RIL-IPC ( 139): ================================================================================
D/RILJ ( 570): [UNSL]< UNSOL_NITZ_TIME_RECEIVED 15/08/21,20:14:14+08,01
D/GSM ( 570): [GsmSST] NITZ: 15/08/21,20:14:14+08,01,111059 start=111060 delay=1
D/GSM ( 570): [GsmSST] setAndBroadcastNetworkSetTimeZone: setTimeZone=Europe/Rome
D/GSM ( 570): [GsmSST] setAndBroadcastNetworkSetTimeZone: call alarm.setTimeZone and broadcast zoneId=Europe/Rome
D/GSM ( 570): [GsmSST] NITZ: Setting time of day to Fri Aug 21 22:14:14 CEST 2015 NITZ receive delay(ms): 17 gained(ms): -45 from 15/08/21,20:14:14+08,01
D/GSM ( 570): [GsmSST] setAndBroadcastNetworkSetTime: time=1440188054017ms
I/GSM ( 570): NITZ: after Setting time of day
D/RIL-IPC ( 139):
D/RIL-IPC ( 139): aries_fmt_recv: Received FMT message
D/RIL-IPC ( 139): aries_fmt_recv: Message: aseq=0x00, command=IPC_GPRS_HSDPA_STATUS, type=IPC_TYPE_NOTI, size=1
D/RIL-IPC ( 139): ================================= IPC FMT data =================================
D/RIL-IPC ( 139): [0000] 01 .
D/RIL-IPC ( 139): ================================================================================
D/RIL-IPC ( 139):
D/RIL-IPC ( 139): aries_fmt_recv: Received FMT message
D/RIL-IPC ( 139): aries_fmt_recv: Message: aseq=0x00, command=IPC_GPRS_HSDPA_STATUS, type=IPC_TYPE_NOTI, size=1
D/RIL-IPC ( 139): ================================= IPC FMT data =================================
D/RIL-IPC ( 139): [0000] 01 .
D/RIL-IPC ( 139): ================================================================================
D/RIL-IPC ( 139):
D/RIL-IPC ( 139): aries_fmt_recv: Received FMT message
D/RIL-IPC ( 139): aries_fmt_recv: Message: aseq=0x00, command=IPC_DISP_ICON_INFO, type=IPC_TYPE_NOTI, size=4
D/RIL-IPC ( 139): ================================= IPC FMT data =================================
D/RIL-IPC ( 139): [0000] FF 01 00 03 ....
D/RIL-IPC ( 139): ================================================================================
D/RIL ( 139): Signal strength is 3
D/RIL-IPC ( 139):
D/RIL-IPC ( 139): aries_fmt_recv: Received FMT message
D/RIL-IPC ( 139): aries_fmt_recv: Message: aseq=0x00, command=IPC_DISP_RSSI_INFO, type=IPC_TYPE_NOTI, size=1
D/RIL-IPC ( 139): ================================= IPC FMT data =================================
D/RIL-IPC ( 139): [0000] 70 p
D/RIL-IPC ( 139): ================================================================================
D/RIL ( 139): Signal strength is 0
D/RIL-IPC ( 139):
D/RIL-IPC ( 139): aries_fmt_recv: Received FMT message
D/RIL-IPC ( 139): aries_fmt_recv: Message: aseq=0x00, command=IPC_DISP_ICON_INFO, type=IPC_TYPE_NOTI, size=4
D/RIL-IPC ( 139): ================================= IPC FMT data =================================
D/RIL-IPC ( 139): [0000] FF 00 00 03 ....
D/RIL-IPC ( 139): ================================================================================
D/RIL ( 139): Signal strength is 1
D/RIL-IPC ( 139):
D/RIL-IPC ( 139): aries_fmt_recv: Received FMT message
D/RIL-IPC ( 139): aries_fmt_recv: Message: aseq=0x00, command=IPC_DISP_RSSI_INFO, type=IPC_TYPE_NOTI, size=1
D/RIL-IPC ( 139): ================================= IPC FMT data =================================
D/RIL-IPC ( 139): [0000] 6E n
D/RIL-IPC ( 139): ================================================================================
D/RIL ( 139): Signal strength is 1
D/RIL-IPC ( 139):
D/RIL-IPC ( 139): aries_fmt_recv: Received FMT message
D/RIL-IPC ( 139): aries_fmt_recv: Message: aseq=0x00, command=IPC_DISP_ICON_INFO, type=IPC_TYPE_NOTI, size=4
D/RIL-IPC ( 139): ================================= IPC FMT data =================================
D/RIL-IPC ( 139): [0000] FF 01 00 03 ....
D/RIL-IPC ( 139): ================================================================================
D/RIL ( 139): Signal strength is 3
D/RIL-IPC ( 139):
D/RIL-IPC ( 139): aries_fmt_recv: Received FMT message
D/RIL-IPC ( 139): aries_fmt_recv: Message: aseq=0x00, command=IPC_DISP_RSSI_INFO, type=IPC_TYPE_NOTI, size=1
D/RIL-IPC ( 139): ================================= IPC FMT data =================================
D/RIL-IPC ( 139): [0000] 6C l
D/RIL-IPC ( 139): ================================================================================
D/RIL ( 139): Signal strength is 2
D/GSM ( 570): [GsmDCT] onReceive: action=com.android.internal.telephony.gprs-reconnect.0
D/GSM ( 570): [GsmDCT] Reconnect alarm. Previous state was IDLE
D/GSM ( 570): [GsmDCT] onActionIntentReconnectAlarm: mState=IDLE reason=dataAttached connectionId=0 retryCount=4 dcac=GsmDC-1 mDataConnectionAsyncChannels={0=GsmDC-1}
D/GSM ( 570): [ApnContext:default] set reason as dataAttached,current state FAILED
D/GSM ( 570): [ApnContext:default] setRetryCount: 4
D/GSM ( 570): [GsmDC-1] setRetryCount: 4
D/GSM ( 570): [RM] setRetryCount: 4
D/GSM ( 570): [GsmDCT] onActionIntentReconnectAlarm: apnContext state=FAILED
D/GSM ( 570): [GsmDCT] onActionIntentReconnectAlarm: state is FAILED|IDLE, disassociate
D/GSM ( 570): [ApnContext:default] setDataConnectionAc: old dcac=GsmDC-1 new dcac=null
D/GSM ( 570): [ApnContext:default] setDataConnection: old dc={GsmDC-1: State=DcInactiveState apnSetting=null apnList= [] RefCount=0 cid=-1 create=-1 lastFail=-1 lastFailCause=NONE} new dc=null this={mApnType=default mState=FAILED mWaitingApns=[] mWaitingApnsPermanentFailureCountDown=1 mApnSetting=[ApnSettingV2] Wind IT WEB, 128, 22288, internet.wind, null, null, null, null, null, -1, default | supl, IP, IP, true, 0 mDataConnectionAc=null mReason=dataAttached mRetryCount=4 mDataEnabled=true mDependencyMet=true}
D/GSM ( 570): [ApnContext:default] setState: IDLE, previous state:FAILED
D/GSM ( 570): [GsmDCT] handleMessage msg={ what=270339 when=-2ms obj={mApnType=default mState=IDLE mWaitingApns=[] mWaitingApnsPermanentFailureCountDown=1 mApnSetting=[ApnSettingV2] Wind IT WEB, 128, 22288, internet.wind, null, null, null, null, null, -1, default | supl, IP, IP, true, 0 mDataConnectionAc=null mReason=dataAttached mRetryCount=4 mDataEnabled=true mDependencyMet=true} }
D/GSM ( 570): [GsmDCT] onTrySetupData: apnContext={mApnType=default mState=IDLE mWaitingApns=[] mWaitingApnsPermanentFailureCountDown=1 mApnSetting=[ApnSettingV2] Wind IT WEB, 128, 22288, internet.wind, null, null, null, null, null, -1, default | supl, IP, IP, true, 0 mDataConnectionAc=null mReason=dataAttached mRetryCount=4 mDataEnabled=true mDependencyMet=true}
D/GSM ( 570): [GsmDCT] trySetupData for type:default due to dataAttached
D/GSM ( 570): [GsmDCT] trySetupData with mIsPsRestricted=false
D/GSM ( 570): [GsmDCT] isEmergency: result=false
D/GSM ( 570): [GsmDCT] buildWaitingApns: Preferred APN:22288:22288:[ApnSettingV2] Wind IT WEB, 128, 22288, internet.wind, null, null, null, null, null, -1, default | supl, IP, IP, true, 0
D/GSM ( 570): [GsmDCT] buildWaitingApns: X added preferred apnList=[[ApnSettingV2] Wind IT WEB, 128, 22288, internet.wind, null, null, null, null, null, -1, default | supl, IP, IP, true, 0]
D/GSM ( 570): [GsmDCT] trySetupData: Create from mAllApns : [[ApnSettingV2] Wind IT WEB, 128, 22288, internet.wind, null, null, null, null, null, -1, default | supl, IP, IP, true, 0][[ApnSettingV2] Wind IT MMS, 129, 22288, mms.wind, null, http://mms.wind.it, 212.245.244.11, 8080, null, -1, mms, IP, IP, true, 0]
D/GSM ( 570): [GsmDCT] Setup watingApns : [[ApnSettingV2] Wind IT WEB, 128, 22288, internet.wind, null, null, null, null, null, -1, default | supl, IP, IP, true, 0]
D/GSM ( 570): [GsmDCT] setupData: apnContext={mApnType=default mState=IDLE mWaitingApns=[[ApnSettingV2] Wind IT WEB, 128, 22288, internet.wind, null, null, null, null, null, -1, default | supl, IP, IP, true, 0] mWaitingApnsPermanentFailureCountDown=1 mApnSetting=[ApnSettingV2] Wind IT WEB, 128, 22288, internet.wind, null, null, null, null, null, -1, default | supl, IP, IP, true, 0 mDataConnectionAc=null mReason=dataAttached mRetryCount=4 mDataEnabled=true mDependencyMet=true}
D/GSM ( 570): [GsmDCT] checkForConnectionForApnContext: apnContext={mApnType=default mState=IDLE mWaitingApns=[[ApnSettingV2] Wind IT WEB, 128, 22288, internet.wind, null, null, null, null, null, -1, default | supl, IP, IP, true, 0] mWaitingApnsPermanentFailureCountDown=1 mApnSetting=[ApnSettingV2] Wind IT WEB, 128, 22288, internet.wind, null, null, null, null, null, -1, default | supl, IP, IP, true, 0 mDataConnectionAc=null mReason=dataAttached mRetryCount=4 mDataEnabled=true mDependencyMet=true} NO conn
D/GSM ( 570): [GsmDCT] findReadyDataConnection: apn string <[ApnSettingV2] Wind IT WEB, 128, 22288, internet.wind, null, null, null, null, null, -1, default | supl, IP, IP, true, 0> dcacs.size=1
D/GSM ( 570): [GsmDCT] findReadyDataConnection: dc apn string
D/GSM ( 570): [GsmDCT] setupData: No ready GsmDataConnection found!
D/GSM ( 570): [GsmDCT] dataConnectionNotInUse: check if dcac is inuse dc={GsmDC-1: State=DcInactiveState apnSetting=null apnList= [] RefCount=0 cid=-1 create=-1 lastFail=-1 lastFailCause=NONE}
D/GSM ( 570): [GsmDCT] dataConnectionNotInUse: not in use return true
D/GSM ( 570): [GsmDCT] findFreeDataConnection: found free GsmDataConnection= dcac=GsmDC-1 dc={GsmDC-1: State=DcInactiveState apnSetting=null apnList= [] RefCount=0 cid=-1 create=-1 lastFail=-1 lastFailCause=NONE}
D/GSM ( 570): [GsmDCT] setupData: init dc and apnContext refCount=0
D/GSM ( 570): [GsmDCT] configureRetry: forDefault=true retryCount=4 dc={GsmDC-1: State=DcInactiveState apnSetting=null apnList= [] RefCount=0 cid=-1 create=-1 lastFail=-1 lastFailCause=NONE}
D/GSM ( 570): [RM] resetRetryCount: 0
D/GSM ( 570): [GsmDC-1] setRetryCount: 4
D/GSM ( 570): [RM] setRetryCount: 4
D/GSM ( 570): [ApnContext:default] setDataConnectionAc: old dcac=null new dcac=GsmDC-1
D/GSM ( 570): [ApnContext:default] setDataConnection: old dc=null new dc={GsmDC-1: State=DcInactiveState apnSetting=null apnList= [{mApnType=default mState=IDLE mWaitingApns=[[ApnSettingV2] Wind IT WEB, 128, 22288, internet.wind, null, null, null, null, null, -1, default | supl, IP, IP, true, 0] mWaitingApnsPermanentFailureCountDown=1 mApnSetting=[ApnSettingV2] Wind IT WEB, 128, 22288, internet.wind, null, null, null, null, null, -1, default | supl, IP, IP, true, 0 mDataConnectionAc=GsmDC-1 mReason=dataAttached mRetryCount=4 mDataEnabled=true mDependencyMet=true}] RefCount=0 cid=-1 create=-1 lastFail=-1 lastFailCause=NONE} this={mApnType=default mState=IDLE mWaitingApns=[[ApnSettingV2] Wind IT WEB, 128, 22288, internet.wind, null, null, null, null, null, -1, default | supl, IP, IP, true, 0] mWaitingApnsPermanentFailureCountDown=1 mApnSetting=[ApnSettingV2] Wind IT WEB, 128, 22288, internet.wind, null, null, null, null, null, -1, default | supl, IP, IP, true, 0 mDataConnectionAc=GsmDC-1 mReason=dataAttached mRetryCount=4 mDataEnabled=true mDependencyMet=true}
D/GSM ( 570): [ApnContext:default] setState: INITING, previous state:IDLE
D/GSM ( 570): [GsmDCT] isDataPossible(default): possible=true isDataAllowed=true apnTypePossible=true apnContextisEnabled=true apnContextState()=INITING
D/GSM ( 570): [GsmDCT] get active apn string for type:default
D/GSM ( 570): [GsmDC-1] DcInactiveState msg.what=EVENT_CONNECT.RefCount = 0
D/GSM ( 570): [GsmDC-1] Connecting to carrier: 'Wind IT WEB' APN: 'internet.wind' proxy: 'null' port: 'null
D/RILJ ( 570): [0174]> SETUP_DATA_CALL 11 0 internet.wind null null 0 IP
D/RIL ( 139): 2 RIL requests in the queue (1 pending, 1 handled, 0 unhandled)
D/RIL ( 139): Setting up data connection to APN: internet.wind with username/password: (null)/(null)
D/GSM ( 570): [GsmDCT] setupData: initing!
D/GSM ( 570): [GsmDCT] notifyOffApnOfAvailability type:dun
D/GSM ( 570): [GsmDCT] isDataPossible(dun): possible=true isDataAllowed=true apnTypePossible=true apnContextisEnabled=false apnContextState()=IDLE
D/GSM ( 570): [GsmDCT] get active apn string for type:dun
D/RIL ( 139): 1 RIL request in the queue (0 pending, 1 handled, 0 unhandled)
D/RILJ ( 570): [0174]< SETUP_DATA_CALL error: com.android.internal.telephony.CommandException: GENERIC_FAILURE
D/GSM ( 570): [GsmDC-1] DcActivatingState msg.what=EVENT_SETUP_DATA_CONNECTION_DONE
D/GSM ( 570): [GsmDC-1] onSetupConnectionCompleted failed, ar.exception=com.android.internal.telephony.CommandException: GENERIC_FAILURE response=null
D/GSM ( 570): [GsmDC-1] DcActivatingState onSetupConnectionCompleted result=ERR_GetLastErrorFromRil SetupResult.mFailCause=NONE
D/RILJ ( 570): [0175]> LAST_DATA_CALL_FAIL_CAUSE
D/RIL ( 139): 2 RIL requests in the queue (1 pending, 1 handled, 0 unhandled)
D/RIL ( 139): 1 RIL request in the queue (0 pending, 1 handled, 0 unhandled)
D/RILJ ( 570): [0175]< LAST_DATA_CALL_FAIL_CAUSE {65535}
D/GSM ( 570): [GsmDC-1] DcActivatingState msg.what=EVENT_GET_LAST_FAIL_DONE
D/GSM ( 570): [GsmDC-1] notifyConnectionCompleted at 1440188068905 cause=ERROR_UNSPECIFIED
D/GSM ( 570): [GsmDC-1] clearSettings
D/GSM ( 570): [GsmDCT] notifyOffApnOfAvailability type:supl
D/GSM ( 570): [GsmDCT] isDataPossible(supl): possible=true isDataAllowed=true apnTypePossible=true apnContextisEnabled=false apnContextState()=IDLE
D/GSM ( 570): [GsmDCT] get active apn string for type:supl
D/GSM ( 570): [GsmDCT] notifyOffApnOfAvailability type:hipri
D/GSM ( 570): [GsmDCT] isDataPossible(hipri): possible=true isDataAllowed=true apnTypePossible=true apnContextisEnabled=false apnContextState()=IDLE
D/GSM ( 570): [GsmDCT] get active apn string for type:hipri
D/GSM ( 570): [GsmDCT] notifyOffApnsOfAvailability skipped apn due to isReady==false: {mApnType=default mState=INITING mWaitingApns=[[ApnSettingV2] Wind IT WEB, 128, 22288, internet.wind, null, null, null, null, null, -1, default | supl, IP, IP, true, 0] mWaitingApnsPermanentFailureCountDown=1 mApnSetting=[ApnSettingV2] Wind IT WEB, 128, 22288, internet.wind, null, null, null, null, null, -1, default | supl, IP, IP, true, 0 mDataConnectionAc=GsmDC-1 mReason=dataAttached mRetryCount=4 mDataEnabled=true mDependencyMet=true}
D/GSM ( 570): [GsmDCT] notifyOffApnOfAvailability type:mms
D/GSM ( 570): [GsmDCT] isDataPossible(mms): possible=true isDataAllowed=true apnTypePossible=true apnContextisEnabled=false apnContextState()=IDLE
D/GSM ( 570): [GsmDCT] get active apn string for type:mms
D/GSM ( 570): [GsmDCT] handleMessage msg={ what=270336 when=-21ms arg1=-1 obj=android.os.AsyncResult@4124af30 }
D/GSM ( 570): [GsmDCT] isDataSetupCompleteOk return false, ar.result=ERROR_UNSPECIFIED
D/GSM ( 570): [GsmDCT] onDataSetupComplete: error apn=internet.wind cause=ERROR_UNSPECIFIED
D/GSM ( 570): [GsmDCT] onDataSetupComplete: WaitingApns.size=0 WaitingApnsPermFailureCountDown=1
D/GSM ( 570): [GsmDCT] onDataSetupComplete: Not all permanent failures, retry
D/GSM ( 570): [GsmDCT] notifyNoData: type=default
D/GSM ( 570): [ApnContext:default] setState: FAILED, previous state:INITING
D/GSM ( 570): [GsmDCT] reconnectAfterFail: lastFailCause=ERROR_UNSPECIFIED retryOverride=-1 apnContext={mApnType=default mState=FAILED mWaitingApns=[] mWaitingApnsPermanentFailureCountDown=1 mApnSetting=[ApnSettingV2] Wind IT WEB, 128, 22288, internet.wind, null, null, null, null, null, -1, default | supl, IP, IP, true, 0 mDataConnectionAc=GsmDC-1 mReason=dataAttached mRetryCount=4 mDataEnabled=true mDependencyMet=true}
D/GSM ( 570): [RM] isRetryNeeded: true
D/GSM ( 570): [RM] getRetryTimer: 82352
D/GSM ( 570): [RM] increaseRetryCount: 5
D/GSM ( 570): [RM] getRetryCount: 5
D/GSM ( 570): [GsmDCT] reconnectAfterFail: increaseRetryCount=5 nextReconnectDelay=82352
D/GSM ( 570): [RM] getRetryCount: 5
D/GSM ( 570): [GsmDCT] startAlarmForReconnect: next attempt in 82s reason='dataAttached' connectionId=0 retryCount=5
D/GSM ( 570): [GsmDCT] notifyNoData: type=default
D/GSM ( 570): [ApnContext:default] setState: FAILED, previous state:FAILED
D/RIL-IPC ( 139):
D/RIL-IPC ( 139): aries_fmt_recv: Received FMT message
D/RIL-IPC ( 139): aries_fmt_recv: Message: aseq=0x00, command=IPC_DISP_RSSI_INFO, type=IPC_TYPE_NOTI, size=1
D/RIL-IPC ( 139): ================================= IPC FMT data =================================
D/RIL-IPC ( 139): [0000] 6B k
D/RIL-IPC ( 139): ================================================================================
D/RIL ( 139): Signal strength is 3